INSERT INTO `questions` (`question_id`, `stream_id`, `institute_id`, `program_id`, `component_id`, `subject_id`, `topic_id`, `subtype`, `instructions`, `question`, `questionfile`, `answerfile`, `insturctionfile`, `question_solution1`, `question_solution2`, `question_solution3`, `question_solution4`, `correct_answer`, `question_type`, `question_attempt_type`, `question_marks`, `question_time_allowed`, `dificult_levet`, `create_date`, `update_date`) VALUES
(1277, 15, 46, 277, 307, 355, 198, 'MCQs', '<p>AAAAAAAAAAAAAA</p>', '<p>ASA</p>', 'NULL', 'NULL', '', '<p>A</p>', '<p>S</p>', '<p>A</p>', '<p>F</p>', 'option1', 'OBJECTIVE', 'editor', 1100, ' <br> ', 'Easy', '2024-05-21 10:37:36.000000', NULL),
(1278, 15, 46, 277, 307, 355, 198, 'MCQs', '<p>nil</p>', '<p>Which of the following represents the correct accounting equation?</p>', 'NULL', 'NULL', '', '<p><span class=\"math math-inline\"><span class=\"katex\"><span class=\"katex-html\"><span class=\"base\"><span class=\"mord text\"><span class=\"mord\">Assets</span></span><span class=\"mrel\">=</span></span><span class=\"base\"><span class=\"mord text\"><span class=\"mord\">Liabilities</span></span><span class=\"mbin\">&minus;</span></span><span class=\"base\"><span class=\"mord text\"><span class=\"mord\">Equity</span></span></span></span></span></span></p>', '<p>Assets=Liabilities+Equity</p>', '<p>Assets+Liabilities=Equity</p>', '<p>Assets=Equity&minus;Liabilities</p>', 'option2', 'OBJECTIVE', 'editor', 5, ' <br> ', 'Easy', '2024-05-21 10:45:00.000000', NULL),
(1280, 15, 46, 277, 307, 355, 198, 'Short', '<p>Nil</p>', '<p>How does the accounting equation maintain balan...', 'NULL', 'NULL', 'NULL', 'NULL', 'NULL', 'NULL', 'NULL', '<p>The accounting equation maintains balance after...', 'SUBJECTIVE', 'editor', 5, '<br> ', 'Easy', '2024-07-01 15:25:05.658439', NULL),
(1282, 15, 46, 277, 307, 355, 198, 'Short', '<p>Nil</p>', '<p>How does the accounting equation maintain balan...', 'NULL', 'NULL', 'NULL', 'NULL', 'NULL', 'NULL', 'NULL', '<p>The accounting equation maintains balance after...', 'SUBJECTIVE', 'editor', 5, '<br> ', 'Easy', '2024-07-01 15:34:51.546681', NULL),
(1284, 15, 46, 277, 307, 355, 198, 'Short', '<p>Nil</p>', '<p>How does the accounting equation maintain balan...', 'NULL', 'NULL', 'NULL', 'NULL', 'NULL', 'NULL', 'NULL', '<p>The accounting equation maintains balance after...', 'SUBJECTIVE', 'editor', 5, '<br> ', 'Easy', '2024-07-01 15:37:10.575833', NULL),
(1286, 15, 46, 277, 307, 355, 198, 'Short', '<p>Nil</p>', '<p>How does the accounting equation maintain balan...', 'NULL', 'NULL', 'NULL', 'NULL', 'NULL', 'NULL', 'NULL', '<p>The accounting equation maintains balance after...', 'SUBJECTIVE', 'editor', 5, '<br> ', 'Easy', '2024-07-01 15:43:15.867393', NULL),
(1288, 15, 46, 277, 307, 355, 198, 'Short', '<p>Nil</p>', '<p>How does the accounting equation maintain balan...', 'NULL', 'NULL', 'NULL', 'NULL', 'NULL', 'NULL', 'NULL', '<p>The accounting equation maintains balance after...', 'SUBJECTIVE', 'editor', 5, '<br> ', 'Easy', '2024-07-01 15:48:11.791711', NULL),
(1290, 15, 46, 277, 307, 355, 198, 'Short', '<p>Nil</p>', '<p>How does the accounting equation maintain balan...', 'NULL', 'NULL', 'NULL', 'NULL', 'NULL', 'NULL', 'NULL', '<p>The accounting equation maintains balance after...', 'SUBJECTIVE', 'editor', 5, '<br> ', 'Easy', '2024-07-01 15:48:23.081434', NULL),
(1292, 15, 46, 277, 307, 355, 198, 'Short', '<p>Nil</p>', '<p>How does the accounting equation maintain balan...', 'NULL', 'NULL', 'NULL', 'NULL', 'NULL', 'NULL', 'NULL', '<p>The accounting equation maintains balance after...', 'SUBJECTIVE', 'editor', 5, '<br> ', 'Easy', '2024-07-01 15:48:36.686653', NULL),
(1293, 15, 46, 277, 307, 355, 198, 'T/F', '<p>Nil</p>', '<p>The accounting equation ensures that the balanc...', 'NULL', 'NULL', 'NULL', 'NULL', 'NULL', 'NULL', 'NULL', '1', 'OBJECTIVE', '', 2, '<br> ', 'Easy', '2024-07-01 15:55:42.081246', NULL),
(1294, 15, 46, 277, 307, 355, 198, 'T/F', '<p>Nil</p>', '<p>If a company pays off its liabilities with cash...', 'NULL', 'NULL', 'NULL', 'NULL', 'NULL', 'NULL', 'NULL', '', 'OBJECTIVE', '', 2, '<br> ', 'Easy', '2024-07-01 15:55:42.087368', NULL),
(1295, 15, 46, 277, 307, 355, 198, 'T/F', '<p>Nil</p>', '<p>The accounting equation ensures that the balanc...', 'NULL', 'NULL', 'NULL', 'NULL', 'NULL', 'NULL', 'NULL', '1', 'OBJECTIVE', '', 2, '<br> ', 'Easy', '2024-07-01 15:56:42.920852', NULL),
(1296, 15, 46, 277, 307, 355, 198, 'T/F', '<p>Nil</p>', '<p>If a company pays off its liabilities with cash...', 'NULL', 'NULL', 'NULL', 'NULL', 'NULL', 'NULL', 'NULL', '', 'OBJECTIVE', '', 2, '<br> ', 'Easy', '2024-07-01 15:56:42.927654', NULL),
(1297, 15, 46, 277, 307, 355, 198, 'Short', '<p>AD</p>', '<p>ASSA</p>', 'NULL', 'NULL', '', '', '', '', '', '<p>WSSA</p>', 'SUBJECTIVE', 'editor', 15, ' <br> ', 'Hard', '2024-07-08 09:52:43.000000', NULL),
(1298, 15, 46, 277, 307, 355, 198, 'Short', '<p>asa</p>', '<p>ASAS</p>', 'NULL', 'NULL', '', '', '', '', '', '<p>ASAS</p>', 'SUBJECTIVE', 'editor', 23, ' <br> ', 'Easy', '2024-07-08 10:27:50.000000', NULL),
(1299, 15, 46, 277, 307, 355, 198, 'Short', '<p>AD</p>', '<p>ASA</p>', 'NULL', 'NULL', '', '', '', '', '', '<p>ASD</p>', 'SUBJECTIVE', 'editor', 10, ' <br> ', 'Easy', '2024-07-08 12:37:23.000000', NULL),
(1301, 15, 46, 277, 307, 355, 198, 'Short', '<p>Nil</p>', '<p>How does the accounting equation maintain balance after a transaction?</p>', 'NULL', 'NULL', '', '', '', '', '', '<p>The accounting equation maintains balance after a transaction by ensuring that any increase or decrease in assets is offset by an equal increase or decrease in liabilities and/or equity.</p>', 'SUBJECTIVE', 'editor', 5, ' <br> ', 'Easy', '2024-05-20 15:21:08.000000', NULL),
(1302, 15, 46, 277, 307, 355, 198, 'Short', '<p>Nil</p>', '<p>What is the impact on the accounting equation when a company takes out a loan?</p>', 'NULL', 'NULL', '', '', '', '', '', '<p>When a company takes out a loan, its assets increase by the amount of the loan (cash received) and its liabilities increase by the same amount (loan payable), keeping the equation in balance.</p>', 'SUBJECTIVE', 'editor', 5, ' <br> ', 'Easy', '2024-05-20 15:21:46.000000', NULL),
(1303, 15, 46, 277, 307, 355, 198, 'Long', '<p>Nil</p>', '<p>Explain the accounting equation and provide an example to illustrate how it is used in financial accounting.</p>', 'NULL', 'NULL', '', '', '', '', '', '<p>The accounting equation, <span class=\"math math-inline\"><span class=\"katex\"><span class=\"katex-mathml\">Assets=Liabilities+Equity</span><span class=\"katex-html\"><span class=\"base\"><span class=\"mord text\"><span class=\"mord\">Assets</span></span><span class=\"mrel\">=</span></span><span class=\"base\"><span class=\"mord text\"><span class=\"mord\">Liabilities</span></span><span class=\"mbin\">+</span></span><span class=\"base\"><span class=\"mord text\"><span class=\"mord\">Equity</span></span></span></span></span></span>, forms the foundation of double-entry bookkeeping. It represents the relationship between a companys assets, liabilities, and owners equity. For example, if a company purchases equipment worth $5,000 by paying $2,000 in cash and taking out a loan for the remaining $3,000, the equation reflects this as an increase in assets (equipment) by $5,000, a decrease in assets (cash) by $2,000, and an increase in liabilities (loan) by $3,000. The new accounting equation is $5,000 (equipment) = $3,000 (loan) + $2,000 (equity).</p>', 'SUBJECTIVE', 'editor', 10, ' <br> ', 'Easy', '2024-05-20 15:22:35.000000', NULL),
(1304, 15, 46, 277, 307, 355, 198, 'Long', '<p>Nil</p>', '<p>Discuss the importance of the accounting equation in preparing financial statements. Provide examples of how various transactions affect the accounting equation and ultimately the financial statements.</p>', 'NULL', 'NULL', '', '', '', '', '', '<p>The accounting equation is crucial in preparing financial statements because it ensures that the balance sheet is always balanced. It helps in tracking how transactions affect a companys financial position. For example, when a business earns revenue, it increases both assets (cash or accounts receivable) and equity (retained earnings), thus affecting the income statement and balance sheet. Conversely, paying off a liability decreases both assets (cash) and liabilities (accounts payable), impacting the balance sheet without affecting the income statement. This systematic approach ensures accuracy and consistency in financial reporting.</p>', 'SUBJECTIVE', 'editor', 10, ' <br> ', 'Easy', '2024-05-20 15:23:10.000000', NULL),
(1305, 15, 46, 277, 307, 355, 198, 'T/F', '<p>Nil</p>', '<p>The accounting equation ensures that the balance sheet is always balanced.</p>', 'NULL', 'NULL', '', '', '', '', '', 'True', 'OBJECTIVE', '', 2, ' <br> ', 'Easy', '2024-05-20 15:26:06.000000', NULL),
(1306, 15, 46, 277, 307, 355, 198, 'T/F', '<p>Nil</p>', '<p>If a company pays off its liabilities with cash, the accounting equation remains unaffected.</p>', 'NULL', 'NULL', '', '', '', '', '', 'False', 'OBJECTIVE', '', 2, ' <br> ', 'Easy', '2024-05-20 15:26:30.000000', NULL),
(1307, 15, 46, 277, 307, 355, 198, 'T/F', '<p>Nil</p>', '<p>Purchasing equipment with cash affects only the asset side of the accounting equation.</p>', 'NULL', 'NULL', '', '', '', '', '', 'True', 'OBJECTIVE', '', 2, ' <br> ', 'Easy', '2024-05-20 15:27:29.000000', NULL),
(1308, 15, 46, 277, 307, 355, 198, 'FIB', '<p>Nil</p>', '<p>The accounting equation is _______ = Liabilities + Equity.</p>', 'NULL', 'NULL', '', '', '', '', '', '<p>Assets</p>', 'OBJECTIVE', '', 2, ' <br> ', 'Easy', '2024-05-20 15:28:19.000000', NULL),
(1309, 15, 46, 277, 307, 355, 198, 'FIB', '<p>Nil</p>', '<p>In the accounting equation, if assets increase and liabilities remain the same, equity must _______.</p>', 'NULL', 'NULL', '', '', '', '', '', '<p>Increase</p>', 'OBJECTIVE', '', 2, ' <br> ', 'Easy', '2024-05-20 15:28:45.000000', NULL),
(1310, 15, 46, 277, 307, 355, 198, 'FIB', '<p>Nil</p>', '<p>A payment of dividends will decrease both equity and _______.</p>', 'NULL', 'NULL', '', '', '', '', '', '<p>Assets</p>', 'OBJECTIVE', '', 2, ' <br> ', 'Easy', '2024-05-20 15:29:16.000000', NULL),
(1311, 15, 46, 277, 307, 355, 198, 'MCQs', '<p>AAAAAAAAAAAAAA</p>', '<p>ASA</p>', 'NULL', 'NULL', '', '<p>A</p>', '<p>S</p>', '<p>A</p>', '<p>F</p>', 'option1', 'OBJECTIVE', 'editor', 1100, ' <br> ', 'Easy', '2024-05-21 10:37:36.000000', NULL),
(1312, 15, 46, 277, 307, 355, 198, 'MCQs', '<p>nil</p>', '<p>Which of the following represents the correct accounting equation?</p>', 'NULL', 'NULL', '', '<p><span class=\"math math-inline\"><span class=\"katex\"><span class=\"katex-html\"><span class=\"base\"><span class=\"mord text\"><span class=\"mord\">Assets</span></span><span class=\"mrel\">=</span></span><span class=\"base\"><span class=\"mord text\"><span class=\"mord\">Liabilities</span></span><span class=\"mbin\">&minus;</span></span><span class=\"base\"><span class=\"mord text\"><span class=\"mord\">Equity</span></span></span></span></span></span></p>', '<p>Assets=Liabilities+Equity</p>', '<p>Assets+Liabilities=Equity</p>', '<p>Assets=Equity&minus;Liabilities</p>', 'option2', 'OBJECTIVE', 'editor', 5, ' <br> ', 'Easy', '2024-05-21 10:45:00.000000', NULL),
(1314, 15, 46, 277, 307, 355, 198, 'Short', '<p>Nil</p>', '<p>How does the accounting equation maintain balan...', 'NULL', 'NULL', 'NULL', 'NULL', 'NULL', 'NULL', 'NULL', '<p>The accounting equation maintains balance after...', 'SUBJECTIVE', 'editor', 5, '<br> ', 'Easy', '2024-07-01 15:25:05.658439', NULL),
(1316, 15, 46, 277, 307, 355, 198, 'Short', '<p>Nil</p>', '<p>How does the accounting equation maintain balan...', 'NULL', 'NULL', 'NULL', 'NULL', 'NULL', 'NULL', 'NULL', '<p>The accounting equation maintains balance after...', 'SUBJECTIVE', 'editor', 5, '<br> ', 'Easy', '2024-07-01 15:34:51.546681', NULL),
(1318, 15, 46, 277, 307, 355, 198, 'Short', '<p>Nil</p>', '<p>How does the accounting equation maintain balan...', 'NULL', 'NULL', 'NULL', 'NULL', 'NULL', 'NULL', 'NULL', '<p>The accounting equation maintains balance after...', 'SUBJECTIVE', 'editor', 5, '<br> ', 'Easy', '2024-07-01 15:37:10.575833', NULL),
(1320, 15, 46, 277, 307, 355, 198, 'Short', '<p>Nil</p>', '<p>How does the accounting equation maintain balan...', 'NULL', 'NULL', 'NULL', 'NULL', 'NULL', 'NULL', 'NULL', '<p>The accounting equation maintains balance after...', 'SUBJECTIVE', 'editor', 5, '<br> ', 'Easy', '2024-07-01 15:43:15.867393', NULL),
(1322, 15, 46, 277, 307, 355, 198, 'Short', '<p>Nil</p>', '<p>How does the accounting equation maintain balan...', 'NULL', 'NULL', 'NULL', 'NULL', 'NULL', 'NULL', 'NULL', '<p>The accounting equation maintains balance after...', 'SUBJECTIVE', 'editor', 5, '<br> ', 'Easy', '2024-07-01 15:48:11.791711', NULL),
(1324, 15, 46, 277, 307, 355, 198, 'Short', '<p>Nil</p>', '<p>How does the accounting equation maintain balan...', 'NULL', 'NULL', 'NULL', 'NULL', 'NULL', 'NULL', 'NULL', '<p>The accounting equation maintains balance after...', 'SUBJECTIVE', 'editor', 5, '<br> ', 'Easy', '2024-07-01 15:48:23.081434', NULL),
(1326, 15, 46, 277, 307, 355, 198, 'Short', '<p>Nil</p>', '<p>How does the accounting equation maintain balan...', 'NULL', 'NULL', 'NULL', 'NULL', 'NULL', 'NULL', 'NULL', '<p>The accounting equation maintains balance after...', 'SUBJECTIVE', 'editor', 5, '<br> ', 'Easy', '2024-07-01 15:48:36.686653', NULL),
(1327, 15, 46, 277, 307, 355, 198, 'T/F', '<p>Nil</p>', '<p>The accounting equation ensures that the balanc...', 'NULL', 'NULL', 'NULL', 'NULL', 'NULL', 'NULL', 'NULL', '1', 'OBJECTIVE', '', 2, '<br> ', 'Easy', '2024-07-01 15:55:42.081246', NULL),
(1328, 15, 46, 277, 307, 355, 198, 'T/F', '<p>Nil</p>', '<p>If a company pays off its liabilities with cash...', 'NULL', 'NULL', 'NULL', 'NULL', 'NULL', 'NULL', 'NULL', '', 'OBJECTIVE', '', 2, '<br> ', 'Easy', '2024-07-01 15:55:42.087368', NULL),
(1329, 15, 46, 277, 307, 355, 198, 'T/F', '<p>Nil</p>', '<p>The accounting equation ensures that the balanc...', 'NULL', 'NULL', 'NULL', 'NULL', 'NULL', 'NULL', 'NULL', '1', 'OBJECTIVE', '', 2, '<br> ', 'Easy', '2024-07-01 15:56:42.920852', NULL),
(1330, 15, 46, 277, 307, 355, 198, 'T/F', '<p>Nil</p>', '<p>If a company pays off its liabilities with cash...', 'NULL', 'NULL', 'NULL', 'NULL', 'NULL', 'NULL', 'NULL', '', 'OBJECTIVE', '', 2, '<br> ', 'Easy', '2024-07-01 15:56:42.927654', NULL),
(1331, 15, 46, 277, 307, 355, 198, 'Short', '<p>AD</p>', '<p>ASSA</p>', 'NULL', 'NULL', '', '', '', '', '', '<p>WSSA</p>', 'SUBJECTIVE', 'editor', 15, ' <br> ', 'Hard', '2024-07-08 09:52:43.000000', NULL),
(1332, 15, 46, 277, 307, 355, 198, 'Short', '<p>asa</p>', '<p>ASAS</p>', 'NULL', 'NULL', '', '', '', '', '', '<p>ASAS</p>', 'SUBJECTIVE', 'editor', 23, ' <br> ', 'Easy', '2024-07-08 10:27:50.000000', NULL),
(1333, 15, 46, 277, 307, 355, 198, 'Short', '<p>AD</p>', '<p>ASA</p>', 'NULL', 'NULL', '', '', '', '', '', '<p>ASD</p>', 'SUBJECTIVE', 'editor', 10, ' <br> ', 'Easy', '2024-07-08 12:37:23.000000', NULL),
(1335, 15, 46, 277, 307, 355, 198, 'Short', '<p>Nil</p>', '<p>How does the accounting equation maintain balance after a transaction?</p>', 'NULL', 'NULL', '', '', '', '', '', '<p>The accounting equation maintains balance after a transaction by ensuring that any increase or decrease in assets is offset by an equal increase or decrease in liabilities and/or equity.</p>', 'SUBJECTIVE', 'editor', 5, ' <br> ', 'Easy', '2024-05-20 15:21:08.000000', NULL),
(1336, 15, 46, 277, 307, 355, 198, 'Short', '<p>Nil</p>', '<p>What is the impact on the accounting equation when a company takes out a loan?</p>', 'NULL', 'NULL', '', '', '', '', '', '<p>When a company takes out a loan, its assets increase by the amount of the loan (cash received) and its liabilities increase by the same amount (loan payable), keeping the equation in balance.</p>', 'SUBJECTIVE', 'editor', 5, ' <br> ', 'Easy', '2024-05-20 15:21:46.000000', NULL),
(1337, 15, 46, 277, 307, 355, 198, 'Long', '<p>Nil</p>', '<p>Explain the accounting equation and provide an example to illustrate how it is used in financial accounting.</p>', 'NULL', 'NULL', '', '', '', '', '', '<p>The accounting equation, <span class=\"math math-inline\"><span class=\"katex\"><span class=\"katex-mathml\">Assets=Liabilities+Equity</span><span class=\"katex-html\"><span class=\"base\"><span class=\"mord text\"><span class=\"mord\">Assets</span></span><span class=\"mrel\">=</span></span><span class=\"base\"><span class=\"mord text\"><span class=\"mord\">Liabilities</span></span><span class=\"mbin\">+</span></span><span class=\"base\"><span class=\"mord text\"><span class=\"mord\">Equity</span></span></span></span></span></span>, forms the foundation of double-entry bookkeeping. It represents the relationship between a companys assets, liabilities, and owners equity. For example, if a company purchases equipment worth $5,000 by paying $2,000 in cash and taking out a loan for the remaining $3,000, the equation reflects this as an increase in assets (equipment) by $5,000, a decrease in assets (cash) by $2,000, and an increase in liabilities (loan) by $3,000. The new accounting equation is $5,000 (equipment) = $3,000 (loan) + $2,000 (equity).</p>', 'SUBJECTIVE', 'editor', 10, ' <br> ', 'Easy', '2024-05-20 15:22:35.000000', NULL),
(1338, 15, 46, 277, 307, 355, 198, 'Long', '<p>Nil</p>', '<p>Discuss the importance of the accounting equation in preparing financial statements. Provide examples of how various transactions affect the accounting equation and ultimately the financial statements.</p>', 'NULL', 'NULL', '', '', '', '', '', '<p>The accounting equation is crucial in preparing financial statements because it ensures that the balance sheet is always balanced. It helps in tracking how transactions affect a companys financial position. For example, when a business earns revenue, it increases both assets (cash or accounts receivable) and equity (retained earnings), thus affecting the income statement and balance sheet. Conversely, paying off a liability decreases both assets (cash) and liabilities (accounts payable), impacting the balance sheet without affecting the income statement. This systematic approach ensures accuracy and consistency in financial reporting.</p>', 'SUBJECTIVE', 'editor', 10, ' <br> ', 'Easy', '2024-05-20 15:23:10.000000', NULL),
(1339, 15, 46, 277, 307, 355, 198, 'T/F', '<p>Nil</p>', '<p>The accounting equation ensures that the balance sheet is always balanced.</p>', 'NULL', 'NULL', '', '', '', '', '', 'True', 'OBJECTIVE', '', 2, ' <br> ', 'Easy', '2024-05-20 15:26:06.000000', NULL),
(1340, 15, 46, 277, 307, 355, 198, 'T/F', '<p>Nil</p>', '<p>If a company pays off its liabilities with cash, the accounting equation remains unaffected.</p>', 'NULL', 'NULL', '', '', '', '', '', 'False', 'OBJECTIVE', '', 2, ' <br> ', 'Easy', '2024-05-20 15:26:30.000000', NULL),
(1341, 15, 46, 277, 307, 355, 198, 'T/F', '<p>Nil</p>', '<p>Purchasing equipment with cash affects only the asset side of the accounting equation.</p>', 'NULL', 'NULL', '', '', '', '', '', 'True', 'OBJECTIVE', '', 2, ' <br> ', 'Easy', '2024-05-20 15:27:29.000000', NULL),
(1342, 15, 46, 277, 307, 355, 198, 'FIB', '<p>Nil</p>', '<p>The accounting equation is _______ = Liabilities + Equity.</p>', 'NULL', 'NULL', '', '', '', '', '', '<p>Assets</p>', 'OBJECTIVE', '', 2, ' <br> ', 'Easy', '2024-05-20 15:28:19.000000', NULL),
(1343, 15, 46, 277, 307, 355, 198, 'FIB', '<p>Nil</p>', '<p>In the accounting equation, if assets increase and liabilities remain the same, equity must _______.</p>', 'NULL', 'NULL', '', '', '', '', '', '<p>Increase</p>', 'OBJECTIVE', '', 2, ' <br> ', 'Easy', '2024-05-20 15:28:45.000000', NULL),
(1344, 15, 46, 277, 307, 355, 198, 'FIB', '<p>Nil</p>', '<p>A payment of dividends will decrease both equity and _______.</p>', 'NULL', 'NULL', '', '', '', '', '', '<p>Assets</p>', 'OBJECTIVE', '', 2, ' <br> ', 'Easy', '2024-05-20 15:29:16.000000', NULL),
(1345, 15, 46, 277, 307, 355, 198, 'MCQs', '<p>AAAAAAAAAAAAAA</p>', '<p>ASA</p>', 'NULL', 'NULL', '', '<p>A</p>', '<p>S</p>', '<p>A</p>', '<p>F</p>', 'option1', 'OBJECTIVE', 'editor', 1100, ' <br> ', 'Easy', '2024-05-21 10:37:36.000000', NULL),
(1346, 15, 46, 277, 307, 355, 198, 'MCQs', '<p>nil</p>', '<p>Which of the following represents the correct accounting equation?</p>', 'NULL', 'NULL', '', '<p><span class=\"math math-inline\"><span class=\"katex\"><span class=\"katex-html\"><span class=\"base\"><span class=\"mord text\"><span class=\"mord\">Assets</span></span><span class=\"mrel\">=</span></span><span class=\"base\"><span class=\"mord text\"><span class=\"mord\">Liabilities</span></span><span class=\"mbin\">&minus;</span></span><span class=\"base\"><span class=\"mord text\"><span class=\"mord\">Equity</span></span></span></span></span></span></p>', '<p>Assets=Liabilities+Equity</p>', '<p>Assets+Liabilities=Equity</p>', '<p>Assets=Equity&minus;Liabilities</p>', 'option2', 'OBJECTIVE', 'editor', 5, ' <br> ', 'Easy', '2024-05-21 10:45:00.000000', NULL),
(1348, 15, 46, 277, 307, 355, 198, 'Short', '<p>Nil</p>', '<p>How does the accounting equation maintain balan...', 'NULL', 'NULL', 'NULL', 'NULL', 'NULL', 'NULL', 'NULL', '<p>The accounting equation maintains balance after...', 'SUBJECTIVE', 'editor', 5, '<br> ', 'Easy', '2024-07-01 15:25:05.658439', NULL),
(1350, 15, 46, 277, 307, 355, 198, 'Short', '<p>Nil</p>', '<p>How does the accounting equation maintain balan...', 'NULL', 'NULL', 'NULL', 'NULL', 'NULL', 'NULL', 'NULL', '<p>The accounting equation maintains balance after...', 'SUBJECTIVE', 'editor', 5, '<br> ', 'Easy', '2024-07-01 15:34:51.546681', NULL),
(1352, 15, 46, 277, 307, 355, 198, 'Short', '<p>Nil</p>', '<p>How does the accounting equation maintain balan...', 'NULL', 'NULL', 'NULL', 'NULL', 'NULL', 'NULL', 'NULL', '<p>The accounting equation maintains balance after...', 'SUBJECTIVE', 'editor', 5, '<br> ', 'Easy', '2024-07-01 15:37:10.575833', NULL),
(1354, 15, 46, 277, 307, 355, 198, 'Short', '<p>Nil</p>', '<p>How does the accounting equation maintain balan...', 'NULL', 'NULL', 'NULL', 'NULL', 'NULL', 'NULL', 'NULL', '<p>The accounting equation maintains balance after...', 'SUBJECTIVE', 'editor', 5, '<br> ', 'Easy', '2024-07-01 15:43:15.867393', NULL),
(1356, 15, 46, 277, 307, 355, 198, 'Short', '<p>Nil</p>', '<p>How does the accounting equation maintain balan...', 'NULL', 'NULL', 'NULL', 'NULL', 'NULL', 'NULL', 'NULL', '<p>The accounting equation maintains balance after...', 'SUBJECTIVE', 'editor', 5, '<br> ', 'Easy', '2024-07-01 15:48:11.791711', NULL),
(1358, 15, 46, 277, 307, 355, 198, 'Short', '<p>Nil</p>', '<p>How does the accounting equation maintain balan...', 'NULL', 'NULL', 'NULL', 'NULL', 'NULL', 'NULL', 'NULL', '<p>The accounting equation maintains balance after...', 'SUBJECTIVE', 'editor', 5, '<br> ', 'Easy', '2024-07-01 15:48:23.081434', NULL),
(1360, 15, 46, 277, 307, 355, 198, 'Short', '<p>Nil</p>', '<p>How does the accounting equation maintain balan...', 'NULL', 'NULL', 'NULL', 'NULL', 'NULL', 'NULL', 'NULL', '<p>The accounting equation maintains balance after...', 'SUBJECTIVE', 'editor', 5, '<br> ', 'Easy', '2024-07-01 15:48:36.686653', NULL),
(1361, 15, 46, 277, 307, 355, 198, 'T/F', '<p>Nil</p>', '<p>The accounting equation ensures that the balanc...', 'NULL', 'NULL', 'NULL', 'NULL', 'NULL', 'NULL', 'NULL', '1', 'OBJECTIVE', '', 2, '<br> ', 'Easy', '2024-07-01 15:55:42.081246', NULL),
(1362, 15, 46, 277, 307, 355, 198, 'T/F', '<p>Nil</p>', '<p>If a company pays off its liabilities with cash...', 'NULL', 'NULL', 'NULL', 'NULL', 'NULL', 'NULL', 'NULL', '', 'OBJECTIVE', '', 2, '<br> ', 'Easy', '2024-07-01 15:55:42.087368', NULL),
(1363, 15, 46, 277, 307, 355, 198, 'T/F', '<p>Nil</p>', '<p>The accounting equation ensures that the balanc...', 'NULL', 'NULL', 'NULL', 'NULL', 'NULL', 'NULL', 'NULL', '1', 'OBJECTIVE', '', 2, '<br> ', 'Easy', '2024-07-01 15:56:42.920852', NULL),
(1364, 15, 46, 277, 307, 355, 198, 'T/F', '<p>Nil</p>', '<p>If a company pays off its liabilities with cash...', 'NULL', 'NULL', 'NULL', 'NULL', 'NULL', 'NULL', 'NULL', '', 'OBJECTIVE', '', 2, '<br> ', 'Easy', '2024-07-01 15:56:42.927654', NULL),
(1365, 15, 46, 277, 307, 355, 198, 'Short', '<p>AD</p>', '<p>ASSA</p>', 'NULL', 'NULL', '', '', '', '', '', '<p>WSSA</p>', 'SUBJECTIVE', 'editor', 15, ' <br> ', 'Hard', '2024-07-08 09:52:43.000000', NULL),
(1366, 15, 46, 277, 307, 355, 198, 'Short', '<p>asa</p>', '<p>ASAS</p>', 'NULL', 'NULL', '', '', '', '', '', '<p>ASAS</p>', 'SUBJECTIVE', 'editor', 23, ' <br> ', 'Easy', '2024-07-08 10:27:50.000000', NULL),
(1367, 15, 46, 277, 307, 355, 198, 'Short', '<p>AD</p>', '<p>ASA</p>', 'NULL', 'NULL', '', '', '', '', '', '<p>ASD</p>', 'SUBJECTIVE', 'editor', 10, ' <br> ', 'Easy', '2024-07-08 12:37:23.000000', NULL),
(1368, 15, 46, 277, 307, 355, 198, 'Short', '<p>hghfg</p>', '<p>ghhfg</p>', 'NULL', 'NULL', '', '', '', '', '', '<p>ghhgfh</p>', 'SUBJECTIVE', 'editor', 10, ' <br> ', 'Easy', '2024-07-12 11:12:58.000000', NULL),
(1369, 15, 46, 277, 307, 355, 198, 'Short', '', '<p>yukyrkry</p>', 'NULL', 'NULL', NULL, NULL, NULL, NULL, NULL, '<p>uyjkukkku</p>', 'SUBJECTIVE', 'editor', 10, ' <br> ', 'Easy', '2024-07-12 12:40:39.000000', NULL),
(1370, 15, 46, 277, 307, 355, 198, 'Short', '', '<p>ewdeqww</p>', 'NULL', 'NULL', NULL, NULL, NULL, NULL, NULL, '<p>edqwrweqwd</p>', 'SUBJECTIVE', 'editor', 10, ' <br> ', 'Easy', '2024-07-12 12:42:13.000000', NULL),
(1371, 15, 46, 277, 307, 355, 198, 'Short', '', '<p>gghrwg</p>', 'NULL', 'NULL', NULL, NULL, NULL, NULL, NULL, '<p>ty53rteggh</p>', 'SUBJECTIVE', 'editor', 10, ' <br> ', 'Easy', '2024-07-12 12:44:42.000000', NULL),
(1372, 15, 46, 277, 307, 355, 198, 'Short', '<p>erfewrf</p>', '<p>wdewdew</p>', 'NULL', 'NULL', NULL, NULL, NULL, NULL, NULL, '<p>ferfwe</p>', 'SUBJECTIVE', 'editor', 10, ' <br> ', 'Easy', '2024-07-12 13:27:19.000000', NULL),
(1374, 15, 46, 286, 317, 369, 521, 'Short', '', '<p>What is the accounting equation? 1</p>', 'NULL', 'NULL', NULL, NULL, NULL, NULL, NULL, '<p>The accounting equation is&nbsp;<span class=\"math math-inline\"><span class=\"katex\"><span class=\"katex-mathml\">Assets=Liabilities+Equity</span><span class=\"katex-html\"><span class=\"base\"><span class=\"mord text\"><span class=\"mord\">Assets</span></span><span class=\"mrel\">=</span></span><span class=\"base\"><span class=\"mord text\"><span class=\"mord\">Liabilities</span></span><span class=\"mbin\">+</span></span><span class=\"base\"><span class=\"mord text\"><span class=\"mord\">Equity</span></span></span></span></span></span>. 1</p>', 'SUBJECTIVE', 'editor', 10, ' <br> ', 'Easy', '2024-08-08 11:21:04.000000', NULL),
(1375, 15, 46, 286, 317, 368, 520, 'MCQs', '', '<p>Which of the following represents the correct accounting equation? 1</p>', 'NULL', 'NULL', NULL, '<p><span class=\"base\"><span class=\"mord text\"><span class=\"mord\">Assets</span></span><span class=\"mrel\">=</span></span><span class=\"base\"><span class=\"mord text\"><span class=\"mord\">Liabilities</span></span><span class=\"mbin\">&minus;</span></span><span class=\"base\"><span class=\"mord text\"><span class=\"mord\">Equity 1</span></span></span></p>', '<p>Assets=Liabilities+Equity 1</p>', '<p>Assets+Liabilities=Equity 1</p>', '<p>Assets=Equity&minus;Liabilities</p>', 'option2', 'OBJECTIVE', 'editor', 10, ' <br> ', 'Easy', '2024-08-08 11:36:23.000000', NULL),
(1376, 15, 46, 286, 317, 369, 521, 'MCQs', '', '<p>ABCD</p>', 'NULL', 'NULL', NULL, '<p>A</p>', '<p>B</p>', '<p>C</p>', '<p>D</p>', 'option3', 'OBJECTIVE', 'editor', 10, ' <br> ', 'Easy', '2024-08-08 11:37:11.000000', NULL),
(1377, 15, 46, 286, 317, 368, 520, 'T/F', '', '<p>If a company pays off its liabilities with cash, the accounting equation remains unaffected.</p>', 'NULL', 'NULL', NULL, NULL, NULL, NULL, NULL, 'False', 'OBJECTIVE', '', 10, ' <br> ', 'Easy', '2024-08-08 11:43:18.000000', NULL),
(1378, 15, 46, 286, 317, 369, 521, 'T/F', '', '<p>Purchasing equipment with cash affects only the asset side of the accounting equation. 1</p>', 'NULL', 'NULL', NULL, NULL, NULL, NULL, NULL, 'True', 'OBJECTIVE', '', 10, ' <br> ', 'Easy', '2024-08-08 11:44:12.000000', NULL),
(1379, 15, 46, 286, 317, 368, 520, 'Short', '', '<p>How does the accounting equation maintain balance after a transaction? 1</p>', 'NULL', 'NULL', NULL, NULL, NULL, NULL, NULL, '<p>The accounting equation maintains balance after a transaction by ensuring that any increase or decrease in assets is offset by an equal increase or decrease in liabilities and/or equity. 1</p>', 'SUBJECTIVE', 'editor', 10, ' <br> ', 'Easy', '2024-08-08 11:56:59.000000', NULL),
(1380, 15, 46, 287, 318, 370, 530, 'Short', '', '<p>How does the accounting equation maintain balance after a transaction? 001</p>', 'NULL', 'NULL', NULL, NULL, NULL, NULL, NULL, '<p>The accounting equation maintains balance after a transaction by ensuring that any increase or decrease in assets is offset by an equal increase or decrease in liabilities and/or equity. 001</p>', 'SUBJECTIVE', 'editor', 10, ' <br> ', 'Easy', '2024-08-19 10:58:01.000000', NULL),
(1381, 15, 46, 287, 318, 370, 531, 'Short', '', '<p>What is the accounting equation? 001</p>', 'NULL', 'NULL', NULL, NULL, NULL, NULL, NULL, '<p>The accounting equation is&nbsp;<span class=\"math math-inline\"><span class=\"katex\"><span class=\"katex-mathml\">Assets=Liabilities+Equity</span><span class=\"katex-html\"><span class=\"base\"><span class=\"mord text\"><span class=\"mord\">Assets</span></span><span class=\"mrel\">=</span></span><span class=\"base\"><span class=\"mord text\"><span class=\"mord\">Liabilities</span></span><span class=\"mbin\">+</span></span><span class=\"base\"><span class=\"mord text\"><span class=\"mord\">Equity</span></span></span></span></span></span>. 001</p>', 'SUBJECTIVE', 'editor', 10, ' <br> ', 'Easy', '2024-08-19 10:59:58.000000', NULL),
(1382, 15, 46, 287, 318, 370, 532, 'Short', '', '<p>What is the purpose of the accrual principle?</p>', 'NULL', 'NULL', NULL, NULL, NULL, NULL, NULL, '<p>The accrual principle ensures that revenues and expenses are recorded when they are earned or incurred, regardless of when cash transactions occur.</p>', 'SUBJECTIVE', 'editor', 10, ' <br> ', 'Easy', '2024-08-19 11:08:37.000000', NULL),
(1383, 15, 46, 287, 318, 370, 533, 'Short', '', '<p>What is the primary purpose of tax accounting?</p>', 'NULL', 'NULL', NULL, NULL, NULL, NULL, NULL, '<p>The primary purpose of tax accounting is to ensure compliance with tax laws and regulations while accurately reporting taxable income and expenses.</p>', 'SUBJECTIVE', 'editor', 10, ' <br> ', 'Easy', '2024-08-19 11:09:34.000000', NULL);

-- --------------------------------------------------------

--
-- Table structure for table `questions_in_video`
--

CREATE TABLE `questions_in_video` (
  `id` int NOT NULL,
  `quiz` int DEFAULT NULL,
  `question` text,
  `option_one` text,
  `option_two` text,
  `option_three` text,
  `option_four` text,
  `correct_option` varchar(10) DEFAULT NULL,
  `video` int DEFAULT NULL
) ENGINE=InnoDB DEFAULT CHARSET=utf8mb4  ;

--
-- Dumping data for table `questions_in_video`
--

INSERT INTO `questions_in_video` (`id`, `quiz`, `question`, `option_one`, `option_two`, `option_three`, `option_four`, `correct_option`, `video`) VALUES
(29, 12, 'Hey', 'A', 'B', 'C', 'D', 'Option 2', 22),
(30, 15, 'Hi', 'A', 'B', 'C', 'D', 'Option 2', 27),
(31, 16, 'What is consolidation?', 'a', 'b', 'c', 'd', 'Option 2', 28),
(32, 16, 'Which consolidation is best?', 'z', 'x', 'y', 'v', 'Option 4', 28),
(33, 17, 'Which of the following formulas represents the future value (FV) of an investment compounded annually?', 'FV=PV×(1+r)^n', 'FV=PV÷(1+r)^n  ', 'FV=PV×(1−r)^n  ', 'FV=PV÷(1−r)^n', 'Option 1', 30),
(34, 17, 'If an investor deposits $1,000 into an account that earns 5% interest per year, compounded annually, what will be the balance in the account after 3 years?', '$1,150.00', '$1,157.63', '$1,215.00', '$1,105.13', 'Option 2', 30),
(35, 17, 'What is the present value (PV) of $5,000 to be received in 4 years if the discount rate is 6% per year?', '$3,950.12', ' $3,400.75', '$4,200.75', '$3,960.44', 'Option 4', 30),
(36, 17, 'What are the issues you faced in hostel?', 'adfas ', 'asdasd ', 'sdfwe', 'dsrfwef ', 'Option 1', 31),
(37, 17, 'Which Teacher is best?', 'sdaser ', 'ewrt43 ', '456 sd', 'retw5 54', 'Option 3', 31),
(38, 17, 'sd qwrt 4etqy erg', 'asdfwetrw', 'fsdfrwe terw', 'yrey rtgh', 'sdfgsda 4twr', 'Option 3', 31);

-- --------------------------------------------------------

--
-- Table structure for table `questions_response`
--

CREATE TABLE `questions_response` (
  `question_response_id` int NOT NULL,
  `stream_id` int NOT NULL,
  `institute_id` int NOT NULL,
  `program_id` int NOT NULL,
  `component_id` int NOT NULL,
  `subject_id` int NOT NULL,
  `quiz_id` int NOT NULL,
  `user_id` int NOT NULL,
  `question_id` int NOT NULL,
  `attempted_answer` text CHARACTER SET utf8mb3 COLLATE utf8mb3_unicode_ci,
  `attempt_answerfile` varchar(255) CHARACTER SET utf8mb3 COLLATE utf8mb3_unicode_ci DEFAULT NULL,
  `obtain_marks` varchar(255) CHARACTER SET utf8mb3 COLLATE utf8mb3_unicode_ci DEFAULT NULL,
  `question_mark` enum('Yes','No') CHARACTER SET utf8mb3 COLLATE utf8mb3_unicode_ci NOT NULL DEFAULT 'No',
  `teacher_update_file` varchar(256) CHARACTER SET utf8mb3 COLLATE utf8mb3_unicode_ci DEFAULT NULL,
  `create_date` datetime(6) NOT NULL,
  `update_date` datetime(6) DEFAULT NULL
) ENGINE=InnoDB DEFAULT CHARSET=utf8mb3 COLLATE=utf8mb3_unicode_ci;

--
-- Dumping data for table `questions_response`
--

INSERT INTO `questions_response` (`question_response_id`, `stream_id`, `institute_id`, `program_id`, `component_id`, `subject_id`, `quiz_id`, `user_id`, `question_id`, `attempted_answer`, `attempt_answerfile`, `obtain_marks`, `question_mark`, `teacher_update_file`, `create_date`, `update_date`) VALUES
(720, 15, 46, 277, 307, 355, 409, 974, 689, 'option1', NULL, '1100', 'No', NULL, '2024-05-22 08:09:25.000000', NULL),
(721, 15, 46, 277, 307, 355, 409, 974, 686, 'Assets', NULL, '2', 'Yes', NULL, '2024-05-22 08:09:25.000000', NULL),
(722, 15, 46, 277, 307, 355, 409, 974, 683, 'True', NULL, '2', 'No', NULL, '2024-05-22 08:09:25.000000', NULL),
(724, 15, 46, 277, 307, 355, 409, 974, 681, '<p>Nil</p>', NULL, '8', 'Yes', NULL, '2024-05-22 08:09:25.000000', NULL),
(725, 15, 46, 283, 311, 361, 414, 1042, 693, '<table id=\"datatable\" class=\"table table-bordered dt-responsive dataTable no-footer\">\r\n<tbody>\r\n<tr>\r\n<td>\r\n<p><strong>Lorem Ipsum</strong>&nbsp;is simply dummy text of the printing and typesetting industry. Lorem Ipsum has been the industrys standard dummy text ever since the 1500s, when an unknown printer took a galley of type and scrambled it to make a type specimen book. It has survived not only five centuries, but also the leap into electronic typesetting, remaining essentially unchanged. It was popularised in the 1960s with the release of Letraset sheets containing Lorem Ipsum passages, and more recently with desktop publishing software like Aldus PageMaker including versions of Lorem Ipsum</p>\r\n</td>\r\n</tr>\r\n</tbody>\r\n</table>', NULL, '', 'No', NULL, '2024-05-27 14:42:42.000000', NULL),
(726, 15, 46, 283, 311, 361, 414, 1042, 694, '<table id=\"datatable\" class=\"table table-bordered dt-responsive dataTable no-footer\">\r\n<tbody>\r\n<tr>\r\n<td>\r\n<p><strong>Lorem Ipsum</strong>&nbsp;is simply dummy text of the printing and typesetting industry. Lorem Ipsum has been the industrys standard dummy text ever since the 1500s, when an unknown printer took a galley of type and scrambled it to make a type specimen book. It has survived not only five centuries, but also the leap into electronic typesetting, remaining essentially unchanged. It was popularised in the 1960s with the release of Letraset sheets containing Lorem Ipsum passages, and more recently with desktop publishing software like Aldus PageMaker including versions of Lorem Ipsum</p>\r\n</td>\r\n</tr>\r\n</tbody>\r\n</table>', NULL, '', 'No', NULL, '2024-05-27 14:42:42.000000', NULL),
(727, 15, 46, 283, 311, 361, 416, 1042, 695, 'option1', NULL, '0', 'No', NULL, '2024-05-27 14:43:00.000000', NULL),
(728, 15, 46, 283, 311, 361, 416, 1042, 696, 'option4', NULL, '0', 'No', NULL, '2024-05-27 14:43:00.000000', NULL),
(729, 15, 46, 283, 311, 361, 417, 1042, 695, 'option1', NULL, '0', 'No', NULL, '2024-05-27 14:43:32.000000', NULL),
(730, 15, 46, 283, 311, 361, 417, 1042, 696, 'option1', NULL, '50', 'No', NULL, '2024-05-27 14:43:32.000000', NULL),
(731, 15, 46, 283, 311, 361, 417, 1042, 699, 'A', NULL, '', 'No', NULL, '2024-05-27 14:43:32.000000', NULL),
(732, 15, 46, 283, 311, 361, 417, 1042, 700, 'B', NULL, '', 'No', NULL, '2024-05-27 14:43:32.000000', NULL),
(733, 15, 46, 283, 311, 361, 417, 1042, 692, '<table id=\"datatable\" class=\"table table-bordered dt-responsive\">\n<tbody>\n<tr>\n<td>\n<p><strong>Lorem Ipsum</strong>&nbsp;is simply dummy text of the printing and typesetting industry. Lorem Ipsum has been the industrys standard dummy text ever since the 1500s, when an unknown printer took a galley of type and scrambled it to make a type specimen book. It has survived not only five centuries, but also the leap into electronic typesetting, remaining essentially unchanged. It was popularised in the 1960s with the release of Letraset sheets containing Lorem Ipsum passages, and more recently with desktop publishing software like Aldus PageMaker including versions of Lorem Ipsum</p>\n</td>\n</tr>\n</tbody>\n</table>', NULL, '', 'No', NULL, '2024-05-27 14:43:32.000000', NULL),
(734, 15, 46, 283, 311, 361, 417, 1042, 691, '<table id=\"datatable\" class=\"table table-bordered dt-responsive\">\r\n<tbody>\r\n<tr>\r\n<td>\r\n<p><strong>Lorem Ipsum</strong>&nbsp;is simply dummy text of the printing and typesetting industry. Lorem Ipsum has been the industrys standard dummy text ever since the 1500s, when an unknown printer took a galley of type and scrambled it to make a type specimen book. It has survived not only five centuries, but also the leap into electronic typesetting, remaining essentially unchanged. It was popularised in the 1960s with the release of Letraset sheets containing Lorem Ipsum passages, and more recently with desktop publishing software like Aldus PageMaker including versions of Lorem Ipsum</p>\r\n</td>\r\n</tr>\r\n</tbody>\r\n</table>', NULL, '', 'No', NULL, '2024-05-27 14:43:32.000000', NULL),
(735, 15, 46, 283, 311, 361, 417, 1042, 694, '<table id=\"datatable\" class=\"table table-bordered dt-responsive\">\r\n<tbody>\r\n<tr>\r\n<td>\r\n<p><strong>Lorem Ipsum</strong>&nbsp;is simply dummy text of the printing and typesetting industry. Lorem Ipsum has been the industrys standard dummy text ever since the 1500s, when an unknown printer took a galley of type and scrambled it to make a type specimen book. It has survived not only five centuries, but also the leap into electronic typesetting, remaining essentially unchanged. It was popularised in the 1960s with the release of Letraset sheets containing Lorem Ipsum passages, and more recently with desktop publishing software like Aldus PageMaker including versions of Lorem Ipsum</p>\r\n</td>\r\n</tr>\r\n</tbody>\r\n</table>', NULL, '', 'No', NULL, '2024-05-27 14:43:32.000000', NULL),
(736, 15, 46, 283, 311, 361, 417, 1042, 693, '<table id=\"datatable\" class=\"table table-bordered dt-responsive\">\r\n<tbody>\r\n<tr>\r\n<td>\r\n<p><strong>Lorem Ipsum</strong>&nbsp;is simply dummy text of the printing and typesetting industry. Lorem Ipsum has been the industrys standard dummy text ever since the 1500s, when an unknown printer took a galley of type and scrambled it to make a type specimen book. It has survived not only five centuries, but also the leap into electronic typesetting, remaining essentially unchanged. It was popularised in the 1960s with the release of Letraset sheets containing Lorem Ipsum passages, and more recently with desktop publishing software like Aldus PageMaker including versions of Lorem Ipsum</p>\r\n</td>\r\n</tr>\r\n</tbody>\r\n</table>', NULL, '', 'No', NULL, '2024-05-27 14:43:32.000000', NULL),
(737, 15, 46, 277, 307, 355, 423, 974, 681, '<p>ABC</p>', NULL, '', 'No', NULL, '2024-06-13 09:27:40.000000', NULL),
(738, 15, 46, 277, 307, 355, 425, 974, 681, '<p>ABC</p>', NULL, '', 'No', NULL, '2024-06-13 11:20:24.000000', NULL),
(753, 15, 46, 284, 312, 363, 426, 1053, 701, 'option2', NULL, '0', 'No', NULL, '2024-06-28 12:43:43.000000', NULL),
(754, 15, 46, 284, 312, 363, 426, 1053, 706, 'option2', NULL, '0', 'No', NULL, '2024-06-28 12:43:43.000000', NULL),
(755, 15, 46, 284, 312, 363, 426, 1053, 711, 'option2', NULL, '2', 'No', NULL, '2024-06-28 12:43:43.000000', NULL),
(756, 15, 46, 284, 312, 363, 426, 1053, 705, '', NULL, '0', 'No', NULL, '2024-06-28 12:43:43.000000', NULL),
(757, 15, 46, 284, 312, 363, 426, 1053, 703, '', NULL, '0', 'No', NULL, '2024-06-28 12:43:43.000000', NULL),
(758, 15, 46, 284, 312, 363, 426, 1053, 725, '', NULL, '0', 'No', NULL, '2024-06-28 12:43:43.000000', NULL),
(759, 15, 46, 284, 312, 363, 426, 1053, 712, '', NULL, '0', 'No', NULL, '2024-06-28 12:43:43.000000', NULL),
(760, 15, 46, 284, 312, 363, 426, 1053, 708, '', NULL, '0', 'No', NULL, '2024-06-28 12:43:43.000000', NULL),
(761, 15, 46, 284, 312, 363, 426, 1053, 721, '', NULL, '0', 'No', NULL, '2024-06-28 12:43:43.000000', NULL),
(762, 15, 46, 284, 312, 363, 426, 1053, 724, '', NULL, '0', 'No', NULL, '2024-06-28 12:43:43.000000', NULL),
(763, 15, 46, 284, 312, 363, 426, 1053, 715, '', NULL, '0', 'No', NULL, '2024-06-28 12:43:43.000000', NULL),
(764, 15, 46, 284, 312, 363, 426, 1053, 717, '', NULL, '0', 'No', NULL, '2024-06-28 12:43:43.000000', NULL),
(765, 15, 46, 284, 312, 363, 426, 1053, 719, '', NULL, '0', 'No', NULL, '2024-06-28 12:43:43.000000', NULL),
(766, 15, 46, 284, 312, 363, 426, 1053, 723, '', NULL, '0', 'No', NULL, '2024-06-28 12:43:43.000000', NULL),
(767, 15, 46, 284, 312, 363, 426, 1053, 709, '', NULL, '0', 'No', NULL, '2024-06-28 12:43:43.000000', NULL),
(768, 15, 46, 284, 312, 363, 426, 1053, 704, '', NULL, '0', 'No', NULL, '2024-06-28 12:43:43.000000', NULL),
(769, 15, 46, 284, 312, 363, 426, 1053, 720, '', NULL, '0', 'No', NULL, '2024-06-28 12:43:43.000000', NULL),
(770, 15, 46, 284, 312, 363, 426, 1053, 718, '', NULL, '0', 'No', NULL, '2024-06-28 12:43:43.000000', NULL),
(771, 15, 46, 284, 312, 363, 426, 1053, 722, '', NULL, '0', 'No', NULL, '2024-06-28 12:43:43.000000', NULL),
(772, 15, 46, 284, 312, 363, 426, 1053, 713, '', NULL, '0', 'No', NULL, '2024-06-28 12:43:43.000000', NULL),
(773, 15, 46, 284, 312, 363, 426, 1053, 710, '', NULL, '0', 'No', NULL, '2024-06-28 12:43:43.000000', NULL),
(774, 15, 46, 284, 312, 363, 426, 1053, 716, '', NULL, '0', 'No', NULL, '2024-06-28 12:43:43.000000', NULL),
(775, 15, 46, 284, 312, 363, 426, 1053, 714, '', NULL, '0', 'No', NULL, '2024-06-28 12:43:43.000000', NULL),
(776, 15, 46, 284, 312, 363, 426, 1053, 707, '', NULL, '0', 'No', NULL, '2024-06-28 12:43:43.000000', NULL),
(777, 15, 46, 284, 312, 363, 426, 1051, 710, 'option1', NULL, '0', 'No', NULL, '2024-06-29 07:02:26.000000', NULL),
(778, 15, 46, 284, 312, 363, 426, 1051, 705, 'option1', NULL, '0', 'No', NULL, '2024-06-29 07:02:26.000000', NULL),
(779, 15, 46, 284, 312, 363, 426, 1051, 714, 'option3', NULL, '0', 'No', NULL, '2024-06-29 07:02:26.000000', NULL),
(780, 15, 46, 284, 312, 363, 426, 1051, 704, 'option2', NULL, '0', 'No', NULL, '2024-06-29 07:02:26.000000', NULL),
(781, 15, 46, 284, 312, 363, 426, 1051, 711, 'option2', NULL, '2', 'No', NULL, '2024-06-29 07:02:26.000000', NULL),
(782, 15, 46, 284, 312, 363, 426, 1051, 701, 'option2', NULL, '0', 'No', NULL, '2024-06-29 07:02:26.000000', NULL),
(783, 15, 46, 284, 312, 363, 426, 1051, 724, 'option4', NULL, '0', 'No', NULL, '2024-06-29 07:02:26.000000', NULL),
(784, 15, 46, 284, 312, 363, 426, 1051, 718, 'option3', NULL, '0', 'No', NULL, '2024-06-29 07:02:26.000000', NULL),
(785, 15, 46, 284, 312, 363, 426, 1051, 709, 'option1', NULL, '0', 'No', NULL, '2024-06-29 07:02:26.000000', NULL),
(786, 15, 46, 284, 312, 363, 426, 1051, 715, 'option2', NULL, '0', 'No', NULL, '2024-06-29 07:02:26.000000', NULL),
(787, 15, 46, 284, 312, 363, 426, 1051, 716, 'option2', NULL, '0', 'No', NULL, '2024-06-29 07:02:26.000000', NULL),
(788, 15, 46, 284, 312, 363, 426, 1051, 719, 'option2', NULL, '2', 'No', NULL, '2024-06-29 07:02:26.000000', NULL),
(789, 15, 46, 284, 312, 363, 426, 1051, 723, 'option3', NULL, '0', 'No', NULL, '2024-06-29 07:02:26.000000', NULL),
(790, 15, 46, 284, 312, 363, 426, 1051, 725, 'option2', NULL, '2', 'No', NULL, '2024-06-29 07:02:26.000000', NULL),
(791, 15, 46, 284, 312, 363, 426, 1051, 706, 'option2', NULL, '0', 'No', NULL, '2024-06-29 07:02:26.000000', NULL),
(792, 15, 46, 284, 312, 363, 426, 1051, 720, 'option3', NULL, '0', 'No', NULL, '2024-06-29 07:02:26.000000', NULL),
(793, 15, 46, 284, 312, 363, 426, 1051, 721, 'option2', NULL, '0', 'No', NULL, '2024-06-29 07:02:26.000000', NULL),
(794, 15, 46, 284, 312, 363, 426, 1051, 722, 'option2', NULL, '2', 'No', NULL, '2024-06-29 07:02:26.000000', NULL),
(795, 15, 46, 284, 312, 363, 426, 1051, 713, 'option4', NULL, '2', 'No', NULL, '2024-06-29 07:02:26.000000', NULL),
(796, 15, 46, 284, 312, 363, 426, 1051, 708, 'option3', NULL, '0', 'No', NULL, '2024-06-29 07:02:26.000000', NULL),
(797, 15, 46, 284, 312, 363, 426, 1051, 712, 'option1', NULL, '2', 'No', NULL, '2024-06-29 07:02:26.000000', NULL),
(798, 15, 46, 284, 312, 363, 426, 1051, 717, 'option1', NULL, '0', 'No', NULL, '2024-06-29 07:02:26.000000', NULL),
(799, 15, 46, 284, 312, 363, 426, 1051, 707, 'option3', NULL, '0', 'No', NULL, '2024-06-29 07:02:26.000000', NULL),
(800, 15, 46, 284, 312, 363, 426, 1051, 703, 'option2', NULL, '0', 'No', NULL, '2024-06-29 07:02:26.000000', NULL),
(801, 15, 46, 286, 317, 368, 433, 1055, 1375, 'option2', NULL, '10', 'No', NULL, '2024-08-08 14:00:35.000000', NULL),
(802, 15, 46, 286, 317, 368, 433, 1055, 1377, 'False', NULL, '10', 'No', NULL, '2024-08-08 14:00:35.000000', NULL),
(803, 15, 46, 286, 317, 368, 433, 1055, 1379, '<p>The accounting equation maintains balance after a transaction by ensuring that any increase or decrease in assets is offset by an equal increase or decrease in liabilities and/or equity. 1</p>', NULL, '6', 'Yes', NULL, '2024-08-08 14:00:35.000000', NULL),
(804, 15, 46, 286, 317, 369, 434, 1055, 1376, 'option3', NULL, '10', 'No', NULL, '2024-08-08 14:01:58.000000', NULL),
(805, 15, 46, 286, 317, 369, 434, 1055, 1378, 'True', NULL, '10', 'No', NULL, '2024-08-08 14:01:58.000000', NULL),
(806, 15, 46, 286, 317, 369, 434, 1055, 1374, '<p>The accounting equation is&nbsp;<span class=\"math math-inline\"><span class=\"katex\"><span class=\"katex-mathml\">Assets=Liabilities+Equity</span><span class=\"katex-html\"><span class=\"base\"><span class=\"mord text\"><span class=\"mord\">Assets</span></span><span class=\"mrel\">=</span></span><span class=\"base\"><span class=\"mord text\"><span class=\"mord\">Liabilities</span></span><span class=\"mbin\">+</span></span><span class=\"base\"><span class=\"mord text\"><span class=\"mord\">Equity</span></span></span></span></span></span>. 1</p>', NULL, '7', 'Yes', NULL, '2024-08-08 14:01:58.000000', NULL),
(807, 15, 46, 286, 317, 368, 435, 1055, 1375, 'option2', NULL, '10', 'No', NULL, '2024-08-08 14:03:21.000000', NULL),
(808, 15, 46, 286, 317, 368, 435, 1055, 1377, 'False', NULL, '10', 'No', NULL, '2024-08-08 14:03:21.000000', NULL),
(809, 15, 46, 286, 317, 368, 435, 1055, 1379, '<p>The accounting equation maintains balance after a transaction by ensuring that any increase or decrease in assets is offset by an equal increase or decrease in liabilities and/or equity. 1</p>', NULL, '8', 'Yes', NULL, '2024-08-08 14:03:21.000000', NULL),
(810, 15, 46, 286, 317, 369, 436, 1055, 1376, 'option3', NULL, '10', 'No', NULL, '2024-08-08 14:04:22.000000', NULL),
(811, 15, 46, 286, 317, 369, 436, 1055, 1378, 'True', NULL, '10', 'No', NULL, '2024-08-08 14:04:22.000000', NULL),
(812, 15, 46, 286, 317, 369, 436, 1055, 1374, '<p>The accounting equation is&nbsp;<span class=\"math math-inline\"><span class=\"katex\"><span class=\"katex-mathml\">Assets=Liabilities+Equity</span><span class=\"katex-html\"><span class=\"base\"><span class=\"mord text\"><span class=\"mord\">Assets</span></span><span class=\"mrel\">=</span></span><span class=\"base\"><span class=\"mord text\"><span class=\"mord\">Liabilities</span></span><span class=\"mbin\">+</span></span><span class=\"base\"><span class=\"mord text\"><span class=\"mord\">Equity</span></span></span></span></span></span>. 1</p>', NULL, '7', 'Yes', NULL, '2024-08-08 14:04:22.000000', NULL),
(813, 15, 46, 286, 317, 368, 437, 1055, 1375, 'option2', NULL, '10', 'No', NULL, '2024-08-08 14:10:25.000000', NULL),
(814, 15, 46, 286, 317, 368, 437, 1055, 1377, 'False', NULL, '10', 'No', NULL, '2024-08-08 14:10:25.000000', NULL),
(815, 15, 46, 286, 317, 368, 437, 1055, 1379, '<p>The accounting equation maintains balance after a transaction by ensuring that any increase or decrease in assets is offset by an equal increase or decrease in liabilities and/or equity. 1</p>', NULL, '8', 'Yes', NULL, '2024-08-08 14:10:25.000000', NULL),
(816, 15, 46, 286, 317, 369, 438, 1055, 1376, 'option3', NULL, '10', 'No', NULL, '2024-08-08 14:13:12.000000', NULL),
(817, 15, 46, 286, 317, 369, 438, 1055, 1378, 'True', NULL, '10', 'No', NULL, '2024-08-08 14:13:12.000000', NULL),
(818, 15, 46, 286, 317, 369, 438, 1055, 1374, '<p>The accounting equation is&nbsp;<span class=\"math math-inline\"><span class=\"katex\"><span class=\"katex-mathml\">Assets=Liabilities+Equity</span><span class=\"katex-html\"><span class=\"base\"><span class=\"mord text\"><span class=\"mord\">Assets</span></span><span class=\"mrel\">=</span></span><span class=\"base\"><span class=\"mord text\"><span class=\"mord\">Liabilities</span></span><span class=\"mbin\">+</span></span><span class=\"base\"><span class=\"mord text\"><span class=\"mord\">Equity</span></span></span></span></span></span>. 1</p>', NULL, '6', 'Yes', NULL, '2024-08-08 14:13:12.000000', NULL);

-- --------------------------------------------------------

--
-- Table structure for table `question_type`
--

CREATE TABLE `question_type` (
  `question_type_id` int NOT NULL,
  `stream_id` int NOT NULL,
  `institute_id` int NOT NULL,
  `program_id` int NOT NULL,
  `component_id` int NOT NULL,
  `subject_id` int NOT NULL,
  `question_type_name` varchar(255) NOT NULL,
  `question_type_main` enum('SUBJECTIVE','OBJECTIVE') NOT NULL,
  `question_subtype` enum('LONG','SHORT','MCQS','FIB','T/F') NOT NULL,
  `description` text NOT NULL,
  `question_type_status` enum('ACTIVE','INACTIVE') NOT NULL,
  `create_date` datetime NOT NULL DEFAULT CURRENT_TIMESTAMP,
  `update_date` datetime NOT NULL DEFAULT CURRENT_TIMESTAMP
) ENGINE=InnoDB DEFAULT CHARSET=utf8mb4  ;

-- --------------------------------------------------------

--
-- Table structure for table `quiz`
--

CREATE TABLE `quiz` (
  `quiz_id` int NOT NULL,
  `stream_id` int NOT NULL,
  `institute_id` int NOT NULL,
  `program_id` int NOT NULL,
  `component_id` int NOT NULL,
  `subject_id` int NOT NULL,
  `section_id` int NOT NULL,
  `quiz_name` varchar(255) NOT NULL,
  `quiz_start_time` varchar(255) NOT NULL,
  `quiz_end_time` varchar(255) NOT NULL,
  `quiz_date` varchar(255) NOT NULL,
  `question_file` varchar(255) DEFAULT NULL,
  `totalmarks` varchar(255) DEFAULT NULL,
  `typeofquery` varchar(255) DEFAULT 'NULL',
  `Quiz_Status` varchar(255) NOT NULL,
  `create_date` datetime(6) NOT NULL DEFAULT CURRENT_TIMESTAMP(6),
  `update_date` datetime(6) DEFAULT NULL
) ENGINE=InnoDB DEFAULT CHARSET=utf8mb4  ;

--
-- Dumping data for table `quiz`
--

INSERT INTO `quiz` (`quiz_id`, `stream_id`, `institute_id`, `program_id`, `component_id`, `subject_id`, `section_id`, `quiz_name`, `quiz_start_time`, `quiz_end_time`, `quiz_date`, `question_file`, `totalmarks`, `typeofquery`, `Quiz_Status`, `create_date`, `update_date`) VALUES
(406, 15, 46, 277, 307, 355, 258, 'Intro to Accountancy', '', '', '2024-05-22', '664b659bb7751_Introduction_to_Accounting_Assignment.pdf', '10', 'Assignment', '', '2024-05-20 15:00:43.000000', NULL),
(407, 15, 46, 278, 308, 359, 262, 'Financial Mathematics', '', '', '2024-06-30', '664b65c75a7bc_Financial_Mathematics_Assignment.pdf', '10', 'Assignment', '', '2024-05-20 15:01:27.000000', NULL),
(408, 15, 46, 278, 308, 359, 262, 'Financial Mathematics 2', '', '', '2024-06-30', '664da1425a641_Financial_Mathematics_Project.pdf', '10', 'Assignment', '', '2024-05-22 07:39:46.000000', NULL),
(409, 15, 46, 277, 307, 355, 258, 'Intro to Accountancy Q1', '09:55', '21:00', '2024-08-02', NULL, NULL, 'Quiz', 'Active', '2024-08-02 05:52:50.000000', NULL),
(411, 15, 46, 283, 311, 361, 264, 'Accounts', '', '', '2024-05-31', '665499e758557_sample.pdf', '20', 'Assignment', '', '2024-05-27 14:34:15.000000', NULL),
(412, 15, 46, 283, 311, 361, 264, 'Accounting Ace Challenge', '', '', '2024-05-28', '66549a2c04eb4_sample.pdf', '20', 'Assignment', '', '2024-05-27 14:35:24.000000', NULL),
(413, 15, 46, 283, 311, 361, 264, 'Profit & Loss Puzzler', '19:35', '21:35', '2024-05-30', NULL, NULL, 'Quiz', 'Active', '2024-05-27 14:36:10.000000', NULL),
(414, 15, 46, 283, 311, 361, 264, 'Bookkeeping Brain Buster', '19:36', '23:36', '2024-05-27', NULL, NULL, 'Quiz', 'Active', '2024-05-27 14:37:04.000000', NULL),
(415, 15, 46, 283, 311, 361, 264, 'Cash Flow Conundrum', '19:37', '23:37', '2024-05-27', NULL, NULL, 'MidTerm', '', '2024-05-27 14:37:37.000000', NULL),
(416, 15, 46, 283, 311, 361, 264, 'Trial Balance Trivia', '19:38', '23:38', '2024-05-27', NULL, NULL, 'MidTerm', '', '2024-05-27 14:38:11.000000', NULL),
(417, 15, 46, 283, 311, 361, 264, 'Accounting', '19:39', '23:39', '2024-05-27', NULL, NULL, 'FinalTerm', '', '2024-05-27 14:39:29.000000', NULL),
(418, 15, 46, 277, 307, 355, 258, 'Test Assignment', '', '', '2024-06-15', '666a9a95bd40a_SAMPLE.pdf', '10', 'Assignment', '', '2024-06-13 07:07:01.000000', NULL),
(422, 15, 46, 277, 307, 355, 258, 'Test Assignment', '14:18', '14:45', '2024-06-13', NULL, NULL, 'MidTerm', '', '2024-06-13 09:13:34.000000', NULL),
(423, 15, 46, 277, 307, 355, 258, 'Test Assignment', '14:26', '14:32', '2024-06-13', NULL, NULL, 'MidTerm', '', '2024-06-13 09:17:28.000000', NULL),
(425, 15, 46, 277, 307, 355, 258, 'Test Final Exam', '16:20', '16:38', '2024-06-13', NULL, NULL, 'FinalTerm', '', '2024-06-13 11:16:55.000000', NULL),
(426, 15, 46, 284, 312, 363, 265, 'Test Case Quiz', '10:00', '17:45', '2024-06-29', NULL, NULL, 'Quiz', 'Active', '2024-06-29 07:01:20.000000', NULL),
(427, 15, 46, 284, 312, 363, 266, 'Test Case Quiz Eng', '10:00', '23:31', '2024-07-01', NULL, NULL, 'Quiz', 'Active', '2024-06-28 12:39:17.000000', NULL),
(428, 15, 46, 278, 308, 359, 262, 'New Quiz', '16:56', '22:02', '2024-07-01', NULL, NULL, 'Quiz', 'Active', '2024-07-01 11:55:31.000000', NULL),
(429, 15, 46, 277, 307, 355, 258, '1212', '09:00', '11:00', '2024-07-26', NULL, NULL, 'MidTerm', '', '2024-07-08 15:13:41.000000', NULL),
(430, 15, 46, 278, 308, 359, 262, 'Demo Quiz ', '11:03', '20:19', '2024-08-02', NULL, NULL, 'Quiz', 'Active', '2024-08-02 06:03:23.000000', NULL),
(431, 15, 46, 286, 317, 368, 270, 'Test Assignment 1', '', '', '2024-08-08', '66b4b345840ae_Sample 123.pdf', '10', 'Assignment', '', '2024-08-08 12:00:05.000000', NULL),
(432, 15, 46, 286, 317, 369, 271, 'Test Assignment 2', '', '', '2024-08-08', '66b4b35869c42_Sample (1).pdf', '10', 'Assignment', '', '2024-08-08 12:00:24.000000', NULL),
(433, 15, 46, 286, 317, 368, 270, 'Test Pactice 1', '17:10', '23:00', '2024-08-08', NULL, NULL, 'Quiz', 'Active', '2024-08-08 12:11:07.000000', NULL),
(434, 15, 46, 286, 317, 369, 271, 'Test Pactice 2', '17:10', '23:00', '2024-08-08', NULL, NULL, 'Quiz', 'Active', '2024-08-08 12:11:29.000000', NULL),
(435, 15, 46, 286, 317, 368, 270, 'New Mock 1', '17:21', '23:00', '2024-08-08', NULL, NULL, 'MidTerm', '', '2024-08-08 12:22:00.000000', NULL),
(436, 15, 46, 286, 317, 369, 271, 'New Mock 2', '17:21', '23:00', '2024-08-08', NULL, NULL, 'MidTerm', '', '2024-08-08 12:22:20.000000', NULL),
(437, 15, 46, 286, 317, 368, 270, 'Test Final 1', '17:35', '23:00', '2024-08-08', NULL, NULL, 'FinalTerm', '', '2024-08-08 12:35:13.000000', NULL),
(438, 15, 46, 286, 317, 369, 271, 'Test Final 2', '17:35', '23:00', '2024-08-08', NULL, NULL, 'FinalTerm', '', '2024-08-08 12:35:27.000000', NULL),
(439, 15, 46, 287, 318, 370, 272, 'Test Exam', '11:47', '14:47', '2024-08-31', NULL, NULL, 'FinalTerm', '', '2024-08-31 06:47:46.000000', NULL);

-- --------------------------------------------------------

--
-- Table structure for table `quizzes_sh`
--

CREATE TABLE `quizzes_sh` (
  `id` int NOT NULL,
  `video_id` int DEFAULT NULL,
  `question` text NOT NULL,
  `option1` varchar(255) NOT NULL,
  `option2` varchar(255) NOT NULL,
  `option3` varchar(255) NOT NULL,
  `option4` varchar(255) NOT NULL,
  `correct_option` int NOT NULL
) ENGINE=InnoDB DEFAULT CHARSET=utf8mb4  ;

-- --------------------------------------------------------

--
-- Table structure for table `quiz_and_video_questions`
--

CREATE TABLE `quiz_and_video_questions` (
  `id` int NOT NULL,
  `quiz` int DEFAULT NULL,
  `question` text,
  `option_one` text,
  `option_two` text,
  `option_three` text,
  `option_four` text,
  `correct_option` varchar(10) DEFAULT NULL,
  `video` int DEFAULT NULL
) ENGINE=InnoDB DEFAULT CHARSET=utf8mb4  ;

-- --------------------------------------------------------

--
-- Table structure for table `quiz_part`
--

CREATE TABLE `quiz_part` (
  `quiz_part_id` int NOT NULL,
  `quiz_id` int NOT NULL,
  `question_type_main` enum('SUBJECTIVE','OBJECTIVE') CHARACTER SET utf8mb4   NOT NULL DEFAULT 'SUBJECTIVE',
  `question_subtype` enum('LONG','SHORT','MCQS','FIB','T/F') NOT NULL,
  `easy_question` varchar(255) NOT NULL,
  `medium_question` varchar(255) NOT NULL,
  `hard_question` varchar(255) NOT NULL,
  `total_questions` int NOT NULL,
  `topic_id` int NOT NULL,
  `create_date` datetime(6) NOT NULL DEFAULT CURRENT_TIMESTAMP(6),
  `update_date` datetime(6) DEFAULT NULL
) ENGINE=InnoDB DEFAULT CHARSET=utf8mb4  ;

--
-- Dumping data for table `quiz_part`
--

INSERT INTO `quiz_part` (`quiz_part_id`, `quiz_id`, `question_type_main`, `question_subtype`, `easy_question`, `medium_question`, `hard_question`, `total_questions`, `topic_id`, `create_date`, `update_date`) VALUES
(1760, 409, 'SUBJECTIVE', 'LONG', '1', '', '', 1, 198, '2024-05-22 07:54:21.000000', NULL),
(1761, 409, 'SUBJECTIVE', 'SHORT', '1', '', '', 1, 198, '2024-05-22 07:54:32.000000', NULL),
(1762, 409, 'SUBJECTIVE', 'MCQS', '1', '', '', 1, 198, '2024-05-22 07:54:41.000000', NULL),
(1763, 409, 'SUBJECTIVE', 'FIB', '1', '', '', 1, 198, '2024-05-22 08:02:54.000000', NULL),
(1764, 409, 'SUBJECTIVE', 'T/F', '1', '', '', 1, 198, '2024-05-22 08:03:02.000000', NULL),
(1765, 413, 'SUBJECTIVE', 'LONG', '2', '', '', 2, 204, '2024-05-27 14:36:21.000000', NULL),
(1766, 415, 'SUBJECTIVE', 'SHORT', '2', '', '', 2, 204, '2024-05-27 14:37:47.000000', NULL),
(1767, 416, 'SUBJECTIVE', 'MCQS', '2', '', '', 2, 204, '2024-05-27 14:38:20.000000', NULL),
(1768, 417, 'SUBJECTIVE', 'LONG', '2', '', '', 2, 204, '2024-05-27 14:39:36.000000', NULL),
(1769, 417, 'SUBJECTIVE', 'SHORT', '2', '', '', 2, 204, '2024-05-27 14:39:41.000000', NULL),
(1770, 417, 'SUBJECTIVE', 'MCQS', '2', '', '', 2, 204, '2024-05-27 14:39:46.000000', NULL),
(1771, 417, 'SUBJECTIVE', 'FIB', '2', '', '', 2, 204, '2024-05-27 14:39:51.000000', NULL),
(1772, 414, 'SUBJECTIVE', 'LONG', '2', '', '', 2, 204, '2024-05-27 14:42:32.000000', NULL),
(1773, 423, 'SUBJECTIVE', 'LONG', '1', '', '', 1, 198, '2024-06-13 09:25:12.000000', NULL),
(1775, 425, 'SUBJECTIVE', 'LONG', '1', '', '', 1, 198, '2024-06-13 11:17:49.000000', NULL),
(1776, 422, 'SUBJECTIVE', 'LONG', '1', '', '', 1, 198, '2024-06-13 13:17:46.000000', NULL),
(1777, 426, 'SUBJECTIVE', 'MCQS', '5', '', '', 5, 206, '2024-06-28 06:18:09.000000', NULL),
(1778, 426, 'SUBJECTIVE', 'MCQS', '5', '', '', 5, 207, '2024-06-28 06:18:45.000000', NULL),
(1779, 426, 'SUBJECTIVE', 'MCQS', '5', '', '', 5, 208, '2024-06-28 06:18:56.000000', NULL),
(1780, 426, 'SUBJECTIVE', 'MCQS', '5', '', '', 5, 209, '2024-06-28 06:19:05.000000', NULL),
(1781, 426, 'SUBJECTIVE', 'MCQS', '5', '', '', 5, 211, '2024-06-28 06:19:19.000000', NULL),
(1782, 427, 'SUBJECTIVE', 'MCQS', '5', '', '', 5, 212, '2024-06-28 06:34:08.000000', NULL),
(1783, 427, 'SUBJECTIVE', 'MCQS', '5', '', '', 5, 213, '2024-06-28 06:34:18.000000', NULL),
(1784, 427, 'SUBJECTIVE', 'MCQS', '5', '', '', 5, 214, '2024-06-28 06:34:30.000000', NULL),
(1785, 427, 'SUBJECTIVE', 'MCQS', '5', '', '', 5, 215, '2024-06-28 06:40:09.000000', NULL),
(1786, 427, 'SUBJECTIVE', 'MCQS', '5', '', '', 5, 216, '2024-06-28 06:40:26.000000', NULL),
(1787, 428, 'SUBJECTIVE', 'LONG', '1', '', '', 1, 198, '2024-07-01 13:03:10.000000', NULL),
(1788, 428, 'SUBJECTIVE', 'SHORT', '1', '', '', 1, 198, '2024-07-01 13:03:10.000000', NULL),
(1789, 428, 'SUBJECTIVE', 'MCQS', '1', '', '', 1, 198, '2024-07-01 13:03:10.000000', NULL),
(1790, 428, 'SUBJECTIVE', 'FIB', '1', '', '', 1, 198, '2024-07-01 13:03:10.000000', NULL),
(1791, 428, 'SUBJECTIVE', 'T/F', '1', '', '', 1, 198, '2024-07-01 13:03:10.000000', NULL),
(1792, 428, 'SUBJECTIVE', 'LONG', '1', '', '', 1, 198, '2024-07-02 11:24:47.000000', NULL),
(1793, 428, 'SUBJECTIVE', 'SHORT', '1', '', '', 1, 198, '2024-07-02 11:24:47.000000', NULL),
(1794, 428, 'SUBJECTIVE', 'MCQS', '1', '', '', 1, 198, '2024-07-02 11:24:47.000000', NULL),
(1795, 428, 'SUBJECTIVE', 'FIB', '1', '', '', 1, 198, '2024-07-02 11:24:47.000000', NULL),
(1796, 428, 'SUBJECTIVE', 'T/F', '1', '', '', 1, 198, '2024-07-02 11:24:47.000000', NULL),
(1797, 409, 'SUBJECTIVE', 'LONG', '1', '', '', 1, 198, '2024-07-12 11:16:53.000000', NULL),
(1798, 409, 'SUBJECTIVE', 'SHORT', '1', '', '', 1, 198, '2024-07-12 11:16:53.000000', NULL),
(1799, 409, 'SUBJECTIVE', 'MCQS', '1', '', '', 1, 198, '2024-07-12 11:16:53.000000', NULL),
(1800, 409, 'SUBJECTIVE', 'FIB', '1', '', '', 1, 198, '2024-07-12 11:16:53.000000', NULL),
(1801, 409, 'SUBJECTIVE', 'T/F', '1', '', '', 1, 198, '2024-07-12 11:16:53.000000', NULL),
(1802, 433, 'SUBJECTIVE', 'SHORT', '1', '', '', 1, 520, '2024-08-08 12:15:23.000000', NULL),
(1803, 433, 'SUBJECTIVE', 'MCQS', '1', '', '', 1, 520, '2024-08-08 12:15:31.000000', NULL),
(1804, 433, 'SUBJECTIVE', 'T/F', '1', '', '', 1, 520, '2024-08-08 12:15:36.000000', NULL),
(1805, 434, 'SUBJECTIVE', 'SHORT', '1', '', '', 1, 521, '2024-08-08 12:16:46.000000', NULL),
(1806, 434, 'SUBJECTIVE', 'MCQS', '1', '', '', 1, 521, '2024-08-08 12:16:53.000000', NULL),
(1807, 434, 'SUBJECTIVE', 'T/F', '1', '', '', 1, 521, '2024-08-08 12:16:56.000000', NULL),
(1808, 435, 'SUBJECTIVE', 'SHORT', '1', '', '', 1, 520, '2024-08-08 12:24:23.000000', NULL),
(1809, 435, 'SUBJECTIVE', 'MCQS', '1', '', '', 1, 520, '2024-08-08 12:24:26.000000', NULL),
(1810, 435, 'SUBJECTIVE', 'T/F', '1', '', '', 1, 520, '2024-08-08 12:24:30.000000', NULL),
(1811, 436, 'SUBJECTIVE', 'SHORT', '1', '', '', 1, 521, '2024-08-08 12:24:56.000000', NULL),
(1812, 436, 'SUBJECTIVE', 'MCQS', '1', '', '', 1, 521, '2024-08-08 12:24:59.000000', NULL),
(1813, 436, 'SUBJECTIVE', 'T/F', '1', '', '', 1, 521, '2024-08-08 12:25:02.000000', NULL),
(1814, 437, 'SUBJECTIVE', 'SHORT', '1', '', '', 1, 520, '2024-08-08 12:35:56.000000', NULL),
(1815, 437, 'SUBJECTIVE', 'MCQS', '1', '', '', 1, 520, '2024-08-08 12:36:00.000000', NULL),
(1816, 437, 'SUBJECTIVE', 'T/F', '1', '', '', 1, 520, '2024-08-08 12:36:03.000000', NULL),
(1817, 438, 'SUBJECTIVE', 'SHORT', '1', '', '', 1, 521, '2024-08-08 12:36:37.000000', NULL),
(1818, 438, 'SUBJECTIVE', 'MCQS', '1', '', '', 1, 521, '2024-08-08 12:36:42.000000', NULL),
(1819, 438, 'SUBJECTIVE', 'T/F', '1', '', '', 1, 521, '2024-08-08 12:36:45.000000', NULL);

-- --------------------------------------------------------

--
-- Table structure for table `quiz_video`
--

CREATE TABLE `quiz_video` (
  `id` int NOT NULL,
  `affiliation` int DEFAULT NULL,
  `program` int DEFAULT NULL,
  `component` int DEFAULT NULL,
  `course` int DEFAULT NULL,
  `section` int NOT NULL,
  `topic` int DEFAULT NULL,
  `quiz_name` varchar(255) DEFAULT NULL
) ENGINE=InnoDB DEFAULT CHARSET=utf8mb4  ;

--
-- Dumping data for table `quiz_video`
--

INSERT INTO `quiz_video` (`id`, `affiliation`, `program`, `component`, `course`, `section`, `topic`, `quiz_name`) VALUES
(15, 80, 278, 308, 359, 262, 186, 'Debit & Credit Quest'),
(16, 80, 278, 308, 359, 262, 186, 'Introdcution to Consolidation'),
(17, 80, 277, 307, 355, 258, 199, 'Fundamentals of Financial Accounting');

-- --------------------------------------------------------

--
-- Table structure for table `quiz_video_student_attempt`
--

CREATE TABLE `quiz_video_student_attempt` (
  `id` int NOT NULL,
  `quiz` int DEFAULT NULL,
  `video` int DEFAULT NULL,
  `question` int DEFAULT NULL,
  `user_id` int DEFAULT NULL,
  `attempted_answer` text,
  `correct_option` varchar(10) DEFAULT NULL,
  `correct` tinyint(1) DEFAULT NULL
) ENGINE=InnoDB DEFAULT CHARSET=utf8mb4  ;

--
-- Dumping data for table `quiz_video_student_attempt`
--

INSERT INTO `quiz_video_student_attempt` (`id`, `quiz`, `video`, `question`, `user_id`, `attempted_answer`, `correct_option`, `correct`) VALUES
(38, 16, 28, 31, 972, 'Option 2', 'Option 2', 1),
(39, 16, 28, 32, 972, 'Option 3', 'Option 4', 0),
(40, 17, 30, 33, 974, 'Option 2', 'Option 1', 0),
(41, 17, 30, 34, 974, 'Option 2', 'Option 2', 1),
(42, 17, 30, 35, 974, 'Option 3', 'Option 4', 0),
(43, 17, 31, 36, 974, 'Option 1', 'Option 1', 1),
(44, 17, 31, 37, 974, 'Option 2', 'Option 3', 0),
(45, 17, 31, 38, 974, 'Option 3', 'Option 3', 1);

-- --------------------------------------------------------

--
-- Table structure for table `research_student_progress_review_form`
--

CREATE TABLE `research_student_progress_review_form` (
  `form_id` int NOT NULL,
  `user_id` int NOT NULL,
  `question` varchar(255) CHARACTER SET utf8mb3 COLLATE utf8mb3_unicode_ci NOT NULL,
  `answer` varchar(255) CHARACTER SET utf8mb3 COLLATE utf8mb3_unicode_ci NOT NULL,
  `create_date` datetime NOT NULL DEFAULT CURRENT_TIMESTAMP,
  `update_date` datetime NOT NULL DEFAULT CURRENT_TIMESTAMP
) ENGINE=InnoDB DEFAULT CHARSET=utf8mb3 COLLATE=utf8mb3_unicode_ci;

-- --------------------------------------------------------

--
-- Table structure for table `results`
--

CREATE TABLE `results` (
  `results_id` int NOT NULL,
  `stream_id` int NOT NULL,
  `institute_id` int NOT NULL,
  `program_id` int NOT NULL,
  `component_id` int NOT NULL,
  `section_id` int NOT NULL,
  `user_id` int NOT NULL,
  `question_response_id` int NOT NULL,
  `question_id` int NOT NULL,
  `results` varchar(255) CHARACTER SET utf8mb3 COLLATE utf8mb3_unicode_ci NOT NULL,
  `create_date` datetime(6) NOT NULL,
  `update_date` int NOT NULL
) ENGINE=InnoDB DEFAULT CHARSET=utf8mb3 COLLATE=utf8mb3_unicode_ci;

-- --------------------------------------------------------

--
-- Table structure for table `roles`
--

CREATE TABLE `roles` (
  `role_id` int NOT NULL,
  `stream_id` int DEFAULT NULL,
  `institute_id` int DEFAULT NULL,
  `role` varchar(255) CHARACTER SET utf8mb3 COLLATE utf8mb3_unicode_ci NOT NULL,
  `create_date` varchar(255) CHARACTER SET utf8mb3 COLLATE utf8mb3_unicode_ci NOT NULL,
  `update_date` varchar(255) CHARACTER SET utf8mb3 COLLATE utf8mb3_unicode_ci NOT NULL
) ENGINE=InnoDB DEFAULT CHARSET=utf8mb3 COLLATE=utf8mb3_unicode_ci;

--
-- Dumping data for table `roles`
--

INSERT INTO `roles` (`role_id`, `stream_id`, `institute_id`, `role`, `create_date`, `update_date`) VALUES
(368, 15, 46, 'Campus Director', '2024-03-25 08:41:11', 'NULL'),
(369, 15, 46, 'Teacher', '2024-03-25 08:41:44', 'NULL'),
(370, 15, 46, 'Student', '2024-03-25 08:42:07', 'NULL'),
(374, 15, 46, 'Admin', '2024-03-27 10:10:36', 'NULL'),
(376, 15, 46, 'Test Role', '2024-05-21 06:45:50', 'NULL'),
(377, 15, 46, 'Sponsor', '2024-06-29 09:38:49', 'NULL');

-- --------------------------------------------------------

--
-- Table structure for table `roll_number`
--

CREATE TABLE `roll_number` (
  `roll_number_id` int NOT NULL,
  `stream_id` int NOT NULL,
  `institute_id` int NOT NULL,
  `campus` varchar(255) CHARACTER SET utf8mb3 COLLATE utf8mb3_unicode_ci NOT NULL,
  `institute` varchar(255) CHARACTER SET utf8mb3 COLLATE utf8mb3_unicode_ci NOT NULL,
  `affiliation` varchar(255) CHARACTER SET utf8mb3 COLLATE utf8mb3_unicode_ci NOT NULL,
  `program` varchar(255) CHARACTER SET utf8mb3 COLLATE utf8mb3_unicode_ci NOT NULL,
  `year` varchar(255) CHARACTER SET utf8mb3 COLLATE utf8mb3_unicode_ci NOT NULL,
  `component` varchar(255) CHARACTER SET utf8mb3 COLLATE utf8mb3_unicode_ci NOT NULL,
  `createdate` date NOT NULL,
  `updatedate` date DEFAULT NULL
) ENGINE=InnoDB DEFAULT CHARSET=utf8mb3 COLLATE=utf8mb3_unicode_ci;

--
-- Dumping data for table `roll_number`
--

INSERT INTO `roll_number` (`roll_number_id`, `stream_id`, `institute_id`, `campus`, `institute`, `affiliation`, `program`, `year`, `component`, `createdate`, `updatedate`) VALUES
(40, 15, 46, 'No', 'No', 'No', 'No', 'Yes', 'Yes', '2024-05-27', NULL);

-- --------------------------------------------------------

--
-- Table structure for table `roll_number_slip_data`
--

CREATE TABLE `roll_number_slip_data` (
  `roll_number_id` int NOT NULL,
  `stream_id` int DEFAULT NULL,
  `institute_id` int DEFAULT NULL,
  `afliaction_id` int DEFAULT NULL,
  `program_id` int DEFAULT NULL,
  `components_id` int DEFAULT NULL,
  `course_id` int DEFAULT NULL,
  `section_id` int DEFAULT NULL,
  `user_id` int DEFAULT NULL,
  `file_path` varchar(255) CHARACTER SET utf8mb3 COLLATE utf8mb3_unicode_ci DEFAULT NULL
) ENGINE=InnoDB DEFAULT CHARSET=utf8mb3 COLLATE=utf8mb3_unicode_ci;

--
-- Dumping data for table `roll_number_slip_data`
--

INSERT INTO `roll_number_slip_data` (`roll_number_id`, `stream_id`, `institute_id`, `afliaction_id`, `program_id`, `components_id`, `course_id`, `section_id`, `user_id`, `file_path`) VALUES
(56, 15, 46, 80, 283, 311, 361, 264, 1042, '665499c53b43f_sample.pdf'),
(57, 15, 46, 80, 277, 307, 355, 258, 974, '666a988d09ba4_SAMPLE.pdf'),
(58, 15, 46, 80, 277, 307, 355, 258, 1043, '66b3534201596_Sample.pdf'),
(59, 15, 46, 80, 286, 317, 368, 270, 1055, '66b4cc80b3dd6_Sample 123.pdf');

-- --------------------------------------------------------

--
-- Table structure for table `Rooms`
--

CREATE TABLE `Rooms` (
  `RoomID` int NOT NULL,
  `RoomName` varchar(100) NOT NULL,
  `Capacity` int DEFAULT NULL
) ENGINE=InnoDB DEFAULT CHARSET=utf8mb4  ;

-- --------------------------------------------------------

--
-- Table structure for table `scholarship_policy`
--

CREATE TABLE `scholarship_policy` (
  `spolicy_id` int NOT NULL,
  `institute_id` int NOT NULL,
  `schlarship_policies` text CHARACTER SET utf8mb3 COLLATE utf8mb3_unicode_ci NOT NULL,
  `file_name` varchar(255) CHARACTER SET utf8mb3 COLLATE utf8mb3_unicode_ci NOT NULL,
  `create_date` date NOT NULL,
  `update_date` date DEFAULT NULL
) ENGINE=InnoDB DEFAULT CHARSET=utf8mb3 COLLATE=utf8mb3_unicode_ci;

--
-- Dumping data for table `scholarship_policy`
--

INSERT INTO `scholarship_policy` (`spolicy_id`, `institute_id`, `schlarship_policies`, `file_name`, `create_date`, `update_date`) VALUES
(30, 46, '<p><strong>1. Merit Scholarships:</strong></p>\r\n<ul>\r\n<li>Merit-based scholarships are awarded to students with outstanding academic achievements.</li>\r\n<li>Scholarship eligibility and amounts are determined based on the student~s performance in the qualifying examination and entrance test scores.</li>\r\n</ul>\r\n<p><strong>2. Need-Based Scholarships:</strong></p>\r\n<ul>\r\n<li>Need-based scholarships are available to students who demonstrate financial need.</li>\r\n<li>Applicants must submit a financial aid application form and provide supporting documents such as income statements and tax returns.</li>\r\n</ul>\r\n<p><strong>3. Special Scholarships:</strong></p>\r\n<ul>\r\n<li>Scholarships for specific categories such as sports achievements, extracurricular excellence, and community service are also available.</li>\r\n<li>Applicants must provide proof of their achievements and a recommendation letter.</li>\r\n</ul>\r\n<p><strong>4. Renewal Criteria:</strong></p>\r\n<ul>\r\n<li>Scholarships are renewable each year based on the student~s academic performance and adherence to college policies.</li>\r\n<li>A minimum GPA, as specified by the scholarship terms, must be maintained for renewal.</li>\r\n</ul>\r\n<p><strong>5. Application Process:</strong></p>\r\n<ul>\r\n<li>Interested students must submit the scholarship application form along with their admission application.</li>\r\n<li>Additional documents, as specified by the scholarship criteria, must be provided.</li>\r\n</ul>', '66013e358fd4d_sample.pdf', '2024-03-25', '2024-05-20');

-- --------------------------------------------------------

--
-- Table structure for table `section`
--

CREATE TABLE `section` (
  `section_id` int NOT NULL,
  `stream_id` int NOT NULL,
  `institute_id` int NOT NULL,
  `campus_id` int NOT NULL,
  `program_id` int NOT NULL,
  `component_id` int NOT NULL,
  `subject_id` int DEFAULT NULL,
  `section_name` varchar(255) NOT NULL,
  `ProjectPresentationInstructionsDocument` varchar(255) DEFAULT NULL,
  `Lectureplan` varchar(255) DEFAULT NULL,
  `teacher_assign` int NOT NULL,
  `notes` varchar(255) DEFAULT NULL,
  `assignment` varchar(255) DEFAULT NULL,
  `model_paper` varchar(255) DEFAULT NULL,
  `past_paper` varchar(255) DEFAULT NULL,
  `midterm_paper` varchar(255) DEFAULT NULL,
  `final_paper` varchar(255) DEFAULT NULL,
  `videos` varchar(255) NOT NULL DEFAULT 'Not Uploaded ',
  `quiz` varchar(255) DEFAULT NULL,
  `lecture_start_time` time NOT NULL DEFAULT '00:00:00',
  `lecture_end_time` time NOT NULL DEFAULT '00:00:00',
  `lecture_day_MONDAY` enum('On','Off') DEFAULT 'Off',
  `lecture_day_TUESDAY` enum('On','Off') DEFAULT 'Off',
  `lecture_day_WEDNESDAY` enum('On','Off') DEFAULT 'Off',
  `lecture_day_THURSDAY` enum('On','Off') DEFAULT 'Off',
  `lecture_day_FRIDAY` enum('On','Off') DEFAULT 'Off',
  `lecture_day_SATURDAY` enum('On','Off') DEFAULT 'Off',
  `lecture_day_SUNDAY` enum('On','Off') DEFAULT 'Off',
  `teacher_asst_1` varchar(255) DEFAULT NULL,
  `teacher_asst_2` varchar(255) DEFAULT NULL,
  `startdate` date NOT NULL,
  `enddate` date NOT NULL,
  `section_status` enum('Open','Close') NOT NULL,
  `create_date` datetime(6) NOT NULL DEFAULT CURRENT_TIMESTAMP(6),
  `update_date` datetime(6) DEFAULT NULL,
  `teacherprofile` varchar(255) DEFAULT NULL
) ENGINE=InnoDB DEFAULT CHARSET=utf8mb4  ;

--
-- Dumping data for table `section`
--

INSERT INTO `section` (`section_id`, `stream_id`, `institute_id`, `campus_id`, `program_id`, `component_id`, `subject_id`, `section_name`, `ProjectPresentationInstructionsDocument`, `Lectureplan`, `teacher_assign`, `notes`, `assignment`, `model_paper`, `past_paper`, `midterm_paper`, `final_paper`, `videos`, `quiz`, `lecture_start_time`, `lecture_end_time`, `lecture_day_MONDAY`, `lecture_day_TUESDAY`, `lecture_day_WEDNESDAY`, `lecture_day_THURSDAY`, `lecture_day_FRIDAY`, `lecture_day_SATURDAY`, `lecture_day_SUNDAY`, `teacher_asst_1`, `teacher_asst_2`, `startdate`, `enddate`, `section_status`, `create_date`, `update_date`, `teacherprofile`) VALUES
(258, 15, 46, 185, 277, 307, 355, 'CA ITA ONE', '66013cd6167f6_sample.pdf', '66013cd6167fe_sample.pdf', 970, NULL, NULL, NULL, NULL, NULL, NULL, 'https://www.youtube.com/', NULL, '00:00:00', '00:00:00', 'Off', 'Off', 'Off', 'Off', 'Off', 'Off', 'Off', '', '', '2024-03-01', '2034-03-01', 'Open', '2024-03-25 08:59:02.000000', '2024-06-10 10:28:52.000000', 'https://www.youtube.com/'),
(259, 15, 46, 185, 277, 307, 356, 'CA BL ONE', '66013dd45b00a_sample.pdf', '66013dd45b01b_sample.pdf', 970, NULL, NULL, NULL, NULL, NULL, NULL, 'https://www.youtube.com/', NULL, '00:00:00', '00:00:00', 'Off', 'Off', 'Off', 'Off', 'Off', 'Off', 'Off', '', '', '2024-03-01', '2034-03-01', 'Open', '2024-03-25 09:03:16.000000', '2024-03-29 09:04:47.000000', 'https://www.youtube.com/'),
(260, 15, 46, 185, 277, 307, 357, 'CA CL ONE', '66014c1dd0dd4_sample.pdf', '66014c1dd0dec_sample.pdf', 970, NULL, NULL, NULL, NULL, NULL, NULL, 'https://outube.com', NULL, '00:00:00', '00:00:00', 'Off', 'Off', 'Off', 'Off', 'Off', 'Off', 'Off', '', '', '2024-03-01', '2024-03-31', 'Open', '2024-03-25 10:04:13.000000', NULL, 'https://riseschool.edu.pk'),
(261, 15, 46, 185, 277, 307, 358, 'CA AUD ONE', '66014cf70cfc3_sample.pdf', '66014cf70cfcb_sample.pdf', 973, NULL, NULL, NULL, NULL, NULL, NULL, 'https://www.youtube.com/', NULL, '00:00:00', '00:00:00', 'Off', 'Off', 'Off', 'Off', 'Off', 'Off', 'Off', '', '', '2023-11-01', '2024-03-31', 'Open', '2024-03-25 10:07:51.000000', '2024-03-29 09:04:12.000000', 'https://riseschool.edu.pk'),
(262, 15, 46, 185, 278, 308, 359, 'CA AFR ONE', '66014d3e31f9c_sample.pdf', '66014d3e31fa6_sample.pdf', 973, NULL, NULL, NULL, NULL, NULL, NULL, 'https://www.youtube.com/', NULL, '00:00:00', '00:00:00', 'Off', 'Off', 'Off', 'Off', 'Off', 'Off', 'Off', '', '', '2024-03-01', '2025-09-23', 'Open', '2024-03-25 10:09:02.000000', '2024-03-29 09:35:33.000000', 'https://riseschool.edu.pk'),
(263, 15, 46, 185, 278, 308, 360, 'CA BFD', '66014d90b6c14_sample.pdf', '66014d90b6c1c_sample.pdf', 973, NULL, NULL, NULL, NULL, NULL, NULL, 'https://www.youtube.com/', NULL, '00:00:00', '00:00:00', 'Off', 'Off', 'Off', 'Off', 'Off', 'Off', 'Off', '', '', '2024-03-01', '2024-03-31', 'Open', '2024-03-25 10:10:24.000000', NULL, 'https://riseschool.edu.pk'),
(264, 15, 46, 188, 283, 311, 361, 'CA ITA ONE', '66549443deb85_book2.pdf', '66549443deb98_book2.pdf', 1041, NULL, NULL, NULL, NULL, NULL, NULL, 'https://google.com', NULL, '00:00:00', '00:00:00', 'Off', 'Off', 'Off', 'Off', 'Off', 'Off', 'Off', '', '', '2024-05-27', '2025-06-27', 'Open', '2024-05-27 14:10:11.000000', NULL, 'https://google.com'),
(265, 15, 46, 189, 284, 312, 363, 'CHEM-Morning', '667d46b167ac8_sample.pdf', '667d46b167ad7_sample.pdf', 1046, NULL, NULL, NULL, NULL, NULL, NULL, 'https://www.youtube.com/', NULL, '00:00:00', '00:00:00', 'Off', 'Off', 'Off', 'Off', 'Off', 'Off', 'Off', '', '', '2024-06-01', '2024-08-31', 'Open', '2024-06-27 11:02:09.000000', '2024-06-27 11:04:29.000000', 'https://educationverse.org'),
(266, 15, 46, 189, 284, 312, 364, 'ENG Morning', '667d476f3af26_sample.pdf', '667d476f3af35_sample.pdf', 1047, NULL, NULL, NULL, NULL, NULL, NULL, 'https://www.youtube.com/', NULL, '00:00:00', '00:00:00', 'Off', 'Off', 'Off', 'Off', 'Off', 'Off', 'Off', '', '', '2024-06-01', '2024-08-31', 'Open', '2024-06-27 11:05:19.000000', NULL, 'https://educationverse.org'),
(267, 15, 46, 189, 284, 312, 365, 'PHY Morning', '667d47a145a41_sample.pdf', '667d47a145a50_sample.pdf', 1048, NULL, NULL, NULL, NULL, NULL, NULL, 'https://educationverse.org/', NULL, '00:00:00', '00:00:00', 'Off', 'Off', 'Off', 'Off', 'Off', 'Off', 'Off', '', '', '2024-06-01', '2024-08-31', 'Open', '2024-06-27 11:06:09.000000', NULL, 'https://www.youtube.com/'),
(268, 15, 46, 189, 284, 312, 366, 'BIO Morning', '667d47e6a1004_sample.pdf', '667d47e6a1017_sample.pdf', 1049, NULL, NULL, NULL, NULL, NULL, NULL, 'https://www.youtube.com/', NULL, '00:00:00', '00:00:00', 'Off', 'Off', 'Off', 'Off', 'Off', 'Off', 'Off', '', '', '2024-06-01', '2024-08-31', 'Open', '2024-06-27 11:07:18.000000', NULL, 'https://educationverse.org'),
(269, 15, 46, 189, 284, 312, 367, 'LR Morning', '667d4836c9629_sample.pdf', '667d4836c9639_sample.pdf', 1050, NULL, NULL, NULL, NULL, NULL, NULL, 'https://www.youtube.com/', NULL, '00:00:00', '00:00:00', 'Off', 'Off', 'Off', 'Off', 'Off', 'Off', 'Off', '', '', '2024-06-01', '2024-08-31', 'Open', '2024-06-27 11:08:38.000000', NULL, 'https://educationverse.org'),
(270, 15, 46, 185, 286, 317, 368, 'CA ITA 1', '66b4970dc3035_Test_PDF.pdf', '66b4970dc3042_Sample PDF.pdf', 970, NULL, NULL, NULL, NULL, NULL, NULL, 'https://www.youtube.com/watch?v=LmpAntNjPj0', NULL, '00:00:00', '00:00:00', 'Off', 'Off', 'Off', 'Off', 'Off', 'Off', 'Off', '', '', '2024-08-08', '2025-08-10', 'Open', '2024-08-08 09:59:41.000000', NULL, 'https://www.youtube.com/watch?v=ISnxs-NlRYg'),
(271, 15, 46, 185, 286, 317, 369, 'CA BL 1', '66b4979b63ebd_Sample 123.pdf', '66b4979b63ec5_Sample (1).pdf', 973, NULL, NULL, NULL, NULL, NULL, NULL, 'https://www.youtube.com/watch?v=akfatVK5h3Y', NULL, '00:00:00', '00:00:00', 'Off', 'Off', 'Off', 'Off', 'Off', 'Off', 'Off', '', '', '2024-08-08', '2025-08-10', 'Open', '2024-08-08 10:02:03.000000', NULL, 'https://www.youtube.com/watch?v=Lbg1M0PTy1A'),
(272, 15, 46, 190, 287, 318, 370, 'CA ITA ONE', '66c3076339596_Test_PDF.pdf', '66c30763395a4_Sample -pdf.pdf', 1058, NULL, NULL, NULL, NULL, NULL, NULL, 'https://www.google.com/search?q=google&oq=google&gs_lcrp=EgZjaHJvbWUyBggAEEUYOTIHCAEQABiPAjIHCAIQABiPAjIHCAMQABiPAjIGCAQQRRg8MgYIBRBFGDwyBggGEEUYQTIGCAcQRRg80gEINDk4MmowajGoAgCwAgA&sourceid=chrome&ie=UTF-8', NULL, '00:00:00', '00:00:00', 'Off', 'Off', 'Off', 'Off', 'Off', 'Off', 'Off', '', '', '2024-08-19', '2025-08-10', 'Open', '2024-08-19 08:50:43.000000', NULL, 'https://www.google.com/search?q=google&oq=google&gs_lcrp=EgZjaHJvbWUyBggAEEUYOTIHCAEQABiPAjIHCAIQABiPAjIHCAMQABiPAjIGCAQQRRg8MgYIBRBFGDwyBggGEEUYQTIGCAcQRRg80gEINDk4MmowajGoAgCwAgA&sourceid=chrome&ie=UTF-8');

-- --------------------------------------------------------

--
-- Table structure for table `student_admission`
--

CREATE TABLE `student_admission` (
  `student_admission_id` int NOT NULL,
  `rollnumber` varchar(255) DEFAULT NULL,
  `user_id` int NOT NULL,
  `program_id` varchar(255) DEFAULT NULL,
  `subject_id` varchar(255) DEFAULT NULL,
  `section_id` varchar(255) DEFAULT NULL,
  `study_model` enum('LIVE','RECORDED') NOT NULL,
  `addmission_modal` varchar(255) NOT NULL,
  `installments` enum('1','2','3') CHARACTER SET utf8mb4   DEFAULT NULL,
  `1stinsallment` varchar(255) CHARACTER SET utf8mb4   DEFAULT NULL,
  `2ndinstallment` varchar(255) CHARACTER SET utf8mb4   DEFAULT NULL,
  `3rdinstallment` varchar(255) CHARACTER SET utf8mb4   DEFAULT NULL,
  `challan_name` varchar(255) CHARACTER SET utf8mb4   DEFAULT NULL,
  `challan_downloaded` enum('YES','NO') NOT NULL,
  `challan_paid` enum('YES','NO') NOT NULL DEFAULT 'NO',
  `challan_paid_name` varchar(255) CHARACTER SET utf8mb4   DEFAULT NULL,
  `student_pic` varchar(255) CHARACTER SET utf8mb4   DEFAULT NULL,
  `identity_proof` varchar(255) CHARACTER SET utf8mb4   DEFAULT NULL,
  `previous_institute_name` varchar(255) CHARACTER SET utf8mb4   DEFAULT NULL,
  `marks_obtained` int DEFAULT NULL,
  `total_marks` int DEFAULT NULL,
  `marks_percentage` int DEFAULT NULL,
  `latest_marks_sheet` varchar(255) CHARACTER SET utf8mb4   DEFAULT NULL,
  `Addmission_status` enum('Incomplete Admission Application','Submit Admission Application','Rejected Admission Application','Accepted Admission Application','Pending Callahan Approval','Approved Callahan','Section Allocated','Reject Due to Seats Full') NOT NULL DEFAULT 'Incomplete Admission Application',
  `addfilename` varchar(255) CHARACTER SET utf8mb4   DEFAULT NULL,
  `addfile` varchar(255) CHARACTER SET utf8mb4   DEFAULT NULL,
  `addfilename2` varchar(255) CHARACTER SET utf8mb4   DEFAULT NULL,
  `addfile2` varchar(255) CHARACTER SET utf8mb4   DEFAULT NULL,
  `addfilename3` varchar(255) CHARACTER SET utf8mb4   DEFAULT NULL,
  `addfile3` varchar(255) CHARACTER SET utf8mb4   DEFAULT NULL,
  `addfilename4` varchar(255) CHARACTER SET utf8mb4   DEFAULT NULL,
  `addfile4` varchar(255) CHARACTER SET utf8mb4   DEFAULT NULL,
  `addfilename5` varchar(255) CHARACTER SET utf8mb4   DEFAULT NULL,
  `addfile5` varchar(255) CHARACTER SET utf8mb4   DEFAULT NULL,
  `count` int DEFAULT NULL,
  `create_date` datetime(6) NOT NULL DEFAULT CURRENT_TIMESTAMP(6),
  `update_date` datetime(6) DEFAULT NULL
) ENGINE=InnoDB DEFAULT CHARSET=utf8mb4  ;

--
-- Dumping data for table `student_admission`
--

INSERT INTO `student_admission` (`student_admission_id`, `rollnumber`, `user_id`, `program_id`, `subject_id`, `section_id`, `study_model`, `addmission_modal`, `installments`, `1stinsallment`, `2ndinstallment`, `3rdinstallment`, `challan_name`, `challan_downloaded`, `challan_paid`, `challan_paid_name`, `student_pic`, `identity_proof`, `previous_institute_name`, `marks_obtained`, `total_marks`, `marks_percentage`, `latest_marks_sheet`, `Addmission_status`, `addfilename`, `addfile`, `addfilename2`, `addfile2`, `addfilename3`, `addfile3`, `addfilename4`, `addfile4`, `addfilename5`, `addfile5`, `count`, `create_date`, `update_date`) VALUES
(652, '2024-CAF24-0001', 972, '278', 'NULL', '262', 'LIVE', 'Program', NULL, NULL, NULL, NULL, NULL, 'YES', 'NO', NULL, '66015af49bf2e_images.jpeg', '66015af49bf48_Sample (1).pdf', 'Lahore College', 77, 100, 77, '66015af49bf4b_Sample 123.pdf', 'Section Allocated', NULL, NULL, NULL, NULL, NULL, NULL, NULL, NULL, NULL, NULL, 3, '2024-03-25 11:06:20.000000', NULL),
(653, '2024-CAI24-0001', 974, '277', 'NULL', '258', 'RECORDED', 'Program', NULL, NULL, NULL, NULL, NULL, 'YES', 'NO', NULL, '6601604c26a4b_confident-handsome-student-holding-books-260nw-366568778.webp', '6601604c26a61_Sample (1).pdf', 'Lacas', 85, 100, 85, '6601604c26a64_Sample 123.pdf', 'Section Allocated', NULL, NULL, NULL, NULL, NULL, NULL, NULL, NULL, NULL, NULL, 3, '2024-03-25 11:28:22.000000', NULL),
(654, '2024-CAI24-0002', 975, '277', 'NULL', '259', 'LIVE', 'Program', NULL, NULL, NULL, NULL, NULL, 'YES', 'NO', NULL, '6602a15b57bef_download.jpeg', '6602a15b57bf8_Sample (1).pdf', 'APSACS', 71, 100, 71, '6602a15b57bfa_Sample 123.pdf', 'Section Allocated', NULL, NULL, NULL, NULL, NULL, NULL, NULL, NULL, NULL, NULL, 3, '2024-03-26 10:17:04.000000', NULL),
(655, '2024-CAF24-0002', 976, '278', 'NULL', '263', 'RECORDED', 'Program', NULL, NULL, NULL, NULL, NULL, 'YES', 'NO', NULL, '6602ae2a7e974_images.jpeg', '6602ae2a7e97d_Sample (1).pdf', 'Lahore College', 79, 100, 79, '6602ae2a7e97e_Sample 123.pdf', 'Section Allocated', NULL, NULL, NULL, NULL, NULL, NULL, NULL, NULL, NULL, NULL, 3, '2024-03-26 11:13:11.000000', NULL),
(656, '2024-CAI24-0003', 977, '277', 'NULL', '260', 'LIVE', 'Program', NULL, NULL, NULL, NULL, NULL, 'YES', 'NO', NULL, '6602b2e8bc0e5_istockphoto-187840846-612x612.jpg', '6602b2e8bc0f2_Sample 123.pdf', 'LACAS', 83, 100, 83, '6602b2e8bc0f4_Sample (1).pdf', 'Section Allocated', NULL, NULL, NULL, NULL, NULL, NULL, NULL, NULL, NULL, NULL, 3, '2024-03-26 11:33:48.000000', NULL),
(657, '2024-CAI24-0004', 978, '277', 'NULL', '261', 'RECORDED', 'Program', NULL, NULL, NULL, NULL, NULL, 'YES', 'NO', NULL, '6603bb29c606a_images.jpeg', '6603bb29c6083_Sample (1).pdf', 'Superior College', 75, 100, 75, '6603bb29c6084_Sample 123.pdf', 'Section Allocated', NULL, NULL, NULL, NULL, NULL, NULL, NULL, NULL, NULL, NULL, 3, '2024-03-27 06:21:11.000000', NULL),
(658, NULL, 979, '277', 'NULL', NULL, 'LIVE', 'Program', NULL, NULL, NULL, NULL, NULL, 'YES', 'NO', NULL, '6603bf43f2ce8_download.jpeg', '6603bf43f2d06_Sample (1).pdf', 'LACAS', 75, 100, 75, '6603bf43f2d08_Sample 123.pdf', 'Incomplete Admission Application', NULL, NULL, NULL, NULL, NULL, NULL, NULL, NULL, NULL, NULL, 3, '2024-03-27 06:32:26.000000', NULL),
(659, '2024-CAI24-0005', 985, '277', 'NULL', '258~259', 'LIVE', 'Program', NULL, NULL, NULL, NULL, NULL, 'YES', 'NO', NULL, '6603d4d8e7998_confident-handsome-student-holding-books-260nw-366568778.webp', '6603d4d8e79b1_Sample (1).pdf', 'Lahore College', 75, 100, 75, '6603d4d8e79b4_Sample 123.pdf', 'Section Allocated', NULL, NULL, NULL, NULL, NULL, NULL, NULL, NULL, NULL, NULL, 3, '2024-03-27 08:09:58.000000', NULL),
(660, '2024-CAF24-0003', 986, '278', 'NULL', '262~263', 'RECORDED', 'Program', NULL, NULL, NULL, NULL, NULL, 'YES', 'NO', NULL, '6603d84314264_images.jpeg', '6603d8431426f_Sample (1).pdf', 'Punjab College', 78, 100, 78, '6603d84314270_Sample 123.pdf', 'Section Allocated', NULL, NULL, NULL, NULL, NULL, NULL, NULL, NULL, NULL, NULL, 3, '2024-03-27 08:25:47.000000', NULL),
(661, '2024-CAI24-0006', 987, 'NULL', '355', '258', 'LIVE', 'Course', NULL, NULL, NULL, NULL, NULL, 'YES', 'NO', NULL, '6603dafdcc2da_download.jpeg', '6603dafdcc2e4_Sample (1).pdf', 'APSACS', 78, 100, 78, '6603dafdcc2e5_Sample 123.pdf', 'Section Allocated', NULL, NULL, NULL, NULL, NULL, NULL, NULL, NULL, NULL, NULL, 3, '2024-03-27 08:37:07.000000', NULL),
(662, '2024-CAF24-0004', 989, 'NULL', '360', '263', 'RECORDED', 'Course', NULL, NULL, NULL, NULL, NULL, 'YES', 'NO', NULL, '6603e47c7627a_images.jpeg', '6603e47c76282_Sample (1).pdf', 'Quaid College', 70, 100, 70, '6603e47c76284_Sample 123.pdf', 'Section Allocated', NULL, NULL, NULL, NULL, NULL, NULL, NULL, NULL, NULL, NULL, 3, '2024-03-27 09:17:11.000000', NULL),
(663, '2024-CAI24-0007', 990, 'NULL', '355-357', '258~260', 'LIVE', 'Course', NULL, NULL, NULL, NULL, NULL, 'YES', 'NO', NULL, '6603ed6231836_65e6c9d0be461_1.jpg', '6603ed623183e_Sample (1).pdf', 'APSACS', 88, 100, 88, '6603ed623183f_Sample 123.pdf', 'Section Allocated', NULL, NULL, NULL, NULL, NULL, NULL, NULL, NULL, NULL, NULL, 3, '2024-03-27 09:55:36.000000', NULL),
(664, '2024-CAI24-0008', 991, 'NULL', '356-358', '259~261', 'RECORDED', 'Course', NULL, NULL, NULL, NULL, NULL, 'YES', 'NO', NULL, '6603f0866f9d9_65e95d9b2c560_426184710_3751382555134205_3892986212469709682_n.jpg', '6603f0866f9e4_Sample (1).pdf', 'Superior College', 78, 100, 78, '6603f0866f9e7_Sample 123.pdf', 'Section Allocated', NULL, NULL, NULL, NULL, NULL, NULL, NULL, NULL, NULL, NULL, 3, '2024-03-27 10:08:51.000000', NULL),
(665, '2024-CAF24-0005', 992, 'NULL', '359', '262', 'LIVE', 'Course', NULL, NULL, NULL, NULL, NULL, 'YES', 'NO', NULL, '6603f45dec24d_65e9d9dc11aa9_img33.png', '6603f45dec255_Sample (1).pdf', 'Lahore College', 68, 100, 68, '6603f45dec256_Sample 123.pdf', 'Section Allocated', NULL, NULL, NULL, NULL, NULL, NULL, NULL, NULL, NULL, NULL, 3, '2024-03-27 10:25:14.000000', NULL),
(666, '2024-CAF24-0006', 993, 'NULL', '360', '263', 'RECORDED', 'Course', NULL, NULL, NULL, NULL, NULL, 'YES', 'NO', NULL, '6603f8458ca63_download.jpeg', '6603f8458ca6d_Sample (1).pdf', 'APSACS', 78, 100, 78, '6603f8458ca6f_Sample 123.pdf', 'Section Allocated', NULL, NULL, NULL, NULL, NULL, NULL, NULL, NULL, NULL, NULL, 3, '2024-03-27 10:41:45.000000', NULL),
(667, '2024-CAI24-0009', 994, 'NULL', '355-357', '258~260', 'LIVE', 'Course', NULL, NULL, NULL, NULL, NULL, 'YES', 'NO', NULL, '6603fb78ab887_65e95da900acc_WhatsApp Image 2024-02-26 at 12.14.19 PM.jpeg', '6603fb78ab894_Sample (1).pdf', 'Lahore College', 68, 100, 68, '6603fb78ab896_Sample 123.pdf', 'Section Allocated', NULL, NULL, NULL, NULL, NULL, NULL, NULL, NULL, NULL, NULL, 3, '2024-03-27 10:55:19.000000', NULL),
(668, '2024-CAI24-0010', 995, 'NULL', '356-358', '259~261', 'RECORDED', 'Course', NULL, NULL, NULL, NULL, NULL, 'YES', 'NO', NULL, '6603fe1b7219e_65f5442336755_images.jpg', '6603fe1b721a8_Sample (1).pdf', 'APSACS', 70, 100, 70, '6603fe1b721aa_Sample 123.pdf', 'Section Allocated', NULL, NULL, NULL, NULL, NULL, NULL, NULL, NULL, NULL, NULL, 3, '2024-03-27 11:06:38.000000', NULL),
(669, '2024-CAF24-0007', 996, 'NULL', '359', '262', 'LIVE', 'Course', NULL, NULL, NULL, NULL, NULL, 'YES', 'NO', NULL, '660400cf9f541_download.jpeg', '660400cf9f54a_Sample (1).pdf', 'LACAS', 70, 100, 70, '660400cf9f54d_Sample 123.pdf', 'Section Allocated', NULL, NULL, NULL, NULL, NULL, NULL, NULL, NULL, NULL, NULL, 3, '2024-03-27 11:18:28.000000', NULL),
(670, '2024-CAF24-0008', 998, 'NULL', '360', '263', 'RECORDED', 'Course', NULL, NULL, NULL, NULL, NULL, 'YES', 'NO', NULL, '660406d6ba70d_images.jpeg', '660406d6ba716_Sample (1).pdf', 'Lahore College', 78, 100, 78, '660406d6ba718_Sample 123.pdf', 'Section Allocated', NULL, NULL, NULL, NULL, NULL, NULL, NULL, NULL, NULL, NULL, 3, '2024-03-27 11:44:26.000000', NULL),
(671, '2024-CAI24-0011', 999, 'NULL', '355-357', '258~260', 'LIVE', 'Course', NULL, NULL, NULL, NULL, NULL, 'YES', 'NO', NULL, '660409226dd46_images.jpeg', '660409226dd51_65e95da900acc_WhatsApp Image 2024-02-26 at 12.14.19 PM.jpeg', 'Punjab College', 78, 100, 78, '660409226dd53_Sample 123.pdf', 'Section Allocated', NULL, NULL, NULL, NULL, NULL, NULL, NULL, NULL, NULL, NULL, 3, '2024-03-27 11:53:55.000000', NULL),
(672, '2024-CAI24-0012', 1000, 'NULL', '356-358', '259~261', 'RECORDED', 'Course', NULL, NULL, NULL, NULL, NULL, 'YES', 'NO', NULL, '66040bbba3049_confident-handsome-student-holding-books-260nw-366568778.webp', '66040bbba3055_Sample (1).pdf', 'LACAS', 83, 100, 83, '66040bbba3057_Sample 123.pdf', 'Section Allocated', NULL, NULL, NULL, NULL, NULL, NULL, NULL, NULL, NULL, NULL, 3, '2024-03-27 12:05:16.000000', NULL),
(683, '2024-CAF24-0009', 984, '278', 'NULL', '262~263', 'LIVE', 'Program', NULL, NULL, NULL, NULL, NULL, 'YES', 'NO', NULL, '66052d921c8b7_booking.png', '66052d921c8c5_booking.png', 'Government College', 973, 1100, 88, '66052d921c8c7_booking.png', 'Section Allocated', NULL, NULL, NULL, NULL, NULL, NULL, NULL, NULL, NULL, NULL, 3, '2024-03-28 08:42:07.000000', NULL),
(704, 'NULL', 1027, '278', 'NULL', 'NULL', 'LIVE', 'Program', '1', 'NULL', 'NULL', 'NULL', 'NULL', 'YES', 'NO', 'NULL', '66052d921c8b7_booking.png', '66052d921c8c5_booking.png', 'Government College', 973, 1100, 88, '66052d921c8c7_booking.png', 'Submit Admission Application', 'NULL', 'NULL', 'NULL', 'NULL', 'NULL', 'NULL', 'NULL', 'NULL', 'NULL', 'NULL', 3, '2024-03-28 00:00:00.000000', '2024-03-28 00:00:00.000000'),
(705, 'NULL', 1028, '278', 'NULL', 'NULL', 'LIVE', 'Program', '1', 'NULL', 'NULL', 'NULL', 'NULL', 'YES', 'NO', 'NULL', '66052d921c8b7_booking.png', '66052d921c8c5_booking.png', 'Government College', 973, 1100, 88, '66052d921c8c7_booking.png', 'Rejected Admission Application', 'NULL', 'NULL', 'NULL', 'NULL', 'NULL', 'NULL', 'NULL', 'NULL', 'NULL', 'NULL', 3, '2024-03-28 00:00:00.000000', '2024-03-29 00:00:00.000000'),
(706, 'NULL', 1029, '278', 'NULL', 'NULL', 'LIVE', 'Program', '1', 'NULL', 'NULL', 'NULL', 'NULL', 'YES', 'NO', 'NULL', '66052d921c8b7_booking.png', '66052d921c8c5_booking.png', 'Government College', 973, 1100, 88, '66052d921c8c7_booking.png', 'Rejected Admission Application', 'NULL', 'NULL', 'NULL', 'NULL', 'NULL', 'NULL', 'NULL', 'NULL', 'NULL', 'NULL', 3, '2024-03-28 00:00:00.000000', '2024-03-30 00:00:00.000000'),
(707, 'NULL', 1030, '278', 'NULL', 'NULL', 'LIVE', 'Program', '1', 'NULL', 'NULL', 'NULL', 'NULL', 'YES', 'NO', 'NULL', '66052d921c8b7_booking.png', '66052d921c8c5_booking.png', 'Government College', 973, 1100, 88, '66052d921c8c7_booking.png', 'Rejected Admission Application', 'NULL', 'NULL', 'NULL', 'NULL', 'NULL', 'NULL', 'NULL', 'NULL', 'NULL', 'NULL', 3, '2024-03-28 00:00:00.000000', '2024-03-31 00:00:00.000000'),
(708, 'NULL', 1031, '278', 'NULL', 'NULL', 'LIVE', 'Program', '1', 'NULL', 'NULL', 'NULL', 'NULL', 'YES', 'NO', 'NULL', '66052d921c8b7_booking.png', '66052d921c8c5_booking.png', 'Government College', 973, 1100, 88, '66052d921c8c7_booking.png', 'Rejected Admission Application', 'NULL', 'NULL', 'NULL', 'NULL', 'NULL', 'NULL', 'NULL', 'NULL', 'NULL', 'NULL', 3, '2024-03-28 00:00:00.000000', '2024-04-01 00:00:00.000000'),
(709, 'NULL', 1032, '278', 'NULL', 'NULL', 'LIVE', 'Program', '1', 'NULL', 'NULL', 'NULL', 'NULL', 'YES', 'NO', 'NULL', '66052d921c8b7_booking.png', '66052d921c8c5_booking.png', 'Government College', 973, 1100, 88, '66052d921c8c7_booking.png', 'Rejected Admission Application', 'NULL', 'NULL', 'NULL', 'NULL', 'NULL', 'NULL', 'NULL', 'NULL', 'NULL', 'NULL', 3, '2024-03-28 00:00:00.000000', '2024-04-02 00:00:00.000000'),
(710, 'NULL', 1033, '278', 'NULL', 'NULL', 'LIVE', 'Program', '1', 'NULL', 'NULL', 'NULL', 'NULL', 'YES', 'NO', 'NULL', '66052d921c8b7_booking.png', '66052d921c8c5_booking.png', 'Government College', 973, 1100, 88, '66052d921c8c7_booking.png', 'Rejected Admission Application', 'NULL', 'NULL', 'NULL', 'NULL', 'NULL', 'NULL', 'NULL', 'NULL', 'NULL', 'NULL', 3, '2024-03-28 00:00:00.000000', '2024-04-03 00:00:00.000000'),
(711, 'NULL', 1034, '278', 'NULL', 'NULL', 'LIVE', 'Program', '1', 'NULL', 'NULL', 'NULL', 'NULL', 'YES', 'NO', 'NULL', '66052d921c8b7_booking.png', '66052d921c8c5_booking.png', 'Government College', 973, 1100, 88, '66052d921c8c7_booking.png', 'Rejected Admission Application', 'NULL', 'NULL', 'NULL', 'NULL', 'NULL', 'NULL', 'NULL', 'NULL', 'NULL', 'NULL', 3, '2024-03-28 00:00:00.000000', '2024-04-04 00:00:00.000000'),
(712, 'NULL', 1035, '278', 'NULL', 'NULL', 'LIVE', 'Program', '1', 'NULL', 'NULL', 'NULL', 'NULL', 'YES', 'NO', 'NULL', '66052d921c8b7_booking.png', '66052d921c8c5_booking.png', 'Government College', 973, 1100, 88, '66052d921c8c7_booking.png', 'Rejected Admission Application', 'NULL', 'NULL', 'NULL', 'NULL', 'NULL', 'NULL', 'NULL', 'NULL', 'NULL', 'NULL', 3, '2024-03-28 00:00:00.000000', '2024-04-05 00:00:00.000000'),
(713, 'NULL', 1036, '278', 'NULL', 'NULL', 'LIVE', 'Program', '1', 'NULL', 'NULL', 'NULL', 'NULL', 'YES', 'NO', 'NULL', '66052d921c8b7_booking.png', '66052d921c8c5_booking.png', 'Government College', 973, 1100, 88, '66052d921c8c7_booking.png', 'Rejected Admission Application', 'NULL', 'NULL', 'NULL', 'NULL', 'NULL', 'NULL', 'NULL', 'NULL', 'NULL', 'NULL', 3, '2024-03-28 00:00:00.000000', '2024-04-06 00:00:00.000000'),
(714, '2024-CAI24-0013', 1038, '277', 'NULL', '258', 'LIVE', 'Program', NULL, NULL, NULL, NULL, NULL, 'YES', 'NO', NULL, '664c8087bf2b6_images.jpeg', '664c8087bf2c5_65f5442336755_images.jpg', 'Lahore College', 82, 100, 82, '664c8087bf2c7_242-200x300.jpg', 'Section Allocated', NULL, NULL, NULL, NULL, NULL, NULL, NULL, NULL, NULL, NULL, 3, '2024-05-21 11:07:03.000000', NULL),
(715, NULL, 1039, '277', 'NULL', NULL, 'LIVE', 'Program', NULL, NULL, NULL, NULL, NULL, 'YES', 'NO', NULL, '66509812c0468_Pic - Asim Amin.png', '66509812c0479_Pic - Asim Amin.png', 'Government College', 973, 1100, 88, '66509812c047c_OBU Eligibility for Members.png', 'Submit Admission Application', NULL, NULL, NULL, NULL, NULL, NULL, NULL, NULL, NULL, NULL, 3, '2024-05-24 13:36:01.000000', NULL),
(716, '2024-CAI24-0001', 1042, '283', 'NULL', '264', 'LIVE', 'Program', NULL, NULL, NULL, NULL, NULL, 'YES', 'NO', NULL, '6654994e80c11_Screenshot 2024-05-27 185019.png', '6654994e80c20_Screenshot 2024-05-27 185019.png', 'Kips', 100, 120, 83, '6654994e80c22_Screenshot 2024-05-27 185019.png', 'Section Allocated', NULL, NULL, NULL, NULL, NULL, NULL, NULL, NULL, NULL, NULL, 3, '2024-05-27 14:31:18.000000', NULL),
(717, '2024-CAI24-0014', 1043, '277', 'NULL', '258', 'LIVE', 'Program', NULL, NULL, NULL, NULL, NULL, 'YES', 'NO', NULL, '6659a93337d44_file-1712386458538-982318293.jpg', '6659a93337d57_281-200x300.jpg', 'Lahore College', 78, 100, 78, '6659a93337d59_65f5442336755_images.jpg', 'Section Allocated', NULL, NULL, NULL, NULL, NULL, NULL, NULL, NULL, NULL, NULL, 3, '2024-05-31 10:37:45.000000', NULL),
(718, '2024-CAI24-0015', 1044, 'NULL', '355', '258', 'LIVE', 'Course', NULL, NULL, NULL, NULL, NULL, 'YES', 'NO', NULL, '666bf5c4ab917_SAMPLE JPG.jpg', '666bf5c4ab946_SAMPLE JPG.jpg', 'Riphah', 800, 1000, 80, '666bf5c4ab948_SAMPLE JPG.jpg', 'Section Allocated', NULL, NULL, NULL, NULL, NULL, NULL, NULL, NULL, NULL, NULL, 3, '2024-06-14 07:46:22.000000', NULL),
(719, '2024-MDCAT-0001', 1051, '284', 'NULL', '265~266~267~268~269', 'LIVE', 'Program', NULL, NULL, NULL, NULL, NULL, 'YES', 'NO', NULL, '667e601087a13_Untitled.png', '667e601087a21_Untitled.png', 'Government College', 973, 1100, 88, '667e601087a23_Untitled.png', 'Section Allocated', NULL, NULL, NULL, NULL, NULL, NULL, NULL, NULL, NULL, NULL, 3, '2024-06-28 07:02:16.000000', NULL),
(720, NULL, 1052, 'NULL', '363-364-365-366-367', NULL, 'LIVE', 'Course', NULL, NULL, NULL, NULL, NULL, 'YES', 'NO', NULL, '667e986338205_Untitled.png', '667e98633821f_Untitled.png', 'Government College', 973, 1100, 88, '667e986338221_Untitled.png', 'Accepted Admission Application', NULL, NULL, NULL, NULL, NULL, NULL, NULL, NULL, NULL, NULL, 3, '2024-06-28 10:06:16.000000', NULL),
(721, '2024-MDCAT-0002', 1053, 'NULL', '363-364-365-366-367', '265~266~267~268~269', 'LIVE', 'Course', NULL, NULL, NULL, NULL, NULL, 'YES', 'NO', NULL, '667ea3d9c29e3_Untitled.png', '667ea3d9c29f7_Untitled.png', 'Government College', 973, 1100, 88, '667ea3d9c29fa_Untitled.png', 'Section Allocated', NULL, NULL, NULL, NULL, NULL, NULL, NULL, NULL, NULL, NULL, 3, '2024-06-28 11:51:11.000000', NULL),
(722, '2024-CAI24-0016', 1054, '277', 'NULL', '258~259~260~261', 'LIVE', 'Program', NULL, NULL, NULL, NULL, NULL, 'YES', 'NO', NULL, '66b48c6100211_download.jpeg', '66b48c610021e_242-200x300.jpg', 'Lahore College', 78, 100, 78, '66b48c6100221_116-200x300.jpg', 'Section Allocated', NULL, NULL, NULL, NULL, NULL, NULL, NULL, NULL, NULL, NULL, 3, '2024-08-08 09:11:52.000000', NULL),
(723, '2024-CAI24 1-0001', 1055, '286', 'NULL', '270~271', 'LIVE', 'Program', NULL, NULL, NULL, NULL, NULL, 'YES', 'NO', NULL, '66b4bd8c4ec9c_images.jpeg', '66b4bd8c4eca8_1001-200x300.jpg', 'Lahore College', 88, 100, 88, '66b4bd8c4ecaa_281-200x300.jpg', 'Section Allocated', NULL, NULL, NULL, NULL, NULL, NULL, NULL, NULL, NULL, NULL, 3, '2024-08-08 12:42:41.000000', NULL),
(724, '2024-CAI24-0001', 1059, '287', 'NULL', '272', 'LIVE', 'Program', NULL, NULL, NULL, NULL, NULL, 'YES', 'NO', NULL, '66c32aa06a1b5_image.jpg', '66c32aa06a1c6_242-200x300.jpg', 'APSACS', 78, 100, 78, '66c32aa06a1c7_909-200x300.jpg', 'Section Allocated', NULL, NULL, NULL, NULL, NULL, NULL, NULL, NULL, NULL, NULL, 3, '2024-08-19 11:19:58.000000', NULL);

-- --------------------------------------------------------

--
-- Table structure for table `student_course_evaluation_questionnaire`
--

CREATE TABLE `student_course_evaluation_questionnaire` (
  `form_id` int NOT NULL,
  `user_id` int NOT NULL,
  `question` varchar(255) CHARACTER SET utf8mb3 COLLATE utf8mb3_unicode_ci NOT NULL,
  `answer` varchar(255) CHARACTER SET utf8mb3 COLLATE utf8mb3_unicode_ci NOT NULL,
  `create_date` datetime NOT NULL DEFAULT CURRENT_TIMESTAMP,
  `update_date` datetime NOT NULL DEFAULT CURRENT_TIMESTAMP
) ENGINE=InnoDB DEFAULT CHARSET=utf8mb3 COLLATE=utf8mb3_unicode_ci;

-- --------------------------------------------------------

--
-- Table structure for table `student_diary`
--

CREATE TABLE `student_diary` (
  `student_diary_id` int NOT NULL,
  `stream_id` int NOT NULL,
  `institute_id` int NOT NULL,
  `program_id` int NOT NULL,
  `component_id` int NOT NULL,
  `section_id` int NOT NULL,
  `create_date` datetime(6) NOT NULL,
  `update_date` datetime(6) DEFAULT NULL
) ENGINE=InnoDB DEFAULT CHARSET=utf8mb3 COLLATE=utf8mb3_unicode_ci;

--
-- Dumping data for table `student_diary`
--

INSERT INTO `student_diary` (`student_diary_id`, `stream_id`, `institute_id`, `program_id`, `component_id`, `section_id`, `create_date`, `update_date`) VALUES
(16, 15, 46, 277, 307, 258, '2024-05-20 14:52:07.000000', NULL),
(17, 15, 46, 283, 311, 264, '2024-05-27 14:27:12.000000', NULL);

-- --------------------------------------------------------

--
-- Table structure for table `student_other_fee`
--

CREATE TABLE `student_other_fee` (
  `student_other_fee_id` int NOT NULL,
  `user_id` int NOT NULL,
  `other_fee_id` int NOT NULL,
  `create_date` datetime(6) NOT NULL,
  `updatedate` datetime(6) DEFAULT NULL
) ENGINE=InnoDB DEFAULT CHARSET=utf8mb4  ;

--
-- Dumping data for table `student_other_fee`
--

INSERT INTO `student_other_fee` (`student_other_fee_id`, `user_id`, `other_fee_id`, `create_date`, `updatedate`) VALUES
(578, 972, 521, '2024-03-25 11:07:32.000000', NULL),
(579, 974, 511, '2024-03-25 11:30:20.000000', NULL),
(580, 975, 511, '2024-03-26 10:20:11.000000', NULL),
(581, 976, 521, '2024-03-26 11:14:50.000000', NULL),
(582, 977, 511, '2024-03-26 11:35:04.000000', NULL),
(583, 978, 511, '2024-03-27 06:22:33.000000', NULL),
(584, 979, 521, '2024-03-27 06:34:34.000000', NULL),
(585, 979, 511, '2024-03-27 06:40:03.000000', NULL),
(586, 985, 511, '2024-03-27 08:12:08.000000', NULL),
(587, 986, 521, '2024-03-27 08:26:43.000000', NULL),
(588, 987, 513, '2024-03-27 08:38:21.000000', NULL),
(589, 989, 529, '2024-03-27 09:18:52.000000', NULL),
(590, 990, 513, '2024-03-27 09:56:50.000000', NULL),
(591, 990, 523, '2024-03-27 09:56:50.000000', NULL),
(592, 991, 515, '2024-03-27 10:10:14.000000', NULL),
(593, 991, 525, '2024-03-27 10:10:14.000000', NULL),
(594, 992, 527, '2024-03-27 10:26:37.000000', NULL),
(595, 993, 529, '2024-03-27 10:43:17.000000', NULL),
(596, 994, 513, '2024-03-27 10:56:56.000000', NULL),
(597, 994, 523, '2024-03-27 10:56:56.000000', NULL),
(598, 995, 515, '2024-03-27 11:08:11.000000', NULL),
(599, 995, 525, '2024-03-27 11:08:11.000000', NULL),
(600, 996, 527, '2024-03-27 11:19:43.000000', NULL),
(601, 998, 529, '2024-03-27 11:45:26.000000', NULL),
(602, 999, 513, '2024-03-27 11:55:14.000000', NULL),
(603, 999, 523, '2024-03-27 11:55:14.000000', NULL),
(604, 1000, 515, '2024-03-27 12:06:19.000000', NULL),
(605, 1000, 525, '2024-03-27 12:06:19.000000', NULL),
(606, 984, 521, '2024-03-28 08:42:58.000000', NULL),
(607, 1038, 511, '2024-05-21 11:07:51.000000', NULL),
(608, 1039, 511, '2024-05-24 13:37:22.000000', NULL),
(609, 1042, 530, '2024-05-27 14:31:42.000000', NULL),
(610, 1043, 511, '2024-05-31 10:40:51.000000', NULL),
(611, 1044, 513, '2024-06-14 07:48:20.000000', NULL),
(612, 1051, 541, '2024-06-28 07:02:40.000000', NULL),
(613, 1052, 549, '2024-06-28 11:02:59.000000', NULL),
(614, 1052, 547, '2024-06-28 11:02:59.000000', NULL),
(615, 1052, 545, '2024-06-28 11:02:59.000000', NULL),
(616, 1052, 543, '2024-06-28 11:02:59.000000', NULL),
(617, 1052, 537, '2024-06-28 11:02:59.000000', NULL),
(618, 1053, 549, '2024-06-28 11:51:53.000000', NULL),
(619, 1053, 547, '2024-06-28 11:51:53.000000', NULL),
(620, 1053, 545, '2024-06-28 11:51:53.000000', NULL),
(621, 1053, 543, '2024-06-28 11:51:53.000000', NULL),
(622, 1053, 537, '2024-06-28 11:51:53.000000', NULL),
(623, 1054, 511, '2024-08-08 09:14:09.000000', NULL),
(624, 1055, 551, '2024-08-08 12:43:56.000000', NULL),
(625, 1059, 559, '2024-08-19 11:21:04.000000', NULL);

-- --------------------------------------------------------

--
-- Table structure for table `student_program_relation`
--

CREATE TABLE `student_program_relation` (
  `id` int NOT NULL,
  `user_id` int DEFAULT NULL,
  `program_id` int DEFAULT NULL
) ENGINE=InnoDB DEFAULT CHARSET=utf8mb4  ;

--
-- Dumping data for table `student_program_relation`
--

INSERT INTO `student_program_relation` (`id`, `user_id`, `program_id`) VALUES
(10, 972, 278),
(11, 974, 277),
(12, 975, 277),
(13, 976, 278),
(14, 977, 277),
(15, 978, 277),
(16, 979, 278),
(17, 979, 277),
(18, 985, 277),
(19, 986, 278),
(20, 987, 277),
(21, 989, 278),
(22, 990, 277),
(23, 991, 277),
(24, 992, 278),
(25, 993, 278),
(26, 994, 277),
(27, 995, 277),
(28, 996, 278),
(29, 998, 278),
(30, 999, 277),
(31, 1000, 277),
(32, 984, 278),
(33, 1038, 277),
(34, 1039, 277),
(35, 1042, 283),
(36, 1043, 277),
(37, 1044, 277),
(38, 1051, 284),
(39, 1052, 284),
(40, 1053, 284),
(41, 1054, 277),
(42, 1055, 286),
(43, 1059, 287);

-- --------------------------------------------------------

--
-- Table structure for table `subject`
--

CREATE TABLE `subject` (
  `subject_id` int NOT NULL,
  `stream_id` int NOT NULL,
  `institute_id` int NOT NULL,
  `campus_id` int NOT NULL,
  `program_id` int NOT NULL,
  `component_id` int NOT NULL,
  `subject_name` varchar(255) NOT NULL,
  `course_outline` varchar(255) DEFAULT NULL,
  `labcourseoutline` varchar(255) DEFAULT NULL,
  `course_learning_objective` varchar(255) DEFAULT NULL,
  `study_model` enum('LIVE','RECORDED') NOT NULL,
  `subject_code` varchar(255) NOT NULL,
  `subject_start_time` varchar(255) NOT NULL,
  `subject_end_time` varchar(255) NOT NULL,
  `create_date` datetime(6) NOT NULL DEFAULT CURRENT_TIMESTAMP(6),
  `update_date` datetime(6) DEFAULT NULL
) ENGINE=InnoDB DEFAULT CHARSET=utf8mb4  ;

--
-- Dumping data for table `subject`
--

INSERT INTO `subject` (`subject_id`, `stream_id`, `institute_id`, `campus_id`, `program_id`, `component_id`, `subject_name`, `course_outline`, `labcourseoutline`, `course_learning_objective`, `study_model`, `subject_code`, `subject_start_time`, `subject_end_time`, `create_date`, `update_date`) VALUES
(355, 15, 46, 185, 277, 307, 'Introduction to Accountancy', '66013bb83d2ca_sample.pdf', '66013bb83d2cb_sample.pdf', '66013bb83d2c1_sample.pdf', 'LIVE', 'CAITA', '2024-03-01', '2034-03-31', '2024-03-25 08:54:16.000000', NULL),
(356, 15, 46, 185, 277, 307, 'Business Law', '66013c081f436_sample.pdf', '66013c081f438_sample.pdf', '66013c081f42a_sample.pdf', 'RECORDED', 'CABL', '2024-03-01', '2034-03-31', '2024-03-25 08:55:36.000000', NULL),
(357, 15, 46, 185, 277, 307, 'Company Law', '660147dcc739a_sample.pdf', '660147dcc739c_sample.pdf', '660147dcc738e_sample.pdf', 'LIVE', 'CACL', '2024-03-01', '2034-03-31', '2024-03-25 09:46:04.000000', NULL),
(358, 15, 46, 185, 277, 307, 'Audit', '6666d0b27a1e6_SAMPLE.pdf', '6666d0b27bd0d_SAMPLE.pdf', '6666d0b27b1a5_SAMPLE.pdf', 'RECORDED', 'CAAUD', '2024-03-01', '2034-03-31', '2024-03-25 09:47:32.000000', '2024-06-10 10:08:50.000000'),
(359, 15, 46, 185, 278, 308, 'Advanced Accounting and Financial Reporting', '66014a7a3d5ff_sample.pdf', '66014a7a3d600_sample.pdf', '66014a7a3d5f4_sample.pdf', 'LIVE', 'CAAFR', '2024-03-29', '2024-03-31', '2024-03-25 09:57:14.000000', NULL),
(360, 15, 46, 185, 278, 308, 'Business Finance  Decisions', '66014acb4cbfa_sample.pdf', '66014acb4cbfc_sample.pdf', '66014acb4cbeb_sample.pdf', 'RECORDED', 'CABFD', '2024-03-27', '2024-04-01', '2024-03-25 09:58:35.000000', NULL),
(361, 15, 46, 188, 283, 311, 'Introduction to Accountancy', '66549322b52e9_sample.pdf', '66549322b52ea_sample.pdf', '66549322b52db_sample.pdf', 'LIVE', 'CAITA', '2024-05-27', '2024-06-28', '2024-05-27 14:05:22.000000', NULL),
(362, 15, 46, 188, 283, 311, 'Business Law', '665493481cfa8_sample.pdf', '665493481cfa9_sample.pdf', '665493481cf9a_sample.pdf', 'RECORDED', 'CABL', '2024-05-27', '2024-06-28', '2024-05-27 14:06:00.000000', NULL),
(363, 15, 46, 189, 284, 312, 'Chemistry', '667d444e11044_sample.pdf', '667d444e11045_sample.pdf', '667d444e11033_sample.pdf', 'LIVE', 'MDCHEM', '2024-06-01', '2024-08-31', '2024-06-27 10:51:58.000000', NULL),
(364, 15, 46, 189, 284, 312, 'English', '667d44935b4fd_sample.pdf', '667d44935b4ff_sample.pdf', '667d44935b4ee_sample.pdf', 'LIVE', 'MDENG', '2024-06-01', '2024-08-31', '2024-06-27 10:53:07.000000', NULL),
(365, 15, 46, 189, 284, 312, 'Physics', '667d44c5d0fb6_sample.pdf', '667d44c5d0fb7_sample.pdf', '667d44c5d0fa6_sample.pdf', 'LIVE', 'MDPHY', '2024-06-01', '2024-08-31', '2024-06-27 10:53:57.000000', NULL),
(366, 15, 46, 189, 284, 312, 'Biology', '667d4502de8b4_sample.pdf', '667d4502de8b5_sample.pdf', '667d4502de89e_sample.pdf', 'LIVE', 'MDBIO', '2024-06-01', '2024-08-31', '2024-06-27 10:54:58.000000', NULL),
(367, 15, 46, 189, 284, 312, 'Logical Reasoning', '667d4599493b7_sample.pdf', '667d4599493b8_sample.pdf', '667d4599493aa_sample.pdf', 'LIVE', 'MDLR', '2024-06-01', '2024-08-31', '2024-06-27 10:57:29.000000', NULL),
(368, 15, 46, 185, 286, 317, 'Introduction to Accountancy 1', '66b495a4e6969_Sample2-pdf.pdf', '66b495a4e696c_Sample -pdf.pdf', '66b495a4e695c_Sample 123.pdf', 'LIVE', 'CAITA 1', '2024-08-08', '2025-08-10', '2024-08-08 09:53:40.000000', NULL),
(369, 15, 46, 185, 286, 317, 'Business Law 1', '66b495d043395_Sample2-pdf.pdf', '66b495d043396_Sample -pdf.pdf', '66b495d04338e_Sample 123.pdf', 'LIVE', 'CABL 1', '2024-08-08', '2025-08-10', '2024-08-08 09:54:24.000000', NULL),
(370, 15, 46, 190, 287, 318, 'Introduction to Accountancy', '66c3051bf0543_Sample (1).pdf', '66c3051bf0544_Sample PDF.pdf', '66c3051bf053a_Sample 123.pdf', 'LIVE', 'CAITA', '2024-08-19', '2025-08-10', '2024-08-19 08:40:59.000000', NULL);

-- --------------------------------------------------------

--
-- Table structure for table `survey_of_department_offering_phd_programs`
--

CREATE TABLE `survey_of_department_offering_phd_programs` (
  `form_id` int NOT NULL,
  `user_id` int NOT NULL,
  `question` varchar(255) CHARACTER SET utf8mb3 COLLATE utf8mb3_unicode_ci NOT NULL,
  `answer` varchar(255) CHARACTER SET utf8mb3 COLLATE utf8mb3_unicode_ci NOT NULL,
  `create_date` datetime NOT NULL DEFAULT CURRENT_TIMESTAMP,
  `update_date` datetime NOT NULL DEFAULT CURRENT_TIMESTAMP
) ENGINE=InnoDB DEFAULT CHARSET=utf8mb3 COLLATE=utf8mb3_unicode_ci;

-- --------------------------------------------------------

--
-- Table structure for table `survey_of_graduating_students`
--

CREATE TABLE `survey_of_graduating_students` (
  `form_id` int NOT NULL,
  `user_id` int NOT NULL,
  `question` varchar(255) CHARACTER SET utf8mb3 COLLATE utf8mb3_unicode_ci NOT NULL,
  `answer` varchar(255) CHARACTER SET utf8mb3 COLLATE utf8mb3_unicode_ci NOT NULL,
  `create_date` datetime NOT NULL DEFAULT CURRENT_TIMESTAMP,
  `update_date` datetime NOT NULL DEFAULT CURRENT_TIMESTAMP
) ENGINE=InnoDB DEFAULT CHARSET=utf8mb3 COLLATE=utf8mb3_unicode_ci;

-- --------------------------------------------------------

--
-- Table structure for table `teacher_availability_time_slot`
--

CREATE TABLE `teacher_availability_time_slot` (
  `id` int NOT NULL,
  `user_id` int NOT NULL,
  `teacher_availability_id` int NOT NULL,
  `time_slot` varchar(50) NOT NULL,
  `slot_status` enum('Available','Booked') CHARACTER SET utf8mb4   NOT NULL DEFAULT 'Available',
  `created_at` timestamp NULL DEFAULT CURRENT_TIMESTAMP
) ENGINE=InnoDB DEFAULT CHARSET=utf8mb4  ;

-- --------------------------------------------------------

--
-- Table structure for table `teacher_evaluation_form`
--

CREATE TABLE `teacher_evaluation_form` (
  `form_id` int NOT NULL,
  `user_id` int NOT NULL,
  `question` varchar(255) CHARACTER SET utf8mb3 COLLATE utf8mb3_unicode_ci NOT NULL,
  `answer` varchar(255) CHARACTER SET utf8mb3 COLLATE utf8mb3_unicode_ci NOT NULL,
  `create_date` datetime NOT NULL DEFAULT CURRENT_TIMESTAMP,
  `update_date` datetime NOT NULL DEFAULT CURRENT_TIMESTAMP
) ENGINE=InnoDB DEFAULT CHARSET=utf8mb3 COLLATE=utf8mb3_unicode_ci;

-- --------------------------------------------------------

--
-- Table structure for table `thirdpartypaymentsperstudentdetails`
--

CREATE TABLE `thirdpartypaymentsperstudentdetails` (
  `thirdpartypaymentsperstudentDetails_id` int NOT NULL,
  `user_id` int NOT NULL,
  `PaymentmadetoAffliationBody` text CHARACTER SET utf8mb3 COLLATE utf8mb3_unicode_ci NOT NULL,
  `UploadPaymentProof` varchar(255) CHARACTER SET utf8mb3 COLLATE utf8mb3_unicode_ci DEFAULT NULL,
  `CaseSubmittedtoAffliationBody` varchar(255) CHARACTER SET utf8mb3 COLLATE utf8mb3_unicode_ci NOT NULL,
  `ActionPerformedbyAffliationBody` varchar(255) CHARACTER SET utf8mb3 COLLATE utf8mb3_unicode_ci NOT NULL,
  `DocReferenceNo` text CHARACTER SET utf8mb3 COLLATE utf8mb3_unicode_ci NOT NULL,
  `Remarks` text CHARACTER SET utf8mb3 COLLATE utf8mb3_unicode_ci NOT NULL,
  `typesofdetail` varchar(255) CHARACTER SET utf8mb3 COLLATE utf8mb3_unicode_ci NOT NULL,
  `createdate` date NOT NULL,
  `updatedate` date DEFAULT NULL,
  `fee_id` int NOT NULL
) ENGINE=InnoDB DEFAULT CHARSET=utf8mb3 COLLATE=utf8mb3_unicode_ci;

-- --------------------------------------------------------

--
-- Table structure for table `thirpartycomponentfee`
--

CREATE TABLE `thirpartycomponentfee` (
  `thirdpartyfee_id` int NOT NULL,
  `component_id` int NOT NULL,
  `campus_id` int NOT NULL,
  `thirdname` varchar(255) CHARACTER SET utf8mb3 COLLATE utf8mb3_unicode_ci NOT NULL,
  `thiramount` varchar(255) CHARACTER SET utf8mb3 COLLATE utf8mb3_unicode_ci NOT NULL,
  `thirdaffliation` varchar(255) CHARACTER SET utf8mb3 COLLATE utf8mb3_unicode_ci NOT NULL,
  `thirdduedate` date NOT NULL,
  `modtype` varchar(255) CHARACTER SET utf8mb3 COLLATE utf8mb3_unicode_ci NOT NULL,
  `create_date` date NOT NULL,
  `update_date` date DEFAULT NULL
) ENGINE=InnoDB DEFAULT CHARSET=utf8mb3 COLLATE=utf8mb3_unicode_ci;

--
-- Dumping data for table `thirpartycomponentfee`
--

INSERT INTO `thirpartycomponentfee` (`thirdpartyfee_id`, `component_id`, `campus_id`, `thirdname`, `thiramount`, `thirdaffliation`, `thirdduedate`, `modtype`, `create_date`, `update_date`) VALUES
(295, 307, 185, 'ICAP Fee', '5000', '80', '2024-04-01', 'component', '2024-03-25', NULL),
(296, 355, 185, 'ICAP Fee', '5000', '47', '2024-04-06', 'course', '2024-03-25', NULL),
(297, 356, 185, 'ICAP Fee', '5100', '47', '2024-04-03', 'course', '2024-03-25', NULL),
(299, 308, 185, 'ICAP Fee', '13000', '80', '2024-03-28', 'component', '2024-03-25', NULL),
(300, 357, 185, 'ICAP Fee', '5200', '47', '2024-04-06', 'course', '2024-03-25', NULL),
(301, 358, 185, 'ICAP Fee', '12000', '47', '2024-04-04', 'course', '2024-03-25', NULL),
(302, 359, 185, 'ICAP Fee', '5100', '47', '2024-04-05', 'course', '2024-03-25', NULL),
(303, 360, 185, 'ICAP Fee', '500', '47', '2024-04-24', 'course', '2024-03-25', NULL),
(304, 311, 188, 'Paper Fee', '5000', '80', '2024-05-31', 'component', '2024-05-27', NULL),
(305, 361, 188, 'Paper', '5000', '47', '2024-05-28', 'course', '2024-05-27', NULL),
(306, 307, 185, 'adasfdfsdfdfsdfsf', '15000', '80', '2024-06-15', 'component', '2024-06-08', NULL),
(307, 312, 189, 'Nil', '0', '85', '2024-07-15', 'component', '2024-06-27', NULL),
(308, 363, 189, 'Nil', '0', '49', '2024-07-15', 'course', '2024-06-27', NULL),
(309, 364, 189, 'Nil', '0', '49', '2024-07-15', 'component', '2024-06-27', NULL),
(310, 365, 189, 'Nil', '0', '49', '2024-07-15', 'component', '2024-06-27', NULL),
(311, 366, 189, 'Nil', '0', '49', '2024-07-15', 'component', '2024-06-27', NULL),
(312, 367, 189, 'Nil', '0', '49', '2024-07-15', 'component', '2024-06-27', NULL),
(313, 317, 185, 'ICAP Fee 1', '2500', '80', '2024-11-10', 'component', '2024-08-08', NULL),
(314, 368, 185, 'ICAP Fee 01', '3500', '47', '2024-10-10', 'component', '2024-08-08', NULL),
(315, 369, 185, 'ICAP Fee 01', '2500', '47', '2024-10-10', 'component', '2024-08-08', NULL),
(316, 318, 190, 'ICAP Fee', '6000', '80', '2024-10-10', 'component', '2024-08-19', NULL),
(317, 370, 190, 'Registration Fee', '5000', '47', '2024-11-10', 'component', '2024-08-19', NULL);

-- --------------------------------------------------------

--
-- Table structure for table `TimeSlots`
--

CREATE TABLE `TimeSlots` (
  `SlotID` int NOT NULL,
  `subject_id` int NOT NULL,
  `Weekdays` varchar(255) NOT NULL,
  `PeriodNumber` int DEFAULT NULL,
  `StartTime` time DEFAULT NULL,
  `EndTime` time DEFAULT NULL,
  `SlotType` varchar(20) DEFAULT NULL,
  `RoomID` int DEFAULT NULL,
  `CourseID` int DEFAULT NULL,
  `Slot_avaiability` enum('Available','Booked') NOT NULL DEFAULT 'Available'
) ENGINE=InnoDB DEFAULT CHARSET=utf8mb4  ;

-- --------------------------------------------------------

--
-- Table structure for table `timetable`
--

CREATE TABLE `timetable` (
  `timetable_id` int NOT NULL,
  `educationstream` int NOT NULL,
  `educationinstitute` int NOT NULL,
  `campus_id` int NOT NULL,
  `program` int NOT NULL,
  `component` int NOT NULL,
  `course` int NOT NULL,
  `section` int NOT NULL,
  `room_no` varchar(256) CHARACTER SET utf8mb3 COLLATE utf8mb3_unicode_ci NOT NULL,
  `monstart` time(6) NOT NULL,
  `monend` time(6) NOT NULL,
  `tuesstart` time(6) NOT NULL,
  `tuesend` time(6) NOT NULL,
  `wedstart` time(6) NOT NULL,
  `wedend` time(6) NOT NULL,
  `thurstart` time(6) NOT NULL,
  `thursend` time(6) NOT NULL,
  `fristart` time(6) NOT NULL,
  `friend` time(6) NOT NULL,
  `satstart` time(6) NOT NULL,
  `satend` time(6) NOT NULL,
  `sunstart` time(6) NOT NULL,
  `sunend` time(6) NOT NULL,
  `createdate` datetime(6) NOT NULL,
  `updatedate` datetime(6) DEFAULT NULL
) ENGINE=InnoDB DEFAULT CHARSET=utf8mb3 COLLATE=utf8mb3_unicode_ci;

--
-- Dumping data for table `timetable`
--

INSERT INTO `timetable` (`timetable_id`, `educationstream`, `educationinstitute`, `campus_id`, `program`, `component`, `course`, `section`, `room_no`, `monstart`, `monend`, `tuesstart`, `tuesend`, `wedstart`, `wedend`, `thurstart`, `thursend`, `fristart`, `friend`, `satstart`, `satend`, `sunstart`, `sunend`, `createdate`, `updatedate`) VALUES
(86, 15, 46, 185, 278, 308, 359, 262, 'LR10', '14:55:00.000000', '16:55:00.000000', '00:00:00.000000', '00:00:00.000000', '00:00:00.000000', '00:00:00.000000', '13:00:00.000000', '14:00:00.000000', '00:00:00.000000', '00:00:00.000000', '00:00:00.000000', '00:00:00.000000', '00:00:00.000000', '00:00:00.000000', '2024-03-26 07:53:28.000000', NULL),
(88, 15, 46, 185, 277, 307, 357, 260, 'R21', '19:10:00.000000', '20:10:00.000000', '00:00:00.000000', '00:00:00.000000', '21:10:00.000000', '22:10:00.000000', '00:00:00.000000', '00:00:00.000000', '00:00:00.000000', '00:00:00.000000', '00:00:00.000000', '00:00:00.000000', '00:00:00.000000', '00:00:00.000000', '2024-05-20 14:08:39.000000', NULL),
(90, 15, 46, 185, 277, 307, 355, 258, 'C11', '19:40:00.000000', '21:40:00.000000', '00:00:00.000000', '00:00:00.000000', '00:00:00.000000', '00:00:00.000000', '00:00:00.000000', '00:00:00.000000', '00:00:00.000000', '00:00:00.000000', '17:00:00.000000', '19:00:00.000000', '00:00:00.000000', '00:00:00.000000', '2024-05-22 12:33:13.000000', NULL),
(91, 15, 46, 188, 283, 311, 361, 264, '1', '19:18:00.000000', '22:18:00.000000', '00:00:00.000000', '00:00:00.000000', '21:18:00.000000', '22:18:00.000000', '00:00:00.000000', '00:00:00.000000', '00:00:00.000000', '00:00:00.000000', '00:00:00.000000', '00:00:00.000000', '00:00:00.000000', '00:00:00.000000', '2024-05-27 14:19:06.000000', NULL),
(92, 15, 46, 185, 286, 317, 368, 270, 'R 32', '08:00:00.000000', '08:30:00.000000', '08:00:00.000000', '08:30:00.000000', '08:00:00.000000', '08:30:00.000000', '09:00:00.000000', '09:30:00.000000', '09:00:00.000000', '09:30:00.000000', '09:00:00.000000', '09:30:00.000000', '00:00:00.000000', '00:00:00.000000', '2024-08-08 11:50:55.000000', NULL),
(93, 15, 46, 185, 286, 317, 369, 271, 'R 33', '10:00:00.000000', '11:30:00.000000', '10:00:00.000000', '11:30:00.000000', '10:00:00.000000', '11:30:00.000000', '12:00:00.000000', '12:30:00.000000', '12:00:00.000000', '12:30:00.000000', '12:00:00.000000', '12:30:00.000000', '00:00:00.000000', '00:00:00.000000', '2024-08-08 11:51:51.000000', NULL);

-- --------------------------------------------------------

--
-- Table structure for table `topic`
--

CREATE TABLE `topic` (
  `topic_id` int NOT NULL,
  `stream_id` int DEFAULT NULL,
  `institute_id` int DEFAULT NULL,
  `program_id` int DEFAULT NULL,
  `component_id` int DEFAULT NULL,
  `subject_id` int NOT NULL,
  `topic_name` varchar(255) NOT NULL,
  `video_type` varchar(255) NOT NULL,
  `video_url` varchar(255) NOT NULL,
  `topic_notes` varchar(255) NOT NULL,
  `topic_quiz_status` enum('ACTIVE','INACTIVE') NOT NULL,
  `create_date` datetime(6) NOT NULL DEFAULT CURRENT_TIMESTAMP(6),
  `update_date` datetime(6) DEFAULT NULL
) ENGINE=InnoDB DEFAULT CHARSET=utf8mb4  ;

--
-- Dumping data for table `topic`
--

INSERT INTO `topic` (`topic_id`, `stream_id`, `institute_id`, `program_id`, `component_id`, `subject_id`, `topic_name`, `video_type`, `video_url`, `topic_notes`, `topic_quiz_status`, `create_date`, `update_date`) VALUES
(198, 15, 46, 277, 307, 355, 'Accounting Equation ', 'UPLOAD', '66b5fa34d3a7c_edfdagfhgdjgdyh.mp4', '664b5aa59ca62_The-Basic-Accounting-Equation2018.pdf', 'ACTIVE', '2024-05-20 14:13:57.000000', NULL),
(199, 15, 46, 277, 307, 355, 'Financial Mathematics ', 'UPLOAD', '66b5fa34d3a7c_edfdagfhgdjgdyh.mp4', '664b5b2b06049_0134437764.pdf', 'ACTIVE', '2024-05-20 14:16:11.000000', NULL),
(200, 15, 46, 277, 307, 356, 'Sources of Business Law ', 'URL', '66b5fa34d3a7c_edfdagfhgdjgdyh.mp4', '664b5e9b00e8a_Sources_of_Business_Law.pdf ', 'ACTIVE', '2024-05-20 14:30:51.000000', NULL),
(201, 15, 46, 277, 307, 356, ' Legal Systems and Jurisdictions ', 'URL', '66b5fa34d3a7c_edfdagfhgdjgdyh.mp4', '664b5ed8e1439_Legal_Systems_and_Jurisdictions.pdf ', 'ACTIVE', '2024-05-20 14:31:52.000000', NULL),
(202, 15, 46, 278, 308, 359, 'Consolidated financial statements ', 'URL', '66b5fa34d3a7c_edfdagfhgdjgdyh.mp4', '664de20b2f444_Consolidated_Financial_Statements_Study_Material.pdf ', 'ACTIVE', '2024-05-22 12:16:11.000000', NULL),
(203, 15, 46, 278, 308, 360, 'Capital Budgeting Decisions ', 'URL', '66b5fa34d3a7c_edfdagfhgdjgdyh.mp4', '664de3366a4e6_Capital_Budgeting_Decisions.pdf ', 'ACTIVE', '2024-05-22 12:21:10.000000', NULL),
(204, 15, 46, 283, 311, 361, 'Accounting Equation ', 'URL', '66b5fa34d3a7c_edfdagfhgdjgdyh.mp4', '665496aeaae3e_sample.pdf ', 'ACTIVE', '2024-05-27 14:20:30.000000', NULL),
(205, 15, 46, 283, 311, 361, 'Financial Mathematics ', 'URL', '66b5fa34d3a7c_edfdagfhgdjgdyh.mp4', '665496c1ccda4_sample.pdf ', 'ACTIVE', '2024-05-27 14:20:49.000000', NULL),
(206, 15, 46, 284, 312, 363, 'Atomic Structure ', 'URL', '66b5fa34d3a7c_edfdagfhgdjgdyh.mp4', '667d54f5a16f3_sample.pdf ', 'ACTIVE', '2024-06-27 12:03:01.000000', NULL),
(207, 15, 46, 284, 312, 363, 'Chemical Bonding ', 'URL', '66b5fa34d3a7c_edfdagfhgdjgdyh.mp4', '667d552de6a94_sample.pdf ', 'ACTIVE', '2024-06-27 12:03:57.000000', NULL),
(208, 15, 46, 284, 312, 363, 'Acid Base Chemistry ', 'URL', '66b5fa34d3a7c_edfdagfhgdjgdyh.mp4', '667d56f28c86e_sample.pdf ', 'ACTIVE', '2024-06-27 12:11:30.000000', NULL),
(209, 15, 46, 284, 312, 363, 'Organic Chemistry ', 'URL', '66b5fa34d3a7c_edfdagfhgdjgdyh.mp4', '667d57beacb4f_sample.pdf ', 'ACTIVE', '2024-06-27 12:14:54.000000', NULL),
(211, 15, 46, 284, 312, 363, 'Thermodynamics ', 'URL', '66b5fa34d3a7c_edfdagfhgdjgdyh.mp4', '667d583fa6764_sample.pdf ', 'ACTIVE', '2024-06-27 12:17:03.000000', NULL),
(212, 15, 46, 284, 312, 364, 'Grammar and Sentence Structure ', 'URL', '66b5fa34d3a7c_edfdagfhgdjgdyh.mp4', '667d58770eec5_sample.pdf ', 'ACTIVE', '2024-06-27 12:17:59.000000', NULL),
(213, 15, 46, 284, 312, 364, 'Literary Analysis and Criticism ', 'URL', '66b5fa34d3a7c_edfdagfhgdjgdyh.mp4', '667d58a3c801c_sample.pdf ', 'ACTIVE', '2024-06-27 12:18:43.000000', NULL),
(214, 15, 46, 284, 312, 364, 'Vocabulary Building and Word Choice ', 'URL', '66b5fa34d3a7c_edfdagfhgdjgdyh.mp4', '667d593916059_sample.pdf ', 'ACTIVE', '2024-06-27 12:21:13.000000', NULL),
(215, 15, 46, 284, 312, 364, 'Comprehension and Summary Writing ', 'URL', '66b5fa34d3a7c_edfdagfhgdjgdyh.mp4', '667d5ce83944f_sample.pdf ', 'ACTIVE', '2024-06-27 12:36:56.000000', NULL),
(216, 15, 46, 284, 312, 364, 'Essay Writing and Argumentation ', 'URL', '66b5fa34d3a7c_edfdagfhgdjgdyh.mp4', '667d5d27c36ac_sample.pdf ', 'ACTIVE', '2024-06-27 12:37:59.000000', NULL),
(217, 15, 46, 284, 312, 365, 'Mechanics and Motion ', 'URL', '66b5fa34d3a7c_edfdagfhgdjgdyh.mp4', '667d5d537b3f5_sample.pdf ', 'ACTIVE', '2024-06-27 12:38:43.000000', NULL),
(218, 15, 46, 284, 312, 365, 'Electricity and Magnetism ', 'URL', '66b5fa34d3a7c_edfdagfhgdjgdyh.mp4', '667d5dfd45422_sample.pdf ', 'ACTIVE', '2024-06-27 12:41:33.000000', NULL),
(219, 15, 46, 284, 312, 365, 'Waves and Optics ', 'URL', '66b5fa34d3a7c_edfdagfhgdjgdyh.mp4', '667d5e4804a27_sample.pdf ', 'ACTIVE', '2024-06-27 12:42:48.000000', NULL),
(220, 15, 46, 284, 312, 365, 'Thermodynamics and Thermal Physics ', 'URL', '66b5fa34d3a7c_edfdagfhgdjgdyh.mp4', '667d5e763cc49_sample.pdf ', 'ACTIVE', '2024-06-27 12:43:34.000000', NULL),
(221, 15, 46, 284, 312, 365, 'Nuclear Physics ', 'URL', '66b5fa34d3a7c_edfdagfhgdjgdyh.mp4', '667d5eb62f868_sample.pdf ', 'ACTIVE', '2024-06-27 12:44:38.000000', NULL),
(222, 15, 46, 284, 312, 366, 'Cell Structure and Function ', 'URL', '66b5fa34d3a7c_edfdagfhgdjgdyh.mp4', '667d5f3c0e9a6_sample.pdf ', 'ACTIVE', '2024-06-27 12:46:52.000000', NULL),
(223, 15, 46, 284, 312, 366, 'Genetics and Evolution ', 'URL', '66b5fa34d3a7c_edfdagfhgdjgdyh.mp4', '667d5f7173730_sample.pdf ', 'ACTIVE', '2024-06-27 12:47:45.000000', NULL),
(224, 15, 46, 284, 312, 366, 'Human Physiology ', 'URL', '66b5fa34d3a7c_edfdagfhgdjgdyh.mp4', '667d608c779b4_sample.pdf ', 'ACTIVE', '2024-06-27 12:52:28.000000', NULL),
(225, 15, 46, 284, 312, 366, 'Biotechnology ', 'URL', '66b5fa34d3a7c_edfdagfhgdjgdyh.mp4', '667d60af738c6_sample.pdf ', 'ACTIVE', '2024-06-27 12:53:03.000000', NULL),
(226, 15, 46, 284, 312, 366, 'Ecology and Environment ', 'URL', '66b5fa34d3a7c_edfdagfhgdjgdyh.mp4', '667d60e5455c6_sample.pdf ', 'ACTIVE', '2024-06-27 12:53:57.000000', NULL),
(227, 15, 46, 284, 312, 367, 'Syllogisms and Arguments ', 'URL', '66b5fa34d3a7c_edfdagfhgdjgdyh.mp4', '667d611fda709_sample.pdf ', 'ACTIVE', '2024-06-27 12:54:55.000000', NULL),
(228, 15, 46, 284, 312, 367, 'Number Sequences and Patterns ', 'URL', '66b5fa34d3a7c_edfdagfhgdjgdyh.mp4', '667d61463ddc6_sample.pdf ', 'ACTIVE', '2024-06-27 12:55:34.000000', NULL),
(229, 15, 46, 284, 312, 367, 'Logical Puzzles and Riddles ', 'URL', '66b5fa34d3a7c_edfdagfhgdjgdyh.mp4', '667d618aa9e81_sample.pdf ', 'ACTIVE', '2024-06-27 12:56:42.000000', NULL),
(230, 15, 46, 284, 312, 367, 'Statement Assumption and Conclusion ', 'URL', '66b5fa34d3a7c_edfdagfhgdjgdyh.mp4', '667d61bb97e67_sample.pdf ', 'ACTIVE', '2024-06-27 12:57:31.000000', NULL),
(231, 15, 46, 284, 312, 367, 'Analytical Reasoning and Problem Solving ', 'URL', '66b5fa34d3a7c_edfdagfhgdjgdyh.mp4', '667d61f865d3a_sample.pdf ', 'ACTIVE', '2024-06-27 12:58:32.000000', NULL),
(232, 15, 46, 277, 307, 355, 'Accounting Equation ', 'UPLOAD', '66b5fa34d3a7c_edfdagfhgdjgdyh.mp4', '664b5aa59ca62_The-Basic-Accounting-Equation2018.pdf', 'ACTIVE', '2024-05-20 14:13:57.000000', NULL),
(233, 15, 46, 277, 307, 355, 'Financial Mathematics ', 'UPLOAD', '66b5fa34d3a7c_edfdagfhgdjgdyh.mp4', '664b5b2b06049_0134437764.pdf', 'ACTIVE', '2024-05-20 14:16:11.000000', NULL),
(234, 15, 46, 277, 307, 355, 'Accounting Equation ', 'UPLOAD', '66b5fa34d3a7c_edfdagfhgdjgdyh.mp4', '664b5aa59ca62_The-Basic-Accounting-Equation2018.pdf', 'ACTIVE', '2024-05-20 14:13:57.000000', NULL),
(235, 15, 46, 277, 307, 355, 'Financial Mathematics ', 'UPLOAD', '66b5fa34d3a7c_edfdagfhgdjgdyh.mp4', '664b5b2b06049_0134437764.pdf', 'ACTIVE', '2024-05-20 14:16:11.000000', NULL),
(236, 15, 46, 277, 307, 355, 'Accounting Equation ', 'UPLOAD', '66b5fa34d3a7c_edfdagfhgdjgdyh.mp4', '664b5aa59ca62_The-Basic-Accounting-Equation2018.pdf', 'ACTIVE', '2024-05-20 14:13:57.000000', NULL),
(237, 15, 46, 277, 307, 355, 'Financial Mathematics ', 'UPLOAD', '66b5fa34d3a7c_edfdagfhgdjgdyh.mp4', '664b5b2b06049_0134437764.pdf', 'ACTIVE', '2024-05-20 14:16:11.000000', NULL),
(238, 15, 46, 277, 307, 355, 'Accounting Equation ', 'UPLOAD', '66b5fa34d3a7c_edfdagfhgdjgdyh.mp4', '664b5aa59ca62_The-Basic-Accounting-Equation2018.pdf', 'ACTIVE', '2024-05-20 14:13:57.000000', NULL),
(239, 15, 46, 277, 307, 355, 'Accounting Equation ', 'UPLOAD', '66b5fa34d3a7c_edfdagfhgdjgdyh.mp4', '664b5aa59ca62_The-Basic-Accounting-Equation2018.pdf', 'ACTIVE', '2024-05-20 14:13:57.000000', NULL),
(240, 15, 46, 277, 307, 355, 'Financial Mathematics ', 'UPLOAD', '66b5fa34d3a7c_edfdagfhgdjgdyh.mp4', '664b5b2b06049_0134437764.pdf', 'ACTIVE', '2024-05-20 14:16:11.000000', NULL),
(241, 15, 46, 277, 307, 355, 'Accounting Equation ', 'UPLOAD', '66b5fa34d3a7c_edfdagfhgdjgdyh.mp4', '664b5aa59ca62_The-Basic-Accounting-Equation2018.pdf', 'ACTIVE', '2024-05-20 14:13:57.000000', NULL),
(242, 15, 46, 277, 307, 355, 'Financial Mathematics ', 'UPLOAD', '66b5fa34d3a7c_edfdagfhgdjgdyh.mp4', '664b5b2b06049_0134437764.pdf', 'ACTIVE', '2024-05-20 14:16:11.000000', NULL),
(243, 15, 46, 277, 307, 355, 'Accounting Equation ', 'UPLOAD', '66b5fa34d3a7c_edfdagfhgdjgdyh.mp4', '664b5aa59ca62_The-Basic-Accounting-Equation2018.pdf', 'ACTIVE', '2024-05-20 14:13:57.000000', NULL),
(244, 15, 46, 277, 307, 355, 'Financial Mathematics ', 'UPLOAD', '66b5fa34d3a7c_edfdagfhgdjgdyh.mp4', '664b5b2b06049_0134437764.pdf', 'ACTIVE', '2024-05-20 14:16:11.000000', NULL),
(245, 15, 46, 277, 307, 355, 'Accounting Equation ', 'UPLOAD', '66b5fa34d3a7c_edfdagfhgdjgdyh.mp4', '664b5aa59ca62_The-Basic-Accounting-Equation2018.pdf', 'ACTIVE', '2024-05-20 14:13:57.000000', NULL),
(246, 15, 46, 277, 307, 355, 'Financial Mathematics ', 'UPLOAD', '66b5fa34d3a7c_edfdagfhgdjgdyh.mp4', '664b5b2b06049_0134437764.pdf', 'ACTIVE', '2024-05-20 14:16:11.000000', NULL),
(247, 15, 46, 277, 307, 355, 'Accounting Equation ', 'UPLOAD', '66b5fa34d3a7c_edfdagfhgdjgdyh.mp4', '664b5aa59ca62_The-Basic-Accounting-Equation2018.pdf', 'ACTIVE', '2024-05-20 14:13:57.000000', NULL),
(248, 15, 46, 277, 307, 355, 'Accounting Equation ', 'UPLOAD', '66b5fa34d3a7c_edfdagfhgdjgdyh.mp4', '664b5aa59ca62_The-Basic-Accounting-Equation2018.pdf', 'ACTIVE', '2024-05-20 14:13:57.000000', NULL),
(249, 15, 46, 277, 307, 355, 'Financial Mathematics ', 'UPLOAD', '66b5fa34d3a7c_edfdagfhgdjgdyh.mp4', '664b5b2b06049_0134437764.pdf', 'ACTIVE', '2024-05-20 14:16:11.000000', NULL),
(250, 15, 46, 277, 307, 355, 'Accounting Equation ', 'UPLOAD', '66b5fa34d3a7c_edfdagfhgdjgdyh.mp4', '664b5aa59ca62_The-Basic-Accounting-Equation2018.pdf', 'ACTIVE', '2024-05-20 14:13:57.000000', NULL),
(251, 15, 46, 277, 307, 355, 'Financial Mathematics ', 'UPLOAD', '66b5fa34d3a7c_edfdagfhgdjgdyh.mp4', '664b5b2b06049_0134437764.pdf', 'ACTIVE', '2024-05-20 14:16:11.000000', NULL),
(252, 15, 46, 277, 307, 355, 'Accounting Equation ', 'UPLOAD', '66b5fa34d3a7c_edfdagfhgdjgdyh.mp4', '664b5aa59ca62_The-Basic-Accounting-Equation2018.pdf', 'ACTIVE', '2024-05-20 14:13:57.000000', NULL),
(253, 15, 46, 277, 307, 355, 'Financial Mathematics ', 'UPLOAD', '66b5fa34d3a7c_edfdagfhgdjgdyh.mp4', '664b5b2b06049_0134437764.pdf', 'ACTIVE', '2024-05-20 14:16:11.000000', NULL),
(254, 15, 46, 277, 307, 355, 'Accounting Equation ', 'UPLOAD', '66b5fa34d3a7c_edfdagfhgdjgdyh.mp4', '664b5aa59ca62_The-Basic-Accounting-Equation2018.pdf', 'ACTIVE', '2024-05-20 14:13:57.000000', NULL),
(255, 15, 46, 277, 307, 355, 'Financial Mathematics ', 'UPLOAD', '66b5fa34d3a7c_edfdagfhgdjgdyh.mp4', '664b5b2b06049_0134437764.pdf', 'ACTIVE', '2024-05-20 14:16:11.000000', NULL),
(256, 15, 46, 277, 307, 355, 'Accounting Equation ', 'UPLOAD', '66b5fa34d3a7c_edfdagfhgdjgdyh.mp4', '664b5aa59ca62_The-Basic-Accounting-Equation2018.pdf', 'ACTIVE', '2024-05-20 14:13:57.000000', NULL),
(257, 15, 46, 277, 307, 355, 'Accounting Equation ', 'UPLOAD', '66b5fa34d3a7c_edfdagfhgdjgdyh.mp4', '664b5aa59ca62_The-Basic-Accounting-Equation2018.pdf', 'ACTIVE', '2024-05-20 14:13:57.000000', NULL),
(258, 15, 46, 277, 307, 355, 'Financial Mathematics ', 'UPLOAD', '66b5fa34d3a7c_edfdagfhgdjgdyh.mp4', '664b5b2b06049_0134437764.pdf', 'ACTIVE', '2024-05-20 14:16:11.000000', NULL),
(259, 15, 46, 277, 307, 355, 'Accounting Equation ', 'UPLOAD', '66b5fa34d3a7c_edfdagfhgdjgdyh.mp4', '664b5aa59ca62_The-Basic-Accounting-Equation2018.pdf', 'ACTIVE', '2024-05-20 14:13:57.000000', NULL),
(260, 15, 46, 277, 307, 355, 'Financial Mathematics ', 'UPLOAD', '66b5fa34d3a7c_edfdagfhgdjgdyh.mp4', '664b5b2b06049_0134437764.pdf', 'ACTIVE', '2024-05-20 14:16:11.000000', NULL),
(261, 15, 46, 277, 307, 355, 'Accounting Equation ', 'UPLOAD', '66b5fa34d3a7c_edfdagfhgdjgdyh.mp4', '664b5aa59ca62_The-Basic-Accounting-Equation2018.pdf', 'ACTIVE', '2024-05-20 14:13:57.000000', NULL),
(262, 15, 46, 277, 307, 355, 'Financial Mathematics ', 'UPLOAD', '66b5fa34d3a7c_edfdagfhgdjgdyh.mp4', '664b5b2b06049_0134437764.pdf', 'ACTIVE', '2024-05-20 14:16:11.000000', NULL),
(263, 15, 46, 277, 307, 355, 'Accounting Equation ', 'UPLOAD', '66b5fa34d3a7c_edfdagfhgdjgdyh.mp4', '664b5aa59ca62_The-Basic-Accounting-Equation2018.pdf', 'ACTIVE', '2024-05-20 14:13:57.000000', NULL),
(264, 15, 46, 277, 307, 355, 'Financial Mathematics ', 'UPLOAD', '66b5fa34d3a7c_edfdagfhgdjgdyh.mp4', '664b5b2b06049_0134437764.pdf', 'ACTIVE', '2024-05-20 14:16:11.000000', NULL),
(265, 15, 46, 277, 307, 355, 'Accounting Equation ', 'UPLOAD', '66b5fa34d3a7c_edfdagfhgdjgdyh.mp4', '664b5aa59ca62_The-Basic-Accounting-Equation2018.pdf', 'ACTIVE', '2024-05-20 14:13:57.000000', NULL),
(266, 15, 46, 277, 307, 355, 'Accounting Equation ', 'UPLOAD', '66b5fa34d3a7c_edfdagfhgdjgdyh.mp4', '664b5aa59ca62_The-Basic-Accounting-Equation2018.pdf', 'ACTIVE', '2024-05-20 14:13:57.000000', NULL),
(267, 15, 46, 277, 307, 355, 'Financial Mathematics ', 'UPLOAD', '66b5fa34d3a7c_edfdagfhgdjgdyh.mp4', '664b5b2b06049_0134437764.pdf', 'ACTIVE', '2024-05-20 14:16:11.000000', NULL),
(268, 15, 46, 277, 307, 355, 'Accounting Equation ', 'UPLOAD', '66b5fa34d3a7c_edfdagfhgdjgdyh.mp4', '664b5aa59ca62_The-Basic-Accounting-Equation2018.pdf', 'ACTIVE', '2024-05-20 14:13:57.000000', NULL),
(269, 15, 46, 277, 307, 355, 'Financial Mathematics ', 'UPLOAD', '66b5fa34d3a7c_edfdagfhgdjgdyh.mp4', '664b5b2b06049_0134437764.pdf', 'ACTIVE', '2024-05-20 14:16:11.000000', NULL),
(270, 15, 46, 277, 307, 355, 'Accounting Equation ', 'UPLOAD', '66b5fa34d3a7c_edfdagfhgdjgdyh.mp4', '664b5aa59ca62_The-Basic-Accounting-Equation2018.pdf', 'ACTIVE', '2024-05-20 14:13:57.000000', NULL),
(271, 15, 46, 277, 307, 355, 'Financial Mathematics ', 'UPLOAD', '66b5fa34d3a7c_edfdagfhgdjgdyh.mp4', '664b5b2b06049_0134437764.pdf', 'ACTIVE', '2024-05-20 14:16:11.000000', NULL),
(272, 15, 46, 277, 307, 355, 'Accounting Equation ', 'UPLOAD', '66b5fa34d3a7c_edfdagfhgdjgdyh.mp4', '664b5aa59ca62_The-Basic-Accounting-Equation2018.pdf', 'ACTIVE', '2024-05-20 14:13:57.000000', NULL),
(273, 15, 46, 277, 307, 355, 'Financial Mathematics ', 'UPLOAD', '66b5fa34d3a7c_edfdagfhgdjgdyh.mp4', '664b5b2b06049_0134437764.pdf', 'ACTIVE', '2024-05-20 14:16:11.000000', NULL),
(274, 15, 46, 277, 307, 355, 'Accounting Equation ', 'UPLOAD', '66b5fa34d3a7c_edfdagfhgdjgdyh.mp4', '664b5aa59ca62_The-Basic-Accounting-Equation2018.pdf', 'ACTIVE', '2024-05-20 14:13:57.000000', NULL),
(275, 15, 46, 277, 307, 355, 'Accounting Equation ', 'UPLOAD', '66b5fa34d3a7c_edfdagfhgdjgdyh.mp4', '664b5aa59ca62_The-Basic-Accounting-Equation2018.pdf', 'ACTIVE', '2024-05-20 14:13:57.000000', NULL),
(276, 15, 46, 277, 307, 355, 'Financial Mathematics ', 'UPLOAD', '66b5fa34d3a7c_edfdagfhgdjgdyh.mp4', '664b5b2b06049_0134437764.pdf', 'ACTIVE', '2024-05-20 14:16:11.000000', NULL),
(277, 15, 46, 277, 307, 355, 'Accounting Equation ', 'UPLOAD', '66b5fa34d3a7c_edfdagfhgdjgdyh.mp4', '664b5aa59ca62_The-Basic-Accounting-Equation2018.pdf', 'ACTIVE', '2024-05-20 14:13:57.000000', NULL),
(278, 15, 46, 277, 307, 355, 'Financial Mathematics ', 'UPLOAD', '66b5fa34d3a7c_edfdagfhgdjgdyh.mp4', '664b5b2b06049_0134437764.pdf', 'ACTIVE', '2024-05-20 14:16:11.000000', NULL),
(279, 15, 46, 277, 307, 355, 'Accounting Equation ', 'UPLOAD', '66b5fa34d3a7c_edfdagfhgdjgdyh.mp4', '664b5aa59ca62_The-Basic-Accounting-Equation2018.pdf', 'ACTIVE', '2024-05-20 14:13:57.000000', NULL),
(280, 15, 46, 277, 307, 355, 'Financial Mathematics ', 'UPLOAD', '66b5fa34d3a7c_edfdagfhgdjgdyh.mp4', '664b5b2b06049_0134437764.pdf', 'ACTIVE', '2024-05-20 14:16:11.000000', NULL),
(281, 15, 46, 277, 307, 355, 'Accounting Equation ', 'UPLOAD', '66b5fa34d3a7c_edfdagfhgdjgdyh.mp4', '664b5aa59ca62_The-Basic-Accounting-Equation2018.pdf', 'ACTIVE', '2024-05-20 14:13:57.000000', NULL),
(282, 15, 46, 277, 307, 355, 'Financial Mathematics ', 'UPLOAD', '66b5fa34d3a7c_edfdagfhgdjgdyh.mp4', '664b5b2b06049_0134437764.pdf', 'ACTIVE', '2024-05-20 14:16:11.000000', NULL),
(283, 15, 46, 277, 307, 355, 'Accounting Equation ', 'UPLOAD', '66b5fa34d3a7c_edfdagfhgdjgdyh.mp4', '664b5aa59ca62_The-Basic-Accounting-Equation2018.pdf', 'ACTIVE', '2024-05-20 14:13:57.000000', NULL),
(284, 15, 46, 277, 307, 355, 'Accounting Equation ', 'UPLOAD', '66b5fa34d3a7c_edfdagfhgdjgdyh.mp4', '664b5aa59ca62_The-Basic-Accounting-Equation2018.pdf', 'ACTIVE', '2024-05-20 14:13:57.000000', NULL),
(285, 15, 46, 277, 307, 355, 'Financial Mathematics ', 'UPLOAD', '66b5fa34d3a7c_edfdagfhgdjgdyh.mp4', '664b5b2b06049_0134437764.pdf', 'ACTIVE', '2024-05-20 14:16:11.000000', NULL),
(286, 15, 46, 277, 307, 355, 'Accounting Equation ', 'UPLOAD', '66b5fa34d3a7c_edfdagfhgdjgdyh.mp4', '664b5aa59ca62_The-Basic-Accounting-Equation2018.pdf', 'ACTIVE', '2024-05-20 14:13:57.000000', NULL),
(287, 15, 46, 277, 307, 355, 'Financial Mathematics ', 'UPLOAD', '66b5fa34d3a7c_edfdagfhgdjgdyh.mp4', '664b5b2b06049_0134437764.pdf', 'ACTIVE', '2024-05-20 14:16:11.000000', NULL),
(288, 15, 46, 277, 307, 355, 'Accounting Equation ', 'UPLOAD', '66b5fa34d3a7c_edfdagfhgdjgdyh.mp4', '664b5aa59ca62_The-Basic-Accounting-Equation2018.pdf', 'ACTIVE', '2024-05-20 14:13:57.000000', NULL),
(289, 15, 46, 277, 307, 355, 'Financial Mathematics ', 'UPLOAD', '66b5fa34d3a7c_edfdagfhgdjgdyh.mp4', '664b5b2b06049_0134437764.pdf', 'ACTIVE', '2024-05-20 14:16:11.000000', NULL),
(290, 15, 46, 277, 307, 355, 'Accounting Equation ', 'UPLOAD', '66b5fa34d3a7c_edfdagfhgdjgdyh.mp4', '664b5aa59ca62_The-Basic-Accounting-Equation2018.pdf', 'ACTIVE', '2024-05-20 14:13:57.000000', NULL),
(291, 15, 46, 277, 307, 355, 'Financial Mathematics ', 'UPLOAD', '66b5fa34d3a7c_edfdagfhgdjgdyh.mp4', '664b5b2b06049_0134437764.pdf', 'ACTIVE', '2024-05-20 14:16:11.000000', NULL),
(292, 15, 46, 277, 307, 355, 'Accounting Equation ', 'UPLOAD', '66b5fa34d3a7c_edfdagfhgdjgdyh.mp4', '664b5aa59ca62_The-Basic-Accounting-Equation2018.pdf', 'ACTIVE', '2024-05-20 14:13:57.000000', NULL),
(293, 15, 46, 277, 307, 355, 'Accounting Equation ', 'UPLOAD', '66b5fa34d3a7c_edfdagfhgdjgdyh.mp4', '664b5aa59ca62_The-Basic-Accounting-Equation2018.pdf', 'ACTIVE', '2024-05-20 14:13:57.000000', NULL),
(294, 15, 46, 277, 307, 355, 'Financial Mathematics ', 'UPLOAD', '66b5fa34d3a7c_edfdagfhgdjgdyh.mp4', '664b5b2b06049_0134437764.pdf', 'ACTIVE', '2024-05-20 14:16:11.000000', NULL),
(295, 15, 46, 277, 307, 355, 'Accounting Equation ', 'UPLOAD', '66b5fa34d3a7c_edfdagfhgdjgdyh.mp4', '664b5aa59ca62_The-Basic-Accounting-Equation2018.pdf', 'ACTIVE', '2024-05-20 14:13:57.000000', NULL),
(296, 15, 46, 277, 307, 355, 'Financial Mathematics ', 'UPLOAD', '66b5fa34d3a7c_edfdagfhgdjgdyh.mp4', '664b5b2b06049_0134437764.pdf', 'ACTIVE', '2024-05-20 14:16:11.000000', NULL),
(297, 15, 46, 277, 307, 355, 'Accounting Equation ', 'UPLOAD', '66b5fa34d3a7c_edfdagfhgdjgdyh.mp4', '664b5aa59ca62_The-Basic-Accounting-Equation2018.pdf', 'ACTIVE', '2024-05-20 14:13:57.000000', NULL),
(298, 15, 46, 277, 307, 355, 'Financial Mathematics ', 'UPLOAD', '66b5fa34d3a7c_edfdagfhgdjgdyh.mp4', '664b5b2b06049_0134437764.pdf', 'ACTIVE', '2024-05-20 14:16:11.000000', NULL),
(299, 15, 46, 277, 307, 355, 'Accounting Equation ', 'UPLOAD', '66b5fa34d3a7c_edfdagfhgdjgdyh.mp4', '664b5aa59ca62_The-Basic-Accounting-Equation2018.pdf', 'ACTIVE', '2024-05-20 14:13:57.000000', NULL),
(300, 15, 46, 277, 307, 355, 'Financial Mathematics ', 'UPLOAD', '66b5fa34d3a7c_edfdagfhgdjgdyh.mp4', '664b5b2b06049_0134437764.pdf', 'ACTIVE', '2024-05-20 14:16:11.000000', NULL),
(301, 15, 46, 277, 307, 355, 'Accounting Equation ', 'UPLOAD', '66b5fa34d3a7c_edfdagfhgdjgdyh.mp4', '664b5aa59ca62_The-Basic-Accounting-Equation2018.pdf', 'ACTIVE', '2024-05-20 14:13:57.000000', NULL),
(302, 15, 46, 277, 307, 355, 'Accounting Equation ', 'UPLOAD', '66b5fa34d3a7c_edfdagfhgdjgdyh.mp4', '664b5aa59ca62_The-Basic-Accounting-Equation2018.pdf', 'ACTIVE', '2024-05-20 14:13:57.000000', NULL),
(303, 15, 46, 277, 307, 355, 'Financial Mathematics ', 'UPLOAD', '66b5fa34d3a7c_edfdagfhgdjgdyh.mp4', '664b5b2b06049_0134437764.pdf', 'ACTIVE', '2024-05-20 14:16:11.000000', NULL),
(304, 15, 46, 277, 307, 355, 'Accounting Equation ', 'UPLOAD', '66b5fa34d3a7c_edfdagfhgdjgdyh.mp4', '664b5aa59ca62_The-Basic-Accounting-Equation2018.pdf', 'ACTIVE', '2024-05-20 14:13:57.000000', NULL),
(305, 15, 46, 277, 307, 355, 'Financial Mathematics ', 'UPLOAD', '66b5fa34d3a7c_edfdagfhgdjgdyh.mp4', '664b5b2b06049_0134437764.pdf', 'ACTIVE', '2024-05-20 14:16:11.000000', NULL),
(306, 15, 46, 277, 307, 355, 'Accounting Equation ', 'UPLOAD', '66b5fa34d3a7c_edfdagfhgdjgdyh.mp4', '664b5aa59ca62_The-Basic-Accounting-Equation2018.pdf', 'ACTIVE', '2024-05-20 14:13:57.000000', NULL),
(307, 15, 46, 277, 307, 355, 'Financial Mathematics ', 'UPLOAD', '66b5fa34d3a7c_edfdagfhgdjgdyh.mp4', '664b5b2b06049_0134437764.pdf', 'ACTIVE', '2024-05-20 14:16:11.000000', NULL),
(308, 15, 46, 277, 307, 355, 'Accounting Equation ', 'UPLOAD', '66b5fa34d3a7c_edfdagfhgdjgdyh.mp4', '664b5aa59ca62_The-Basic-Accounting-Equation2018.pdf', 'ACTIVE', '2024-05-20 14:13:57.000000', NULL),
(309, 15, 46, 277, 307, 355, 'Financial Mathematics ', 'UPLOAD', '66b5fa34d3a7c_edfdagfhgdjgdyh.mp4', '664b5b2b06049_0134437764.pdf', 'ACTIVE', '2024-05-20 14:16:11.000000', NULL),
(310, 15, 46, 277, 307, 355, 'Accounting Equation ', 'UPLOAD', '66b5fa34d3a7c_edfdagfhgdjgdyh.mp4', '664b5aa59ca62_The-Basic-Accounting-Equation2018.pdf', 'ACTIVE', '2024-05-20 14:13:57.000000', NULL),
(311, 15, 46, 277, 307, 355, 'Accounting Equation ', 'UPLOAD', '66b5fa34d3a7c_edfdagfhgdjgdyh.mp4', '664b5aa59ca62_The-Basic-Accounting-Equation2018.pdf', 'ACTIVE', '2024-05-20 14:13:57.000000', NULL),
(312, 15, 46, 277, 307, 355, 'Financial Mathematics ', 'UPLOAD', '66b5fa34d3a7c_edfdagfhgdjgdyh.mp4', '664b5b2b06049_0134437764.pdf', 'ACTIVE', '2024-05-20 14:16:11.000000', NULL),
(313, 15, 46, 277, 307, 355, 'Accounting Equation ', 'UPLOAD', '66b5fa34d3a7c_edfdagfhgdjgdyh.mp4', '664b5aa59ca62_The-Basic-Accounting-Equation2018.pdf', 'ACTIVE', '2024-05-20 14:13:57.000000', NULL),
(314, 15, 46, 277, 307, 355, 'Financial Mathematics ', 'UPLOAD', '66b5fa34d3a7c_edfdagfhgdjgdyh.mp4', '664b5b2b06049_0134437764.pdf', 'ACTIVE', '2024-05-20 14:16:11.000000', NULL),
(315, 15, 46, 277, 307, 355, 'Accounting Equation ', 'UPLOAD', '66b5fa34d3a7c_edfdagfhgdjgdyh.mp4', '664b5aa59ca62_The-Basic-Accounting-Equation2018.pdf', 'ACTIVE', '2024-05-20 14:13:57.000000', NULL),
(316, 15, 46, 277, 307, 355, 'Financial Mathematics ', 'UPLOAD', '66b5fa34d3a7c_edfdagfhgdjgdyh.mp4', '664b5b2b06049_0134437764.pdf', 'ACTIVE', '2024-05-20 14:16:11.000000', NULL),
(317, 15, 46, 277, 307, 355, 'Accounting Equation ', 'UPLOAD', '66b5fa34d3a7c_edfdagfhgdjgdyh.mp4', '664b5aa59ca62_The-Basic-Accounting-Equation2018.pdf', 'ACTIVE', '2024-05-20 14:13:57.000000', NULL),
(318, 15, 46, 277, 307, 355, 'Financial Mathematics ', 'UPLOAD', '66b5fa34d3a7c_edfdagfhgdjgdyh.mp4', '664b5b2b06049_0134437764.pdf', 'ACTIVE', '2024-05-20 14:16:11.000000', NULL),
(319, 15, 46, 277, 307, 355, 'Accounting Equation ', 'UPLOAD', '66b5fa34d3a7c_edfdagfhgdjgdyh.mp4', '664b5aa59ca62_The-Basic-Accounting-Equation2018.pdf', 'ACTIVE', '2024-05-20 14:13:57.000000', NULL),
(320, 15, 46, 277, 307, 355, 'Accounting Equation ', 'UPLOAD', '66b5fa34d3a7c_edfdagfhgdjgdyh.mp4', '664b5aa59ca62_The-Basic-Accounting-Equation2018.pdf', 'ACTIVE', '2024-05-20 14:13:57.000000', NULL),
(321, 15, 46, 277, 307, 355, 'Financial Mathematics ', 'UPLOAD', '66b5fa34d3a7c_edfdagfhgdjgdyh.mp4', '664b5b2b06049_0134437764.pdf', 'ACTIVE', '2024-05-20 14:16:11.000000', NULL),
(322, 15, 46, 277, 307, 355, 'Accounting Equation ', 'UPLOAD', '66b5fa34d3a7c_edfdagfhgdjgdyh.mp4', '664b5aa59ca62_The-Basic-Accounting-Equation2018.pdf', 'ACTIVE', '2024-05-20 14:13:57.000000', NULL),
(323, 15, 46, 277, 307, 355, 'Financial Mathematics ', 'UPLOAD', '66b5fa34d3a7c_edfdagfhgdjgdyh.mp4', '664b5b2b06049_0134437764.pdf', 'ACTIVE', '2024-05-20 14:16:11.000000', NULL),
(324, 15, 46, 277, 307, 355, 'Accounting Equation ', 'UPLOAD', '66b5fa34d3a7c_edfdagfhgdjgdyh.mp4', '664b5aa59ca62_The-Basic-Accounting-Equation2018.pdf', 'ACTIVE', '2024-05-20 14:13:57.000000', NULL),
(325, 15, 46, 277, 307, 355, 'Financial Mathematics ', 'UPLOAD', '66b5fa34d3a7c_edfdagfhgdjgdyh.mp4', '664b5b2b06049_0134437764.pdf', 'ACTIVE', '2024-05-20 14:16:11.000000', NULL),
(326, 15, 46, 277, 307, 355, 'Accounting Equation ', 'UPLOAD', '66b5fa34d3a7c_edfdagfhgdjgdyh.mp4', '664b5aa59ca62_The-Basic-Accounting-Equation2018.pdf', 'ACTIVE', '2024-05-20 14:13:57.000000', NULL),
(327, 15, 46, 277, 307, 355, 'Financial Mathematics ', 'UPLOAD', '66b5fa34d3a7c_edfdagfhgdjgdyh.mp4', '664b5b2b06049_0134437764.pdf', 'ACTIVE', '2024-05-20 14:16:11.000000', NULL),
(328, 15, 46, 277, 307, 355, 'Accounting Equation ', 'UPLOAD', '66b5fa34d3a7c_edfdagfhgdjgdyh.mp4', '664b5aa59ca62_The-Basic-Accounting-Equation2018.pdf', 'ACTIVE', '2024-05-20 14:13:57.000000', NULL),
(329, 15, 46, 277, 307, 355, 'Accounting Equation ', 'UPLOAD', '66b5fa34d3a7c_edfdagfhgdjgdyh.mp4', '664b5aa59ca62_The-Basic-Accounting-Equation2018.pdf', 'ACTIVE', '2024-05-20 14:13:57.000000', NULL),
(330, 15, 46, 277, 307, 355, 'Financial Mathematics ', 'UPLOAD', '66b5fa34d3a7c_edfdagfhgdjgdyh.mp4', '664b5b2b06049_0134437764.pdf', 'ACTIVE', '2024-05-20 14:16:11.000000', NULL),
(331, 15, 46, 277, 307, 355, 'Accounting Equation ', 'UPLOAD', '66b5fa34d3a7c_edfdagfhgdjgdyh.mp4', '664b5aa59ca62_The-Basic-Accounting-Equation2018.pdf', 'ACTIVE', '2024-05-20 14:13:57.000000', NULL),
(332, 15, 46, 277, 307, 355, 'Financial Mathematics ', 'UPLOAD', '66b5fa34d3a7c_edfdagfhgdjgdyh.mp4', '664b5b2b06049_0134437764.pdf', 'ACTIVE', '2024-05-20 14:16:11.000000', NULL),
(333, 15, 46, 277, 307, 355, 'Accounting Equation ', 'UPLOAD', '66b5fa34d3a7c_edfdagfhgdjgdyh.mp4', '664b5aa59ca62_The-Basic-Accounting-Equation2018.pdf', 'ACTIVE', '2024-05-20 14:13:57.000000', NULL),
(334, 15, 46, 277, 307, 355, 'Financial Mathematics ', 'UPLOAD', '66b5fa34d3a7c_edfdagfhgdjgdyh.mp4', '664b5b2b06049_0134437764.pdf', 'ACTIVE', '2024-05-20 14:16:11.000000', NULL),
(335, 15, 46, 277, 307, 355, 'Accounting Equation ', 'UPLOAD', '66b5fa34d3a7c_edfdagfhgdjgdyh.mp4', '664b5aa59ca62_The-Basic-Accounting-Equation2018.pdf', 'ACTIVE', '2024-05-20 14:13:57.000000', NULL),
(336, 15, 46, 277, 307, 355, 'Financial Mathematics ', 'UPLOAD', '66b5fa34d3a7c_edfdagfhgdjgdyh.mp4', '664b5b2b06049_0134437764.pdf', 'ACTIVE', '2024-05-20 14:16:11.000000', NULL),
(337, 15, 46, 277, 307, 355, 'Accounting Equation ', 'UPLOAD', '66b5fa34d3a7c_edfdagfhgdjgdyh.mp4', '664b5aa59ca62_The-Basic-Accounting-Equation2018.pdf', 'ACTIVE', '2024-05-20 14:13:57.000000', NULL),
(338, 15, 46, 277, 307, 355, 'Accounting Equation ', 'UPLOAD', '66b5fa34d3a7c_edfdagfhgdjgdyh.mp4', '664b5aa59ca62_The-Basic-Accounting-Equation2018.pdf', 'ACTIVE', '2024-05-20 14:13:57.000000', NULL),
(339, 15, 46, 277, 307, 355, 'Financial Mathematics ', 'UPLOAD', '66b5fa34d3a7c_edfdagfhgdjgdyh.mp4', '664b5b2b06049_0134437764.pdf', 'ACTIVE', '2024-05-20 14:16:11.000000', NULL),
(340, 15, 46, 277, 307, 355, 'Accounting Equation ', 'UPLOAD', '66b5fa34d3a7c_edfdagfhgdjgdyh.mp4', '664b5aa59ca62_The-Basic-Accounting-Equation2018.pdf', 'ACTIVE', '2024-05-20 14:13:57.000000', NULL),
(341, 15, 46, 277, 307, 355, 'Financial Mathematics ', 'UPLOAD', '66b5fa34d3a7c_edfdagfhgdjgdyh.mp4', '664b5b2b06049_0134437764.pdf', 'ACTIVE', '2024-05-20 14:16:11.000000', NULL),
(342, 15, 46, 277, 307, 355, 'Accounting Equation ', 'UPLOAD', '66b5fa34d3a7c_edfdagfhgdjgdyh.mp4', '664b5aa59ca62_The-Basic-Accounting-Equation2018.pdf', 'ACTIVE', '2024-05-20 14:13:57.000000', NULL),
(343, 15, 46, 277, 307, 355, 'Financial Mathematics ', 'UPLOAD', '66b5fa34d3a7c_edfdagfhgdjgdyh.mp4', '664b5b2b06049_0134437764.pdf', 'ACTIVE', '2024-05-20 14:16:11.000000', NULL),
(344, 15, 46, 277, 307, 355, 'Accounting Equation ', 'UPLOAD', '66b5fa34d3a7c_edfdagfhgdjgdyh.mp4', '664b5aa59ca62_The-Basic-Accounting-Equation2018.pdf', 'ACTIVE', '2024-05-20 14:13:57.000000', NULL),
(345, 15, 46, 277, 307, 355, 'Financial Mathematics ', 'UPLOAD', '66b5fa34d3a7c_edfdagfhgdjgdyh.mp4', '664b5b2b06049_0134437764.pdf', 'ACTIVE', '2024-05-20 14:16:11.000000', NULL),
(346, 15, 46, 277, 307, 355, 'Accounting Equation ', 'UPLOAD', '66b5fa34d3a7c_edfdagfhgdjgdyh.mp4', '664b5aa59ca62_The-Basic-Accounting-Equation2018.pdf', 'ACTIVE', '2024-05-20 14:13:57.000000', NULL),
(347, 15, 46, 277, 307, 355, 'Accounting Equation ', 'UPLOAD', '66b5fa34d3a7c_edfdagfhgdjgdyh.mp4', '664b5aa59ca62_The-Basic-Accounting-Equation2018.pdf', 'ACTIVE', '2024-05-20 14:13:57.000000', NULL),
(348, 15, 46, 277, 307, 355, 'Financial Mathematics ', 'UPLOAD', '66b5fa34d3a7c_edfdagfhgdjgdyh.mp4', '664b5b2b06049_0134437764.pdf', 'ACTIVE', '2024-05-20 14:16:11.000000', NULL),
(349, 15, 46, 277, 307, 355, 'Accounting Equation ', 'UPLOAD', '66b5fa34d3a7c_edfdagfhgdjgdyh.mp4', '664b5aa59ca62_The-Basic-Accounting-Equation2018.pdf', 'ACTIVE', '2024-05-20 14:13:57.000000', NULL),
(350, 15, 46, 277, 307, 355, 'Financial Mathematics ', 'UPLOAD', '66b5fa34d3a7c_edfdagfhgdjgdyh.mp4', '664b5b2b06049_0134437764.pdf', 'ACTIVE', '2024-05-20 14:16:11.000000', NULL),
(351, 15, 46, 277, 307, 355, 'Accounting Equation ', 'UPLOAD', '66b5fa34d3a7c_edfdagfhgdjgdyh.mp4', '664b5aa59ca62_The-Basic-Accounting-Equation2018.pdf', 'ACTIVE', '2024-05-20 14:13:57.000000', NULL),
(352, 15, 46, 277, 307, 355, 'Financial Mathematics ', 'UPLOAD', '66b5fa34d3a7c_edfdagfhgdjgdyh.mp4', '664b5b2b06049_0134437764.pdf', 'ACTIVE', '2024-05-20 14:16:11.000000', NULL),
(353, 15, 46, 277, 307, 355, 'Accounting Equation ', 'UPLOAD', '66b5fa34d3a7c_edfdagfhgdjgdyh.mp4', '664b5aa59ca62_The-Basic-Accounting-Equation2018.pdf', 'ACTIVE', '2024-05-20 14:13:57.000000', NULL),
(354, 15, 46, 277, 307, 355, 'Financial Mathematics ', 'UPLOAD', '66b5fa34d3a7c_edfdagfhgdjgdyh.mp4', '664b5b2b06049_0134437764.pdf', 'ACTIVE', '2024-05-20 14:16:11.000000', NULL),
(355, 15, 46, 277, 307, 355, 'Accounting Equation ', 'UPLOAD', '66b5fa34d3a7c_edfdagfhgdjgdyh.mp4', '664b5aa59ca62_The-Basic-Accounting-Equation2018.pdf', 'ACTIVE', '2024-05-20 14:13:57.000000', NULL),
(356, 15, 46, 277, 307, 355, 'Accounting Equation ', 'UPLOAD', '66b5fa34d3a7c_edfdagfhgdjgdyh.mp4', '664b5aa59ca62_The-Basic-Accounting-Equation2018.pdf', 'ACTIVE', '2024-05-20 14:13:57.000000', NULL),
(357, 15, 46, 277, 307, 355, 'Financial Mathematics ', 'UPLOAD', '66b5fa34d3a7c_edfdagfhgdjgdyh.mp4', '664b5b2b06049_0134437764.pdf', 'ACTIVE', '2024-05-20 14:16:11.000000', NULL),
(358, 15, 46, 277, 307, 355, 'Accounting Equation ', 'UPLOAD', '66b5fa34d3a7c_edfdagfhgdjgdyh.mp4', '664b5aa59ca62_The-Basic-Accounting-Equation2018.pdf', 'ACTIVE', '2024-05-20 14:13:57.000000', NULL),
(359, 15, 46, 277, 307, 355, 'Financial Mathematics ', 'UPLOAD', '66b5fa34d3a7c_edfdagfhgdjgdyh.mp4', '664b5b2b06049_0134437764.pdf', 'ACTIVE', '2024-05-20 14:16:11.000000', NULL),
(360, 15, 46, 277, 307, 355, 'Accounting Equation ', 'UPLOAD', '66b5fa34d3a7c_edfdagfhgdjgdyh.mp4', '664b5aa59ca62_The-Basic-Accounting-Equation2018.pdf', 'ACTIVE', '2024-05-20 14:13:57.000000', NULL),
(361, 15, 46, 277, 307, 355, 'Financial Mathematics ', 'UPLOAD', '66b5fa34d3a7c_edfdagfhgdjgdyh.mp4', '664b5b2b06049_0134437764.pdf', 'ACTIVE', '2024-05-20 14:16:11.000000', NULL),
(362, 15, 46, 277, 307, 355, 'Accounting Equation ', 'UPLOAD', '66b5fa34d3a7c_edfdagfhgdjgdyh.mp4', '664b5aa59ca62_The-Basic-Accounting-Equation2018.pdf', 'ACTIVE', '2024-05-20 14:13:57.000000', NULL),
(363, 15, 46, 277, 307, 355, 'Financial Mathematics ', 'UPLOAD', '66b5fa34d3a7c_edfdagfhgdjgdyh.mp4', '664b5b2b06049_0134437764.pdf', 'ACTIVE', '2024-05-20 14:16:11.000000', NULL),
(364, 15, 46, 277, 307, 355, 'Accounting Equation ', 'UPLOAD', '66b5fa34d3a7c_edfdagfhgdjgdyh.mp4', '664b5aa59ca62_The-Basic-Accounting-Equation2018.pdf', 'ACTIVE', '2024-05-20 14:13:57.000000', NULL),
(365, 15, 46, 277, 307, 355, 'Accounting Equation ', 'UPLOAD', '66b5fa34d3a7c_edfdagfhgdjgdyh.mp4', '664b5aa59ca62_The-Basic-Accounting-Equation2018.pdf', 'ACTIVE', '2024-05-20 14:13:57.000000', NULL),
(366, 15, 46, 277, 307, 355, 'Financial Mathematics ', 'UPLOAD', '66b5fa34d3a7c_edfdagfhgdjgdyh.mp4', '664b5b2b06049_0134437764.pdf', 'ACTIVE', '2024-05-20 14:16:11.000000', NULL),
(367, 15, 46, 277, 307, 355, 'Accounting Equation ', 'UPLOAD', '66b5fa34d3a7c_edfdagfhgdjgdyh.mp4', '664b5aa59ca62_The-Basic-Accounting-Equation2018.pdf', 'ACTIVE', '2024-05-20 14:13:57.000000', NULL),
(368, 15, 46, 277, 307, 355, 'Financial Mathematics ', 'UPLOAD', '66b5fa34d3a7c_edfdagfhgdjgdyh.mp4', '664b5b2b06049_0134437764.pdf', 'ACTIVE', '2024-05-20 14:16:11.000000', NULL),
(369, 15, 46, 277, 307, 355, 'Accounting Equation ', 'UPLOAD', '66b5fa34d3a7c_edfdagfhgdjgdyh.mp4', '664b5aa59ca62_The-Basic-Accounting-Equation2018.pdf', 'ACTIVE', '2024-05-20 14:13:57.000000', NULL),
(370, 15, 46, 277, 307, 355, 'Financial Mathematics ', 'UPLOAD', '66b5fa34d3a7c_edfdagfhgdjgdyh.mp4', '664b5b2b06049_0134437764.pdf', 'ACTIVE', '2024-05-20 14:16:11.000000', NULL),
(371, 15, 46, 277, 307, 355, 'Accounting Equation ', 'UPLOAD', '66b5fa34d3a7c_edfdagfhgdjgdyh.mp4', '664b5aa59ca62_The-Basic-Accounting-Equation2018.pdf', 'ACTIVE', '2024-05-20 14:13:57.000000', NULL),
(372, 15, 46, 277, 307, 355, 'Financial Mathematics ', 'UPLOAD', '66b5fa34d3a7c_edfdagfhgdjgdyh.mp4', '664b5b2b06049_0134437764.pdf', 'ACTIVE', '2024-05-20 14:16:11.000000', NULL),
(373, 15, 46, 277, 307, 355, 'Accounting Equation ', 'UPLOAD', '66b5fa34d3a7c_edfdagfhgdjgdyh.mp4', '664b5aa59ca62_The-Basic-Accounting-Equation2018.pdf', 'ACTIVE', '2024-05-20 14:13:57.000000', NULL),
(374, 15, 46, 277, 307, 355, 'Accounting Equation ', 'UPLOAD', '66b5fa34d3a7c_edfdagfhgdjgdyh.mp4', '664b5aa59ca62_The-Basic-Accounting-Equation2018.pdf', 'ACTIVE', '2024-05-20 14:13:57.000000', NULL),
(375, 15, 46, 277, 307, 355, 'Financial Mathematics ', 'UPLOAD', '66b5fa34d3a7c_edfdagfhgdjgdyh.mp4', '664b5b2b06049_0134437764.pdf', 'ACTIVE', '2024-05-20 14:16:11.000000', NULL),
(376, 15, 46, 277, 307, 355, 'Accounting Equation ', 'UPLOAD', '66b5fa34d3a7c_edfdagfhgdjgdyh.mp4', '664b5aa59ca62_The-Basic-Accounting-Equation2018.pdf', 'ACTIVE', '2024-05-20 14:13:57.000000', NULL),
(377, 15, 46, 277, 307, 355, 'Financial Mathematics ', 'UPLOAD', '66b5fa34d3a7c_edfdagfhgdjgdyh.mp4', '664b5b2b06049_0134437764.pdf', 'ACTIVE', '2024-05-20 14:16:11.000000', NULL),
(378, 15, 46, 277, 307, 355, 'Accounting Equation ', 'UPLOAD', '66b5fa34d3a7c_edfdagfhgdjgdyh.mp4', '664b5aa59ca62_The-Basic-Accounting-Equation2018.pdf', 'ACTIVE', '2024-05-20 14:13:57.000000', NULL),
(379, 15, 46, 277, 307, 355, 'Financial Mathematics ', 'UPLOAD', '66b5fa34d3a7c_edfdagfhgdjgdyh.mp4', '664b5b2b06049_0134437764.pdf', 'ACTIVE', '2024-05-20 14:16:11.000000', NULL),
(380, 15, 46, 277, 307, 355, 'Accounting Equation ', 'UPLOAD', '66b5fa34d3a7c_edfdagfhgdjgdyh.mp4', '664b5aa59ca62_The-Basic-Accounting-Equation2018.pdf', 'ACTIVE', '2024-05-20 14:13:57.000000', NULL),
(381, 15, 46, 277, 307, 355, 'Financial Mathematics ', 'UPLOAD', '66b5fa34d3a7c_edfdagfhgdjgdyh.mp4', '664b5b2b06049_0134437764.pdf', 'ACTIVE', '2024-05-20 14:16:11.000000', NULL),
(382, 15, 46, 277, 307, 355, 'Accounting Equation ', 'UPLOAD', '66b5fa34d3a7c_edfdagfhgdjgdyh.mp4', '664b5aa59ca62_The-Basic-Accounting-Equation2018.pdf', 'ACTIVE', '2024-05-20 14:13:57.000000', NULL),
(383, 15, 46, 277, 307, 355, 'Accounting Equation ', 'UPLOAD', '66b5fa34d3a7c_edfdagfhgdjgdyh.mp4', '664b5aa59ca62_The-Basic-Accounting-Equation2018.pdf', 'ACTIVE', '2024-05-20 14:13:57.000000', NULL),
(384, 15, 46, 277, 307, 355, 'Financial Mathematics ', 'UPLOAD', '66b5fa34d3a7c_edfdagfhgdjgdyh.mp4', '664b5b2b06049_0134437764.pdf', 'ACTIVE', '2024-05-20 14:16:11.000000', NULL),
(385, 15, 46, 277, 307, 355, 'Accounting Equation ', 'UPLOAD', '66b5fa34d3a7c_edfdagfhgdjgdyh.mp4', '664b5aa59ca62_The-Basic-Accounting-Equation2018.pdf', 'ACTIVE', '2024-05-20 14:13:57.000000', NULL),
(386, 15, 46, 277, 307, 355, 'Financial Mathematics ', 'UPLOAD', '66b5fa34d3a7c_edfdagfhgdjgdyh.mp4', '664b5b2b06049_0134437764.pdf', 'ACTIVE', '2024-05-20 14:16:11.000000', NULL),
(387, 15, 46, 277, 307, 355, 'Accounting Equation ', 'UPLOAD', '66b5fa34d3a7c_edfdagfhgdjgdyh.mp4', '664b5aa59ca62_The-Basic-Accounting-Equation2018.pdf', 'ACTIVE', '2024-05-20 14:13:57.000000', NULL),
(388, 15, 46, 277, 307, 355, 'Financial Mathematics ', 'UPLOAD', '66b5fa34d3a7c_edfdagfhgdjgdyh.mp4', '664b5b2b06049_0134437764.pdf', 'ACTIVE', '2024-05-20 14:16:11.000000', NULL),
(389, 15, 46, 277, 307, 355, 'Accounting Equation ', 'UPLOAD', '66b5fa34d3a7c_edfdagfhgdjgdyh.mp4', '664b5aa59ca62_The-Basic-Accounting-Equation2018.pdf', 'ACTIVE', '2024-05-20 14:13:57.000000', NULL),
(390, 15, 46, 277, 307, 355, 'Financial Mathematics ', 'UPLOAD', '66b5fa34d3a7c_edfdagfhgdjgdyh.mp4', '664b5b2b06049_0134437764.pdf', 'ACTIVE', '2024-05-20 14:16:11.000000', NULL),
(391, 15, 46, 277, 307, 355, 'Accounting Equation ', 'UPLOAD', '66b5fa34d3a7c_edfdagfhgdjgdyh.mp4', '664b5aa59ca62_The-Basic-Accounting-Equation2018.pdf', 'ACTIVE', '2024-05-20 14:13:57.000000', NULL),
(392, 15, 46, 277, 307, 355, 'Accounting Equation ', 'UPLOAD', '66b5fa34d3a7c_edfdagfhgdjgdyh.mp4', '664b5aa59ca62_The-Basic-Accounting-Equation2018.pdf', 'ACTIVE', '2024-05-20 14:13:57.000000', NULL),
(393, 15, 46, 277, 307, 355, 'Financial Mathematics ', 'UPLOAD', '66b5fa34d3a7c_edfdagfhgdjgdyh.mp4', '664b5b2b06049_0134437764.pdf', 'ACTIVE', '2024-05-20 14:16:11.000000', NULL),
(394, 15, 46, 277, 307, 355, 'Accounting Equation ', 'UPLOAD', '66b5fa34d3a7c_edfdagfhgdjgdyh.mp4', '664b5aa59ca62_The-Basic-Accounting-Equation2018.pdf', 'ACTIVE', '2024-05-20 14:13:57.000000', NULL),
(395, 15, 46, 277, 307, 355, 'Financial Mathematics ', 'UPLOAD', '66b5fa34d3a7c_edfdagfhgdjgdyh.mp4', '664b5b2b06049_0134437764.pdf', 'ACTIVE', '2024-05-20 14:16:11.000000', NULL),
(396, 15, 46, 277, 307, 355, 'Accounting Equation ', 'UPLOAD', '66b5fa34d3a7c_edfdagfhgdjgdyh.mp4', '664b5aa59ca62_The-Basic-Accounting-Equation2018.pdf', 'ACTIVE', '2024-05-20 14:13:57.000000', NULL),
(397, 15, 46, 277, 307, 355, 'Financial Mathematics ', 'UPLOAD', '66b5fa34d3a7c_edfdagfhgdjgdyh.mp4', '664b5b2b06049_0134437764.pdf', 'ACTIVE', '2024-05-20 14:16:11.000000', NULL),
(398, 15, 46, 277, 307, 355, 'Accounting Equation ', 'UPLOAD', '66b5fa34d3a7c_edfdagfhgdjgdyh.mp4', '664b5aa59ca62_The-Basic-Accounting-Equation2018.pdf', 'ACTIVE', '2024-05-20 14:13:57.000000', NULL),
(399, 15, 46, 277, 307, 355, 'Financial Mathematics ', 'UPLOAD', '66b5fa34d3a7c_edfdagfhgdjgdyh.mp4', '664b5b2b06049_0134437764.pdf', 'ACTIVE', '2024-05-20 14:16:11.000000', NULL),
(400, 15, 46, 277, 307, 355, 'Accounting Equation ', 'UPLOAD', '66b5fa34d3a7c_edfdagfhgdjgdyh.mp4', '664b5aa59ca62_The-Basic-Accounting-Equation2018.pdf', 'ACTIVE', '2024-05-20 14:13:57.000000', NULL),
(401, 15, 46, 277, 307, 355, 'Accounting Equation ', 'UPLOAD', '66b5fa34d3a7c_edfdagfhgdjgdyh.mp4', '664b5aa59ca62_The-Basic-Accounting-Equation2018.pdf', 'ACTIVE', '2024-05-20 14:13:57.000000', NULL),
(402, 15, 46, 277, 307, 355, 'Financial Mathematics ', 'UPLOAD', '66b5fa34d3a7c_edfdagfhgdjgdyh.mp4', '664b5b2b06049_0134437764.pdf', 'ACTIVE', '2024-05-20 14:16:11.000000', NULL),
(403, 15, 46, 277, 307, 355, 'Accounting Equation ', 'UPLOAD', '66b5fa34d3a7c_edfdagfhgdjgdyh.mp4', '664b5aa59ca62_The-Basic-Accounting-Equation2018.pdf', 'ACTIVE', '2024-05-20 14:13:57.000000', NULL),
(404, 15, 46, 277, 307, 355, 'Financial Mathematics ', 'UPLOAD', '66b5fa34d3a7c_edfdagfhgdjgdyh.mp4', '664b5b2b06049_0134437764.pdf', 'ACTIVE', '2024-05-20 14:16:11.000000', NULL),
(405, 15, 46, 277, 307, 355, 'Accounting Equation ', 'UPLOAD', '66b5fa34d3a7c_edfdagfhgdjgdyh.mp4', '664b5aa59ca62_The-Basic-Accounting-Equation2018.pdf', 'ACTIVE', '2024-05-20 14:13:57.000000', NULL),
(406, 15, 46, 277, 307, 355, 'Financial Mathematics ', 'UPLOAD', '66b5fa34d3a7c_edfdagfhgdjgdyh.mp4', '664b5b2b06049_0134437764.pdf', 'ACTIVE', '2024-05-20 14:16:11.000000', NULL),
(407, 15, 46, 277, 307, 355, 'Accounting Equation ', 'UPLOAD', '66b5fa34d3a7c_edfdagfhgdjgdyh.mp4', '664b5aa59ca62_The-Basic-Accounting-Equation2018.pdf', 'ACTIVE', '2024-05-20 14:13:57.000000', NULL),
(408, 15, 46, 277, 307, 355, 'Financial Mathematics ', 'UPLOAD', '66b5fa34d3a7c_edfdagfhgdjgdyh.mp4', '664b5b2b06049_0134437764.pdf', 'ACTIVE', '2024-05-20 14:16:11.000000', NULL),
(409, 15, 46, 277, 307, 355, 'Accounting Equation ', 'UPLOAD', '66b5fa34d3a7c_edfdagfhgdjgdyh.mp4', '664b5aa59ca62_The-Basic-Accounting-Equation2018.pdf', 'ACTIVE', '2024-05-20 14:13:57.000000', NULL),
(410, 15, 46, 277, 307, 355, 'Accounting Equation ', 'UPLOAD', '66b5fa34d3a7c_edfdagfhgdjgdyh.mp4', '664b5aa59ca62_The-Basic-Accounting-Equation2018.pdf', 'ACTIVE', '2024-05-20 14:13:57.000000', NULL),
(411, 15, 46, 277, 307, 355, 'Financial Mathematics ', 'UPLOAD', '66b5fa34d3a7c_edfdagfhgdjgdyh.mp4', '664b5b2b06049_0134437764.pdf', 'ACTIVE', '2024-05-20 14:16:11.000000', NULL),
(412, 15, 46, 277, 307, 355, 'Accounting Equation ', 'UPLOAD', '66b5fa34d3a7c_edfdagfhgdjgdyh.mp4', '664b5aa59ca62_The-Basic-Accounting-Equation2018.pdf', 'ACTIVE', '2024-05-20 14:13:57.000000', NULL),
(413, 15, 46, 277, 307, 355, 'Financial Mathematics ', 'UPLOAD', '66b5fa34d3a7c_edfdagfhgdjgdyh.mp4', '664b5b2b06049_0134437764.pdf', 'ACTIVE', '2024-05-20 14:16:11.000000', NULL),
(414, 15, 46, 277, 307, 355, 'Accounting Equation ', 'UPLOAD', '66b5fa34d3a7c_edfdagfhgdjgdyh.mp4', '664b5aa59ca62_The-Basic-Accounting-Equation2018.pdf', 'ACTIVE', '2024-05-20 14:13:57.000000', NULL),
(415, 15, 46, 277, 307, 355, 'Financial Mathematics ', 'UPLOAD', '66b5fa34d3a7c_edfdagfhgdjgdyh.mp4', '664b5b2b06049_0134437764.pdf', 'ACTIVE', '2024-05-20 14:16:11.000000', NULL),
(416, 15, 46, 277, 307, 355, 'Accounting Equation ', 'UPLOAD', '66b5fa34d3a7c_edfdagfhgdjgdyh.mp4', '664b5aa59ca62_The-Basic-Accounting-Equation2018.pdf', 'ACTIVE', '2024-05-20 14:13:57.000000', NULL),
(417, 15, 46, 277, 307, 355, 'Financial Mathematics ', 'UPLOAD', '66b5fa34d3a7c_edfdagfhgdjgdyh.mp4', '664b5b2b06049_0134437764.pdf', 'ACTIVE', '2024-05-20 14:16:11.000000', NULL),
(418, 15, 46, 277, 307, 355, 'Accounting Equation ', 'UPLOAD', '66b5fa34d3a7c_edfdagfhgdjgdyh.mp4', '664b5aa59ca62_The-Basic-Accounting-Equation2018.pdf', 'ACTIVE', '2024-05-20 14:13:57.000000', NULL),
(419, 15, 46, 277, 307, 355, 'Accounting Equation ', 'UPLOAD', '66b5fa34d3a7c_edfdagfhgdjgdyh.mp4', '664b5aa59ca62_The-Basic-Accounting-Equation2018.pdf', 'ACTIVE', '2024-05-20 14:13:57.000000', NULL),
(420, 15, 46, 277, 307, 355, 'Financial Mathematics ', 'UPLOAD', '66b5fa34d3a7c_edfdagfhgdjgdyh.mp4', '664b5b2b06049_0134437764.pdf', 'ACTIVE', '2024-05-20 14:16:11.000000', NULL),
(421, 15, 46, 277, 307, 355, 'Accounting Equation ', 'UPLOAD', '66b5fa34d3a7c_edfdagfhgdjgdyh.mp4', '664b5aa59ca62_The-Basic-Accounting-Equation2018.pdf', 'ACTIVE', '2024-05-20 14:13:57.000000', NULL),
(422, 15, 46, 277, 307, 355, 'Financial Mathematics ', 'UPLOAD', '66b5fa34d3a7c_edfdagfhgdjgdyh.mp4', '664b5b2b06049_0134437764.pdf', 'ACTIVE', '2024-05-20 14:16:11.000000', NULL),
(423, 15, 46, 277, 307, 355, 'Accounting Equation ', 'UPLOAD', '66b5fa34d3a7c_edfdagfhgdjgdyh.mp4', '664b5aa59ca62_The-Basic-Accounting-Equation2018.pdf', 'ACTIVE', '2024-05-20 14:13:57.000000', NULL),
(424, 15, 46, 277, 307, 355, 'Financial Mathematics ', 'UPLOAD', '66b5fa34d3a7c_edfdagfhgdjgdyh.mp4', '664b5b2b06049_0134437764.pdf', 'ACTIVE', '2024-05-20 14:16:11.000000', NULL),
(425, 15, 46, 277, 307, 355, 'Accounting Equation ', 'UPLOAD', '66b5fa34d3a7c_edfdagfhgdjgdyh.mp4', '664b5aa59ca62_The-Basic-Accounting-Equation2018.pdf', 'ACTIVE', '2024-05-20 14:13:57.000000', NULL),
(426, 15, 46, 277, 307, 355, 'Financial Mathematics ', 'UPLOAD', '66b5fa34d3a7c_edfdagfhgdjgdyh.mp4', '664b5b2b06049_0134437764.pdf', 'ACTIVE', '2024-05-20 14:16:11.000000', NULL),
(427, 15, 46, 277, 307, 355, 'Accounting Equation ', 'UPLOAD', '66b5fa34d3a7c_edfdagfhgdjgdyh.mp4', '664b5aa59ca62_The-Basic-Accounting-Equation2018.pdf', 'ACTIVE', '2024-05-20 14:13:57.000000', NULL),
(428, 15, 46, 277, 307, 355, 'Accounting Equation ', 'UPLOAD', '66b5fa34d3a7c_edfdagfhgdjgdyh.mp4', '664b5aa59ca62_The-Basic-Accounting-Equation2018.pdf', 'ACTIVE', '2024-05-20 14:13:57.000000', NULL),
(429, 15, 46, 277, 307, 355, 'Financial Mathematics ', 'UPLOAD', '66b5fa34d3a7c_edfdagfhgdjgdyh.mp4', '664b5b2b06049_0134437764.pdf', 'ACTIVE', '2024-05-20 14:16:11.000000', NULL),
(430, 15, 46, 277, 307, 355, 'Accounting Equation ', 'UPLOAD', '66b5fa34d3a7c_edfdagfhgdjgdyh.mp4', '664b5aa59ca62_The-Basic-Accounting-Equation2018.pdf', 'ACTIVE', '2024-05-20 14:13:57.000000', NULL),
(431, 15, 46, 277, 307, 355, 'Financial Mathematics ', 'UPLOAD', '66b5fa34d3a7c_edfdagfhgdjgdyh.mp4', '664b5b2b06049_0134437764.pdf', 'ACTIVE', '2024-05-20 14:16:11.000000', NULL),
(432, 15, 46, 277, 307, 355, 'Accounting Equation ', 'UPLOAD', '66b5fa34d3a7c_edfdagfhgdjgdyh.mp4', '664b5aa59ca62_The-Basic-Accounting-Equation2018.pdf', 'ACTIVE', '2024-05-20 14:13:57.000000', NULL),
(433, 15, 46, 277, 307, 355, 'Financial Mathematics ', 'UPLOAD', '66b5fa34d3a7c_edfdagfhgdjgdyh.mp4', '664b5b2b06049_0134437764.pdf', 'ACTIVE', '2024-05-20 14:16:11.000000', NULL),
(434, 15, 46, 277, 307, 355, 'Accounting Equation ', 'UPLOAD', '66b5fa34d3a7c_edfdagfhgdjgdyh.mp4', '664b5aa59ca62_The-Basic-Accounting-Equation2018.pdf', 'ACTIVE', '2024-05-20 14:13:57.000000', NULL),
(435, 15, 46, 277, 307, 355, 'Financial Mathematics ', 'UPLOAD', '66b5fa34d3a7c_edfdagfhgdjgdyh.mp4', '664b5b2b06049_0134437764.pdf', 'ACTIVE', '2024-05-20 14:16:11.000000', NULL),
(436, 15, 46, 277, 307, 355, 'Accounting Equation ', 'UPLOAD', '66b5fa34d3a7c_edfdagfhgdjgdyh.mp4', '664b5aa59ca62_The-Basic-Accounting-Equation2018.pdf', 'ACTIVE', '2024-05-20 14:13:57.000000', NULL),
(437, 15, 46, 277, 307, 355, 'Accounting Equation ', 'UPLOAD', '66b5fa34d3a7c_edfdagfhgdjgdyh.mp4', '664b5aa59ca62_The-Basic-Accounting-Equation2018.pdf', 'ACTIVE', '2024-05-20 14:13:57.000000', NULL),
(438, 15, 46, 277, 307, 355, 'Financial Mathematics ', 'UPLOAD', '66b5fa34d3a7c_edfdagfhgdjgdyh.mp4', '664b5b2b06049_0134437764.pdf', 'ACTIVE', '2024-05-20 14:16:11.000000', NULL),
(439, 15, 46, 277, 307, 355, 'Accounting Equation ', 'UPLOAD', '66b5fa34d3a7c_edfdagfhgdjgdyh.mp4', '664b5aa59ca62_The-Basic-Accounting-Equation2018.pdf', 'ACTIVE', '2024-05-20 14:13:57.000000', NULL),
(440, 15, 46, 277, 307, 355, 'Financial Mathematics ', 'UPLOAD', '66b5fa34d3a7c_edfdagfhgdjgdyh.mp4', '664b5b2b06049_0134437764.pdf', 'ACTIVE', '2024-05-20 14:16:11.000000', NULL),
(441, 15, 46, 277, 307, 355, 'Accounting Equation ', 'UPLOAD', '66b5fa34d3a7c_edfdagfhgdjgdyh.mp4', '664b5aa59ca62_The-Basic-Accounting-Equation2018.pdf', 'ACTIVE', '2024-05-20 14:13:57.000000', NULL),
(442, 15, 46, 277, 307, 355, 'Financial Mathematics ', 'UPLOAD', '66b5fa34d3a7c_edfdagfhgdjgdyh.mp4', '664b5b2b06049_0134437764.pdf', 'ACTIVE', '2024-05-20 14:16:11.000000', NULL),
(443, 15, 46, 277, 307, 355, 'Accounting Equation ', 'UPLOAD', '66b5fa34d3a7c_edfdagfhgdjgdyh.mp4', '664b5aa59ca62_The-Basic-Accounting-Equation2018.pdf', 'ACTIVE', '2024-05-20 14:13:57.000000', NULL),
(444, 15, 46, 277, 307, 355, 'Financial Mathematics ', 'UPLOAD', '66b5fa34d3a7c_edfdagfhgdjgdyh.mp4', '664b5b2b06049_0134437764.pdf', 'ACTIVE', '2024-05-20 14:16:11.000000', NULL),
(445, 15, 46, 277, 307, 355, 'Accounting Equation ', 'UPLOAD', '66b5fa34d3a7c_edfdagfhgdjgdyh.mp4', '664b5aa59ca62_The-Basic-Accounting-Equation2018.pdf', 'ACTIVE', '2024-05-20 14:13:57.000000', NULL),
(446, 15, 46, 277, 307, 355, 'Accounting Equation ', 'UPLOAD', '66b5fa34d3a7c_edfdagfhgdjgdyh.mp4', '664b5aa59ca62_The-Basic-Accounting-Equation2018.pdf', 'ACTIVE', '2024-05-20 14:13:57.000000', NULL),
(447, 15, 46, 277, 307, 355, 'Financial Mathematics ', 'UPLOAD', '66b5fa34d3a7c_edfdagfhgdjgdyh.mp4', '664b5b2b06049_0134437764.pdf', 'ACTIVE', '2024-05-20 14:16:11.000000', NULL),
(448, 15, 46, 277, 307, 355, 'Accounting Equation ', 'UPLOAD', '66b5fa34d3a7c_edfdagfhgdjgdyh.mp4', '664b5aa59ca62_The-Basic-Accounting-Equation2018.pdf', 'ACTIVE', '2024-05-20 14:13:57.000000', NULL),
(449, 15, 46, 277, 307, 355, 'Financial Mathematics ', 'UPLOAD', '66b5fa34d3a7c_edfdagfhgdjgdyh.mp4', '664b5b2b06049_0134437764.pdf', 'ACTIVE', '2024-05-20 14:16:11.000000', NULL),
(450, 15, 46, 277, 307, 355, 'Accounting Equation ', 'UPLOAD', '66b5fa34d3a7c_edfdagfhgdjgdyh.mp4', '664b5aa59ca62_The-Basic-Accounting-Equation2018.pdf', 'ACTIVE', '2024-05-20 14:13:57.000000', NULL),
(451, 15, 46, 277, 307, 355, 'Financial Mathematics ', 'UPLOAD', '66b5fa34d3a7c_edfdagfhgdjgdyh.mp4', '664b5b2b06049_0134437764.pdf', 'ACTIVE', '2024-05-20 14:16:11.000000', NULL),
(452, 15, 46, 277, 307, 355, 'Accounting Equation ', 'UPLOAD', '66b5fa34d3a7c_edfdagfhgdjgdyh.mp4', '664b5aa59ca62_The-Basic-Accounting-Equation2018.pdf', 'ACTIVE', '2024-05-20 14:13:57.000000', NULL),
(453, 15, 46, 277, 307, 355, 'Financial Mathematics ', 'UPLOAD', '66b5fa34d3a7c_edfdagfhgdjgdyh.mp4', '664b5b2b06049_0134437764.pdf', 'ACTIVE', '2024-05-20 14:16:11.000000', NULL),
(454, 15, 46, 277, 307, 355, 'Accounting Equation ', 'UPLOAD', '66b5fa34d3a7c_edfdagfhgdjgdyh.mp4', '664b5aa59ca62_The-Basic-Accounting-Equation2018.pdf', 'ACTIVE', '2024-05-20 14:13:57.000000', NULL),
(455, 15, 46, 277, 307, 355, 'Accounting Equation ', 'UPLOAD', '66b5fa34d3a7c_edfdagfhgdjgdyh.mp4', '664b5aa59ca62_The-Basic-Accounting-Equation2018.pdf', 'ACTIVE', '2024-05-20 14:13:57.000000', NULL),
(456, 15, 46, 277, 307, 355, 'Financial Mathematics ', 'UPLOAD', '66b5fa34d3a7c_edfdagfhgdjgdyh.mp4', '664b5b2b06049_0134437764.pdf', 'ACTIVE', '2024-05-20 14:16:11.000000', NULL),
(457, 15, 46, 277, 307, 355, 'Accounting Equation ', 'UPLOAD', '66b5fa34d3a7c_edfdagfhgdjgdyh.mp4', '664b5aa59ca62_The-Basic-Accounting-Equation2018.pdf', 'ACTIVE', '2024-05-20 14:13:57.000000', NULL),
(458, 15, 46, 277, 307, 355, 'Financial Mathematics ', 'UPLOAD', '66b5fa34d3a7c_edfdagfhgdjgdyh.mp4', '664b5b2b06049_0134437764.pdf', 'ACTIVE', '2024-05-20 14:16:11.000000', NULL),
(459, 15, 46, 277, 307, 355, 'Accounting Equation ', 'UPLOAD', '66b5fa34d3a7c_edfdagfhgdjgdyh.mp4', '664b5aa59ca62_The-Basic-Accounting-Equation2018.pdf', 'ACTIVE', '2024-05-20 14:13:57.000000', NULL),
(460, 15, 46, 277, 307, 355, 'Financial Mathematics ', 'UPLOAD', '66b5fa34d3a7c_edfdagfhgdjgdyh.mp4', '664b5b2b06049_0134437764.pdf', 'ACTIVE', '2024-05-20 14:16:11.000000', NULL);
INSERT INTO `topic` (`topic_id`, `stream_id`, `institute_id`, `program_id`, `component_id`, `subject_id`, `topic_name`, `video_type`, `video_url`, `topic_notes`, `topic_quiz_status`, `create_date`, `update_date`) VALUES
(461, 15, 46, 277, 307, 355, 'Accounting Equation ', 'UPLOAD', '66b5fa34d3a7c_edfdagfhgdjgdyh.mp4', '664b5aa59ca62_The-Basic-Accounting-Equation2018.pdf', 'ACTIVE', '2024-05-20 14:13:57.000000', NULL),
(462, 15, 46, 277, 307, 355, 'Financial Mathematics ', 'UPLOAD', '66b5fa34d3a7c_edfdagfhgdjgdyh.mp4', '664b5b2b06049_0134437764.pdf', 'ACTIVE', '2024-05-20 14:16:11.000000', NULL),
(463, 15, 46, 277, 307, 355, 'Accounting Equation ', 'UPLOAD', '66b5fa34d3a7c_edfdagfhgdjgdyh.mp4', '664b5aa59ca62_The-Basic-Accounting-Equation2018.pdf', 'ACTIVE', '2024-05-20 14:13:57.000000', NULL),
(464, 15, 46, 277, 307, 355, 'Accounting Equation ', 'UPLOAD', '66b5fa34d3a7c_edfdagfhgdjgdyh.mp4', '664b5aa59ca62_The-Basic-Accounting-Equation2018.pdf', 'ACTIVE', '2024-05-20 14:13:57.000000', NULL),
(465, 15, 46, 277, 307, 355, 'Financial Mathematics ', 'UPLOAD', '66b5fa34d3a7c_edfdagfhgdjgdyh.mp4', '664b5b2b06049_0134437764.pdf', 'ACTIVE', '2024-05-20 14:16:11.000000', NULL),
(466, 15, 46, 277, 307, 355, 'Accounting Equation ', 'UPLOAD', '66b5fa34d3a7c_edfdagfhgdjgdyh.mp4', '664b5aa59ca62_The-Basic-Accounting-Equation2018.pdf', 'ACTIVE', '2024-05-20 14:13:57.000000', NULL),
(467, 15, 46, 277, 307, 355, 'Financial Mathematics ', 'UPLOAD', '66b5fa34d3a7c_edfdagfhgdjgdyh.mp4', '664b5b2b06049_0134437764.pdf', 'ACTIVE', '2024-05-20 14:16:11.000000', NULL),
(468, 15, 46, 277, 307, 355, 'Accounting Equation ', 'UPLOAD', '66b5fa34d3a7c_edfdagfhgdjgdyh.mp4', '664b5aa59ca62_The-Basic-Accounting-Equation2018.pdf', 'ACTIVE', '2024-05-20 14:13:57.000000', NULL),
(469, 15, 46, 277, 307, 355, 'Financial Mathematics ', 'UPLOAD', '66b5fa34d3a7c_edfdagfhgdjgdyh.mp4', '664b5b2b06049_0134437764.pdf', 'ACTIVE', '2024-05-20 14:16:11.000000', NULL),
(470, 15, 46, 277, 307, 355, 'Accounting Equation ', 'UPLOAD', '66b5fa34d3a7c_edfdagfhgdjgdyh.mp4', '664b5aa59ca62_The-Basic-Accounting-Equation2018.pdf', 'ACTIVE', '2024-05-20 14:13:57.000000', NULL),
(471, 15, 46, 277, 307, 355, 'Financial Mathematics ', 'UPLOAD', '66b5fa34d3a7c_edfdagfhgdjgdyh.mp4', '664b5b2b06049_0134437764.pdf', 'ACTIVE', '2024-05-20 14:16:11.000000', NULL),
(472, 15, 46, 277, 307, 355, 'Accounting Equation ', 'UPLOAD', '66b5fa34d3a7c_edfdagfhgdjgdyh.mp4', '664b5aa59ca62_The-Basic-Accounting-Equation2018.pdf', 'ACTIVE', '2024-05-20 14:13:57.000000', NULL),
(473, 15, 46, 277, 307, 355, 'Accounting Equation ', 'UPLOAD', '66b5fa34d3a7c_edfdagfhgdjgdyh.mp4', '664b5aa59ca62_The-Basic-Accounting-Equation2018.pdf', 'ACTIVE', '2024-05-20 14:13:57.000000', NULL),
(474, 15, 46, 277, 307, 355, 'Financial Mathematics ', 'UPLOAD', '66b5fa34d3a7c_edfdagfhgdjgdyh.mp4', '664b5b2b06049_0134437764.pdf', 'ACTIVE', '2024-05-20 14:16:11.000000', NULL),
(475, 15, 46, 277, 307, 355, 'Accounting Equation ', 'UPLOAD', '66b5fa34d3a7c_edfdagfhgdjgdyh.mp4', '664b5aa59ca62_The-Basic-Accounting-Equation2018.pdf', 'ACTIVE', '2024-05-20 14:13:57.000000', NULL),
(476, 15, 46, 277, 307, 355, 'Financial Mathematics ', 'UPLOAD', '66b5fa34d3a7c_edfdagfhgdjgdyh.mp4', '664b5b2b06049_0134437764.pdf', 'ACTIVE', '2024-05-20 14:16:11.000000', NULL),
(477, 15, 46, 277, 307, 355, 'Accounting Equation ', 'UPLOAD', '66b5fa34d3a7c_edfdagfhgdjgdyh.mp4', '664b5aa59ca62_The-Basic-Accounting-Equation2018.pdf', 'ACTIVE', '2024-05-20 14:13:57.000000', NULL),
(478, 15, 46, 277, 307, 355, 'Financial Mathematics ', 'UPLOAD', '66b5fa34d3a7c_edfdagfhgdjgdyh.mp4', '664b5b2b06049_0134437764.pdf', 'ACTIVE', '2024-05-20 14:16:11.000000', NULL),
(479, 15, 46, 277, 307, 355, 'Accounting Equation ', 'UPLOAD', '66b5fa34d3a7c_edfdagfhgdjgdyh.mp4', '664b5aa59ca62_The-Basic-Accounting-Equation2018.pdf', 'ACTIVE', '2024-05-20 14:13:57.000000', NULL),
(480, 15, 46, 277, 307, 355, 'Financial Mathematics ', 'UPLOAD', '66b5fa34d3a7c_edfdagfhgdjgdyh.mp4', '664b5b2b06049_0134437764.pdf', 'ACTIVE', '2024-05-20 14:16:11.000000', NULL),
(481, 15, 46, 277, 307, 355, 'Accounting Equation ', 'UPLOAD', '66b5fa34d3a7c_edfdagfhgdjgdyh.mp4', '664b5aa59ca62_The-Basic-Accounting-Equation2018.pdf', 'ACTIVE', '2024-05-20 14:13:57.000000', NULL),
(482, 15, 46, 277, 307, 355, 'Accounting Equation ', 'UPLOAD', '66b5fa34d3a7c_edfdagfhgdjgdyh.mp4', '664b5aa59ca62_The-Basic-Accounting-Equation2018.pdf', 'ACTIVE', '2024-05-20 14:13:57.000000', NULL),
(483, 15, 46, 277, 307, 355, 'Financial Mathematics ', 'UPLOAD', '66b5fa34d3a7c_edfdagfhgdjgdyh.mp4', '664b5b2b06049_0134437764.pdf', 'ACTIVE', '2024-05-20 14:16:11.000000', NULL),
(484, 15, 46, 277, 307, 355, 'Accounting Equation ', 'UPLOAD', '66b5fa34d3a7c_edfdagfhgdjgdyh.mp4', '664b5aa59ca62_The-Basic-Accounting-Equation2018.pdf', 'ACTIVE', '2024-05-20 14:13:57.000000', NULL),
(485, 15, 46, 277, 307, 355, 'Financial Mathematics ', 'UPLOAD', '66b5fa34d3a7c_edfdagfhgdjgdyh.mp4', '664b5b2b06049_0134437764.pdf', 'ACTIVE', '2024-05-20 14:16:11.000000', NULL),
(486, 15, 46, 277, 307, 355, 'Accounting Equation ', 'UPLOAD', '66b5fa34d3a7c_edfdagfhgdjgdyh.mp4', '664b5aa59ca62_The-Basic-Accounting-Equation2018.pdf', 'ACTIVE', '2024-05-20 14:13:57.000000', NULL),
(487, 15, 46, 277, 307, 355, 'Financial Mathematics ', 'UPLOAD', '66b5fa34d3a7c_edfdagfhgdjgdyh.mp4', '664b5b2b06049_0134437764.pdf', 'ACTIVE', '2024-05-20 14:16:11.000000', NULL),
(488, 15, 46, 277, 307, 355, 'Accounting Equation ', 'UPLOAD', '66b5fa34d3a7c_edfdagfhgdjgdyh.mp4', '664b5aa59ca62_The-Basic-Accounting-Equation2018.pdf', 'ACTIVE', '2024-05-20 14:13:57.000000', NULL),
(489, 15, 46, 277, 307, 355, 'Financial Mathematics ', 'UPLOAD', '66b5fa34d3a7c_edfdagfhgdjgdyh.mp4', '664b5b2b06049_0134437764.pdf', 'ACTIVE', '2024-05-20 14:16:11.000000', NULL),
(490, 15, 46, 277, 307, 355, 'Accounting Equation ', 'UPLOAD', '66b5fa34d3a7c_edfdagfhgdjgdyh.mp4', '664b5aa59ca62_The-Basic-Accounting-Equation2018.pdf', 'ACTIVE', '2024-05-20 14:13:57.000000', NULL),
(491, 15, 46, 277, 307, 355, 'Accounting Equation ', 'UPLOAD', '66b5fa34d3a7c_edfdagfhgdjgdyh.mp4', '664b5aa59ca62_The-Basic-Accounting-Equation2018.pdf', 'ACTIVE', '2024-05-20 14:13:57.000000', NULL),
(492, 15, 46, 277, 307, 355, 'Financial Mathematics ', 'UPLOAD', '66b5fa34d3a7c_edfdagfhgdjgdyh.mp4', '664b5b2b06049_0134437764.pdf', 'ACTIVE', '2024-05-20 14:16:11.000000', NULL),
(493, 15, 46, 277, 307, 355, 'Accounting Equation ', 'UPLOAD', '66b5fa34d3a7c_edfdagfhgdjgdyh.mp4', '664b5aa59ca62_The-Basic-Accounting-Equation2018.pdf', 'ACTIVE', '2024-05-20 14:13:57.000000', NULL),
(494, 15, 46, 277, 307, 355, 'Financial Mathematics ', 'UPLOAD', '66b5fa34d3a7c_edfdagfhgdjgdyh.mp4', '664b5b2b06049_0134437764.pdf', 'ACTIVE', '2024-05-20 14:16:11.000000', NULL),
(495, 15, 46, 277, 307, 355, 'Accounting Equation ', 'UPLOAD', '66b5fa34d3a7c_edfdagfhgdjgdyh.mp4', '664b5aa59ca62_The-Basic-Accounting-Equation2018.pdf', 'ACTIVE', '2024-05-20 14:13:57.000000', NULL),
(496, 15, 46, 277, 307, 355, 'Financial Mathematics ', 'UPLOAD', '66b5fa34d3a7c_edfdagfhgdjgdyh.mp4', '664b5b2b06049_0134437764.pdf', 'ACTIVE', '2024-05-20 14:16:11.000000', NULL),
(497, 15, 46, 277, 307, 355, 'Accounting Equation ', 'UPLOAD', '66b5fa34d3a7c_edfdagfhgdjgdyh.mp4', '664b5aa59ca62_The-Basic-Accounting-Equation2018.pdf', 'ACTIVE', '2024-05-20 14:13:57.000000', NULL),
(498, 15, 46, 277, 307, 355, 'Financial Mathematics ', 'UPLOAD', '66b5fa34d3a7c_edfdagfhgdjgdyh.mp4', '664b5b2b06049_0134437764.pdf', 'ACTIVE', '2024-05-20 14:16:11.000000', NULL),
(499, 15, 46, 277, 307, 355, 'Accounting Equation ', 'UPLOAD', '66b5fa34d3a7c_edfdagfhgdjgdyh.mp4', '664b5aa59ca62_The-Basic-Accounting-Equation2018.pdf', 'ACTIVE', '2024-05-20 14:13:57.000000', NULL),
(500, 15, 46, 277, 307, 355, 'Accounting Equation ', 'UPLOAD', '66b5fa34d3a7c_edfdagfhgdjgdyh.mp4', '664b5aa59ca62_The-Basic-Accounting-Equation2018.pdf', 'ACTIVE', '2024-05-20 14:13:57.000000', NULL),
(501, 15, 46, 277, 307, 355, 'Financial Mathematics ', 'UPLOAD', '66b5fa34d3a7c_edfdagfhgdjgdyh.mp4', '664b5b2b06049_0134437764.pdf', 'ACTIVE', '2024-05-20 14:16:11.000000', NULL),
(502, 15, 46, 277, 307, 355, 'Accounting Equation ', 'UPLOAD', '66b5fa34d3a7c_edfdagfhgdjgdyh.mp4', '664b5aa59ca62_The-Basic-Accounting-Equation2018.pdf', 'ACTIVE', '2024-05-20 14:13:57.000000', NULL),
(503, 15, 46, 277, 307, 355, 'Financial Mathematics ', 'UPLOAD', '66b5fa34d3a7c_edfdagfhgdjgdyh.mp4', '664b5b2b06049_0134437764.pdf', 'ACTIVE', '2024-05-20 14:16:11.000000', NULL),
(504, 15, 46, 277, 307, 355, 'Accounting Equation ', 'UPLOAD', '66b5fa34d3a7c_edfdagfhgdjgdyh.mp4', '664b5aa59ca62_The-Basic-Accounting-Equation2018.pdf', 'ACTIVE', '2024-05-20 14:13:57.000000', NULL),
(505, 15, 46, 277, 307, 355, 'Financial Mathematics ', 'UPLOAD', '66b5fa34d3a7c_edfdagfhgdjgdyh.mp4', '664b5b2b06049_0134437764.pdf', 'ACTIVE', '2024-05-20 14:16:11.000000', NULL),
(506, 15, 46, 277, 307, 355, 'Accounting Equation ', 'UPLOAD', '66b5fa34d3a7c_edfdagfhgdjgdyh.mp4', '664b5aa59ca62_The-Basic-Accounting-Equation2018.pdf', 'ACTIVE', '2024-05-20 14:13:57.000000', NULL),
(507, 15, 46, 277, 307, 355, 'Financial Mathematics ', 'UPLOAD', '66b5fa34d3a7c_edfdagfhgdjgdyh.mp4', '664b5b2b06049_0134437764.pdf', 'ACTIVE', '2024-05-20 14:16:11.000000', NULL),
(508, 15, 46, 277, 307, 355, 'Accounting Equation ', 'UPLOAD', '66b5fa34d3a7c_edfdagfhgdjgdyh.mp4', '664b5aa59ca62_The-Basic-Accounting-Equation2018.pdf', 'ACTIVE', '2024-05-20 14:13:57.000000', NULL),
(509, 15, 46, 277, 307, 355, 'Accounting Equation ', 'UPLOAD', '66b5fa34d3a7c_edfdagfhgdjgdyh.mp4', '664b5aa59ca62_The-Basic-Accounting-Equation2018.pdf', 'ACTIVE', '2024-05-20 14:13:57.000000', NULL),
(510, 15, 46, 277, 307, 355, 'Financial Mathematics ', 'UPLOAD', '66b5fa34d3a7c_edfdagfhgdjgdyh.mp4', '664b5b2b06049_0134437764.pdf', 'ACTIVE', '2024-05-20 14:16:11.000000', NULL),
(511, 15, 46, 277, 307, 355, 'Accounting Equation ', 'UPLOAD', '66b5fa34d3a7c_edfdagfhgdjgdyh.mp4', '664b5aa59ca62_The-Basic-Accounting-Equation2018.pdf', 'ACTIVE', '2024-05-20 14:13:57.000000', NULL),
(512, 15, 46, 277, 307, 355, 'Financial Mathematics ', 'UPLOAD', '66b5fa34d3a7c_edfdagfhgdjgdyh.mp4', '664b5b2b06049_0134437764.pdf', 'ACTIVE', '2024-05-20 14:16:11.000000', NULL),
(513, 15, 46, 277, 307, 355, 'Accounting Equation ', 'UPLOAD', '66b5fa34d3a7c_edfdagfhgdjgdyh.mp4', '664b5aa59ca62_The-Basic-Accounting-Equation2018.pdf', 'ACTIVE', '2024-05-20 14:13:57.000000', NULL),
(514, 15, 46, 277, 307, 355, 'Financial Mathematics ', 'UPLOAD', '66b5fa34d3a7c_edfdagfhgdjgdyh.mp4', '664b5b2b06049_0134437764.pdf', 'ACTIVE', '2024-05-20 14:16:11.000000', NULL),
(515, 15, 46, 277, 307, 355, 'Accounting Equation ', 'UPLOAD', '66b5fa34d3a7c_edfdagfhgdjgdyh.mp4', '664b5aa59ca62_The-Basic-Accounting-Equation2018.pdf', 'ACTIVE', '2024-05-20 14:13:57.000000', NULL),
(516, 15, 46, 277, 307, 355, 'Financial Mathematics ', 'UPLOAD', '66b5fa34d3a7c_edfdagfhgdjgdyh.mp4', '664b5b2b06049_0134437764.pdf', 'ACTIVE', '2024-05-20 14:16:11.000000', NULL),
(517, 15, 46, 277, 307, 355, 'Accounting Equation ', 'UPLOAD', '66b5fa34d3a7c_edfdagfhgdjgdyh.mp4', '664b5aa59ca62_The-Basic-Accounting-Equation2018.pdf', 'ACTIVE', '2024-05-20 14:13:57.000000', NULL),
(518, 15, 46, 277, 307, 355, 'Capital Budgeting Decisions ', 'URL', '66b5fa34d3a7c_edfdagfhgdjgdyh.mp4', '664de3366a4e6_Capital_Budgeting_Decisions.pdf ', 'ACTIVE', '2024-05-22 12:21:10.000000', NULL),
(519, 15, 46, 277, 307, 355, 'Test Topic ', 'UPLOAD', '66b5fa34d3a7c_edfdagfhgdjgdyh.mp4', '66b368d1663d9_Sample 123.pdf', 'ACTIVE', '2024-08-07 12:30:09.000000', NULL),
(520, 15, 46, 286, 317, 368, 'Accounting Equation 1 ', 'UPLOAD', '66b5fa34d3a7c_edfdagfhgdjgdyh.mp4', '66b4a39d568ea_Sample 123.pdf', 'ACTIVE', '2024-08-08 10:53:17.000000', NULL),
(521, 15, 46, 286, 317, 369, 'Financial Mathematics 1 ', 'UPLOAD', '66b5fa34d3a7c_edfdagfhgdjgdyh.mp4', '66b4a4619d472_Sample 123.pdf', 'ACTIVE', '2024-08-08 10:56:33.000000', NULL),
(522, 15, 46, 277, 307, 355, 'Test 2  ', 'UPLOAD', '66b5fa34d3a7c_edfdagfhgdjgdyh.mp4', '66b5dc7e9087b_Subjectwise Allocation (1).pdf', 'ACTIVE', '2024-08-09 09:08:14.000000', NULL),
(527, 15, 46, 286, 317, 368, 'Test 111 ', 'UPLOAD', '66b5fa34d3a7c_edfdagfhgdjgdyh.mp4', '66b5fa0badfe6_Sample 123.pdf', 'ACTIVE', '2024-08-09 11:14:19.000000', NULL),
(528, 15, 46, 286, 317, 369, 'Test 222 ', 'UPLOAD', '66b5fa34d3a7c_edfdagfhgdjgdyh.mp4', '66b5fa34d37db_Sample (1).pdf', 'ACTIVE', '2024-08-09 11:15:00.000000', NULL),
(530, 15, 46, 287, 318, 370, 'Accounting Equation 001 ', 'UPLOAD', '66c31a90e548d_ACCOUNTINGEQUATION.mp4', '66c31a90e4da0_Sample -pdf.pdf', 'ACTIVE', '2024-08-19 10:12:32.000000', NULL),
(531, 15, 46, 287, 318, 370, 'Financial Mathematics 001 ', 'UPLOAD', '66c31e4fde81e_FinancialMathematics.mp4', '66c31e4fde52d_Sample2-pdf.pdf', 'ACTIVE', '2024-08-19 10:28:31.000000', NULL),
(532, 15, 46, 287, 318, 370, ' Accounting Principles 001 ', 'UPLOAD', '66c31f60093d3_AccountingPrinciples.mp4', '66c31f6008e8b_Sample PDF.pdf', 'ACTIVE', '2024-08-19 10:33:04.000000', NULL),
(533, 15, 46, 287, 318, 370, ' Tax Accounting 001 ', 'UPLOAD', '66c3230a5b13d_TaxAccounting.mp4', '66c3230a5ad19_Sample 123.pdf', 'ACTIVE', '2024-08-19 10:48:42.000000', NULL);

-- --------------------------------------------------------

--
-- Table structure for table `uploads_tarbiya`
--

CREATE TABLE `uploads_tarbiya` (
  `id` int NOT NULL,
  `title` varchar(255) NOT NULL,
  `type` enum('document','video') NOT NULL,
  `file_path` varchar(255) NOT NULL
) ENGINE=InnoDB DEFAULT CHARSET=utf8mb4  ;

-- --------------------------------------------------------

--
-- Table structure for table `user_activities`
--

CREATE TABLE `user_activities` (
  `id` int NOT NULL,
  `user_id` int DEFAULT NULL,
  `activity_type` enum('login','logout') DEFAULT NULL,
  `activity_date` date DEFAULT NULL,
  `activity_time` time DEFAULT NULL
) ENGINE=InnoDB DEFAULT CHARSET=utf8mb4  ;

--
-- Dumping data for table `user_activities`
--

INSERT INTO `user_activities` (`id`, `user_id`, `activity_type`, `activity_date`, `activity_time`) VALUES
(2, 969, 'login', '2024-03-27', '08:42:27'),
(4, 969, 'login', '2024-03-27', '08:43:21'),
(5, 969, 'logout', '2024-03-27', '08:43:27'),
(6, 969, 'login', '2024-03-27', '09:17:13'),
(7, 969, 'logout', '2024-03-27', '09:17:54'),
(8, 969, 'login', '2024-03-27', '09:22:09'),
(9, 969, 'logout', '2024-03-27', '09:22:26'),
(10, 969, 'login', '2024-03-27', '09:22:29'),
(11, 969, 'logout', '2024-03-27', '09:23:13'),
(12, 969, 'login', '2024-03-27', '09:35:08'),
(13, 990, 'login', '2024-03-27', '09:53:47'),
(14, 990, 'logout', '2024-03-27', '10:03:12'),
(15, 969, 'logout', '2024-03-27', '10:54:59'),
(16, 969, 'login', '2024-03-27', '10:55:07'),
(17, 969, 'login', '2024-03-27', '11:19:25'),
(18, 969, 'login', '2024-03-27', '11:25:26'),
(19, 995, 'login', '2024-03-27', '11:27:08'),
(20, 972, 'logout', '2024-03-27', '12:08:56'),
(21, 972, 'login', '2024-03-27', '12:08:59'),
(22, 969, 'login', '2024-03-27', '12:11:38'),
(23, 972, 'logout', '2024-03-27', '12:28:26'),
(24, 972, 'logout', '2024-03-27', '12:31:52'),
(25, 969, 'login', '2024-03-28', '04:45:19'),
(26, 969, 'logout', '2024-03-28', '04:47:40'),
(27, 970, 'login', '2024-03-28', '04:47:45'),
(28, 970, 'logout', '2024-03-28', '04:49:36'),
(29, 972, 'login', '2024-03-28', '04:49:42'),
(30, 972, 'logout', '2024-03-28', '05:00:09'),
(31, 969, 'login', '2024-03-28', '05:00:16'),
(32, 969, 'logout', '2024-03-28', '05:00:23'),
(33, 972, 'logout', '2024-03-28', '05:01:45'),
(34, 969, 'login', '2024-03-28', '05:01:54'),
(35, 969, 'login', '2024-03-28', '05:43:05'),
(36, 969, 'logout', '2024-03-28', '05:58:32'),
(37, 970, 'login', '2024-03-28', '05:58:38'),
(38, 970, 'logout', '2024-03-28', '06:01:54'),
(39, 970, 'login', '2024-03-28', '06:01:57'),
(40, 970, 'logout', '2024-03-28', '06:02:30'),
(41, 970, 'login', '2024-03-28', '06:02:34'),
(42, 970, 'logout', '2024-03-28', '06:07:56'),
(43, 970, 'login', '2024-03-28', '06:07:58'),
(44, 970, 'logout', '2024-03-28', '06:08:15'),
(45, 970, 'login', '2024-03-28', '06:08:21'),
(46, 970, 'logout', '2024-03-28', '06:13:11'),
(47, 970, 'login', '2024-03-28', '06:13:13'),
(48, 970, 'logout', '2024-03-28', '06:13:39'),
(49, 969, 'login', '2024-03-28', '06:13:46'),
(50, 969, 'logout', '2024-03-28', '06:30:27'),
(53, 969, 'login', '2024-03-28', '06:33:16'),
(54, 972, 'login', '2024-03-28', '06:53:08'),
(56, 969, 'login', '2024-03-28', '07:20:15'),
(57, 969, 'login', '2024-03-28', '07:25:01'),
(58, 969, 'login', '2024-03-28', '07:35:22'),
(59, 972, 'login', '2024-03-28', '08:04:13'),
(60, 972, 'login', '2024-03-28', '08:04:37'),
(62, 969, 'login', '2024-03-28', '09:50:18'),
(64, 974, 'logout', '2024-03-28', '10:12:55'),
(65, 976, 'login', '2024-03-28', '10:13:09'),
(66, 976, 'logout', '2024-03-28', '10:14:58'),
(67, 969, 'login', '2024-03-28', '10:25:13'),
(68, 986, 'logout', '2024-03-28', '10:27:08'),
(69, 986, 'login', '2024-03-28', '10:27:20'),
(71, 986, 'login', '2024-03-28', '10:43:55'),
(72, 969, 'login', '2024-03-28', '11:10:35'),
(73, 969, 'login', '2024-03-28', '11:10:43'),
(74, 969, 'login', '2024-03-28', '11:12:39'),
(75, 969, 'login', '2024-03-28', '11:12:50'),
(76, 969, 'login', '2024-03-28', '11:23:55'),
(77, 972, 'logout', '2024-03-28', '11:27:42'),
(78, 972, 'login', '2024-03-28', '11:27:45'),
(79, 969, 'logout', '2024-03-28', '11:31:05'),
(80, 969, 'login', '2024-03-28', '11:31:13'),
(81, 974, 'logout', '2024-03-28', '11:43:16'),
(82, 972, 'logout', '2024-03-28', '11:55:01'),
(83, 972, 'login', '2024-03-28', '11:55:17'),
(84, 1000, 'login', '2024-03-28', '12:00:44'),
(85, 1000, 'login', '2024-03-28', '12:01:21'),
(86, 974, 'logout', '2024-03-28', '12:08:01'),
(87, 969, 'login', '2024-03-28', '12:08:04'),
(88, 1000, 'login', '2024-03-28', '12:08:38'),
(89, 969, 'login', '2024-03-28', '12:11:21'),
(90, 969, 'login', '2024-03-28', '12:12:03'),
(92, 984, 'logout', '2024-03-28', '12:13:52'),
(93, 984, 'login', '2024-03-28', '12:14:18'),
(94, 984, 'logout', '2024-03-28', '12:16:42'),
(95, 969, 'login', '2024-03-28', '12:21:29'),
(96, 969, 'logout', '2024-03-28', '12:21:45'),
(97, 969, 'login', '2024-03-28', '12:25:59'),
(98, 969, 'logout', '2024-03-28', '12:31:45'),
(99, 970, 'login', '2024-03-28', '14:55:24'),
(100, 184, 'login', '2024-03-28', '15:10:11'),
(101, 184, 'logout', '2024-03-28', '15:10:27'),
(102, 184, 'login', '2024-03-28', '15:11:08'),
(103, 184, 'logout', '2024-03-28', '15:12:12'),
(104, 970, 'login', '2024-03-28', '15:12:31'),
(105, 970, 'logout', '2024-03-28', '15:37:46'),
(106, 970, 'login', '2024-03-28', '15:40:13'),
(108, 969, 'login', '2024-03-29', '05:52:22'),
(109, 969, 'login', '2024-03-29', '06:19:22'),
(110, 969, 'login', '2024-03-29', '06:22:28'),
(111, 969, 'logout', '2024-03-29', '06:27:06'),
(112, 972, 'login', '2024-03-29', '06:28:41'),
(113, 969, 'login', '2024-03-29', '06:32:39'),
(114, 972, 'login', '2024-03-29', '06:33:40'),
(115, 969, 'login', '2024-03-29', '06:52:27'),
(117, 969, 'login', '2024-03-29', '06:54:58'),
(118, 969, 'login', '2024-03-29', '06:56:37'),
(119, 969, 'login', '2024-03-29', '07:11:40'),
(120, 972, 'logout', '2024-03-29', '07:34:49'),
(121, 972, 'login', '2024-03-29', '07:34:57'),
(122, 969, 'logout', '2024-03-29', '08:04:26'),
(123, 972, 'logout', '2024-03-29', '08:05:10'),
(124, 969, 'login', '2024-03-29', '08:05:16'),
(125, 972, 'logout', '2024-03-29', '08:17:06'),
(126, 969, 'login', '2024-03-29', '08:17:51'),
(128, 969, 'login', '2024-03-29', '08:41:23'),
(129, 969, 'login', '2024-03-29', '08:48:52'),
(130, 972, 'logout', '2024-03-29', '08:59:24'),
(131, 969, 'logout', '2024-03-29', '09:30:30'),
(132, 986, 'login', '2024-03-29', '09:33:42'),
(133, 969, 'login', '2024-03-29', '09:44:33'),
(134, 969, 'login', '2024-03-29', '09:58:44'),
(135, 969, 'logout', '2024-03-29', '10:01:55'),
(138, 972, 'login', '2024-03-29', '10:15:47'),
(139, 969, 'login', '2024-05-20', '13:20:45'),
(140, 969, 'login', '2024-05-20', '13:39:45'),
(141, 969, 'logout', '2024-05-20', '13:42:51'),
(142, 970, 'login', '2024-05-20', '13:42:56'),
(143, 970, 'logout', '2024-05-20', '13:43:37'),
(144, 969, 'login', '2024-05-20', '13:43:43'),
(145, 969, 'logout', '2024-05-20', '13:45:06'),
(146, 972, 'login', '2024-05-20', '13:45:18'),
(147, 972, 'login', '2024-05-20', '13:46:11'),
(148, 972, 'logout', '2024-05-20', '13:48:24'),
(149, 969, 'login', '2024-05-20', '13:48:30'),
(150, 969, 'login', '2024-05-20', '13:51:25'),
(151, 969, 'login', '2024-05-20', '14:05:25'),
(152, 969, 'login', '2024-05-20', '14:51:50'),
(154, 969, 'login', '2024-05-21', '06:19:22'),
(155, 969, 'logout', '2024-05-21', '06:19:40'),
(156, 972, 'login', '2024-05-21', '06:19:59'),
(157, 972, 'logout', '2024-05-21', '06:31:56'),
(158, 969, 'login', '2024-05-21', '06:32:02'),
(159, 969, 'logout', '2024-05-21', '06:40:10'),
(160, 969, 'login', '2024-05-21', '06:40:14'),
(161, 969, 'logout', '2024-05-21', '06:41:11'),
(162, 969, 'login', '2024-05-21', '06:43:16'),
(163, 969, 'logout', '2024-05-21', '06:45:12'),
(164, 969, 'login', '2024-05-21', '06:45:22'),
(165, 969, 'login', '2024-05-21', '07:04:31'),
(166, 969, 'login', '2024-05-21', '07:32:44'),
(167, 969, 'login', '2024-05-21', '08:23:42'),
(168, 969, 'logout', '2024-05-21', '08:49:18'),
(169, 969, 'login', '2024-05-21', '08:49:26'),
(170, 969, 'login', '2024-05-21', '08:49:30'),
(171, 969, 'logout', '2024-05-21', '08:52:26'),
(172, 969, 'login', '2024-05-21', '08:52:35'),
(173, 974, 'login', '2024-05-21', '08:55:02'),
(174, 969, 'logout', '2024-05-21', '09:00:42'),
(175, 969, 'login', '2024-05-21', '09:00:47'),
(176, 969, 'logout', '2024-05-21', '09:01:07'),
(177, 974, 'login', '2024-05-21', '09:01:13'),
(178, 974, 'logout', '2024-05-21', '09:06:04'),
(179, 969, 'login', '2024-05-21', '09:06:10'),
(180, 969, 'logout', '2024-05-21', '09:49:02'),
(181, 969, 'login', '2024-05-21', '09:49:08'),
(182, 969, 'logout', '2024-05-21', '09:49:21'),
(183, 972, 'login', '2024-05-21', '09:49:28'),
(187, 969, 'login', '2024-05-21', '09:53:55'),
(188, 969, 'logout', '2024-05-21', '09:55:06'),
(189, 972, 'login', '2024-05-21', '09:55:19'),
(190, 969, 'login', '2024-05-21', '09:57:00'),
(191, 972, 'logout', '2024-05-21', '09:59:59'),
(192, 974, 'login', '2024-05-21', '10:12:28'),
(193, 974, 'logout', '2024-05-21', '10:12:32'),
(194, 974, 'login', '2024-05-21', '10:12:45'),
(195, 974, 'logout', '2024-05-21', '10:12:54'),
(196, 969, 'login', '2024-05-21', '10:21:21'),
(197, 969, 'login', '2024-05-21', '10:35:44'),
(198, 972, 'logout', '2024-05-21', '10:37:35'),
(199, 969, 'login', '2024-05-21', '10:37:39'),
(200, 969, 'login', '2024-05-21', '10:41:26'),
(201, 969, 'logout', '2024-05-21', '10:46:02'),
(202, 969, 'logout', '2024-05-21', '10:46:23'),
(203, 969, 'login', '2024-05-21', '10:46:25'),
(204, 969, 'logout', '2024-05-21', '10:54:00'),
(205, 969, 'login', '2024-05-21', '10:55:28'),
(206, 1038, 'login', '2024-05-21', '11:05:53'),
(207, 969, 'login', '2024-05-21', '11:52:30'),
(208, 969, 'login', '2024-05-21', '11:54:03'),
(209, 969, 'login', '2024-05-21', '12:17:00'),
(210, 1038, 'login', '2024-05-21', '12:19:44'),
(211, 969, 'logout', '2024-05-21', '12:33:54'),
(212, 184, 'login', '2024-05-21', '12:34:02'),
(213, 184, 'logout', '2024-05-21', '12:34:34'),
(214, 969, 'login', '2024-05-21', '12:34:38'),
(215, 969, 'login', '2024-05-21', '12:43:41'),
(216, 969, 'login', '2024-05-21', '13:34:53'),
(217, 969, 'login', '2024-05-21', '13:46:12'),
(218, 969, 'login', '2024-05-22', '05:27:37'),
(219, 969, 'login', '2024-05-22', '05:43:09'),
(220, 969, 'login', '2024-05-22', '06:35:58'),
(221, 969, 'login', '2024-05-22', '06:56:37'),
(222, 969, 'logout', '2024-05-22', '07:08:52'),
(223, 970, 'login', '2024-05-22', '07:09:24'),
(224, 984, 'login', '2024-05-22', '07:35:40'),
(225, 984, 'logout', '2024-05-22', '07:55:01'),
(226, 984, 'login', '2024-05-22', '08:03:29'),
(227, 984, 'logout', '2024-05-22', '08:04:00'),
(228, 972, 'login', '2024-05-22', '08:04:24'),
(229, 972, 'logout', '2024-05-22', '08:06:57'),
(230, 974, 'login', '2024-05-22', '08:07:08'),
(231, 974, 'logout', '2024-05-22', '08:24:27'),
(232, 969, 'login', '2024-05-22', '09:18:09'),
(233, 969, 'login', '2024-05-22', '09:21:21'),
(234, 974, 'login', '2024-05-22', '09:27:58'),
(235, 974, 'logout', '2024-05-22', '09:30:45'),
(236, 970, 'login', '2024-05-22', '09:30:52'),
(237, 969, 'login', '2024-05-22', '11:14:36'),
(242, 970, 'login', '2024-05-22', '11:29:47'),
(243, 970, 'login', '2024-05-22', '11:39:12'),
(244, 970, 'logout', '2024-05-22', '11:41:05'),
(245, 973, 'login', '2024-05-22', '11:45:01'),
(246, 973, 'logout', '2024-05-22', '11:53:32'),
(247, 970, 'login', '2024-05-22', '11:53:40'),
(248, 970, 'logout', '2024-05-22', '12:01:32'),
(249, 973, 'login', '2024-05-22', '12:01:44'),
(250, 973, 'logout', '2024-05-22', '12:21:13'),
(251, 970, 'login', '2024-05-22', '12:21:23'),
(252, 970, 'logout', '2024-05-22', '12:22:37'),
(253, 973, 'login', '2024-05-22', '12:22:53'),
(254, 973, 'logout', '2024-05-22', '12:24:06'),
(255, 970, 'login', '2024-05-22', '12:24:16'),
(256, 970, 'logout', '2024-05-22', '12:25:17'),
(257, 973, 'login', '2024-05-22', '12:25:25'),
(258, 973, 'logout', '2024-05-22', '12:27:25'),
(259, 970, 'login', '2024-05-22', '12:27:36'),
(260, 969, 'logout', '2024-05-22', '12:28:15'),
(261, 973, 'login', '2024-05-22', '12:28:28'),
(262, 973, 'logout', '2024-05-22', '12:30:26'),
(263, 969, 'login', '2024-05-22', '12:30:33'),
(264, 969, 'logout', '2024-05-22', '12:43:18'),
(265, 972, 'login', '2024-05-22', '12:43:26'),
(266, 972, 'logout', '2024-05-22', '12:43:47'),
(267, 969, 'login', '2024-05-22', '12:44:20'),
(268, 969, 'logout', '2024-05-22', '12:44:32'),
(269, 974, 'login', '2024-05-22', '12:44:43'),
(270, 974, 'logout', '2024-05-22', '13:09:39'),
(271, 969, 'login', '2024-05-22', '13:09:45'),
(272, 970, 'login', '2024-05-22', '13:56:08'),
(273, 970, 'login', '2024-05-22', '13:56:23'),
(274, 970, 'logout', '2024-05-22', '13:56:59'),
(275, 969, 'login', '2024-05-22', '13:57:09'),
(276, 969, 'login', '2024-05-22', '14:47:30'),
(278, 969, 'login', '2024-05-23', '04:56:23'),
(279, 969, 'login', '2024-05-23', '06:17:14'),
(280, 969, 'login', '2024-05-23', '06:39:38'),
(281, 969, 'login', '2024-05-23', '07:11:47'),
(282, 969, 'login', '2024-05-23', '08:40:06'),
(283, 969, 'login', '2024-05-23', '08:45:48'),
(284, 972, 'login', '2024-05-23', '08:47:29'),
(285, 970, 'login', '2024-05-23', '08:49:51'),
(286, 972, 'logout', '2024-05-23', '09:02:45'),
(287, 984, 'login', '2024-05-23', '09:03:05'),
(288, 984, 'logout', '2024-05-23', '09:04:20'),
(289, 974, 'login', '2024-05-23', '09:04:41'),
(290, 969, 'login', '2024-05-23', '09:30:03'),
(293, 974, 'login', '2024-05-23', '09:55:08'),
(294, 974, 'logout', '2024-05-23', '10:10:24'),
(295, 969, 'logout', '2024-05-23', '10:29:12'),
(296, 969, 'login', '2024-05-23', '10:46:44'),
(297, 972, 'login', '2024-05-23', '13:14:24'),
(298, 969, 'login', '2024-05-23', '13:24:24'),
(299, 972, 'logout', '2024-05-23', '14:07:22'),
(300, 972, 'login', '2024-05-23', '14:07:31'),
(301, 972, 'login', '2024-05-23', '14:57:46'),
(302, 972, 'logout', '2024-05-23', '14:59:21'),
(303, 972, 'login', '2024-05-23', '14:59:30'),
(304, 972, 'logout', '2024-05-23', '15:00:02'),
(305, 969, 'login', '2024-05-23', '15:00:11'),
(306, 969, 'logout', '2024-05-23', '15:01:43'),
(307, 969, 'login', '2024-05-24', '07:14:10'),
(308, 969, 'logout', '2024-05-24', '07:14:30'),
(309, 969, 'login', '2024-05-24', '07:14:40'),
(310, 969, 'logout', '2024-05-24', '07:15:49'),
(311, 970, 'login', '2024-05-24', '07:15:54'),
(312, 969, 'login', '2024-05-24', '07:32:52'),
(313, 969, 'logout', '2024-05-24', '07:51:19'),
(314, 969, 'login', '2024-05-24', '07:54:37'),
(315, 974, 'login', '2024-05-24', '07:56:48'),
(316, 974, 'logout', '2024-05-24', '08:02:20'),
(317, 969, 'logout', '2024-05-24', '08:13:26'),
(318, 974, 'login', '2024-05-24', '08:13:37'),
(319, 974, 'logout', '2024-05-24', '08:59:43'),
(322, 969, 'login', '2024-05-24', '11:34:41'),
(323, 974, 'login', '2024-05-24', '11:35:57'),
(324, 974, 'logout', '2024-05-24', '11:53:33'),
(325, 974, 'login', '2024-05-24', '12:42:28'),
(326, 969, 'login', '2024-05-24', '12:42:48'),
(327, 970, 'login', '2024-05-24', '12:43:32'),
(328, 974, 'logout', '2024-05-24', '13:22:08'),
(329, 969, 'login', '2024-05-24', '13:25:22'),
(330, 969, 'logout', '2024-05-24', '13:30:41'),
(331, 1039, 'login', '2024-05-24', '13:35:23'),
(332, 969, 'login', '2024-05-24', '13:40:38'),
(335, 969, 'login', '2024-05-25', '08:22:33'),
(336, 969, 'logout', '2024-05-25', '08:23:29'),
(337, 972, 'login', '2024-05-25', '08:23:35'),
(338, 972, 'logout', '2024-05-25', '08:38:23'),
(339, 969, 'login', '2024-05-25', '08:38:26'),
(340, 969, 'logout', '2024-05-25', '08:44:36'),
(341, 969, 'login', '2024-05-25', '08:45:02'),
(342, 969, 'logout', '2024-05-25', '08:45:19'),
(343, 972, 'login', '2024-05-25', '08:45:28'),
(344, 972, 'logout', '2024-05-25', '08:47:54'),
(345, 184, 'login', '2024-05-25', '08:48:21'),
(346, 184, 'logout', '2024-05-25', '08:55:50'),
(347, 969, 'login', '2024-05-25', '08:55:58'),
(348, 969, 'logout', '2024-05-25', '08:59:31'),
(349, 969, 'login', '2024-05-25', '08:59:47'),
(350, 972, 'login', '2024-05-25', '09:00:33'),
(351, 972, 'logout', '2024-05-25', '09:11:43'),
(352, 969, 'login', '2024-05-25', '09:12:04'),
(353, 969, 'logout', '2024-05-25', '09:26:06'),
(354, 969, 'login', '2024-05-25', '09:30:05'),
(355, 969, 'logout', '2024-05-25', '10:01:10'),
(356, 972, 'login', '2024-05-25', '10:01:15'),
(357, 972, 'logout', '2024-05-25', '10:01:25'),
(358, 969, 'login', '2024-05-25', '10:04:01'),
(359, 969, 'login', '2024-05-25', '10:22:07'),
(360, 969, 'login', '2024-05-25', '11:48:05'),
(361, 969, 'logout', '2024-05-25', '11:50:27'),
(362, 972, 'login', '2024-05-25', '11:50:38'),
(363, 972, 'logout', '2024-05-25', '11:52:42'),
(364, 969, 'login', '2024-05-25', '11:52:46'),
(365, 969, 'login', '2024-05-25', '11:55:30'),
(366, 969, 'logout', '2024-05-25', '12:25:54'),
(367, 969, 'login', '2024-05-25', '12:31:20'),
(368, 969, 'login', '2024-05-25', '13:18:32'),
(369, 969, 'login', '2024-05-25', '14:46:58'),
(370, 969, 'login', '2024-05-27', '07:27:05'),
(371, 969, 'login', '2024-05-27', '13:46:05'),
(372, 969, 'login', '2024-05-27', '13:46:44'),
(373, 969, 'logout', '2024-05-27', '13:47:34'),
(374, 969, 'logout', '2024-05-27', '13:56:43'),
(375, 969, 'login', '2024-05-27', '13:56:53'),
(376, 969, 'logout', '2024-05-27', '13:59:00'),
(377, 1040, 'login', '2024-05-27', '13:59:06'),
(378, 969, 'login', '2024-05-27', '14:02:52'),
(379, 1040, 'logout', '2024-05-27', '14:28:55'),
(380, 1042, 'login', '2024-05-27', '14:31:10'),
(381, 969, 'logout', '2024-05-27', '14:31:54'),
(382, 1040, 'login', '2024-05-27', '14:31:59'),
(383, 970, 'login', '2024-05-27', '15:39:45'),
(384, 969, 'login', '2024-05-27', '15:45:52'),
(385, 1040, 'login', '2024-05-27', '15:46:44'),
(386, 1040, 'login', '2024-05-28', '06:27:37'),
(387, 1040, 'logout', '2024-05-28', '06:47:06'),
(388, 969, 'login', '2024-05-29', '13:55:43'),
(389, 969, 'logout', '2024-05-29', '14:27:31'),
(390, 974, 'login', '2024-05-29', '14:27:38'),
(391, 974, 'logout', '2024-05-29', '14:28:21'),
(392, 974, 'login', '2024-05-29', '14:29:38'),
(393, 974, 'logout', '2024-05-29', '14:32:01'),
(394, 969, 'login', '2024-05-29', '14:32:07'),
(395, 969, 'logout', '2024-05-29', '14:32:34'),
(396, 974, 'login', '2024-05-29', '14:32:42'),
(397, 974, 'logout', '2024-05-29', '14:34:11'),
(398, 969, 'login', '2024-05-29', '14:34:15'),
(399, 969, 'logout', '2024-05-29', '14:36:25'),
(400, 974, 'login', '2024-05-29', '14:36:32'),
(401, 974, 'login', '2024-05-29', '15:18:39'),
(402, 969, 'login', '2024-05-30', '06:08:10'),
(403, 969, 'logout', '2024-05-30', '06:09:25'),
(404, 969, 'login', '2024-05-30', '06:09:39'),
(405, 969, 'logout', '2024-05-30', '06:10:04'),
(406, 974, 'login', '2024-05-30', '06:10:10'),
(407, 974, 'logout', '2024-05-30', '06:10:53'),
(408, 969, 'login', '2024-05-30', '06:10:57'),
(409, 969, 'logout', '2024-05-30', '06:13:41'),
(410, 974, 'login', '2024-05-30', '06:13:54'),
(411, 974, 'logout', '2024-05-30', '06:42:16'),
(412, 184, 'login', '2024-05-30', '06:42:24'),
(413, 969, 'login', '2024-05-31', '09:28:36'),
(414, 969, 'logout', '2024-05-31', '09:30:50'),
(415, 974, 'login', '2024-05-31', '09:33:31'),
(416, 974, 'login', '2024-05-31', '09:33:34'),
(417, 974, 'logout', '2024-05-31', '09:34:03'),
(418, 969, 'login', '2024-05-31', '09:34:11'),
(419, 969, 'logout', '2024-05-31', '09:35:48'),
(420, 974, 'login', '2024-05-31', '09:35:56'),
(421, 974, 'logout', '2024-05-31', '09:52:10'),
(422, 969, 'login', '2024-05-31', '09:52:19'),
(423, 974, 'logout', '2024-05-31', '09:52:20'),
(424, 1043, 'login', '2024-05-31', '10:04:16'),
(425, 1043, 'login', '2024-05-31', '10:30:45'),
(426, 1043, 'logout', '2024-05-31', '10:30:58'),
(427, 969, 'login', '2024-05-31', '10:37:15'),
(428, 969, 'login', '2024-05-31', '10:47:13'),
(429, 969, 'logout', '2024-05-31', '12:02:06'),
(430, 969, 'login', '2024-05-31', '12:03:13'),
(431, 969, 'login', '2024-05-31', '13:09:21'),
(432, 969, 'login', '2024-06-03', '08:21:55'),
(433, 969, 'logout', '2024-06-03', '08:22:14'),
(434, 969, 'login', '2024-06-03', '08:55:00'),
(435, 969, 'logout', '2024-06-03', '08:55:33'),
(436, 972, 'login', '2024-06-03', '08:55:40'),
(437, 972, 'logout', '2024-06-03', '09:48:29'),
(438, 972, 'login', '2024-06-03', '09:48:31'),
(439, 969, 'login', '2024-06-03', '09:48:47'),
(440, 969, 'logout', '2024-06-03', '09:50:19'),
(441, 1043, 'login', '2024-06-03', '09:50:26'),
(442, 972, 'logout', '2024-06-03', '09:52:31'),
(443, 1043, 'logout', '2024-06-03', '10:08:09'),
(444, 969, 'login', '2024-06-03', '10:08:43'),
(445, 969, 'logout', '2024-06-03', '10:12:25'),
(446, 1042, 'login', '2024-06-03', '10:12:32'),
(447, 1042, 'logout', '2024-06-03', '10:20:57'),
(448, 969, 'login', '2024-06-03', '10:21:06'),
(449, 969, 'logout', '2024-06-03', '10:26:02'),
(450, 1042, 'login', '2024-06-03', '10:26:11'),
(451, 1042, 'logout', '2024-06-03', '10:41:37'),
(452, 969, 'login', '2024-06-03', '10:41:53'),
(453, 969, 'login', '2024-06-04', '13:19:54'),
(454, 969, 'logout', '2024-06-04', '13:21:13'),
(455, 974, 'login', '2024-06-04', '13:21:18'),
(456, 974, 'logout', '2024-06-04', '13:21:38'),
(457, 969, 'login', '2024-06-04', '13:21:48'),
(458, 969, 'logout', '2024-06-04', '13:23:48'),
(459, 974, 'login', '2024-06-04', '13:23:54'),
(460, 974, 'logout', '2024-06-04', '13:34:34'),
(461, 972, 'login', '2024-06-04', '13:35:02'),
(462, 972, 'logout', '2024-06-04', '13:36:09'),
(463, 974, 'login', '2024-06-04', '13:36:24'),
(464, 974, 'logout', '2024-06-04', '13:38:46'),
(465, 969, 'login', '2024-06-04', '13:38:51'),
(466, 969, 'logout', '2024-06-04', '13:40:01'),
(467, 974, 'login', '2024-06-04', '13:40:05'),
(468, 974, 'logout', '2024-06-04', '13:40:29'),
(469, 969, 'login', '2024-06-04', '13:40:37'),
(470, 969, 'logout', '2024-06-04', '13:43:10'),
(471, 974, 'login', '2024-06-04', '13:43:18'),
(472, 974, 'logout', '2024-06-04', '13:44:53'),
(473, 969, 'login', '2024-06-04', '13:44:59'),
(474, 969, 'logout', '2024-06-04', '13:56:47'),
(475, 974, 'login', '2024-06-04', '13:56:54'),
(477, 969, 'login', '2024-06-07', '11:54:50'),
(478, 969, 'login', '2024-06-07', '13:56:43'),
(479, 969, 'login', '2024-06-08', '07:05:50'),
(480, 969, 'login', '2024-06-08', '10:26:55'),
(481, 969, 'login', '2024-06-08', '12:18:24'),
(482, 969, 'login', '2024-06-10', '06:37:30'),
(483, 969, 'logout', '2024-06-10', '08:34:51'),
(484, 969, 'login', '2024-06-10', '08:34:54'),
(485, 969, 'login', '2024-06-10', '11:26:09'),
(486, 969, 'login', '2024-06-10', '12:17:54'),
(487, 969, 'login', '2024-06-12', '06:16:24'),
(488, 969, 'login', '2024-06-12', '09:18:11'),
(489, 969, 'login', '2024-06-12', '12:48:12'),
(490, 969, 'login', '2024-06-13', '06:09:50'),
(491, 969, 'login', '2024-06-13', '08:49:34'),
(492, 969, 'logout', '2024-06-13', '09:27:14'),
(493, 974, 'login', '2024-06-13', '09:27:20'),
(494, 974, 'logout', '2024-06-13', '09:29:03'),
(495, 969, 'login', '2024-06-13', '09:29:09'),
(496, 969, 'logout', '2024-06-13', '09:48:01'),
(497, 974, 'login', '2024-06-13', '09:48:08'),
(498, 974, 'logout', '2024-06-13', '09:48:34'),
(499, 969, 'login', '2024-06-13', '09:48:41'),
(500, 969, 'login', '2024-06-13', '11:15:27'),
(501, 969, 'logout', '2024-06-13', '11:17:04'),
(502, 969, 'login', '2024-06-13', '11:17:08'),
(503, 969, 'logout', '2024-06-13', '11:17:53'),
(504, 974, 'login', '2024-06-13', '11:18:02'),
(505, 974, 'logout', '2024-06-13', '11:21:40'),
(506, 969, 'login', '2024-06-13', '11:21:50'),
(507, 969, 'login', '2024-06-13', '13:16:31'),
(508, 969, 'login', '2024-06-14', '06:53:41'),
(509, 969, 'logout', '2024-06-14', '06:56:25'),
(510, 969, 'login', '2024-06-14', '06:56:38'),
(511, 969, 'logout', '2024-06-14', '06:57:18'),
(512, 974, 'login', '2024-06-14', '06:57:26'),
(513, 974, 'logout', '2024-06-14', '07:22:58'),
(514, 969, 'login', '2024-06-14', '07:23:07'),
(515, 969, 'logout', '2024-06-14', '07:24:11'),
(516, 1044, 'login', '2024-06-14', '07:43:56'),
(517, 969, 'login', '2024-06-14', '07:49:14'),
(518, 1044, 'logout', '2024-06-14', '08:03:48'),
(519, 1044, 'login', '2024-06-14', '09:59:07'),
(520, 1044, 'logout', '2024-06-14', '10:18:43'),
(521, 974, 'login', '2024-06-14', '10:18:49'),
(522, 969, 'login', '2024-06-14', '10:22:44'),
(523, 974, 'logout', '2024-06-14', '11:24:55'),
(524, 974, 'login', '2024-06-14', '11:25:04'),
(525, 969, 'login', '2024-06-21', '05:47:22'),
(526, 969, 'login', '2024-06-21', '06:42:32'),
(527, 969, 'logout', '2024-06-21', '10:29:59'),
(528, 969, 'login', '2024-06-22', '10:01:33'),
(529, 969, 'login', '2024-06-24', '05:56:18'),
(530, 969, 'login', '2024-06-24', '08:14:29'),
(531, 969, 'login', '2024-06-24', '15:21:41'),
(532, 969, 'login', '2024-06-25', '06:51:34'),
(533, 969, 'login', '2024-06-25', '09:54:09'),
(534, 969, 'login', '2024-06-25', '15:02:47'),
(535, 969, 'login', '2024-06-26', '06:45:54'),
(536, 969, 'login', '2024-06-27', '08:42:26'),
(537, 1040, 'login', '2024-06-27', '09:05:43'),
(538, 1040, 'logout', '2024-06-27', '09:28:59'),
(539, 1045, 'login', '2024-06-27', '09:56:10'),
(540, 1045, 'logout', '2024-06-27', '10:20:49'),
(541, 184, 'login', '2024-06-27', '10:21:15'),
(542, 184, 'logout', '2024-06-27', '10:27:14'),
(543, 1045, 'login', '2024-06-27', '10:27:24'),
(544, 1045, 'logout', '2024-06-27', '10:30:13'),
(545, 184, 'login', '2024-06-27', '10:30:21'),
(546, 184, 'logout', '2024-06-27', '10:30:40'),
(547, 1045, 'login', '2024-06-27', '10:32:01'),
(548, 1045, 'login', '2024-06-27', '13:23:57'),
(549, 1045, 'login', '2024-06-27', '18:58:43'),
(550, 1045, 'login', '2024-06-27', '19:15:43'),
(551, 1045, 'login', '2024-06-28', '06:10:32'),
(552, 1045, 'logout', '2024-06-28', '07:01:36'),
(553, 1051, 'login', '2024-06-28', '07:01:39'),
(554, 1045, 'login', '2024-06-28', '07:05:02'),
(555, 1045, 'login', '2024-06-28', '08:58:06'),
(556, 1045, 'login', '2024-06-28', '09:05:14'),
(557, 1045, 'login', '2024-06-28', '09:06:37'),
(558, 1045, 'login', '2024-06-28', '09:17:03'),
(559, 1051, 'login', '2024-06-28', '09:21:21'),
(560, 1045, 'login', '2024-06-28', '09:55:06'),
(561, 1045, 'logout', '2024-06-28', '09:59:28'),
(562, 1052, 'login', '2024-06-28', '10:06:02'),
(563, 1052, 'logout', '2024-06-28', '10:07:14'),
(564, 1052, 'login', '2024-06-28', '10:07:33'),
(565, 1045, 'logout', '2024-06-28', '10:10:06'),
(566, 1052, 'login', '2024-06-28', '10:10:44'),
(567, 1051, 'logout', '2024-06-28', '10:31:49'),
(568, 1045, 'login', '2024-06-28', '10:31:57'),
(569, 1052, 'logout', '2024-06-28', '10:37:34'),
(570, 1045, 'login', '2024-06-28', '10:37:52'),
(571, 1052, 'login', '2024-06-28', '10:44:06'),
(572, 1045, 'logout', '2024-06-28', '10:47:46'),
(573, 1052, 'login', '2024-06-28', '10:48:04'),
(574, 1052, 'logout', '2024-06-28', '11:00:35'),
(575, 1045, 'login', '2024-06-28', '11:00:47'),
(576, 1053, 'login', '2024-06-28', '11:51:02'),
(578, 1045, 'login', '2024-06-28', '11:53:10'),
(579, 1045, 'logout', '2024-06-28', '12:12:54'),
(580, 1053, 'logout', '2024-06-28', '12:12:57'),
(581, 1053, 'login', '2024-06-28', '12:13:44'),
(582, 1053, 'logout', '2024-06-28', '12:15:36'),
(583, 1045, 'login', '2024-06-28', '12:16:03'),
(584, 1045, 'logout', '2024-06-28', '12:17:21'),
(585, 1053, 'login', '2024-06-28', '12:17:51'),
(586, 1053, 'login', '2024-06-28', '12:37:53'),
(587, 1053, 'logout', '2024-06-28', '12:58:50'),
(588, 184, 'login', '2024-06-28', '14:09:28'),
(589, 184, 'logout', '2024-06-28', '14:27:00'),
(590, 1045, 'login', '2024-06-29', '06:37:01'),
(591, 1045, 'logout', '2024-06-29', '06:52:16'),
(592, 1051, 'login', '2024-06-29', '06:52:26'),
(593, 1051, 'logout', '2024-06-29', '06:53:06'),
(594, 1052, 'login', '2024-06-29', '06:53:24'),
(595, 1052, 'logout', '2024-06-29', '06:53:40'),
(596, 1045, 'login', '2024-06-29', '06:53:43'),
(597, 1053, 'login', '2024-06-29', '06:53:55'),
(598, 1045, 'logout', '2024-06-29', '06:54:15'),
(599, 1053, 'logout', '2024-06-29', '06:54:23'),
(600, 1045, 'login', '2024-06-29', '06:54:33'),
(601, 1045, 'logout', '2024-06-29', '06:54:53'),
(602, 1053, 'login', '2024-06-29', '06:55:02'),
(603, 1053, 'logout', '2024-06-29', '06:56:14'),
(604, 1045, 'login', '2024-06-29', '06:56:51'),
(605, 1045, 'logout', '2024-06-29', '06:58:07'),
(606, 1046, 'login', '2024-06-29', '06:58:14'),
(607, 1046, 'login', '2024-06-29', '06:58:22'),
(608, 1046, 'logout', '2024-06-29', '06:59:42'),
(609, 1045, 'login', '2024-06-29', '06:59:51'),
(610, 1045, 'logout', '2024-06-29', '07:01:24'),
(611, 1051, 'login', '2024-06-29', '07:01:32'),
(612, 1046, 'logout', '2024-06-29', '07:02:34'),
(613, 1051, 'logout', '2024-06-29', '07:02:42'),
(614, 1045, 'login', '2024-06-29', '07:02:47'),
(615, 1051, 'login', '2024-06-29', '07:02:48'),
(616, 1046, 'login', '2024-06-29', '07:02:56'),
(617, 1046, 'logout', '2024-06-29', '07:04:00'),
(618, 1051, 'login', '2024-06-29', '07:04:10'),
(619, 1051, 'logout', '2024-06-29', '07:05:39'),
(620, 1051, 'logout', '2024-06-29', '07:07:44'),
(621, 1045, 'login', '2024-06-29', '07:07:58'),
(622, 1045, 'login', '2024-06-29', '07:08:08'),
(623, 1045, 'login', '2024-06-29', '07:48:48'),
(624, 969, 'login', '2024-06-29', '08:28:53'),
(625, 969, 'logout', '2024-06-29', '08:51:24'),
(626, 974, 'login', '2024-06-29', '08:51:35'),
(627, 974, 'logout', '2024-06-29', '08:52:17'),
(628, 969, 'login', '2024-06-29', '08:52:21'),
(629, 969, 'logout', '2024-06-29', '08:54:01'),
(630, 974, 'login', '2024-06-29', '08:54:21'),
(631, 1045, 'login', '2024-06-29', '08:59:09'),
(632, 974, 'logout', '2024-06-29', '09:10:00'),
(633, 1045, 'login', '2024-06-29', '10:21:08'),
(634, 1045, 'login', '2024-06-29', '16:22:04'),
(635, 969, 'login', '2024-07-01', '08:23:10'),
(636, 974, 'login', '2024-07-01', '08:26:27'),
(637, 974, 'logout', '2024-07-01', '08:27:33'),
(638, 969, 'login', '2024-07-01', '08:27:58'),
(639, 1042, 'login', '2024-07-01', '09:30:11'),
(640, 1042, 'logout', '2024-07-01', '09:30:15'),
(641, 969, 'login', '2024-07-01', '09:30:27'),
(642, 1045, 'login', '2024-07-01', '10:25:23'),
(643, 969, 'login', '2024-07-01', '12:47:56'),
(644, 969, 'logout', '2024-07-01', '13:09:38'),
(645, 974, 'login', '2024-07-01', '13:10:19'),
(646, 969, 'logout', '2024-07-01', '14:12:14'),
(647, 1045, 'login', '2024-07-01', '14:34:25'),
(648, 1045, 'logout', '2024-07-01', '14:35:20'),
(649, 184, 'login', '2024-07-01', '14:35:26'),
(650, 969, 'login', '2024-07-01', '14:51:53'),
(651, 969, 'logout', '2024-07-01', '15:09:55'),
(652, 969, 'login', '2024-07-01', '15:11:02'),
(653, 969, 'login', '2024-07-02', '07:48:38'),
(654, 974, 'login', '2024-07-02', '08:04:33'),
(655, 974, 'logout', '2024-07-02', '08:05:37'),
(656, 969, 'login', '2024-07-02', '08:05:48'),
(657, 969, 'logout', '2024-07-02', '08:07:03'),
(658, 974, 'login', '2024-07-02', '08:07:10'),
(659, 974, 'logout', '2024-07-02', '08:08:54'),
(660, 969, 'login', '2024-07-02', '08:09:02'),
(661, 969, 'logout', '2024-07-02', '08:31:21'),
(662, 969, 'login', '2024-07-02', '09:40:33'),
(663, 1045, 'login', '2024-07-02', '10:12:07'),
(664, 1045, 'login', '2024-07-02', '10:54:15'),
(665, 969, 'login', '2024-07-02', '10:59:19'),
(666, 1045, 'login', '2024-07-02', '11:50:03'),
(667, 969, 'login', '2024-07-02', '14:22:12'),
(668, 1045, 'login', '2024-07-02', '14:46:46'),
(669, 969, 'login', '2024-07-03', '08:15:27'),
(671, 969, 'login', '2024-07-03', '09:44:19'),
(672, 969, 'logout', '2024-07-03', '09:53:17'),
(673, 969, 'login', '2024-07-03', '11:34:43'),
(674, 969, 'logout', '2024-07-03', '12:06:08'),
(675, 969, 'login', '2024-07-03', '12:06:16'),
(676, 969, 'login', '2024-07-03', '14:45:04'),
(677, 969, 'login', '2024-07-04', '06:41:54'),
(678, 969, 'logout', '2024-07-04', '06:43:50'),
(679, 974, 'login', '2024-07-04', '06:43:56'),
(680, 974, 'logout', '2024-07-04', '06:44:06'),
(681, 969, 'login', '2024-07-04', '06:44:10'),
(682, 974, 'login', '2024-07-04', '11:05:42'),
(683, 974, 'logout', '2024-07-04', '11:06:13'),
(684, 969, 'login', '2024-07-04', '11:06:28'),
(685, 969, 'logout', '2024-07-04', '11:07:03'),
(686, 1044, 'login', '2024-07-04', '11:07:13'),
(687, 1044, 'logout', '2024-07-04', '11:08:01'),
(688, 969, 'login', '2024-07-04', '11:08:06'),
(689, 969, 'logout', '2024-07-04', '11:21:12'),
(690, 969, 'login', '2024-07-04', '11:21:32'),
(691, 969, 'logout', '2024-07-04', '11:22:17'),
(692, 969, 'login', '2024-07-04', '11:22:37'),
(693, 969, 'logout', '2024-07-04', '11:23:14'),
(694, 972, 'login', '2024-07-04', '11:23:24'),
(695, 969, 'login', '2024-07-04', '11:24:20'),
(696, 972, 'logout', '2024-07-04', '11:38:34'),
(697, 969, 'login', '2024-07-06', '11:36:59'),
(698, 969, 'login', '2024-07-06', '12:10:51'),
(699, 1045, 'login', '2024-07-06', '12:38:32'),
(700, 1042, 'login', '2024-07-06', '13:27:32'),
(701, 1042, 'logout', '2024-07-06', '13:45:18'),
(702, 969, 'login', '2024-07-08', '08:02:53'),
(703, 969, 'login', '2024-07-08', '09:25:21'),
(704, 969, 'login', '2024-07-08', '12:35:19'),
(705, 969, 'logout', '2024-07-08', '12:49:15'),
(706, 1045, 'login', '2024-07-08', '12:52:46'),
(707, 1045, 'logout', '2024-07-08', '13:37:23'),
(708, 969, 'login', '2024-07-08', '13:37:31'),
(709, 969, 'login', '2024-07-08', '13:37:38'),
(710, 970, 'login', '2024-07-08', '13:38:42'),
(711, 970, 'login', '2024-07-08', '13:38:48'),
(712, 969, 'login', '2024-07-08', '13:39:07'),
(713, 970, 'logout', '2024-07-08', '13:39:23'),
(714, 969, 'login', '2024-07-08', '13:39:29'),
(715, 969, 'logout', '2024-07-08', '13:39:45'),
(716, 984, 'login', '2024-07-08', '13:39:53'),
(717, 984, 'login', '2024-07-08', '13:41:06'),
(718, 984, 'logout', '2024-07-08', '13:52:51'),
(719, 1045, 'login', '2024-07-08', '13:53:02'),
(720, 969, 'login', '2024-07-08', '14:38:37'),
(721, 970, 'login', '2024-07-08', '14:39:12'),
(722, 969, 'logout', '2024-07-08', '14:44:41'),
(723, 969, 'login', '2024-07-08', '14:46:47'),
(724, 969, 'logout', '2024-07-08', '15:11:00'),
(725, 969, 'login', '2024-07-08', '15:11:05'),
(726, 984, 'login', '2024-07-08', '15:18:22'),
(727, 984, 'logout', '2024-07-08', '15:22:37'),
(728, 970, 'login', '2024-07-08', '15:22:51'),
(729, 970, 'logout', '2024-07-08', '15:25:23'),
(730, 984, 'login', '2024-07-08', '15:25:35'),
(731, 969, 'login', '2024-07-09', '07:26:45'),
(732, 969, 'logout', '2024-07-09', '07:27:40'),
(733, 969, 'login', '2024-07-09', '12:53:31'),
(734, 969, 'login', '2024-07-12', '07:41:16'),
(735, 969, 'login', '2024-07-12', '11:08:40'),
(736, 969, 'login', '2024-07-12', '12:23:15'),
(737, 969, 'login', '2024-07-13', '11:34:06'),
(738, 969, 'login', '2024-07-15', '07:07:42'),
(739, 969, 'login', '2024-07-15', '07:08:22'),
(740, 1045, 'login', '2024-07-15', '07:08:30'),
(741, 969, 'login', '2024-07-15', '07:56:32'),
(742, 1045, 'login', '2024-07-15', '08:43:48'),
(743, 969, 'login', '2024-07-15', '08:46:56'),
(744, 1045, 'login', '2024-07-15', '09:38:17'),
(745, 1045, 'logout', '2024-07-15', '09:38:46'),
(746, 1045, 'login', '2024-07-15', '13:40:36'),
(747, 1045, 'logout', '2024-07-15', '13:48:06'),
(748, 1045, 'login', '2024-07-15', '13:48:09'),
(749, 969, 'login', '2024-07-18', '05:41:02'),
(750, 1045, 'login', '2024-07-18', '06:26:25'),
(751, 1045, 'login', '2024-07-18', '07:11:36'),
(752, 969, 'login', '2024-07-18', '11:12:38'),
(753, 969, 'logout', '2024-07-18', '11:33:11'),
(754, 969, 'login', '2024-07-18', '13:24:59'),
(755, 972, 'login', '2024-07-27', '11:49:27'),
(756, 972, 'logout', '2024-07-27', '11:50:11'),
(757, 969, 'login', '2024-07-27', '11:50:18'),
(758, 969, 'login', '2024-07-29', '11:09:34'),
(759, 969, 'logout', '2024-07-29', '11:14:46'),
(760, 1045, 'login', '2024-08-01', '15:47:20'),
(761, 969, 'login', '2024-08-01', '15:48:13'),
(762, 969, 'login', '2024-08-02', '05:32:46'),
(763, 969, 'logout', '2024-08-02', '05:33:42'),
(764, 969, 'login', '2024-08-02', '05:33:58'),
(765, 969, 'login', '2024-08-02', '05:41:52'),
(766, 969, 'logout', '2024-08-02', '05:49:01'),
(767, 969, 'login', '2024-08-02', '05:49:16'),
(768, 969, 'logout', '2024-08-02', '05:50:18'),
(769, 972, 'login', '2024-08-02', '05:50:26'),
(770, 972, 'logout', '2024-08-02', '05:51:33'),
(771, 969, 'login', '2024-08-02', '05:51:38'),
(772, 969, 'logout', '2024-08-02', '05:53:37'),
(773, 984, 'login', '2024-08-02', '05:53:43'),
(774, 984, 'logout', '2024-08-02', '05:54:38'),
(775, 984, 'login', '2024-08-02', '05:54:45'),
(776, 984, 'logout', '2024-08-02', '05:55:10'),
(777, 969, 'login', '2024-08-02', '05:55:15'),
(778, 969, 'login', '2024-08-02', '07:11:40'),
(779, 1045, 'login', '2024-08-02', '07:19:40'),
(780, 969, 'logout', '2024-08-02', '07:28:18'),
(781, 1045, 'login', '2024-08-03', '08:31:12'),
(782, 969, 'login', '2024-08-03', '11:25:17'),
(783, 969, 'logout', '2024-08-03', '11:26:23'),
(784, 984, 'login', '2024-08-03', '11:29:36'),
(785, 969, 'login', '2024-08-03', '11:29:44'),
(786, 969, 'login', '2024-08-03', '12:22:12'),
(787, 969, 'login', '2024-08-03', '13:13:29'),
(788, 969, 'logout', '2024-08-03', '13:41:41'),
(789, 984, 'login', '2024-08-03', '13:42:57'),
(790, 984, 'login', '2024-08-03', '13:43:32'),
(791, 1045, 'login', '2024-08-06', '06:35:24'),
(792, 969, 'login', '2024-08-06', '06:35:36'),
(793, 969, 'logout', '2024-08-06', '06:43:52'),
(794, 984, 'login', '2024-08-06', '06:44:07'),
(795, 984, 'logout', '2024-08-06', '06:48:02'),
(796, 969, 'login', '2024-08-06', '06:50:47'),
(797, 969, 'logout', '2024-08-06', '06:51:42'),
(798, 969, 'login', '2024-08-06', '07:09:39'),
(799, 969, 'login', '2024-08-06', '07:13:50'),
(800, 969, 'logout', '2024-08-06', '07:14:07'),
(801, 972, 'login', '2024-08-06', '07:14:12'),
(802, 969, 'login', '2024-08-06', '13:24:16'),
(803, 969, 'logout', '2024-08-06', '13:25:52'),
(804, 970, 'login', '2024-08-06', '13:25:57'),
(805, 970, 'logout', '2024-08-06', '13:59:47'),
(806, 969, 'login', '2024-08-06', '14:00:00'),
(807, 969, 'logout', '2024-08-06', '14:00:47'),
(808, 969, 'login', '2024-08-06', '14:00:52'),
(809, 969, 'logout', '2024-08-06', '14:01:15'),
(810, 984, 'login', '2024-08-06', '14:01:32'),
(811, 984, 'logout', '2024-08-06', '14:03:11'),
(812, 969, 'login', '2024-08-06', '14:03:17'),
(813, 969, 'logout', '2024-08-06', '14:07:19'),
(814, 984, 'login', '2024-08-06', '14:07:27'),
(815, 984, 'logout', '2024-08-06', '14:09:13'),
(816, 969, 'login', '2024-08-06', '14:09:20'),
(817, 969, 'login', '2024-08-07', '05:28:19'),
(818, 969, 'login', '2024-08-07', '06:18:14'),
(819, 972, 'login', '2024-08-07', '06:27:59'),
(820, 972, 'logout', '2024-08-07', '06:28:13'),
(821, 969, 'logout', '2024-08-07', '06:37:09'),
(822, 969, 'login', '2024-08-07', '06:38:28'),
(823, 969, 'login', '2024-08-07', '06:40:07'),
(824, 969, 'login', '2024-08-07', '06:40:17'),
(825, 969, 'login', '2024-08-07', '07:11:42'),
(826, 969, 'login', '2024-08-07', '07:26:34'),
(827, 969, 'logout', '2024-08-07', '07:31:10'),
(828, 1043, 'login', '2024-08-07', '07:31:54'),
(829, 1043, 'logout', '2024-08-07', '07:38:06'),
(830, 1043, 'login', '2024-08-07', '07:38:17'),
(831, 969, 'login', '2024-08-07', '07:54:01'),
(832, 969, 'login', '2024-08-07', '08:13:38'),
(833, 1043, 'logout', '2024-08-07', '08:23:09'),
(834, 1043, 'login', '2024-08-07', '08:23:27'),
(835, 1043, 'logout', '2024-08-07', '09:21:14'),
(836, 1043, 'login', '2024-08-07', '09:21:19'),
(837, 969, 'logout', '2024-08-07', '09:29:55'),
(838, 969, 'login', '2024-08-07', '09:29:58'),
(839, 969, 'login', '2024-08-07', '10:27:06'),
(840, 1043, 'login', '2024-08-07', '10:30:06'),
(841, 1043, 'logout', '2024-08-07', '10:55:41'),
(842, 1043, 'login', '2024-08-07', '10:55:56'),
(843, 969, 'login', '2024-08-07', '12:14:42'),
(844, 1043, 'logout', '2024-08-07', '13:02:16'),
(845, 1043, 'login', '2024-08-07', '13:02:46'),
(846, 969, 'login', '2024-08-07', '13:24:30'),
(847, 969, 'logout', '2024-08-07', '13:25:21'),
(848, 972, 'login', '2024-08-07', '13:25:27'),
(849, 969, 'login', '2024-08-07', '13:35:59'),
(850, 972, 'logout', '2024-08-07', '13:42:39'),
(851, 969, 'login', '2024-08-07', '13:42:57'),
(852, 969, 'login', '2024-08-07', '13:44:32'),
(853, 969, 'logout', '2024-08-07', '14:08:02'),
(854, 969, 'logout', '2024-08-07', '14:08:45'),
(855, 984, 'login', '2024-08-07', '14:09:52'),
(856, 969, 'login', '2024-08-07', '14:10:14'),
(857, 1043, 'login', '2024-08-07', '14:19:56'),
(858, 969, 'login', '2024-08-07', '14:27:28'),
(859, 969, 'login', '2024-08-07', '14:33:57'),
(860, 1043, 'login', '2024-08-07', '14:40:57'),
(861, 984, 'logout', '2024-08-07', '15:16:17'),
(862, 1043, 'login', '2024-08-08', '07:00:33'),
(863, 1043, 'logout', '2024-08-08', '07:20:19'),
(864, 984, 'login', '2024-08-08', '08:28:06'),
(865, 984, 'logout', '2024-08-08', '08:44:19'),
(866, 984, 'login', '2024-08-08', '08:45:58'),
(867, 969, 'login', '2024-08-08', '08:56:16'),
(868, 969, 'login', '2024-08-08', '09:02:38'),
(869, 1054, 'login', '2024-08-08', '09:05:00'),
(870, 984, 'logout', '2024-08-08', '09:24:34'),
(871, 1054, 'logout', '2024-08-08', '09:42:55'),
(872, 984, 'login', '2024-08-08', '09:45:32'),
(873, 1054, 'logout', '2024-08-08', '09:51:20'),
(874, 984, 'logout', '2024-08-08', '10:00:01'),
(875, 969, 'login', '2024-08-08', '10:00:27'),
(876, 969, 'login', '2024-08-08', '10:00:36'),
(877, 969, 'logout', '2024-08-08', '10:09:17'),
(878, 969, 'logout', '2024-08-08', '10:13:01'),
(879, 969, 'login', '2024-08-08', '10:13:04'),
(880, 969, 'login', '2024-08-08', '10:14:53'),
(881, 969, 'login', '2024-08-08', '11:00:41'),
(882, 969, 'logout', '2024-08-08', '11:11:35'),
(883, 1043, 'login', '2024-08-08', '11:12:03'),
(884, 1043, 'logout', '2024-08-08', '11:43:39'),
(885, 969, 'login', '2024-08-08', '11:43:47'),
(886, 969, 'logout', '2024-08-08', '12:14:08'),
(887, 1043, 'login', '2024-08-08', '12:14:18'),
(888, 1043, 'logout', '2024-08-08', '12:38:24'),
(889, 1055, 'login', '2024-08-08', '12:42:20'),
(890, 1043, 'login', '2024-08-08', '14:00:14'),
(891, 1055, 'logout', '2024-08-08', '14:30:27'),
(892, 969, 'login', '2024-08-08', '14:36:02'),
(893, 969, 'login', '2024-08-08', '14:36:02'),
(894, 1043, 'login', '2024-08-08', '14:36:16'),
(895, 1043, 'login', '2024-08-08', '14:37:17'),
(896, 1055, 'login', '2024-08-08', '14:37:46'),
(897, 1043, 'login', '2024-08-09', '09:00:50'),
(898, 1043, 'logout', '2024-08-09', '09:05:54'),
(899, 969, 'login', '2024-08-09', '09:06:21'),
(900, 969, 'logout', '2024-08-09', '09:08:19'),
(901, 1043, 'login', '2024-08-09', '09:08:27'),
(902, 1043, 'login', '2024-08-09', '09:27:48'),
(903, 1043, 'login', '2024-08-09', '09:29:05'),
(904, 1043, 'login', '2024-08-09', '09:35:50'),
(905, 1043, 'logout', '2024-08-09', '09:48:08'),
(906, 1043, 'login', '2024-08-09', '10:06:29'),
(907, 1043, 'logout', '2024-08-09', '10:20:19'),
(908, 969, 'login', '2024-08-09', '10:20:31'),
(909, 1043, 'logout', '2024-08-09', '10:21:58'),
(910, 1043, 'login', '2024-08-09', '10:26:40'),
(911, 1043, 'login', '2024-08-09', '10:26:50'),
(912, 1043, 'logout', '2024-08-09', '10:31:16'),
(913, 969, 'login', '2024-08-09', '10:31:26'),
(914, 1043, 'logout', '2024-08-09', '10:34:18'),
(915, 1055, 'login', '2024-08-09', '10:41:11'),
(916, 969, 'logout', '2024-08-09', '10:41:22'),
(917, 969, 'login', '2024-08-09', '10:49:48'),
(918, 1055, 'logout', '2024-08-09', '10:50:33'),
(919, 1055, 'login', '2024-08-09', '10:50:55'),
(920, 969, 'logout', '2024-08-09', '10:51:36'),
(921, 1043, 'login', '2024-08-09', '10:51:43'),
(922, 1043, 'logout', '2024-08-09', '10:52:51'),
(923, 1055, 'login', '2024-08-09', '10:53:04'),
(924, 1055, 'logout', '2024-08-09', '11:18:09'),
(925, 1055, 'login', '2024-08-09', '11:43:51'),
(926, 1055, 'logout', '2024-08-09', '12:16:03'),
(927, 969, 'login', '2024-08-09', '12:16:19'),
(928, 969, 'login', '2024-08-09', '12:32:56'),
(929, 1055, 'login', '2024-08-09', '12:55:53'),
(930, 969, 'logout', '2024-08-09', '13:03:52'),
(931, 1055, 'login', '2024-08-09', '13:03:57'),
(932, 1055, 'logout', '2024-08-09', '13:10:13'),
(933, 969, 'login', '2024-08-09', '13:10:23'),
(934, 1055, 'logout', '2024-08-09', '13:13:59'),
(935, 969, 'logout', '2024-08-09', '13:15:53'),
(936, 1055, 'login', '2024-08-09', '13:15:58'),
(937, 1055, 'logout', '2024-08-09', '13:20:44'),
(938, 1055, 'login', '2024-08-09', '13:21:01'),
(939, 1055, 'logout', '2024-08-09', '13:23:47'),
(940, 969, 'login', '2024-08-09', '13:23:55'),
(941, 969, 'logout', '2024-08-09', '13:34:04'),
(942, 969, 'login', '2024-08-09', '13:34:12'),
(943, 969, 'logout', '2024-08-09', '13:34:48'),
(944, 1055, 'login', '2024-08-09', '13:34:53'),
(945, 1055, 'logout', '2024-08-09', '13:50:13'),
(946, 1055, 'login', '2024-08-09', '14:13:18'),
(947, 1055, 'logout', '2024-08-09', '14:24:13'),
(948, 1055, 'login', '2024-08-09', '14:24:25'),
(949, 1055, 'logout', '2024-08-09', '14:32:41'),
(950, 969, 'login', '2024-08-09', '14:32:53'),
(951, 1055, 'logout', '2024-08-09', '14:43:38'),
(952, 969, 'logout', '2024-08-09', '14:44:07'),
(953, 1055, 'login', '2024-08-09', '14:44:11'),
(954, 969, 'login', '2024-08-10', '07:37:37'),
(955, 1055, 'login', '2024-08-10', '07:38:29'),
(956, 1055, 'logout', '2024-08-10', '07:55:58'),
(957, 1055, 'logout', '2024-08-10', '12:29:09'),
(958, 1055, 'login', '2024-08-10', '12:49:06'),
(959, 969, 'login', '2024-08-10', '14:13:24'),
(960, 969, 'login', '2024-08-12', '07:27:51'),
(961, 969, 'login', '2024-08-12', '11:43:10'),
(962, 1055, 'login', '2024-08-12', '11:43:36'),
(963, 969, 'login', '2024-08-12', '11:54:20'),
(964, 1055, 'logout', '2024-08-12', '12:07:41'),
(965, 1055, 'login', '2024-08-12', '12:07:45'),
(966, 969, 'login', '2024-08-12', '12:44:33'),
(967, 1055, 'login', '2024-08-12', '12:47:02'),
(968, 1055, 'login', '2024-08-12', '12:49:16'),
(969, 969, 'login', '2024-08-12', '13:02:34'),
(970, 1055, 'login', '2024-08-12', '13:24:10'),
(971, 1055, 'logout', '2024-08-12', '13:26:29'),
(972, 969, 'login', '2024-08-12', '13:26:32'),
(973, 969, 'login', '2024-08-12', '13:31:53'),
(974, 1055, 'login', '2024-08-12', '13:31:57'),
(975, 1055, 'login', '2024-08-12', '13:32:59'),
(976, 1055, 'login', '2024-08-12', '13:34:02'),
(977, 1043, 'login', '2024-08-12', '13:35:20'),
(978, 969, 'login', '2024-08-12', '13:42:27'),
(979, 1043, 'logout', '2024-08-12', '13:53:44'),
(980, 1043, 'login', '2024-08-12', '13:57:15'),
(981, 1043, 'logout', '2024-08-12', '14:15:19'),
(982, 1043, 'login', '2024-08-12', '14:15:55'),
(983, 1055, 'login', '2024-08-12', '14:51:56'),
(984, 1055, 'logout', '2024-08-12', '14:59:56'),
(985, 1055, 'login', '2024-08-12', '15:01:53'),
(986, 969, 'login', '2024-08-12', '15:17:59'),
(987, 1043, 'logout', '2024-08-13', '05:44:51'),
(988, 1043, 'login', '2024-08-13', '05:45:08'),
(989, 1043, 'logout', '2024-08-13', '06:03:31'),
(990, 1054, 'logout', '2024-08-13', '07:31:52'),
(991, 1054, 'logout', '2024-08-13', '07:48:54'),
(992, 1054, 'logout', '2024-08-13', '07:52:52'),
(993, 1055, 'logout', '2024-08-13', '08:10:23'),
(994, 969, 'login', '2024-08-13', '15:12:23'),
(995, 969, 'logout', '2024-08-13', '15:16:31'),
(996, 1055, 'login', '2024-08-13', '15:19:34'),
(997, 969, 'login', '2024-08-13', '15:25:55'),
(998, 1055, 'logout', '2024-08-13', '15:47:55'),
(999, 1055, 'login', '2024-08-13', '15:48:17'),
(1000, 1055, 'login', '2024-08-13', '15:49:10'),
(1001, 1055, 'login', '2024-08-15', '10:13:04'),
(1002, 1055, 'logout', '2024-08-15', '10:18:14'),
(1003, 969, 'login', '2024-08-16', '07:05:20'),
(1004, 969, 'login', '2024-08-16', '14:31:00'),
(1005, 969, 'logout', '2024-08-16', '15:01:10'),
(1006, 984, 'login', '2024-08-16', '15:01:21'),
(1007, 969, 'login', '2024-08-16', '15:03:55'),
(1008, 1044, 'logout', '2024-08-16', '15:19:42'),
(1009, 969, 'login', '2024-08-18', '07:56:04'),
(1010, 969, 'login', '2024-08-18', '08:09:48'),
(1011, 969, 'login', '2024-08-18', '09:50:29'),
(1012, 974, 'login', '2024-08-18', '10:14:51'),
(1013, 969, 'logout', '2024-08-18', '10:15:49'),
(1014, 969, 'login', '2024-08-18', '10:19:34'),
(1015, 972, 'login', '2024-08-18', '10:22:35'),
(1016, 972, 'login', '2024-08-18', '10:23:16'),
(1017, 972, 'logout', '2024-08-18', '10:39:53'),
(1018, 1055, 'logout', '2024-08-18', '10:57:55'),
(1019, 969, 'login', '2024-08-18', '11:10:08'),
(1020, 1055, 'logout', '2024-08-18', '11:51:07'),
(1021, 969, 'login', '2024-08-18', '12:04:33'),
(1022, 1054, 'logout', '2024-08-18', '12:11:44'),
(1023, 969, 'logout', '2024-08-18', '12:16:04'),
(1024, 970, 'login', '2024-08-18', '12:16:04'),
(1025, 969, 'logout', '2024-08-18', '12:17:36'),
(1026, 969, 'login', '2024-08-19', '06:44:59'),
(1027, 969, 'logout', '2024-08-19', '06:54:32'),
(1028, 969, 'login', '2024-08-19', '06:55:32'),
(1029, 969, 'logout', '2024-08-19', '06:56:09'),
(1030, 969, 'login', '2024-08-19', '06:56:11'),
(1031, 969, 'login', '2024-08-19', '07:30:14'),
(1032, 1057, 'login', '2024-08-19', '07:42:21'),
(1033, 969, 'logout', '2024-08-19', '07:42:49'),
(1034, 969, 'login', '2024-08-19', '07:42:52'),
(1035, 1057, 'logout', '2024-08-19', '07:44:53'),
(1036, 969, 'login', '2024-08-19', '07:44:59'),
(1037, 969, 'logout', '2024-08-19', '07:45:15'),
(1038, 1057, 'login', '2024-08-19', '07:45:23'),
(1039, 1057, 'login', '2024-08-19', '09:11:17'),
(1040, 1057, 'login', '2024-08-19', '10:57:03'),
(1041, 1057, 'logout', '2024-08-19', '11:10:23'),
(1042, 1057, 'login', '2024-08-19', '11:15:50'),
(1043, 1059, 'logout', '2024-08-19', '12:27:11'),
(1044, 969, 'login', '2024-08-19', '14:42:19'),
(1045, 969, 'login', '2024-08-28', '07:41:33'),
(1046, 969, 'login', '2024-08-29', '06:04:18'),
(1047, 969, 'logout', '2024-08-29', '06:24:38'),
(1048, 984, 'login', '2024-08-29', '06:24:47'),
(1049, 984, 'login', '2024-08-29', '06:25:07'),
(1050, 969, 'login', '2024-08-29', '06:25:15'),
(1051, 969, 'logout', '2024-08-29', '06:26:00'),
(1052, 1059, 'login', '2024-08-29', '06:26:06'),
(1053, 984, 'login', '2024-08-29', '06:26:32'),
(1054, 969, 'login', '2024-08-29', '07:58:01'),
(1055, 969, 'login', '2024-08-30', '09:01:58'),
(1056, 969, 'logout', '2024-08-30', '09:30:43'),
(1057, 969, 'login', '2024-08-30', '09:55:53'),
(1058, 969, 'login', '2024-08-31', '06:46:57');

-- --------------------------------------------------------

--
-- Table structure for table `user_mac_mapping`
--

CREATE TABLE `user_mac_mapping` (
  `user_map_mapping_id` int NOT NULL,
  `user_id` int NOT NULL,
  `user_mac` varchar(255) CHARACTER SET utf8mb4   NOT NULL,
  `active_dates` varchar(255) NOT NULL,
  `create_at` timestamp NULL DEFAULT CURRENT_TIMESTAMP,
  `update_at` timestamp NULL DEFAULT CURRENT_TIMESTAMP ON UPDATE CURRENT_TIMESTAMP
) ENGINE=InnoDB DEFAULT CHARSET=utf8mb4  ;

--
-- Dumping data for table `user_mac_mapping`
--

INSERT INTO `user_mac_mapping` (`user_map_mapping_id`, `user_id`, `user_mac`, `active_dates`, `create_at`, `update_at`) VALUES
(7, 974, '7c:c2:c6:18:98:f2', '2025-01-01', '2024-03-26 07:41:59', '2024-08-19 11:14:20'),
(9, 975, '7c:c2:c6:18:98:f2', '2025-01-01', '2024-03-26 08:39:48', '2024-08-19 11:14:20'),
(10, 976, '7c:c2:c6:18:98:f2', '2025-01-01', '2024-03-26 11:04:59', '2024-08-19 11:14:20'),
(11, 977, '7c:c2:c6:18:98:f2', '2025-01-01', '2024-03-26 11:31:49', '2024-08-19 11:14:20'),
(12, 978, '7c:c2:c6:18:98:f2', '2025-01-01', '2024-03-26 12:13:52', '2024-08-19 11:14:20'),
(13, 979, '7c:c2:c6:18:98:f2', '2025-01-01', '2024-03-27 06:30:31', '2024-08-19 11:14:20'),
(14, 985, '7c:c2:c6:18:98:f2', '2025-01-01', '2024-03-27 08:09:19', '2024-08-19 11:14:20'),
(15, 986, '54-EE-75-3F-7D-21', '2025-01-01', '2024-03-27 08:25:25', '2024-08-19 11:14:20'),
(16, 987, '7c:c2:c6:18:98:f2', '2025-01-01', '2024-03-27 08:35:15', '2024-08-19 11:14:20'),
(17, 989, '7c:c2:c6:18:98:f2', '2025-01-01', '2024-03-27 09:15:59', '2024-08-19 11:14:20'),
(18, 990, '7c:c2:c6:18:98:f2', '2025-01-01', '2024-03-27 09:54:44', '2024-08-19 11:14:20'),
(19, 991, '7c:c2:c6:18:98:f2', '2025-01-01', '2024-03-27 10:07:47', '2024-08-19 11:14:20'),
(20, 992, '7c:c2:c6:18:98:f2', '2025-01-01', '2024-03-27 10:24:27', '2024-08-19 11:14:20'),
(21, 993, '7c:c2:c6:18:98:f2', '2025-01-01', '2024-03-27 10:40:56', '2024-08-19 11:14:20'),
(22, 994, '7c:c2:c6:18:98:f2', '2025-01-01', '2024-03-27 10:54:21', '2024-08-19 11:14:20'),
(23, 995, '7c:c2:c6:18:98:f2', '2025-01-01', '2024-03-27 11:05:20', '2024-08-19 11:14:20'),
(24, 996, '7c:c2:c6:18:98:f2', '2025-01-01', '2024-03-27 11:18:19', '2024-08-19 11:14:20'),
(25, 998, '7c:c2:c6:18:98:f2', '2025-01-01', '2024-03-27 11:44:10', '2024-08-19 11:14:20'),
(26, 999, '7c:c2:c6:18:98:f2', '2025-01-01', '2024-03-27 11:53:26', '2024-08-19 11:14:20'),
(27, 1000, '7c:c2:c6:18:98:f2', '2025-01-01', '2024-03-27 12:04:27', '2024-08-19 11:14:20'),
(29, 984, 'f8:b1:56:af:3c:98', '2025-01-01', '2024-03-28 08:41:55', '2024-08-19 11:14:20'),
(31, 1043, 'f8:b1:56:a5:0f:81', '2025-01-01', '2024-08-12 13:38:26', '2024-08-19 11:14:20'),
(41, 1044, '34:f3:9a:5b:da:fb', '2025-01-01', '2024-08-16 15:04:36', '2024-08-19 11:14:20'),
(42, 972, '60:57:18:6a:f9:dc', '2025-01-01', '2024-08-18 10:21:39', '2024-08-19 11:14:20'),
(43, 1055, '60:57:18:6a:f9:dc', '2025-01-01', '2024-08-18 10:57:02', '2024-08-19 11:14:20'),
(45, 1054, 'ac:50:de:ac:a6:df', '2025-01-01', '2024-08-18 11:49:36', '2024-08-19 11:14:20'),
(46, 1059, 'f8:b1:56:a5:0f:81', '2024-08-24', '2024-08-19 11:18:53', '2024-08-19 11:18:53');

-- --------------------------------------------------------

--
-- Table structure for table `user_program_relation`
--

CREATE TABLE `user_program_relation` (
  `id` int NOT NULL,
  `user_id` int DEFAULT NULL,
  `program_id` int DEFAULT NULL,
  `created_at` timestamp NOT NULL DEFAULT CURRENT_TIMESTAMP
) ENGINE=InnoDB DEFAULT CHARSET=utf8mb4  ;

-- --------------------------------------------------------

--
-- Table structure for table `user_progress_sh`
--

CREATE TABLE `user_progress_sh` (
  `user_id` int NOT NULL,
  `video_id` int DEFAULT NULL,
  `quiz_completed` tinyint DEFAULT '0'
) ENGINE=InnoDB DEFAULT CHARSET=utf8mb4  ;

-- --------------------------------------------------------

--
-- Table structure for table `videos_activity`
--

CREATE TABLE `videos_activity` (
  `id` int NOT NULL,
  `video_id` int NOT NULL,
  `start_time` int DEFAULT NULL,
  `stop_time` int NOT NULL
) ENGINE=InnoDB DEFAULT CHARSET=utf8mb4  ;

--
-- Dumping data for table `videos_activity`
--

INSERT INTO `videos_activity` (`id`, `video_id`, `start_time`, `stop_time`) VALUES
(1, 1, 32400, 10),
(2, 1, 32400, 15),
(3, 2, 32400, 10),
(4, 3, 32400, 10),
(5, 4, 32400, 30),
(6, 4, 32400, 30),
(7, 5, 32400, 3),
(8, 5, 32400, 5),
(9, 6, 32400, 30),
(10, 7, 32400, 30),
(11, 8, 32400, 20),
(12, 8, 32400, 30),
(13, 9, 32400, 15),
(14, 9, 32400, 25);

-- --------------------------------------------------------

--
-- Table structure for table `videos_sh`
--

CREATE TABLE `videos_sh` (
  `id` int NOT NULL,
  `title` varchar(255) NOT NULL,
  `url` varchar(255) NOT NULL,
  `next_video_id` int DEFAULT NULL
) ENGINE=InnoDB DEFAULT CHARSET=utf8mb4  ;

-- --------------------------------------------------------

--
-- Table structure for table `video_for_quiz`
--

CREATE TABLE `video_for_quiz` (
  `id` int NOT NULL,
  `quiz` int DEFAULT NULL,
  `uploaded_file` varchar(255) DEFAULT NULL,
  `title` varchar(255) DEFAULT NULL
) ENGINE=InnoDB DEFAULT CHARSET=utf8mb4  ;

--
-- Dumping data for table `video_for_quiz`
--

INSERT INTO `video_for_quiz` (`id`, `quiz`, `uploaded_file`, `title`) VALUES
(22, 12, '', 'video_for_quiz'),
(26, 14, '66027f8430cf0_SAMPLE MP4.mp4', 'Accounting'),
(27, 15, '6602ba03ac68b_SAMPLE MP4.mp4', 'TEST'),
(28, 16, '6602ba26c0f46_hitech.mp4', 'Introduction'),
(29, 16, '6602ba98e33cf_hitech.mp4', 'Second Video'),
(30, 17, '664b5fd353275_Introduction to Financial Mathematics.mp4', 'What is Finanical Mathematics?'),
(31, 17, '66504680ec4d6_Introduction to Financial Mathematics.mp4', 'What is Financial Mathematics? Part 2');

-- --------------------------------------------------------

--
-- Table structure for table `zoom_config`
--

CREATE TABLE `zoom_config` (
  `Zoom_user_id` int NOT NULL,
  `user_id` int NOT NULL,
  `Client_id` varchar(255) NOT NULL,
  `CLient_Scerete` varchar(255) NOT NULL,
  `create_at` date NOT NULL,
  `updated_at` date DEFAULT NULL
) ENGINE=InnoDB DEFAULT CHARSET=utf8mb4  ;

--
-- Dumping data for table `zoom_config`
--

INSERT INTO `zoom_config` (`Zoom_user_id`, `user_id`, `Client_id`, `CLient_Scerete`, `create_at`, `updated_at`) VALUES
(40, 969, 'odhMu9f2SEChUIFfCawlsA', 'BGS2W5kavKSDNXaF0j7W4EAV13Fr0Jgb', '2024-03-25', NULL),
(41, 970, 'odhMu9f2SEChUIFfCawlsA', 'BGS2W5kavKSDNXaF0j7W4EAV13Fr0Jgb', '2024-03-25', NULL),
(42, 973, 'odhMu9f2SEChUIFfCawlsA', 'BGS2W5kavKSDNXaF0j7W4EAV13Fr0Jgb', '2024-03-26', NULL),
(43, 1040, 'odhMu9f2SEChUIFfCawlsA', 'BGS2W5kavKSDNXaF0j7W4EAV13Fr0Jgb', '2024-05-27', NULL),
(44, 1045, 'odhMu9f2SEChUIFfCawlsA', 'BGS2W5kavKSDNXaF0j7W4EAV13Fr0Jgb', '2024-06-27', NULL),
(45, 1046, 'odhMu9f2SEChUIFfCawlsA', 'BGS2W5kavKSDNXaF0j7W4EAV13Fr0Jgb', '2024-06-27', NULL),
(46, 1047, 'odhMu9f2SEChUIFfCawlsA', 'BGS2W5kavKSDNXaF0j7W4EAV13Fr0Jgb', '2024-06-27', NULL),
(47, 1048, 'odhMu9f2SEChUIFfCawlsA', 'BGS2W5kavKSDNXaF0j7W4EAV13Fr0Jgb', '2024-06-27', NULL),
(48, 1049, 'odhMu9f2SEChUIFfCawlsA', 'BGS2W5kavKSDNXaF0j7W4EAV13Fr0Jgb', '2024-06-27', NULL),
(49, 1050, 'odhMu9f2SEChUIFfCawlsA', 'BGS2W5kavKSDNXaF0j7W4EAV13Fr0Jgb', '2024-06-27', NULL);

-- --------------------------------------------------------

--
-- Table structure for table `zoom_oauth`
--

CREATE TABLE `zoom_oauth` (
  `id` int NOT NULL,
  `provider` varchar(255) NOT NULL,
  `provider_value` text NOT NULL
) ENGINE=InnoDB DEFAULT CHARSET=utf8mb4  ;

--
-- Dumping data for table `zoom_oauth`
--

INSERT INTO `zoom_oauth` (`id`, `provider`, `provider_value`) VALUES
(1, 'zoom', '{\"access_token\":\"eyJzdiI6IjAwMDAwMSIsImFsZyI6IkhTNTEyIiwidiI6IjIuMCIsImtpZCI6IjlkODMyM2VlLWZjMTMtNGVkZS04NjExLWZhZTllMmVjMTE5MiJ9.eyJ2ZXIiOjksImF1aWQiOiIxN2I2NjZiMmQ0NjllNjMzZGIzZTcwNGYxNWM1ZmVmNCIsImNvZGUiOiJSNk5VbWM5UkE0QkJneVlSS2tFUzZhSFZsYS0yY2wzbFEiLCJpc3MiOiJ6bTpjaWQ6b2RoTXU5ZjJTRUNoVUlGZkNhd2xzQSIsImdubyI6MCwidHlwZSI6MCwidGlkIjo4NCwiYXVkIjoiaHR0cHM6Ly9vYXV0aC56b29tLnVzIiwidWlkIjoiaG5Fcm1VY3ZRc1NjZ1k0cXBVTXBpZyIsIm5iZiI6MTcyMzExNzUyNSwiZXhwIjoxNzIzMTIxMTI1LCJpYXQiOjE3MjMxMTc1MjUsImFpZCI6IkZDUEFOcXhCVEdLQ3BqYmo1dWpGYncifQ.hjfR0DoMSO6vJAtX-JMMSRjQhYFTj6u-fQ18XDOPVMVcI82rFhtXGQzA3AYXHE0glPTRBZqs9xH0YALMTcZ9NQ\",\"token_type\":\"bearer\",\"refresh_token\":\"eyJzdiI6IjAwMDAwMSIsImFsZyI6IkhTNTEyIiwidiI6IjIuMCIsImtpZCI6IjRkYTAxOTI4LWZjZjMtNDAyOS04MzU5LWFkNjljNGU5MGQxZCJ9.eyJ2ZXIiOjksImF1aWQiOiIxN2I2NjZiMmQ0NjllNjMzZGIzZTcwNGYxNWM1ZmVmNCIsImNvZGUiOiJSNk5VbWM5UkE0QkJneVlSS2tFUzZhSFZsYS0yY2wzbFEiLCJpc3MiOiJ6bTpjaWQ6b2RoTXU5ZjJTRUNoVUlGZkNhd2xzQSIsImdubyI6MCwidHlwZSI6MSwidGlkIjo4NCwiYXVkIjoiaHR0cHM6Ly9vYXV0aC56b29tLnVzIiwidWlkIjoiaG5Fcm1VY3ZRc1NjZ1k0cXBVTXBpZyIsIm5iZiI6MTcyMzExNzUyNSwiZXhwIjoxNzMwODkzNTI1LCJpYXQiOjE3MjMxMTc1MjUsImFpZCI6IkZDUEFOcXhCVEdLQ3BqYmo1dWpGYncifQ.-uUQfPetCoDjI9RT0eBE-VSpgqWZ4NjLGCFjjHb16w25NCVqZiqmhdZRrJLJHweN3qrYqnd8KqPxxNUWNL5FpQ\",\"expires_in\":3599,\"scope\":\"user:write:admin meeting_token:read:admin:local_recording user:read:admin meeting:read:admin:sip_dialing information_barriers:write:admin meeting_token:read:admin:live_streaming user:master meeting:master meeting_token:read:admin:local_archiving information_barriers:read:admin meeting:read:admin information_barriers:read:master meeting:write:admin information_barriers:write:master\",\"api_url\":\"https://api.zoom.us\"}');

--
-- Indexes for dumped tables
--

--
-- Indexes for table `Academic_Calendar_Data`
--
ALTER TABLE `Academic_Calendar_Data`
  ADD PRIMARY KEY (`academic_calendar_id`),
  ADD KEY `fk_stream_id` (`stream_id`),
  ADD KEY `fk_institute_id` (`institute_id`),
  ADD KEY `fk_campus_id` (`campus_id`),
  ADD KEY `fk_academic_calender_data_affliation_id` (`affliation_id`);

--
-- Indexes for table `activity_base_video`
--
ALTER TABLE `activity_base_video`
  ADD PRIMARY KEY (`activity_base_video_id`);

--
-- Indexes for table `addattendencs`
--
ALTER TABLE `addattendencs`
  ADD PRIMARY KEY (`sectionattendence_id`),
  ADD KEY `fk_add_attendance_id` (`add_attendence_id`),
  ADD KEY `fk_add_attendance_date_id` (`add_attendence_date_id`),
  ADD KEY `fk_section_id` (`Section_id`),
  ADD KEY `fk_user_id` (`user_id`);

--
-- Indexes for table `add_attendance`
--
ALTER TABLE `add_attendance`
  ADD PRIMARY KEY (`attendence_id`),
  ADD KEY `fk_stream_id` (`Stream_id`),
  ADD KEY `fk_institute_id` (`Institute_id`),
  ADD KEY `fk_program_id` (`Program_id`),
  ADD KEY `fk_course_id` (`Course_id`),
  ADD KEY `fk_section_id` (`Section_id`),
  ADD KEY `fk_component_id` (`Component_id`),
  ADD KEY `fk_affliation_id` (`Affiliated_Body_id`);

--
-- Indexes for table `add_attendance_date`
--
ALTER TABLE `add_attendance_date`
  ADD PRIMARY KEY (`attendence_date_id`),
  ADD KEY `fk_attendance_id` (`attendence_id`);

--
-- Indexes for table `add_attendance_total_marks`
--
ALTER TABLE `add_attendance_total_marks`
  ADD PRIMARY KEY (`attendance_marks_id`),
  ADD KEY `fk_section_id` (`section_id`),
  ADD KEY `fk_stream_id` (`stream_id`),
  ADD KEY `fk_institute_id` (`institute_id`),
  ADD KEY `fk_program_id` (`program_id`),
  ADD KEY `fk_component_id` (`components_id`),
  ADD KEY `fk_affliation_id` (`afliaction_id`),
  ADD KEY `fk_course_id` (`course_id`);

--
-- Indexes for table `add_class_participation`
--
ALTER TABLE `add_class_participation`
  ADD PRIMARY KEY (`class_participation_id`),
  ADD KEY `fk_section_id` (`section_id`),
  ADD KEY `fk_program_id` (`program_id`),
  ADD KEY `fk_course_id` (`course_id`),
  ADD KEY `fk_stream_id` (`stream_id`),
  ADD KEY `fk_institute_id` (`institute_id`),
  ADD KEY `fk_component_id` (`components_id`),
  ADD KEY `fk_affliation_id` (`afliaction_id`);

--
-- Indexes for table `add_course_progress_report`
--
ALTER TABLE `add_course_progress_report`
  ADD PRIMARY KEY (`course_report_id`),
  ADD KEY `fk_stream_id` (`stream_id`),
  ADD KEY `fk_institute_id` (`institute_id`),
  ADD KEY `fk_add_course_progress_report_program_id` (`program_id`),
  ADD KEY `fk_add_course_progress_report_component_id` (`components_id`),
  ADD KEY `fk_add_course_progress_report_course_id` (`course_id`),
  ADD KEY `fk_add_course_progress_report_section_id` (`section_id`);

--
-- Indexes for table `add_lab_demo`
--
ALTER TABLE `add_lab_demo`
  ADD PRIMARY KEY (`lab_id`),
  ADD KEY `fk_program_id` (`program_id`),
  ADD KEY `fk_course_id` (`course_id`),
  ADD KEY `fk_stream_id` (`stream_id`),
  ADD KEY `fk_section_id` (`section_id`),
  ADD KEY `fk_component_id` (`components_id`),
  ADD KEY `fk_affliation_id` (`afliaction_id`),
  ADD KEY `fk_institute_id` (`institute_id`),
  ADD KEY `fk_campus_id` (`campus_id`);

--
-- Indexes for table `add_project_presentation`
--
ALTER TABLE `add_project_presentation`
  ADD PRIMARY KEY (`project_id`),
  ADD KEY `fk_stream_id` (`stream_id`),
  ADD KEY `fk_program_id` (`program_id`),
  ADD KEY `fk_affliation_id` (`afliaction_id`),
  ADD KEY `fk_component_id` (`components_id`),
  ADD KEY `fk_course_id` (`course_id`),
  ADD KEY `fk_section_id` (`section_id`),
  ADD KEY `fk_institute_id` (`institute_id`);

--
-- Indexes for table `add_result_award_list`
--
ALTER TABLE `add_result_award_list`
  ADD PRIMARY KEY (`award_list_id`),
  ADD KEY `fk_stream_id` (`stream_id`),
  ADD KEY `fk_institute_id` (`institute_id`),
  ADD KEY `fk_add_result_award_list_program_id` (`program_id`),
  ADD KEY `fk_add_result_award_list_component_id` (`components_id`);

--
-- Indexes for table `add_result_card_data`
--
ALTER TABLE `add_result_card_data`
  ADD PRIMARY KEY (`result_card_id`),
  ADD KEY `fk_stream_id` (`stream_id`),
  ADD KEY `fk_institute_id` (`institute_id`),
  ADD KEY `fk_section_id` (`section_id`),
  ADD KEY `fk_affliation_id` (`afliaction_id`),
  ADD KEY `fk_user_id` (`user_id`),
  ADD KEY `fk_component_id` (`components_id`),
  ADD KEY `fk_course_id` (`course_id`),
  ADD KEY `fk_program_id` (`program_id`);

--
-- Indexes for table `add_transcript_data`
--
ALTER TABLE `add_transcript_data`
  ADD PRIMARY KEY (`transcript_id`),
  ADD KEY `fk_user_id` (`user_id`),
  ADD KEY `fk_program_id` (`program_id`),
  ADD KEY `fk_affliation_id` (`afliaction_id`),
  ADD KEY `fk_institute_id` (`institute_id`),
  ADD KEY `fk_stream_id` (`stream_id`),
  ADD KEY `fk_component_id` (`components_id`),
  ADD KEY `fk_course_id` (`course_id`),
  ADD KEY `fk_section_id` (`section_id`);

--
-- Indexes for table `admission_report_presets`
--
ALTER TABLE `admission_report_presets`
  ADD PRIMARY KEY (`id`),
  ADD KEY `institute_id` (`institute_id`);

--
-- Indexes for table `affiliation_body_payments`
--
ALTER TABLE `affiliation_body_payments`
  ADD PRIMARY KEY (`id`);

--
-- Indexes for table `afflication`
--
ALTER TABLE `afflication`
  ADD PRIMARY KEY (`afliaction_id`),
  ADD KEY `fk_stream_id` (`stream_id`);

--
-- Indexes for table `aid_scholarshipapply`
--
ALTER TABLE `aid_scholarshipapply`
  ADD PRIMARY KEY (`aid_scholarshipapply_id`),
  ADD KEY `fk_aid_scholarshipapply_user_id` (`user_id`);

--
-- Indexes for table `alumni_survey`
--
ALTER TABLE `alumni_survey`
  ADD PRIMARY KEY (`form_id`),
  ADD KEY `fk_user_id` (`user_id`);

--
-- Indexes for table `Assessments_Configure`
--
ALTER TABLE `Assessments_Configure`
  ADD PRIMARY KEY (`assessment_id`),
  ADD KEY `fk_Assessments_Configure_stream_id` (`stream_id`),
  ADD KEY `fk_Assessments_Configure_institute_id` (`institute_id`),
  ADD KEY `fk_Assessments_Configure_program_id` (`program_id`),
  ADD KEY `fk_Assessments_Configure_component_id` (`component_id`),
  ADD KEY `fk_Assessments_Configure_subject_id` (`subject_id`),
  ADD KEY `fk_Assessments_Configure_campus_id` (`campus_id`);

--
-- Indexes for table `Assignment_marks`
--
ALTER TABLE `Assignment_marks`
  ADD PRIMARY KEY (`Assignment_marks_id`),
  ADD KEY `fk_Assignment_marks_user_id` (`user_id`),
  ADD KEY `fk_Assignment_marks_assignment_id` (`assignment_id`);

--
-- Indexes for table `assignpermission`
--
ALTER TABLE `assignpermission`
  ADD PRIMARY KEY (`ap_id`),
  ADD KEY `fk_role_id` (`role_id`);

--
-- Indexes for table `assign_affliation`
--
ALTER TABLE `assign_affliation`
  ADD PRIMARY KEY (`assign_affliation_id`),
  ADD KEY `fk_affliation_id` (`affliation_id`),
  ADD KEY `fk_institute_id` (`institute_id`);

--
-- Indexes for table `assign_campus`
--
ALTER TABLE `assign_campus`
  ADD PRIMARY KEY (`assign_campus_id`),
  ADD KEY `fk_campus_id` (`campus_id`),
  ADD KEY `fk_user_id` (`user_id`);

--
-- Indexes for table `assign_feedback`
--
ALTER TABLE `assign_feedback`
  ADD PRIMARY KEY (`assign_feedback_id`);

--
-- Indexes for table `assign_quiz_part`
--
ALTER TABLE `assign_quiz_part`
  ADD PRIMARY KEY (`assign_quiz_part_id`),
  ADD KEY `fk_quiz_id` (`Quiz_id`),
  ADD KEY `fk_question_id` (`Question_id`);

--
-- Indexes for table `assign_quiz_to_interval`
--
ALTER TABLE `assign_quiz_to_interval`
  ADD PRIMARY KEY (`assign_quiz_to_interval_id`);

--
-- Indexes for table `attemptassignment`
--
ALTER TABLE `attemptassignment`
  ADD PRIMARY KEY (`attemptassignment_id`),
  ADD KEY `fk_assignment_id` (`assignment_id`),
  ADD KEY `fk_user_id` (`user_id`);

--
-- Indexes for table `Attendence_mark`
--
ALTER TABLE `Attendence_mark`
  ADD PRIMARY KEY (`attendence_mark_id`),
  ADD KEY `fk_Attendence_mark_user_id` (`user_id`),
  ADD KEY `fk_Attendence_mark_attendance_id` (`attendance_id`);

--
-- Indexes for table `campus`
--
ALTER TABLE `campus`
  ADD PRIMARY KEY (`campus_id`),
  ADD KEY `fk_stream_id` (`stream_id`),
  ADD KEY `fk_institute_id` (`institute_id`);

--
-- Indexes for table `Chat`
--
ALTER TABLE `Chat`
  ADD PRIMARY KEY (`Chat_id`),
  ADD KEY `fk_chat_user_id` (`User_id`),
  ADD KEY `fk_chat_section_id` (`Section_id`);

--
-- Indexes for table `class_participation_marks`
--
ALTER TABLE `class_participation_marks`
  ADD PRIMARY KEY (`class_participation_marks_id`),
  ADD KEY `fk_class_participation_marks_user_id` (`user_id`),
  ADD KEY `fk_class_participation_marks_cp_id` (`class_participation_id`);

--
-- Indexes for table `Complain`
--
ALTER TABLE `Complain`
  ADD PRIMARY KEY (`id`),
  ADD KEY `fk_Complain_user_id` (`user_id`),
  ADD KEY `fk_Complain_stream_id` (`stream_id`),
  ADD KEY `fk_Complain_institute_id` (`institute_id`);

--
-- Indexes for table `component_coursefee`
--
ALTER TABLE `component_coursefee`
  ADD PRIMARY KEY (`comp_coursefee_id`),
  ADD KEY `fk_feestream_id` (`feestream_id`),
  ADD KEY `fk_institute_id` (`feeinstitute_id`),
  ADD KEY `fk_program_id` (`program_id`),
  ADD KEY `fk-component_coursefee_campus_id` (`campus_id`),
  ADD KEY `fk-component_coursefee_component_id` (`component_id`);

--
-- Indexes for table `countries`
--
ALTER TABLE `countries`
  ADD PRIMARY KEY (`country_code`);

--
-- Indexes for table `course_folder`
--
ALTER TABLE `course_folder`
  ADD PRIMARY KEY (`id`),
  ADD KEY `fk_course_folder_stream_id` (`Stream`),
  ADD KEY `fk_course_folder_institute_id` (`institute`),
  ADD KEY `fk_course_folder_course_id` (`course`),
  ADD KEY `fk_course_folder_affliation_body` (`affiliation_body`),
  ADD KEY `fk_course_folder_section` (`section`),
  ADD KEY `fk_course_folder_program` (`program`),
  ADD KEY `fk_course_folder_component` (`component`),
  ADD KEY `fk_course_folder_campus` (`campus`);

--
-- Indexes for table `Datesheet_Data`
--
ALTER TABLE `Datesheet_Data`
  ADD PRIMARY KEY (`Datesheet_id`),
  ADD KEY `fk_stream_id` (`stream_id`),
  ADD KEY `fk_institute_id` (`institute_id`),
  ADD KEY `fk_Datesheet_Data_program_id` (`program_id`),
  ADD KEY `fk_Datesheet_Data_component_id` (`components_id`),
  ADD KEY `fk_Datesheet_Data_course_id` (`course_id`),
  ADD KEY `fk_Datesheet_Data_section_id` (`section_id`);

--
-- Indexes for table `Diary_dates`
--
ALTER TABLE `Diary_dates`
  ADD PRIMARY KEY (`diary_dates_id`),
  ADD UNIQUE KEY `diary_dates_id` (`diary_dates_id`),
  ADD KEY `fk_diary_diary_dates` (`diary_id`);

--
-- Indexes for table `diary_task`
--
ALTER TABLE `diary_task`
  ADD PRIMARY KEY (`id`),
  ADD KEY `rjhkrtht5433ghj` (`ddid`);

--
-- Indexes for table `diary_task_students`
--
ALTER TABLE `diary_task_students`
  ADD PRIMARY KEY (`id`),
  ADD KEY `diary_task_students_ibfk_1` (`diary_task_id`),
  ADD KEY `diary_task_students_ibfk_2` (`student_id`);

--
-- Indexes for table `education_stream`
--
ALTER TABLE `education_stream`
  ADD PRIMARY KEY (`stream_id`);

--
-- Indexes for table `Email`
--
ALTER TABLE `Email`
  ADD PRIMARY KEY (`Email_id`),
  ADD KEY `fk_Email_stream_id` (`stream_id`),
  ADD KEY `fk_Email_institute_id` (`institute_id`),
  ADD KEY `fk_Email_affliation_id` (`affliation_id`);

--
-- Indexes for table `employer_survey`
--
ALTER TABLE `employer_survey`
  ADD PRIMARY KEY (`form_id`),
  ADD KEY `fk_user_id` (`user_id`);

--
-- Indexes for table `events`
--
ALTER TABLE `events`
  ADD PRIMARY KEY (`id`);

--
-- Indexes for table `faculty_course_review_report`
--
ALTER TABLE `faculty_course_review_report`
  ADD PRIMARY KEY (`form_id`),
  ADD KEY `fk_user_id` (`user_id`);

--
-- Indexes for table `faculty_resume`
--
ALTER TABLE `faculty_resume`
  ADD PRIMARY KEY (`form_id`),
  ADD KEY `fk_user_id` (`user_id`);

--
-- Indexes for table `faculty_survey`
--
ALTER TABLE `faculty_survey`
  ADD PRIMARY KEY (`form_id`),
  ADD KEY `fk_user_id` (`user_id`);

--
-- Indexes for table `feedback`
--
ALTER TABLE `feedback`
  ADD PRIMARY KEY (`feedback_id`),
  ADD KEY `fk_stream_id` (`stream_id`),
  ADD KEY `fk_institute_id` (`institute_id`),
  ADD KEY `fk_feedback_component_id` (`components_id`),
  ADD KEY `fk_feedback_program_id` (`program_id`);

--
-- Indexes for table `feedback_answers`
--
ALTER TABLE `feedback_answers`
  ADD PRIMARY KEY (`fa_id`),
  ADD KEY `fk_feedback_answers_fq_id` (`fq_id`),
  ADD KEY `fk_feedback_answers_user_id` (`user_id`),
  ADD KEY `fk_feedback_answers_feedback_id` (`feedback_id`);

--
-- Indexes for table `feedback_question`
--
ALTER TABLE `feedback_question`
  ADD PRIMARY KEY (`fq_id`),
  ADD KEY `fk_feedback_id` (`feedback_id`);

--
-- Indexes for table `feeinstitututestructure`
--
ALTER TABLE `feeinstitututestructure`
  ADD PRIMARY KEY (`feeinstitututestructure_id`),
  ADD KEY `fk_feeinstitututestructure_finalizefee_id` (`finalizefee_id`);

--
-- Indexes for table `fee_installment`
--
ALTER TABLE `fee_installment`
  ADD PRIMARY KEY (`fee_installment_id`),
  ADD KEY `fk_fee_installment_user_id` (`user_id`);

--
-- Indexes for table `fee_installments_aid_scholarship`
--
ALTER TABLE `fee_installments_aid_scholarship`
  ADD PRIMARY KEY (`id`),
  ADD KEY `fk_fee_installments_aid_scholarship_user_id` (`user_id`);

--
-- Indexes for table `finaliz_fee`
--
ALTER TABLE `finaliz_fee`
  ADD PRIMARY KEY (`finalizefee_id`),
  ADD KEY `fk_finaliz_fee_stream_id` (`stream_id`),
  ADD KEY `fk_finaliz_fee_campus_id` (`campus_id`),
  ADD KEY `fk_finaliz_fee_institute_id` (`institute_id`),
  ADD KEY `fk_finaliz_fee_program_id` (`program_id`),
  ADD KEY `fk_finaliz_fee_component_id` (`component_id`),
  ADD KEY `fk_finaliz_fee_affliation_id` (`affliation_id`);

--
-- Indexes for table `financiallpolicy`
--
ALTER TABLE `financiallpolicy`
  ADD PRIMARY KEY (`financiallpolicy_id`),
  ADD KEY `fk_institute_id` (`institute_id`);

--
-- Indexes for table `invoice`
--
ALTER TABLE `invoice`
  ADD PRIMARY KEY (`invoice_id`),
  ADD KEY `fk_user_id` (`user_id`);

--
-- Indexes for table `lab_demo_marks`
--
ALTER TABLE `lab_demo_marks`
  ADD PRIMARY KEY (`lab_demo_marks_id`),
  ADD KEY `fk_lab_demo_marks_user_id` (`user_id`),
  ADD KEY `fk_lab_demo_marks_lab_demo_id` (`lab_demo_id`);

--
-- Indexes for table `Material`
--
ALTER TABLE `Material`
  ADD PRIMARY KEY (`material_id`),
  ADD KEY `fk_Section_material_section_id` (`section_id`);

--
-- Indexes for table `notification`
--
ALTER TABLE `notification`
  ADD PRIMARY KEY (`notification_id`),
  ADD KEY `fk_notification_stream` (`stream`),
  ADD KEY `fk_notification_institute` (`institute`);

--
-- Indexes for table `othercomponentfee`
--
ALTER TABLE `othercomponentfee`
  ADD PRIMARY KEY (`otherscomponent_id`);

--
-- Indexes for table `page_visits`
--
ALTER TABLE `page_visits`
  ADD PRIMARY KEY (`id`),
  ADD KEY `page_visits_user_fk` (`user_id`);

--
-- Indexes for table `policies`
--
ALTER TABLE `policies`
  ADD PRIMARY KEY (`poliies_id`),
  ADD KEY `fk_institute_id` (`institute_id`);

--
-- Indexes for table `program`
--
ALTER TABLE `program`
  ADD PRIMARY KEY (`program_id`),
  ADD KEY `stream_id` (`stream_id`),
  ADD KEY `fk_program_institute_id` (`institute_id`),
  ADD KEY `fk_program_campus_id` (`campus_id`);

--
-- Indexes for table `programeligability`
--
ALTER TABLE `programeligability`
  ADD PRIMARY KEY (`programeligability_id`),
  ADD KEY `fk_institute_id` (`institute_id`);

--
-- Indexes for table `program_addmission_fee`
--
ALTER TABLE `program_addmission_fee`
  ADD PRIMARY KEY (`programfeeaddmission_id`),
  ADD KEY `fk_program_id` (`program_id`),
  ADD KEY `fk_program_addmission_fee_campus_id` (`campus_id`);

--
-- Indexes for table `program_components`
--
ALTER TABLE `program_components`
  ADD PRIMARY KEY (`components_id`),
  ADD KEY `fk_program_id` (`program_id`),
  ADD KEY `fk_stream_id` (`stream_id`),
  ADD KEY `fk_institute_id` (`institute_id`),
  ADD KEY `fk_campus_id` (`campus_id`);

--
-- Indexes for table `project_presentation_marks`
--
ALTER TABLE `project_presentation_marks`
  ADD PRIMARY KEY (`project_presentation_marks_id`),
  ADD KEY `fk_project_presentation_marks_user_id` (`user_id`),
  ADD KEY `fk_project_presentation_marks_project_presentation_id` (`project_presentation_id`);

--
-- Indexes for table `questions`
--
ALTER TABLE `questions`
  ADD PRIMARY KEY (`question_id`),
  ADD KEY `fk_questions_stream_id` (`stream_id`),
  ADD KEY `fk_questions_institute_id` (`institute_id`),
  ADD KEY `fk_questions_program_id` (`program_id`),
  ADD KEY `fk_questions_component_id` (`component_id`),
  ADD KEY `fk_questions_subject_id` (`subject_id`),
  ADD KEY `fk_questions_topic_id` (`topic_id`);

--
-- Indexes for table `questions_in_video`
--
ALTER TABLE `questions_in_video`
  ADD PRIMARY KEY (`id`);

--
-- Indexes for table `questions_response`
--
ALTER TABLE `questions_response`
  ADD PRIMARY KEY (`question_response_id`),
  ADD KEY `int` (`stream_id`),
  ADD KEY `questions_response_ibfk_1` (`institute_id`),
  ADD KEY `questions_response_ibfk_2` (`program_id`),
  ADD KEY `questions_response_ibfk_3` (`component_id`),
  ADD KEY `questions_response_ibfk_4` (`subject_id`),
  ADD KEY `questions_response_ibfk_5` (`quiz_id`),
  ADD KEY `questions_response_ibfk_6` (`user_id`),
  ADD KEY `questions_response_ibfk_9` (`question_id`);

--
-- Indexes for table `question_type`
--
ALTER TABLE `question_type`
  ADD PRIMARY KEY (`question_type_id`),
  ADD KEY `fk_question_type_stream_id` (`stream_id`),
  ADD KEY `fk_question_type_institute_id` (`institute_id`),
  ADD KEY `fk_question_type_program_id` (`program_id`),
  ADD KEY `fk_question_type_component_id` (`component_id`),
  ADD KEY `fk_question_type_subject_id` (`subject_id`);

--
-- Indexes for table `quiz`
--
ALTER TABLE `quiz`
  ADD PRIMARY KEY (`quiz_id`),
  ADD KEY `fk_quiz_stream_id` (`stream_id`),
  ADD KEY `fk_quiz_institute_id` (`institute_id`),
  ADD KEY `fk_quiz_program_id` (`program_id`),
  ADD KEY `fk_quiz_component_id` (`component_id`),
  ADD KEY `fk_quiz_subject_id` (`subject_id`),
  ADD KEY `fk_quiz_section_id` (`section_id`);

--
-- Indexes for table `quizzes_sh`
--
ALTER TABLE `quizzes_sh`
  ADD PRIMARY KEY (`id`),
  ADD KEY `video_id` (`video_id`);

--
-- Indexes for table `quiz_and_video_questions`
--
ALTER TABLE `quiz_and_video_questions`
  ADD PRIMARY KEY (`id`);

--
-- Indexes for table `quiz_part`
--
ALTER TABLE `quiz_part`
  ADD PRIMARY KEY (`quiz_part_id`),
  ADD KEY `fk_quiz_id` (`quiz_id`);

--
-- Indexes for table `quiz_video`
--
ALTER TABLE `quiz_video`
  ADD PRIMARY KEY (`id`);

--
-- Indexes for table `quiz_video_student_attempt`
--
ALTER TABLE `quiz_video_student_attempt`
  ADD PRIMARY KEY (`id`);

--
-- Indexes for table `research_student_progress_review_form`
--
ALTER TABLE `research_student_progress_review_form`
  ADD PRIMARY KEY (`form_id`);

--
-- Indexes for table `results`
--
ALTER TABLE `results`
  ADD PRIMARY KEY (`results_id`),
  ADD KEY `fk_results_stream_id` (`stream_id`),
  ADD KEY `fk_results_institute_id` (`institute_id`),
  ADD KEY `fk_results_program_id` (`program_id`),
  ADD KEY `fk_results_component_id` (`component_id`),
  ADD KEY `fk_results_section_id` (`section_id`),
  ADD KEY `fk_results_user_id` (`user_id`),
  ADD KEY `fk_results_question_id` (`question_id`),
  ADD KEY `fk_results_question_response_id` (`question_response_id`);

--
-- Indexes for table `roles`
--
ALTER TABLE `roles`
  ADD PRIMARY KEY (`role_id`),
  ADD KEY `fk_institute_id` (`institute_id`),
  ADD KEY `fk_stream_id` (`stream_id`);

--
-- Indexes for table `roll_number`
--
ALTER TABLE `roll_number`
  ADD PRIMARY KEY (`roll_number_id`),
  ADD KEY `fk_roll_number_stream_id` (`stream_id`),
  ADD KEY `fk_roll_number_institute_id` (`institute_id`);

--
-- Indexes for table `roll_number_slip_data`
--
ALTER TABLE `roll_number_slip_data`
  ADD PRIMARY KEY (`roll_number_id`),
  ADD KEY `fk_stream_id` (`stream_id`),
  ADD KEY `fk_institute_id` (`institute_id`),
  ADD KEY `fk_affliation_id` (`afliaction_id`),
  ADD KEY `fk_program_id` (`program_id`),
  ADD KEY `fk_component_id` (`components_id`),
  ADD KEY `fk_course_id` (`course_id`),
  ADD KEY `fk_section_id` (`section_id`),
  ADD KEY `fk_user_id` (`user_id`);

--
-- Indexes for table `Rooms`
--
ALTER TABLE `Rooms`
  ADD PRIMARY KEY (`RoomID`);

--
-- Indexes for table `scholarship_policy`
--
ALTER TABLE `scholarship_policy`
  ADD PRIMARY KEY (`spolicy_id`),
  ADD KEY `rdsggfr345456` (`institute_id`);

--
-- Indexes for table `section`
--
ALTER TABLE `section`
  ADD PRIMARY KEY (`section_id`),
  ADD KEY `fk_stream_id` (`stream_id`),
  ADD KEY `fk_institute_id` (`institute_id`),
  ADD KEY `fk_component_id` (`component_id`),
  ADD KEY `fk_program_id` (`program_id`),
  ADD KEY `fk_user_id` (`teacher_assign`),
  ADD KEY `fk_subject_id` (`subject_id`),
  ADD KEY `fk_campus_id` (`campus_id`);

--
-- Indexes for table `student_admission`
--
ALTER TABLE `student_admission`
  ADD PRIMARY KEY (`student_admission_id`),
  ADD KEY `fk_user_id` (`user_id`),
  ADD KEY `fk_program_id` (`program_id`),
  ADD KEY `fk_subject_id` (`subject_id`),
  ADD KEY `fk_section_id` (`section_id`);

--
-- Indexes for table `student_course_evaluation_questionnaire`
--
ALTER TABLE `student_course_evaluation_questionnaire`
  ADD PRIMARY KEY (`form_id`),
  ADD KEY `rdsggfr3456789` (`user_id`);

--
-- Indexes for table `student_diary`
--
ALTER TABLE `student_diary`
  ADD PRIMARY KEY (`student_diary_id`),
  ADD KEY `fk_stream_id` (`stream_id`),
  ADD KEY `fk_institute_id` (`institute_id`),
  ADD KEY `fk_program_id` (`program_id`),
  ADD KEY `fk_component_id` (`component_id`),
  ADD KEY `fk_section_id` (`section_id`);

--
-- Indexes for table `student_other_fee`
--
ALTER TABLE `student_other_fee`
  ADD PRIMARY KEY (`student_other_fee_id`),
  ADD KEY `fk_student_other_fee_user_id` (`user_id`),
  ADD KEY `fk_student_other_fee_other_fee_id` (`other_fee_id`);

--
-- Indexes for table `student_program_relation`
--
ALTER TABLE `student_program_relation`
  ADD PRIMARY KEY (`id`),
  ADD KEY `fk_student_program_relation` (`program_id`),
  ADD KEY `fk_student_user_relation` (`user_id`);

--
-- Indexes for table `subject`
--
ALTER TABLE `subject`
  ADD PRIMARY KEY (`subject_id`),
  ADD KEY `fk_subject_stream_id` (`stream_id`),
  ADD KEY `fk_subject_institute_id` (`institute_id`),
  ADD KEY `fk_subject_campus_id` (`campus_id`),
  ADD KEY `fk_subject_program_id` (`program_id`),
  ADD KEY `fk_subject_component_id` (`component_id`);

--
-- Indexes for table `survey_of_department_offering_phd_programs`
--
ALTER TABLE `survey_of_department_offering_phd_programs`
  ADD PRIMARY KEY (`form_id`),
  ADD KEY `fk_user_id` (`user_id`);

--
-- Indexes for table `survey_of_graduating_students`
--
ALTER TABLE `survey_of_graduating_students`
  ADD PRIMARY KEY (`form_id`),
  ADD KEY `fk_user_id` (`user_id`);

--
-- Indexes for table `teacher_availability_time_slot`
--
ALTER TABLE `teacher_availability_time_slot`
  ADD PRIMARY KEY (`id`),
  ADD KEY `teacher_availability_time_slot_ibfk_1` (`user_id`);

--
-- Indexes for table `teacher_evaluation_form`
--
ALTER TABLE `teacher_evaluation_form`
  ADD PRIMARY KEY (`form_id`),
  ADD KEY `fk_user_id` (`user_id`);

--
-- Indexes for table `thirdpartypaymentsperstudentdetails`
--
ALTER TABLE `thirdpartypaymentsperstudentdetails`
  ADD PRIMARY KEY (`thirdpartypaymentsperstudentDetails_id`),
  ADD KEY `fk_thirdpartypaymentsperstudentdetails_user_id` (`user_id`);

--
-- Indexes for table `thirpartycomponentfee`
--
ALTER TABLE `thirpartycomponentfee`
  ADD PRIMARY KEY (`thirdpartyfee_id`),
  ADD KEY `fk_thirpartycomponentfee_component_id` (`component_id`),
  ADD KEY `fk_thirpartycomponentfee_campus_id` (`campus_id`);

--
-- Indexes for table `TimeSlots`
--
ALTER TABLE `TimeSlots`
  ADD PRIMARY KEY (`SlotID`),
  ADD KEY `fk_room` (`RoomID`),
  ADD KEY `fddfdg4ere344` (`subject_id`);

--
-- Indexes for table `timetable`
--
ALTER TABLE `timetable`
  ADD PRIMARY KEY (`timetable_id`),
  ADD KEY `fk_stream_id` (`educationstream`),
  ADD KEY `fk_institute_id` (`educationinstitute`),
  ADD KEY `fk_program_id` (`program`),
  ADD KEY `fk_component_id` (`component`),
  ADD KEY `fk_course_id` (`course`),
  ADD KEY `fk_section_id` (`section`),
  ADD KEY `fk_campus_id` (`campus_id`);

--
-- Indexes for table `topic`
--
ALTER TABLE `topic`
  ADD PRIMARY KEY (`topic_id`),
  ADD KEY `fk_topic_stream_id` (`stream_id`),
  ADD KEY `fk_topic_institute_id` (`institute_id`),
  ADD KEY `fk_topic_program_id` (`program_id`),
  ADD KEY `fk_topic_component_id` (`component_id`),
  ADD KEY `fk_topic_subject_id` (`subject_id`);

--
-- Indexes for table `uploads_tarbiya`
--
ALTER TABLE `uploads_tarbiya`
  ADD PRIMARY KEY (`id`);

--
-- Indexes for table `user_activities`
--
ALTER TABLE `user_activities`
  ADD PRIMARY KEY (`id`),
  ADD KEY `rjhkrtht5433` (`user_id`);

--
-- Indexes for table `user_mac_mapping`
--
ALTER TABLE `user_mac_mapping`
  ADD PRIMARY KEY (`user_map_mapping_id`),
  ADD KEY `fk_user_id` (`user_id`);

--
-- Indexes for table `user_program_relation`
--
ALTER TABLE `user_program_relation`
  ADD PRIMARY KEY (`id`),
  ADD KEY `fk_user_program_relation_user_id` (`user_id`),
  ADD KEY `fk_user_program_relation_program_id` (`program_id`);

--
-- Indexes for table `user_progress_sh`
--
ALTER TABLE `user_progress_sh`
  ADD KEY `video_id` (`video_id`);

--
-- Indexes for table `videos_activity`
--
ALTER TABLE `videos_activity`
  ADD PRIMARY KEY (`id`);

--
-- Indexes for table `videos_sh`
--
ALTER TABLE `videos_sh`
  ADD PRIMARY KEY (`id`),
  ADD KEY `next_video_id` (`next_video_id`);

--
-- Indexes for table `video_for_quiz`
--
ALTER TABLE `video_for_quiz`
  ADD PRIMARY KEY (`id`);

--
-- Indexes for table `zoom_config`
--
ALTER TABLE `zoom_config`
  ADD PRIMARY KEY (`Zoom_user_id`),
  ADD KEY `fk_user_id` (`user_id`);

--
-- Indexes for table `zoom_oauth`
--
ALTER TABLE `zoom_oauth`
  ADD PRIMARY KEY (`id`);

--
-- AUTO_INCREMENT for dumped tables
--

--
-- AUTO_INCREMENT for table `Academic_Calendar_Data`
--
ALTER TABLE `Academic_Calendar_Data`
  MODIFY `academic_calendar_id` int NOT NULL AUTO_INCREMENT, AUTO_INCREMENT=68;

--
-- AUTO_INCREMENT for table `activity_base_video`
--
ALTER TABLE `activity_base_video`
  MODIFY `activity_base_video_id` int NOT NULL AUTO_INCREMENT, AUTO_INCREMENT=10;

--
-- AUTO_INCREMENT for table `addattendencs`
--
ALTER TABLE `addattendencs`
  MODIFY `sectionattendence_id` int NOT NULL AUTO_INCREMENT, AUTO_INCREMENT=236;

--
-- AUTO_INCREMENT for table `add_attendance`
--
ALTER TABLE `add_attendance`
  MODIFY `attendence_id` int NOT NULL AUTO_INCREMENT, AUTO_INCREMENT=86;

--
-- AUTO_INCREMENT for table `add_attendance_date`
--
ALTER TABLE `add_attendance_date`
  MODIFY `attendence_date_id` int NOT NULL AUTO_INCREMENT, AUTO_INCREMENT=111;

--
-- AUTO_INCREMENT for table `add_attendance_total_marks`
--
ALTER TABLE `add_attendance_total_marks`
  MODIFY `attendance_marks_id` int NOT NULL AUTO_INCREMENT, AUTO_INCREMENT=43;

--
-- AUTO_INCREMENT for table `add_class_participation`
--
ALTER TABLE `add_class_participation`
  MODIFY `class_participation_id` int NOT NULL AUTO_INCREMENT, AUTO_INCREMENT=40;

--
-- AUTO_INCREMENT for table `add_course_progress_report`
--
ALTER TABLE `add_course_progress_report`
  MODIFY `course_report_id` int NOT NULL AUTO_INCREMENT, AUTO_INCREMENT=52;

--
-- AUTO_INCREMENT for table `add_lab_demo`
--
ALTER TABLE `add_lab_demo`
  MODIFY `lab_id` int NOT NULL AUTO_INCREMENT, AUTO_INCREMENT=61;

--
-- AUTO_INCREMENT for table `add_project_presentation`
--
ALTER TABLE `add_project_presentation`
  MODIFY `project_id` int NOT NULL AUTO_INCREMENT, AUTO_INCREMENT=52;

--
-- AUTO_INCREMENT for table `add_result_award_list`
--
ALTER TABLE `add_result_award_list`
  MODIFY `award_list_id` int NOT NULL AUTO_INCREMENT, AUTO_INCREMENT=27;

--
-- AUTO_INCREMENT for table `add_result_card_data`
--
ALTER TABLE `add_result_card_data`
  MODIFY `result_card_id` int NOT NULL AUTO_INCREMENT, AUTO_INCREMENT=17;

--
-- AUTO_INCREMENT for table `add_transcript_data`
--
ALTER TABLE `add_transcript_data`
  MODIFY `transcript_id` int NOT NULL AUTO_INCREMENT, AUTO_INCREMENT=25;

--
-- AUTO_INCREMENT for table `admission_report_presets`
--
ALTER TABLE `admission_report_presets`
  MODIFY `id` int NOT NULL AUTO_INCREMENT, AUTO_INCREMENT=64;

--
-- AUTO_INCREMENT for table `affiliation_body_payments`
--
ALTER TABLE `affiliation_body_payments`
  MODIFY `id` int NOT NULL AUTO_INCREMENT, AUTO_INCREMENT=77;

--
-- AUTO_INCREMENT for table `afflication`
--
ALTER TABLE `afflication`
  MODIFY `afliaction_id` int NOT NULL AUTO_INCREMENT, AUTO_INCREMENT=50;

--
-- AUTO_INCREMENT for table `aid_scholarshipapply`
--
ALTER TABLE `aid_scholarshipapply`
  MODIFY `aid_scholarshipapply_id` int NOT NULL AUTO_INCREMENT, AUTO_INCREMENT=167;

--
-- AUTO_INCREMENT for table `alumni_survey`
--
ALTER TABLE `alumni_survey`
  MODIFY `form_id` int NOT NULL AUTO_INCREMENT;

--
-- AUTO_INCREMENT for table `Assessments_Configure`
--
ALTER TABLE `Assessments_Configure`
  MODIFY `assessment_id` int NOT NULL AUTO_INCREMENT, AUTO_INCREMENT=90;

--
-- AUTO_INCREMENT for table `Assignment_marks`
--
ALTER TABLE `Assignment_marks`
  MODIFY `Assignment_marks_id` int NOT NULL AUTO_INCREMENT, AUTO_INCREMENT=44;

--
-- AUTO_INCREMENT for table `assignpermission`
--
ALTER TABLE `assignpermission`
  MODIFY `ap_id` int NOT NULL AUTO_INCREMENT, AUTO_INCREMENT=18521;

--
-- AUTO_INCREMENT for table `assign_affliation`
--
ALTER TABLE `assign_affliation`
  MODIFY `assign_affliation_id` int NOT NULL AUTO_INCREMENT, AUTO_INCREMENT=86;

--
-- AUTO_INCREMENT for table `assign_campus`
--
ALTER TABLE `assign_campus`
  MODIFY `assign_campus_id` int NOT NULL AUTO_INCREMENT, AUTO_INCREMENT=829;

--
-- AUTO_INCREMENT for table `assign_feedback`
--
ALTER TABLE `assign_feedback`
  MODIFY `assign_feedback_id` int NOT NULL AUTO_INCREMENT, AUTO_INCREMENT=14;

--
-- AUTO_INCREMENT for table `assign_quiz_part`
--
ALTER TABLE `assign_quiz_part`
  MODIFY `assign_quiz_part_id` int NOT NULL AUTO_INCREMENT, AUTO_INCREMENT=698;

--
-- AUTO_INCREMENT for table `assign_quiz_to_interval`
--
ALTER TABLE `assign_quiz_to_interval`
  MODIFY `assign_quiz_to_interval_id` int NOT NULL AUTO_INCREMENT, AUTO_INCREMENT=15;

--
-- AUTO_INCREMENT for table `attemptassignment`
--
ALTER TABLE `attemptassignment`
  MODIFY `attemptassignment_id` int NOT NULL AUTO_INCREMENT, AUTO_INCREMENT=155;

--
-- AUTO_INCREMENT for table `Attendence_mark`
--
ALTER TABLE `Attendence_mark`
  MODIFY `attendence_mark_id` int NOT NULL AUTO_INCREMENT, AUTO_INCREMENT=30;

--
-- AUTO_INCREMENT for table `campus`
--
ALTER TABLE `campus`
  MODIFY `campus_id` int NOT NULL AUTO_INCREMENT, AUTO_INCREMENT=191;

--
-- AUTO_INCREMENT for table `Chat`
--
ALTER TABLE `Chat`
  MODIFY `Chat_id` int NOT NULL AUTO_INCREMENT, AUTO_INCREMENT=62;

--
-- AUTO_INCREMENT for table `class_participation_marks`
--
ALTER TABLE `class_participation_marks`
  MODIFY `class_participation_marks_id` int NOT NULL AUTO_INCREMENT, AUTO_INCREMENT=29;

--
-- AUTO_INCREMENT for table `Complain`
--
ALTER TABLE `Complain`
  MODIFY `id` int NOT NULL AUTO_INCREMENT, AUTO_INCREMENT=155;

--
-- AUTO_INCREMENT for table `component_coursefee`
--
ALTER TABLE `component_coursefee`
  MODIFY `comp_coursefee_id` int NOT NULL AUTO_INCREMENT, AUTO_INCREMENT=280;

--
-- AUTO_INCREMENT for table `course_folder`
--
ALTER TABLE `course_folder`
  MODIFY `id` int NOT NULL AUTO_INCREMENT, AUTO_INCREMENT=36;

--
-- AUTO_INCREMENT for table `Datesheet_Data`
--
ALTER TABLE `Datesheet_Data`
  MODIFY `Datesheet_id` int NOT NULL AUTO_INCREMENT, AUTO_INCREMENT=72;

--
-- AUTO_INCREMENT for table `Diary_dates`
--
ALTER TABLE `Diary_dates`
  MODIFY `diary_dates_id` int NOT NULL AUTO_INCREMENT, AUTO_INCREMENT=13;

--
-- AUTO_INCREMENT for table `diary_task`
--
ALTER TABLE `diary_task`
  MODIFY `id` int NOT NULL AUTO_INCREMENT, AUTO_INCREMENT=24;

--
-- AUTO_INCREMENT for table `diary_task_students`
--
ALTER TABLE `diary_task_students`
  MODIFY `id` int NOT NULL AUTO_INCREMENT, AUTO_INCREMENT=103;

--
-- AUTO_INCREMENT for table `education_stream`
--
ALTER TABLE `education_stream`
  MODIFY `stream_id` int NOT NULL AUTO_INCREMENT, AUTO_INCREMENT=21;

--
-- AUTO_INCREMENT for table `Email`
--
ALTER TABLE `Email`
  MODIFY `Email_id` int NOT NULL AUTO_INCREMENT, AUTO_INCREMENT=250;

--
-- AUTO_INCREMENT for table `employer_survey`
--
ALTER TABLE `employer_survey`
  MODIFY `form_id` int NOT NULL AUTO_INCREMENT;

--
-- AUTO_INCREMENT for table `events`
--
ALTER TABLE `events`
  MODIFY `id` int NOT NULL AUTO_INCREMENT, AUTO_INCREMENT=10;

--
-- AUTO_INCREMENT for table `faculty_course_review_report`
--
ALTER TABLE `faculty_course_review_report`
  MODIFY `form_id` int NOT NULL AUTO_INCREMENT;

--
-- AUTO_INCREMENT for table `faculty_resume`
--
ALTER TABLE `faculty_resume`
  MODIFY `form_id` int NOT NULL AUTO_INCREMENT;

--
-- AUTO_INCREMENT for table `faculty_survey`
--
ALTER TABLE `faculty_survey`
  MODIFY `form_id` int NOT NULL AUTO_INCREMENT;

--
-- AUTO_INCREMENT for table `feedback`
--
ALTER TABLE `feedback`
  MODIFY `feedback_id` int NOT NULL AUTO_INCREMENT, AUTO_INCREMENT=53;

--
-- AUTO_INCREMENT for table `feedback_answers`
--
ALTER TABLE `feedback_answers`
  MODIFY `fa_id` int NOT NULL AUTO_INCREMENT, AUTO_INCREMENT=32;

--
-- AUTO_INCREMENT for table `feedback_question`
--
ALTER TABLE `feedback_question`
  MODIFY `fq_id` int NOT NULL AUTO_INCREMENT, AUTO_INCREMENT=43;

--
-- AUTO_INCREMENT for table `feeinstitututestructure`
--
ALTER TABLE `feeinstitututestructure`
  MODIFY `feeinstitututestructure_id` int NOT NULL AUTO_INCREMENT, AUTO_INCREMENT=834;

--
-- AUTO_INCREMENT for table `fee_installment`
--
ALTER TABLE `fee_installment`
  MODIFY `fee_installment_id` int NOT NULL AUTO_INCREMENT;

--
-- AUTO_INCREMENT for table `fee_installments_aid_scholarship`
--
ALTER TABLE `fee_installments_aid_scholarship`
  MODIFY `id` int NOT NULL AUTO_INCREMENT, AUTO_INCREMENT=3651;

--
-- AUTO_INCREMENT for table `finaliz_fee`
--
ALTER TABLE `finaliz_fee`
  MODIFY `finalizefee_id` int NOT NULL AUTO_INCREMENT, AUTO_INCREMENT=406;

--
-- AUTO_INCREMENT for table `financiallpolicy`
--
ALTER TABLE `financiallpolicy`
  MODIFY `financiallpolicy_id` int NOT NULL AUTO_INCREMENT, AUTO_INCREMENT=23;

--
-- AUTO_INCREMENT for table `invoice`
--
ALTER TABLE `invoice`
  MODIFY `invoice_id` int NOT NULL AUTO_INCREMENT;

--
-- AUTO_INCREMENT for table `lab_demo_marks`
--
ALTER TABLE `lab_demo_marks`
  MODIFY `lab_demo_marks_id` int NOT NULL AUTO_INCREMENT, AUTO_INCREMENT=7812;

--
-- AUTO_INCREMENT for table `Material`
--
ALTER TABLE `Material`
  MODIFY `material_id` int NOT NULL AUTO_INCREMENT, AUTO_INCREMENT=113;

--
-- AUTO_INCREMENT for table `notification`
--
ALTER TABLE `notification`
  MODIFY `notification_id` int NOT NULL AUTO_INCREMENT, AUTO_INCREMENT=11;

--
-- AUTO_INCREMENT for table `othercomponentfee`
--
ALTER TABLE `othercomponentfee`
  MODIFY `otherscomponent_id` int NOT NULL AUTO_INCREMENT, AUTO_INCREMENT=563;

--
-- AUTO_INCREMENT for table `page_visits`
--
ALTER TABLE `page_visits`
  MODIFY `id` int NOT NULL AUTO_INCREMENT, AUTO_INCREMENT=1044;

--
-- AUTO_INCREMENT for table `policies`
--
ALTER TABLE `policies`
  MODIFY `poliies_id` int NOT NULL AUTO_INCREMENT, AUTO_INCREMENT=27;

--
-- AUTO_INCREMENT for table `program`
--
ALTER TABLE `program`
  MODIFY `program_id` int NOT NULL AUTO_INCREMENT, AUTO_INCREMENT=288;

--
-- AUTO_INCREMENT for table `programeligability`
--
ALTER TABLE `programeligability`
  MODIFY `programeligability_id` int NOT NULL AUTO_INCREMENT, AUTO_INCREMENT=31;

--
-- AUTO_INCREMENT for table `program_addmission_fee`
--
ALTER TABLE `program_addmission_fee`
  MODIFY `programfeeaddmission_id` int NOT NULL AUTO_INCREMENT, AUTO_INCREMENT=125;

--
-- AUTO_INCREMENT for table `program_components`
--
ALTER TABLE `program_components`
  MODIFY `components_id` int NOT NULL AUTO_INCREMENT, AUTO_INCREMENT=319;

--
-- AUTO_INCREMENT for table `project_presentation_marks`
--
ALTER TABLE `project_presentation_marks`
  MODIFY `project_presentation_marks_id` int NOT NULL AUTO_INCREMENT, AUTO_INCREMENT=51;

--
-- AUTO_INCREMENT for table `questions`
--
ALTER TABLE `questions`
  MODIFY `question_id` int NOT NULL AUTO_INCREMENT, AUTO_INCREMENT=1384;

--
-- AUTO_INCREMENT for table `questions_in_video`
--
ALTER TABLE `questions_in_video`
  MODIFY `id` int NOT NULL AUTO_INCREMENT, AUTO_INCREMENT=39;

--
-- AUTO_INCREMENT for table `questions_response`
--
ALTER TABLE `questions_response`
  MODIFY `question_response_id` int NOT NULL AUTO_INCREMENT, AUTO_INCREMENT=819;

--
-- AUTO_INCREMENT for table `question_type`
--
ALTER TABLE `question_type`
  MODIFY `question_type_id` int NOT NULL AUTO_INCREMENT;

--
-- AUTO_INCREMENT for table `quiz`
--
ALTER TABLE `quiz`
  MODIFY `quiz_id` int NOT NULL AUTO_INCREMENT, AUTO_INCREMENT=440;

--
-- AUTO_INCREMENT for table `quizzes_sh`
--
ALTER TABLE `quizzes_sh`
  MODIFY `id` int NOT NULL AUTO_INCREMENT;

--
-- AUTO_INCREMENT for table `quiz_and_video_questions`
--
ALTER TABLE `quiz_and_video_questions`
  MODIFY `id` int NOT NULL AUTO_INCREMENT;

--
-- AUTO_INCREMENT for table `quiz_part`
--
ALTER TABLE `quiz_part`
  MODIFY `quiz_part_id` int NOT NULL AUTO_INCREMENT, AUTO_INCREMENT=1820;

--
-- AUTO_INCREMENT for table `quiz_video`
--
ALTER TABLE `quiz_video`
  MODIFY `id` int NOT NULL AUTO_INCREMENT, AUTO_INCREMENT=18;

--
-- AUTO_INCREMENT for table `quiz_video_student_attempt`
--
ALTER TABLE `quiz_video_student_attempt`
  MODIFY `id` int NOT NULL AUTO_INCREMENT, AUTO_INCREMENT=46;

--
-- AUTO_INCREMENT for table `research_student_progress_review_form`
--
ALTER TABLE `research_student_progress_review_form`
  MODIFY `form_id` int NOT NULL AUTO_INCREMENT;

--
-- AUTO_INCREMENT for table `results`
--
ALTER TABLE `results`
  MODIFY `results_id` int NOT NULL AUTO_INCREMENT;

--
-- AUTO_INCREMENT for table `roles`
--
ALTER TABLE `roles`
  MODIFY `role_id` int NOT NULL AUTO_INCREMENT, AUTO_INCREMENT=379;

--
-- AUTO_INCREMENT for table `roll_number`
--
ALTER TABLE `roll_number`
  MODIFY `roll_number_id` int NOT NULL AUTO_INCREMENT, AUTO_INCREMENT=41;

--
-- AUTO_INCREMENT for table `roll_number_slip_data`
--
ALTER TABLE `roll_number_slip_data`
  MODIFY `roll_number_id` int NOT NULL AUTO_INCREMENT, AUTO_INCREMENT=60;

--
-- AUTO_INCREMENT for table `Rooms`
--
ALTER TABLE `Rooms`
  MODIFY `RoomID` int NOT NULL AUTO_INCREMENT;

--
-- AUTO_INCREMENT for table `scholarship_policy`
--
ALTER TABLE `scholarship_policy`
  MODIFY `spolicy_id` int NOT NULL AUTO_INCREMENT, AUTO_INCREMENT=31;

--
-- AUTO_INCREMENT for table `section`
--
ALTER TABLE `section`
  MODIFY `section_id` int NOT NULL AUTO_INCREMENT, AUTO_INCREMENT=273;

--
-- AUTO_INCREMENT for table `student_admission`
--
ALTER TABLE `student_admission`
  MODIFY `student_admission_id` int NOT NULL AUTO_INCREMENT, AUTO_INCREMENT=725;

--
-- AUTO_INCREMENT for table `student_course_evaluation_questionnaire`
--
ALTER TABLE `student_course_evaluation_questionnaire`
  MODIFY `form_id` int NOT NULL AUTO_INCREMENT, AUTO_INCREMENT=136;

--
-- AUTO_INCREMENT for table `student_diary`
--
ALTER TABLE `student_diary`
  MODIFY `student_diary_id` int NOT NULL AUTO_INCREMENT, AUTO_INCREMENT=18;

--
-- AUTO_INCREMENT for table `student_other_fee`
--
ALTER TABLE `student_other_fee`
  MODIFY `student_other_fee_id` int NOT NULL AUTO_INCREMENT, AUTO_INCREMENT=626;

--
-- AUTO_INCREMENT for table `student_program_relation`
--
ALTER TABLE `student_program_relation`
  MODIFY `id` int NOT NULL AUTO_INCREMENT, AUTO_INCREMENT=44;

--
-- AUTO_INCREMENT for table `subject`
--
ALTER TABLE `subject`
  MODIFY `subject_id` int NOT NULL AUTO_INCREMENT, AUTO_INCREMENT=371;

--
-- AUTO_INCREMENT for table `survey_of_department_offering_phd_programs`
--
ALTER TABLE `survey_of_department_offering_phd_programs`
  MODIFY `form_id` int NOT NULL AUTO_INCREMENT;

--
-- AUTO_INCREMENT for table `survey_of_graduating_students`
--
ALTER TABLE `survey_of_graduating_students`
  MODIFY `form_id` int NOT NULL AUTO_INCREMENT;

--
-- AUTO_INCREMENT for table `teacher_availability_time_slot`
--
ALTER TABLE `teacher_availability_time_slot`
  MODIFY `id` int NOT NULL AUTO_INCREMENT, AUTO_INCREMENT=537;

--
-- AUTO_INCREMENT for table `teacher_evaluation_form`
--
ALTER TABLE `teacher_evaluation_form`
  MODIFY `form_id` int NOT NULL AUTO_INCREMENT;

--
-- AUTO_INCREMENT for table `thirdpartypaymentsperstudentdetails`
--
ALTER TABLE `thirdpartypaymentsperstudentdetails`
  MODIFY `thirdpartypaymentsperstudentDetails_id` int NOT NULL AUTO_INCREMENT, AUTO_INCREMENT=8;

--
-- AUTO_INCREMENT for table `thirpartycomponentfee`
--
ALTER TABLE `thirpartycomponentfee`
  MODIFY `thirdpartyfee_id` int NOT NULL AUTO_INCREMENT, AUTO_INCREMENT=318;

--
-- AUTO_INCREMENT for table `TimeSlots`
--
ALTER TABLE `TimeSlots`
  MODIFY `SlotID` int NOT NULL AUTO_INCREMENT, AUTO_INCREMENT=481;

--
-- AUTO_INCREMENT for table `timetable`
--
ALTER TABLE `timetable`
  MODIFY `timetable_id` int NOT NULL AUTO_INCREMENT, AUTO_INCREMENT=94;

--
-- AUTO_INCREMENT for table `topic`
--
ALTER TABLE `topic`
  MODIFY `topic_id` int NOT NULL AUTO_INCREMENT, AUTO_INCREMENT=534;

--
-- AUTO_INCREMENT for table `uploads_tarbiya`
--
ALTER TABLE `uploads_tarbiya`
  MODIFY `id` int NOT NULL AUTO_INCREMENT, AUTO_INCREMENT=14;

--
-- AUTO_INCREMENT for table `user_activities`
--
ALTER TABLE `user_activities`
  MODIFY `id` int NOT NULL AUTO_INCREMENT, AUTO_INCREMENT=1059;

--
-- AUTO_INCREMENT for table `user_mac_mapping`
--
ALTER TABLE `user_mac_mapping`
  MODIFY `user_map_mapping_id` int NOT NULL AUTO_INCREMENT, AUTO_INCREMENT=47;

--
-- AUTO_INCREMENT for table `user_program_relation`
--
ALTER TABLE `user_program_relation`
  MODIFY `id` int NOT NULL AUTO_INCREMENT, AUTO_INCREMENT=38;

--
-- AUTO_INCREMENT for table `videos_activity`
--
ALTER TABLE `videos_activity`
  MODIFY `id` int NOT NULL AUTO_INCREMENT, AUTO_INCREMENT=15;

--
-- AUTO_INCREMENT for table `videos_sh`
--
ALTER TABLE `videos_sh`
  MODIFY `id` int NOT NULL AUTO_INCREMENT;

--
-- AUTO_INCREMENT for table `video_for_quiz`
--
ALTER TABLE `video_for_quiz`
  MODIFY `id` int NOT NULL AUTO_INCREMENT, AUTO_INCREMENT=32;

--
-- AUTO_INCREMENT for table `zoom_config`
--
ALTER TABLE `zoom_config`
  MODIFY `Zoom_user_id` int NOT NULL AUTO_INCREMENT, AUTO_INCREMENT=50;

--
-- AUTO_INCREMENT for table `zoom_oauth`
--
ALTER TABLE `zoom_oauth`
  MODIFY `id` int NOT NULL AUTO_INCREMENT, AUTO_INCREMENT=2;

--
-- Constraints for dumped tables
--

--
-- Constraints for table `Academic_Calendar_Data`
--
ALTER TABLE `Academic_Calendar_Data`
  ADD CONSTRAINT `fk_academic_calender_data_affliation_id` FOREIGN KEY (`affliation_id`) REFERENCES `assign_affliation` (`assign_affliation_id`) ON DELETE CASCADE ON UPDATE CASCADE,
  ADD CONSTRAINT `fk_academic_calender_data_campus_id` FOREIGN KEY (`campus_id`) REFERENCES `campus` (`campus_id`) ON DELETE CASCADE ON UPDATE CASCADE,
  ADD CONSTRAINT `fk_academic_calender_data_institute_id` FOREIGN KEY (`institute_id`) REFERENCES `education_institute` (`institute_id`) ON DELETE CASCADE ON UPDATE CASCADE,
  ADD CONSTRAINT `fk_academic_calender_data_stream_id` FOREIGN KEY (`stream_id`) REFERENCES `education_stream` (`stream_id`) ON DELETE CASCADE ON UPDATE CASCADE;

--
-- Constraints for table `addattendencs`
--
ALTER TABLE `addattendencs`
  ADD CONSTRAINT `fk_addattendance_add_addendance_id` FOREIGN KEY (`add_attendence_id`) REFERENCES `add_attendance` (`attendence_id`) ON DELETE CASCADE ON UPDATE CASCADE,
  ADD CONSTRAINT `fk_addattendance_add_attendence_date_id` FOREIGN KEY (`add_attendence_date_id`) REFERENCES `add_attendance_date` (`attendence_date_id`) ON DELETE CASCADE ON UPDATE CASCADE,
  ADD CONSTRAINT `fk_addattendance_section_id` FOREIGN KEY (`Section_id`) REFERENCES `section` (`section_id`) ON DELETE CASCADE ON UPDATE CASCADE,
  ADD CONSTRAINT `fk_addattendance_user_id` FOREIGN KEY (`user_id`) REFERENCES `user` (`user_id`) ON DELETE CASCADE ON UPDATE CASCADE;

--
-- Constraints for table `add_attendance`
--
ALTER TABLE `add_attendance`
  ADD CONSTRAINT `fk_add_attendance_affliation` FOREIGN KEY (`Affiliated_Body_id`) REFERENCES `assign_affliation` (`assign_affliation_id`) ON DELETE RESTRICT ON UPDATE RESTRICT,
  ADD CONSTRAINT `fk_add_attendance_component_id` FOREIGN KEY (`Component_id`) REFERENCES `program_components` (`components_id`) ON DELETE CASCADE ON UPDATE CASCADE,
  ADD CONSTRAINT `fk_add_attendance_course_id` FOREIGN KEY (`Course_id`) REFERENCES `subject` (`subject_id`) ON DELETE CASCADE ON UPDATE CASCADE,
  ADD CONSTRAINT `fk_add_attendance_institute_id` FOREIGN KEY (`Institute_id`) REFERENCES `education_institute` (`institute_id`) ON DELETE CASCADE ON UPDATE CASCADE,
  ADD CONSTRAINT `fk_add_attendance_program_id` FOREIGN KEY (`Program_id`) REFERENCES `program` (`program_id`) ON DELETE CASCADE ON UPDATE CASCADE,
  ADD CONSTRAINT `fk_add_attendance_section_id` FOREIGN KEY (`Section_id`) REFERENCES `section` (`section_id`) ON DELETE CASCADE ON UPDATE CASCADE,
  ADD CONSTRAINT `fk_add_attendance_stream_id` FOREIGN KEY (`Stream_id`) REFERENCES `education_stream` (`stream_id`) ON DELETE CASCADE ON UPDATE CASCADE;

--
-- Constraints for table `add_attendance_date`
--
ALTER TABLE `add_attendance_date`
  ADD CONSTRAINT `fk_add_attendance_date_attendance_id` FOREIGN KEY (`attendence_id`) REFERENCES `add_attendance` (`attendence_id`) ON DELETE CASCADE ON UPDATE CASCADE;

--
-- Constraints for table `add_attendance_total_marks`
--
ALTER TABLE `add_attendance_total_marks`
  ADD CONSTRAINT `fk_add_attendance_total_marks_affliation_id` FOREIGN KEY (`afliaction_id`) REFERENCES `assign_affliation` (`assign_affliation_id`) ON DELETE CASCADE ON UPDATE CASCADE,
  ADD CONSTRAINT `fk_add_attendance_total_marks_component_id` FOREIGN KEY (`components_id`) REFERENCES `program_components` (`components_id`) ON DELETE CASCADE ON UPDATE CASCADE,
  ADD CONSTRAINT `fk_add_attendance_total_marks_cource_id` FOREIGN KEY (`course_id`) REFERENCES `subject` (`subject_id`) ON DELETE CASCADE ON UPDATE CASCADE,
  ADD CONSTRAINT `fk_add_attendance_total_marks_institute_id` FOREIGN KEY (`institute_id`) REFERENCES `education_institute` (`institute_id`) ON DELETE CASCADE ON UPDATE CASCADE,
  ADD CONSTRAINT `fk_add_attendance_total_marks_program_id` FOREIGN KEY (`program_id`) REFERENCES `program` (`program_id`) ON DELETE CASCADE ON UPDATE CASCADE,
  ADD CONSTRAINT `fk_add_attendance_total_marks_section_id` FOREIGN KEY (`section_id`) REFERENCES `section` (`section_id`) ON DELETE CASCADE ON UPDATE CASCADE,
  ADD CONSTRAINT `fk_add_attendance_total_marks_stream_id` FOREIGN KEY (`stream_id`) REFERENCES `education_stream` (`stream_id`) ON DELETE CASCADE ON UPDATE CASCADE;

--
-- Constraints for table `add_class_participation`
--
ALTER TABLE `add_class_participation`
  ADD CONSTRAINT `fk_add_class_participation_affliation_id` FOREIGN KEY (`afliaction_id`) REFERENCES `assign_affliation` (`assign_affliation_id`) ON DELETE CASCADE ON UPDATE CASCADE,
  ADD CONSTRAINT `fk_add_class_participation_component_id` FOREIGN KEY (`components_id`) REFERENCES `program_components` (`components_id`) ON DELETE RESTRICT ON UPDATE RESTRICT,
  ADD CONSTRAINT `fk_add_class_participation_course_id` FOREIGN KEY (`course_id`) REFERENCES `subject` (`subject_id`) ON DELETE CASCADE ON UPDATE CASCADE,
  ADD CONSTRAINT `fk_add_class_participation_institute_id` FOREIGN KEY (`institute_id`) REFERENCES `education_institute` (`institute_id`) ON DELETE CASCADE ON UPDATE CASCADE,
  ADD CONSTRAINT `fk_add_class_participation_program_id` FOREIGN KEY (`program_id`) REFERENCES `program` (`program_id`) ON DELETE CASCADE ON UPDATE CASCADE,
  ADD CONSTRAINT `fk_add_class_participation_section_id` FOREIGN KEY (`section_id`) REFERENCES `section` (`section_id`) ON DELETE CASCADE ON UPDATE CASCADE,
  ADD CONSTRAINT `fk_add_class_participation_stream_id` FOREIGN KEY (`stream_id`) REFERENCES `education_stream` (`stream_id`) ON DELETE CASCADE ON UPDATE CASCADE;

--
-- Constraints for table `add_course_progress_report`
--
ALTER TABLE `add_course_progress_report`
  ADD CONSTRAINT `fk_add_course_progress_report_component_id` FOREIGN KEY (`components_id`) REFERENCES `program_components` (`components_id`) ON DELETE CASCADE ON UPDATE CASCADE,
  ADD CONSTRAINT `fk_add_course_progress_report_course_id` FOREIGN KEY (`course_id`) REFERENCES `subject` (`subject_id`) ON DELETE CASCADE ON UPDATE CASCADE,
  ADD CONSTRAINT `fk_add_course_progress_report_institute_id` FOREIGN KEY (`institute_id`) REFERENCES `education_institute` (`institute_id`) ON DELETE CASCADE ON UPDATE CASCADE,
  ADD CONSTRAINT `fk_add_course_progress_report_program_id` FOREIGN KEY (`program_id`) REFERENCES `program` (`program_id`) ON DELETE CASCADE ON UPDATE CASCADE,
  ADD CONSTRAINT `fk_add_course_progress_report_section_id` FOREIGN KEY (`section_id`) REFERENCES `section` (`section_id`) ON DELETE CASCADE ON UPDATE CASCADE,
  ADD CONSTRAINT `fk_add_course_progress_report_stream_id` FOREIGN KEY (`stream_id`) REFERENCES `education_stream` (`stream_id`) ON DELETE CASCADE ON UPDATE CASCADE;

--
-- Constraints for table `add_lab_demo`
--
ALTER TABLE `add_lab_demo`
  ADD CONSTRAINT `fk_add_lab_demo_affliation_id` FOREIGN KEY (`afliaction_id`) REFERENCES `assign_affliation` (`assign_affliation_id`) ON DELETE CASCADE ON UPDATE CASCADE,
  ADD CONSTRAINT `fk_add_lab_demo_campus_id` FOREIGN KEY (`campus_id`) REFERENCES `campus` (`campus_id`) ON DELETE CASCADE ON UPDATE CASCADE,
  ADD CONSTRAINT `fk_add_lab_demo_component_id` FOREIGN KEY (`components_id`) REFERENCES `program_components` (`components_id`) ON DELETE CASCADE ON UPDATE CASCADE,
  ADD CONSTRAINT `fk_add_lab_demo_course_id` FOREIGN KEY (`course_id`) REFERENCES `subject` (`subject_id`) ON DELETE CASCADE ON UPDATE CASCADE,
  ADD CONSTRAINT `fk_add_lab_demo_institute_id` FOREIGN KEY (`institute_id`) REFERENCES `education_institute` (`institute_id`) ON DELETE CASCADE ON UPDATE CASCADE,
  ADD CONSTRAINT `fk_add_lab_demo_program_id` FOREIGN KEY (`program_id`) REFERENCES `program` (`program_id`) ON DELETE CASCADE ON UPDATE CASCADE,
  ADD CONSTRAINT `fk_add_lab_demo_section_id` FOREIGN KEY (`section_id`) REFERENCES `section` (`section_id`) ON DELETE CASCADE ON UPDATE CASCADE,
  ADD CONSTRAINT `fk_add_lab_demo_stream_id` FOREIGN KEY (`stream_id`) REFERENCES `education_stream` (`stream_id`) ON DELETE CASCADE ON UPDATE CASCADE;

--
-- Constraints for table `add_project_presentation`
--
ALTER TABLE `add_project_presentation`
  ADD CONSTRAINT `fk_add_project_presentation_affliation_id` FOREIGN KEY (`afliaction_id`) REFERENCES `assign_affliation` (`assign_affliation_id`) ON DELETE CASCADE ON UPDATE CASCADE,
  ADD CONSTRAINT `fk_add_project_presentation_component_id` FOREIGN KEY (`components_id`) REFERENCES `program_components` (`components_id`) ON DELETE CASCADE ON UPDATE CASCADE,
  ADD CONSTRAINT `fk_add_project_presentation_course_id` FOREIGN KEY (`course_id`) REFERENCES `subject` (`subject_id`) ON DELETE CASCADE ON UPDATE CASCADE,
  ADD CONSTRAINT `fk_add_project_presentation_institute_id` FOREIGN KEY (`institute_id`) REFERENCES `education_institute` (`institute_id`) ON DELETE CASCADE ON UPDATE CASCADE,
  ADD CONSTRAINT `fk_add_project_presentation_program_id` FOREIGN KEY (`program_id`) REFERENCES `program` (`program_id`) ON DELETE RESTRICT ON UPDATE RESTRICT,
  ADD CONSTRAINT `fk_add_project_presentation_section_id` FOREIGN KEY (`section_id`) REFERENCES `section` (`section_id`) ON DELETE CASCADE ON UPDATE CASCADE,
  ADD CONSTRAINT `fk_add_project_presentation_stream_id` FOREIGN KEY (`stream_id`) REFERENCES `education_stream` (`stream_id`) ON DELETE CASCADE ON UPDATE CASCADE;

--
-- Constraints for table `add_result_award_list`
--
ALTER TABLE `add_result_award_list`
  ADD CONSTRAINT `fk_add_result_award_list_component_id` FOREIGN KEY (`components_id`) REFERENCES `program_components` (`components_id`) ON DELETE CASCADE ON UPDATE CASCADE,
  ADD CONSTRAINT `fk_add_result_award_list_institute_id` FOREIGN KEY (`institute_id`) REFERENCES `education_institute` (`institute_id`) ON DELETE CASCADE ON UPDATE CASCADE,
  ADD CONSTRAINT `fk_add_result_award_list_program_id` FOREIGN KEY (`program_id`) REFERENCES `program` (`program_id`) ON DELETE CASCADE ON UPDATE CASCADE,
  ADD CONSTRAINT `fk_add_result_award_list_stream_id` FOREIGN KEY (`stream_id`) REFERENCES `education_stream` (`stream_id`) ON DELETE CASCADE ON UPDATE CASCADE;

--
-- Constraints for table `add_result_card_data`
--
ALTER TABLE `add_result_card_data`
  ADD CONSTRAINT `fk_add_result_card_data_affliation_id` FOREIGN KEY (`afliaction_id`) REFERENCES `assign_affliation` (`assign_affliation_id`) ON DELETE CASCADE ON UPDATE CASCADE,
  ADD CONSTRAINT `fk_add_result_card_data_component_id` FOREIGN KEY (`components_id`) REFERENCES `program_components` (`components_id`) ON DELETE CASCADE ON UPDATE CASCADE,
  ADD CONSTRAINT `fk_add_result_card_data_course_id` FOREIGN KEY (`course_id`) REFERENCES `subject` (`subject_id`) ON DELETE CASCADE ON UPDATE CASCADE,
  ADD CONSTRAINT `fk_add_result_card_data_institute_id` FOREIGN KEY (`institute_id`) REFERENCES `education_institute` (`institute_id`) ON DELETE CASCADE ON UPDATE CASCADE,
  ADD CONSTRAINT `fk_add_result_card_data_program_id` FOREIGN KEY (`program_id`) REFERENCES `program` (`program_id`) ON DELETE CASCADE ON UPDATE CASCADE,
  ADD CONSTRAINT `fk_add_result_card_data_section_id` FOREIGN KEY (`section_id`) REFERENCES `section` (`section_id`) ON DELETE CASCADE ON UPDATE CASCADE,
  ADD CONSTRAINT `fk_add_result_card_data_stream_id` FOREIGN KEY (`stream_id`) REFERENCES `education_stream` (`stream_id`) ON DELETE CASCADE ON UPDATE CASCADE,
  ADD CONSTRAINT `fk_add_result_card_data_user_id` FOREIGN KEY (`user_id`) REFERENCES `user` (`user_id`) ON DELETE CASCADE ON UPDATE CASCADE;

--
-- Constraints for table `add_transcript_data`
--
ALTER TABLE `add_transcript_data`
  ADD CONSTRAINT `fk_add_transcript_data_afflication_id` FOREIGN KEY (`afliaction_id`) REFERENCES `assign_affliation` (`assign_affliation_id`) ON DELETE CASCADE ON UPDATE CASCADE,
  ADD CONSTRAINT `fk_add_transcript_data_component_id` FOREIGN KEY (`components_id`) REFERENCES `program_components` (`components_id`) ON DELETE CASCADE ON UPDATE CASCADE,
  ADD CONSTRAINT `fk_add_transcript_data_course_id` FOREIGN KEY (`course_id`) REFERENCES `subject` (`subject_id`) ON DELETE CASCADE ON UPDATE CASCADE,
  ADD CONSTRAINT `fk_add_transcript_data_institute_id` FOREIGN KEY (`institute_id`) REFERENCES `education_institute` (`institute_id`) ON DELETE CASCADE ON UPDATE CASCADE,
  ADD CONSTRAINT `fk_add_transcript_data_program_id` FOREIGN KEY (`program_id`) REFERENCES `program` (`program_id`) ON DELETE CASCADE ON UPDATE CASCADE,
  ADD CONSTRAINT `fk_add_transcript_data_section_id` FOREIGN KEY (`section_id`) REFERENCES `section` (`section_id`) ON DELETE CASCADE ON UPDATE CASCADE,
  ADD CONSTRAINT `fk_add_transcript_data_stream_id` FOREIGN KEY (`stream_id`) REFERENCES `education_stream` (`stream_id`) ON DELETE CASCADE ON UPDATE CASCADE,
  ADD CONSTRAINT `fk_add_transcript_data_user_id` FOREIGN KEY (`user_id`) REFERENCES `user` (`user_id`) ON DELETE CASCADE ON UPDATE CASCADE;

--
-- Constraints for table `admission_report_presets`
--
ALTER TABLE `admission_report_presets`
  ADD CONSTRAINT `institute_id` FOREIGN KEY (`institute_id`) REFERENCES `education_institute` (`institute_id`) ON DELETE CASCADE ON UPDATE CASCADE;

--
-- Constraints for table `afflication`
--
ALTER TABLE `afflication`
  ADD CONSTRAINT `fk_affliation_stream_id` FOREIGN KEY (`stream_id`) REFERENCES `education_stream` (`stream_id`) ON DELETE CASCADE ON UPDATE CASCADE;

--
-- Constraints for table `aid_scholarshipapply`
--
ALTER TABLE `aid_scholarshipapply`
  ADD CONSTRAINT `fk_aid_scholarshipapply_user_id` FOREIGN KEY (`user_id`) REFERENCES `user` (`user_id`) ON DELETE CASCADE ON UPDATE CASCADE;

--
-- Constraints for table `alumni_survey`
--
ALTER TABLE `alumni_survey`
  ADD CONSTRAINT `rdsggfr345` FOREIGN KEY (`user_id`) REFERENCES `user` (`user_id`) ON DELETE CASCADE ON UPDATE CASCADE;

--
-- Constraints for table `Assessments_Configure`
--
ALTER TABLE `Assessments_Configure`
  ADD CONSTRAINT `fk_Assessments_Configure_campus_id` FOREIGN KEY (`campus_id`) REFERENCES `campus` (`campus_id`) ON DELETE CASCADE ON UPDATE CASCADE,
  ADD CONSTRAINT `fk_Assessments_Configure_component_id` FOREIGN KEY (`component_id`) REFERENCES `program_components` (`components_id`) ON DELETE CASCADE ON UPDATE CASCADE,
  ADD CONSTRAINT `fk_Assessments_Configure_institute_id` FOREIGN KEY (`institute_id`) REFERENCES `education_institute` (`institute_id`) ON DELETE CASCADE ON UPDATE CASCADE,
  ADD CONSTRAINT `fk_Assessments_Configure_program_id` FOREIGN KEY (`program_id`) REFERENCES `program` (`program_id`) ON DELETE CASCADE ON UPDATE CASCADE,
  ADD CONSTRAINT `fk_Assessments_Configure_stream_id` FOREIGN KEY (`stream_id`) REFERENCES `education_stream` (`stream_id`) ON DELETE CASCADE ON UPDATE CASCADE,
  ADD CONSTRAINT `fk_Assessments_Configure_subject_id` FOREIGN KEY (`subject_id`) REFERENCES `subject` (`subject_id`) ON DELETE CASCADE ON UPDATE CASCADE;

--
-- Constraints for table `Assignment_marks`
--
ALTER TABLE `Assignment_marks`
  ADD CONSTRAINT `fk_Assignment_marks_assignment_id` FOREIGN KEY (`assignment_id`) REFERENCES `quiz` (`quiz_id`) ON DELETE CASCADE ON UPDATE CASCADE,
  ADD CONSTRAINT `fk_Assignment_marks_user_id` FOREIGN KEY (`user_id`) REFERENCES `user` (`user_id`) ON DELETE CASCADE ON UPDATE CASCADE;

--
-- Constraints for table `assignpermission`
--
ALTER TABLE `assignpermission`
  ADD CONSTRAINT `fk_assignpermission_role_id` FOREIGN KEY (`role_id`) REFERENCES `roles` (`role_id`) ON DELETE CASCADE ON UPDATE CASCADE;

--
-- Constraints for table `assign_affliation`
--
ALTER TABLE `assign_affliation`
  ADD CONSTRAINT `fk_assign_affliation_affliation_id` FOREIGN KEY (`affliation_id`) REFERENCES `afflication` (`afliaction_id`) ON DELETE CASCADE ON UPDATE CASCADE,
  ADD CONSTRAINT `fk_assign_affliation_institute_id` FOREIGN KEY (`institute_id`) REFERENCES `education_institute` (`institute_id`) ON DELETE CASCADE ON UPDATE CASCADE;

--
-- Constraints for table `assign_campus`
--
ALTER TABLE `assign_campus`
  ADD CONSTRAINT `fk_assign_campus_campus_id` FOREIGN KEY (`campus_id`) REFERENCES `campus` (`campus_id`) ON DELETE CASCADE ON UPDATE CASCADE,
  ADD CONSTRAINT `fk_assign_campus_user_id` FOREIGN KEY (`user_id`) REFERENCES `user` (`user_id`) ON DELETE CASCADE ON UPDATE CASCADE;

--
-- Constraints for table `assign_quiz_part`
--
ALTER TABLE `assign_quiz_part`
  ADD CONSTRAINT `fk_assign_quiz_part_question_id` FOREIGN KEY (`Question_id`) REFERENCES `questions` (`question_id`) ON DELETE CASCADE ON UPDATE CASCADE,
  ADD CONSTRAINT `fk_assign_quiz_part_quiz_id` FOREIGN KEY (`Quiz_id`) REFERENCES `quiz` (`quiz_id`) ON DELETE CASCADE ON UPDATE CASCADE;

--
-- Constraints for table `attemptassignment`
--
ALTER TABLE `attemptassignment`
  ADD CONSTRAINT `fk_attemptassignment_assignment_id` FOREIGN KEY (`assignment_id`) REFERENCES `quiz` (`quiz_id`) ON DELETE CASCADE ON UPDATE CASCADE,
  ADD CONSTRAINT `fk_attemptassignment_user_id` FOREIGN KEY (`user_id`) REFERENCES `user` (`user_id`) ON DELETE CASCADE ON UPDATE CASCADE;

--
-- Constraints for table `Attendence_mark`
--
ALTER TABLE `Attendence_mark`
  ADD CONSTRAINT `fk_Attendence_mark_attendance_id` FOREIGN KEY (`attendance_id`) REFERENCES `add_attendance_total_marks` (`attendance_marks_id`) ON DELETE RESTRICT ON UPDATE RESTRICT,
  ADD CONSTRAINT `fk_Attendence_mark_user_id` FOREIGN KEY (`user_id`) REFERENCES `user` (`user_id`) ON DELETE CASCADE ON UPDATE CASCADE;

--
-- Constraints for table `campus`
--
ALTER TABLE `campus`
  ADD CONSTRAINT `fk_campus_institute_id` FOREIGN KEY (`institute_id`) REFERENCES `education_institute` (`institute_id`) ON DELETE CASCADE ON UPDATE CASCADE,
  ADD CONSTRAINT `fk_campus_stream_id` FOREIGN KEY (`stream_id`) REFERENCES `education_stream` (`stream_id`) ON DELETE CASCADE ON UPDATE CASCADE;

--
-- Constraints for table `Chat`
--
ALTER TABLE `Chat`
  ADD CONSTRAINT `fk_chat_section_id` FOREIGN KEY (`Section_id`) REFERENCES `section` (`section_id`) ON DELETE CASCADE ON UPDATE CASCADE,
  ADD CONSTRAINT `fk_chat_user_id` FOREIGN KEY (`User_id`) REFERENCES `user` (`user_id`) ON DELETE CASCADE ON UPDATE CASCADE;

--
-- Constraints for table `class_participation_marks`
--
ALTER TABLE `class_participation_marks`
  ADD CONSTRAINT `fk_class_participation_marks_cp_id` FOREIGN KEY (`class_participation_id`) REFERENCES `add_class_participation` (`class_participation_id`) ON DELETE CASCADE ON UPDATE CASCADE,
  ADD CONSTRAINT `fk_class_participation_marks_user_id` FOREIGN KEY (`user_id`) REFERENCES `user` (`user_id`) ON DELETE CASCADE ON UPDATE CASCADE;

--
-- Constraints for table `Complain`
--
ALTER TABLE `Complain`
  ADD CONSTRAINT `fk_Complain_institute_id` FOREIGN KEY (`institute_id`) REFERENCES `education_institute` (`institute_id`) ON DELETE CASCADE ON UPDATE CASCADE,
  ADD CONSTRAINT `fk_Complain_stream_id` FOREIGN KEY (`stream_id`) REFERENCES `education_stream` (`stream_id`) ON DELETE CASCADE ON UPDATE CASCADE,
  ADD CONSTRAINT `fk_Complain_user_id` FOREIGN KEY (`user_id`) REFERENCES `user` (`user_id`) ON DELETE CASCADE ON UPDATE CASCADE;

--
-- Constraints for table `component_coursefee`
--
ALTER TABLE `component_coursefee`
  ADD CONSTRAINT `fk-component_coursefee_campus_id` FOREIGN KEY (`campus_id`) REFERENCES `campus` (`campus_id`) ON DELETE CASCADE ON UPDATE CASCADE,
  ADD CONSTRAINT `fk-component_coursefee_component_id` FOREIGN KEY (`component_id`) REFERENCES `program_components` (`components_id`) ON DELETE CASCADE ON UPDATE CASCADE,
  ADD CONSTRAINT `fk-component_coursefee_feeinstitute_id` FOREIGN KEY (`feeinstitute_id`) REFERENCES `education_institute` (`institute_id`) ON DELETE CASCADE ON UPDATE CASCADE,
  ADD CONSTRAINT `fk-component_coursefee_feestream_id` FOREIGN KEY (`feestream_id`) REFERENCES `education_stream` (`stream_id`) ON DELETE CASCADE ON UPDATE CASCADE,
  ADD CONSTRAINT `fk-component_coursefee_program_id` FOREIGN KEY (`program_id`) REFERENCES `program` (`program_id`) ON DELETE CASCADE ON UPDATE CASCADE;

--
-- Constraints for table `course_folder`
--
ALTER TABLE `course_folder`
  ADD CONSTRAINT `fk_course_folder_affliation_body` FOREIGN KEY (`affiliation_body`) REFERENCES `assign_affliation` (`assign_affliation_id`) ON DELETE CASCADE ON UPDATE CASCADE,
  ADD CONSTRAINT `fk_course_folder_campus` FOREIGN KEY (`campus`) REFERENCES `campus` (`campus_id`) ON DELETE CASCADE ON UPDATE CASCADE,
  ADD CONSTRAINT `fk_course_folder_component` FOREIGN KEY (`component`) REFERENCES `program_components` (`components_id`) ON DELETE CASCADE ON UPDATE CASCADE,
  ADD CONSTRAINT `fk_course_folder_course_id` FOREIGN KEY (`course`) REFERENCES `subject` (`subject_id`) ON DELETE CASCADE ON UPDATE CASCADE,
  ADD CONSTRAINT `fk_course_folder_institute_id` FOREIGN KEY (`institute`) REFERENCES `education_institute` (`institute_id`) ON DELETE CASCADE ON UPDATE CASCADE,
  ADD CONSTRAINT `fk_course_folder_program` FOREIGN KEY (`program`) REFERENCES `program` (`program_id`) ON DELETE CASCADE ON UPDATE CASCADE,
  ADD CONSTRAINT `fk_course_folder_section` FOREIGN KEY (`section`) REFERENCES `section` (`section_id`) ON DELETE CASCADE ON UPDATE CASCADE,
  ADD CONSTRAINT `fk_course_folder_stream_id` FOREIGN KEY (`Stream`) REFERENCES `education_stream` (`stream_id`) ON DELETE CASCADE ON UPDATE CASCADE;

--
-- Constraints for table `Datesheet_Data`
--
ALTER TABLE `Datesheet_Data`
  ADD CONSTRAINT `fk_Datesheet_Data_component_id` FOREIGN KEY (`components_id`) REFERENCES `program_components` (`components_id`) ON DELETE CASCADE ON UPDATE CASCADE,
  ADD CONSTRAINT `fk_Datesheet_Data_course_id` FOREIGN KEY (`course_id`) REFERENCES `subject` (`subject_id`) ON DELETE CASCADE ON UPDATE CASCADE,
  ADD CONSTRAINT `fk_Datesheet_Data_institute_id` FOREIGN KEY (`institute_id`) REFERENCES `education_institute` (`institute_id`) ON DELETE CASCADE ON UPDATE CASCADE,
  ADD CONSTRAINT `fk_Datesheet_Data_program_id` FOREIGN KEY (`program_id`) REFERENCES `program` (`program_id`) ON DELETE CASCADE ON UPDATE CASCADE,
  ADD CONSTRAINT `fk_Datesheet_Data_section_id` FOREIGN KEY (`section_id`) REFERENCES `section` (`section_id`) ON DELETE CASCADE ON UPDATE CASCADE,
  ADD CONSTRAINT `fk_Datesheet_Data_stream_id` FOREIGN KEY (`stream_id`) REFERENCES `education_stream` (`stream_id`) ON DELETE CASCADE ON UPDATE CASCADE;

--
-- Constraints for table `Email`
--
ALTER TABLE `Email`
  ADD CONSTRAINT `rjhkrtht54` FOREIGN KEY (`institute_id`) REFERENCES `education_institute` (`institute_id`) ON DELETE CASCADE ON UPDATE CASCADE;

--
-- Constraints for table `employer_survey`
--
ALTER TABLE `employer_survey`
  ADD CONSTRAINT `rdsggfr3456` FOREIGN KEY (`user_id`) REFERENCES `user` (`user_id`) ON DELETE CASCADE ON UPDATE CASCADE;

--
-- Constraints for table `faculty_course_review_report`
--
ALTER TABLE `faculty_course_review_report`
  ADD CONSTRAINT `rdsggfr34` FOREIGN KEY (`user_id`) REFERENCES `user` (`user_id`) ON DELETE CASCADE ON UPDATE CASCADE;

--
-- Constraints for table `faculty_resume`
--
ALTER TABLE `faculty_resume`
  ADD CONSTRAINT `rdsggfr34567` FOREIGN KEY (`user_id`) REFERENCES `user` (`user_id`) ON DELETE CASCADE ON UPDATE CASCADE;

--
-- Constraints for table `faculty_survey`
--
ALTER TABLE `faculty_survey`
  ADD CONSTRAINT `rdsggfr345678` FOREIGN KEY (`user_id`) REFERENCES `user` (`user_id`) ON DELETE CASCADE ON UPDATE CASCADE;

--
-- Constraints for table `feedback`
--
ALTER TABLE `feedback`
  ADD CONSTRAINT `fk_feedback_component_id` FOREIGN KEY (`components_id`) REFERENCES `program_components` (`components_id`) ON DELETE CASCADE ON UPDATE CASCADE,
  ADD CONSTRAINT `fk_feedback_institute_id` FOREIGN KEY (`institute_id`) REFERENCES `education_institute` (`institute_id`) ON DELETE CASCADE ON UPDATE CASCADE,
  ADD CONSTRAINT `fk_feedback_program_id` FOREIGN KEY (`program_id`) REFERENCES `program` (`program_id`) ON DELETE CASCADE ON UPDATE CASCADE,
  ADD CONSTRAINT `fk_feedback_stream_id` FOREIGN KEY (`stream_id`) REFERENCES `education_stream` (`stream_id`) ON DELETE CASCADE ON UPDATE CASCADE;

--
-- Constraints for table `feedback_answers`
--
ALTER TABLE `feedback_answers`
  ADD CONSTRAINT `fk_feedback_answers_feedback_id` FOREIGN KEY (`feedback_id`) REFERENCES `feedback` (`feedback_id`) ON DELETE CASCADE ON UPDATE CASCADE,
  ADD CONSTRAINT `fk_feedback_answers_fq_id` FOREIGN KEY (`fq_id`) REFERENCES `feedback_question` (`fq_id`) ON DELETE CASCADE ON UPDATE CASCADE,
  ADD CONSTRAINT `fk_feedback_answers_user_id` FOREIGN KEY (`user_id`) REFERENCES `user` (`user_id`) ON DELETE CASCADE ON UPDATE CASCADE;

--
-- Constraints for table `feedback_question`
--
ALTER TABLE `feedback_question`
  ADD CONSTRAINT `fk_feedback_question_feedback-id` FOREIGN KEY (`feedback_id`) REFERENCES `feedback` (`feedback_id`) ON DELETE CASCADE ON UPDATE RESTRICT;

--
-- Constraints for table `feeinstitututestructure`
--
ALTER TABLE `feeinstitututestructure`
  ADD CONSTRAINT `fk_feeinstitututestructure_finalizefee_id` FOREIGN KEY (`finalizefee_id`) REFERENCES `finaliz_fee` (`finalizefee_id`) ON DELETE CASCADE ON UPDATE CASCADE;

--
-- Constraints for table `fee_installment`
--
ALTER TABLE `fee_installment`
  ADD CONSTRAINT `fk_fee_installment_user_id` FOREIGN KEY (`user_id`) REFERENCES `user` (`user_id`) ON DELETE CASCADE ON UPDATE CASCADE;

--
-- Constraints for table `fee_installments_aid_scholarship`
--
ALTER TABLE `fee_installments_aid_scholarship`
  ADD CONSTRAINT `fk_fee_installments_aid_scholarship_user_id` FOREIGN KEY (`user_id`) REFERENCES `user` (`user_id`) ON DELETE CASCADE ON UPDATE CASCADE;

--
-- Constraints for table `finaliz_fee`
--
ALTER TABLE `finaliz_fee`
  ADD CONSTRAINT `fk_finaliz_fee_affliation_id` FOREIGN KEY (`affliation_id`) REFERENCES `assign_affliation` (`assign_affliation_id`) ON DELETE CASCADE ON UPDATE CASCADE,
  ADD CONSTRAINT `fk_finaliz_fee_campus_id` FOREIGN KEY (`campus_id`) REFERENCES `campus` (`campus_id`) ON DELETE CASCADE ON UPDATE CASCADE,
  ADD CONSTRAINT `fk_finaliz_fee_component_id` FOREIGN KEY (`component_id`) REFERENCES `program_components` (`components_id`) ON DELETE CASCADE ON UPDATE CASCADE,
  ADD CONSTRAINT `fk_finaliz_fee_institute_id` FOREIGN KEY (`institute_id`) REFERENCES `education_institute` (`institute_id`) ON DELETE CASCADE ON UPDATE CASCADE,
  ADD CONSTRAINT `fk_finaliz_fee_program_id` FOREIGN KEY (`program_id`) REFERENCES `program` (`program_id`) ON DELETE CASCADE ON UPDATE CASCADE,
  ADD CONSTRAINT `fk_finaliz_fee_stream_id` FOREIGN KEY (`stream_id`) REFERENCES `education_stream` (`stream_id`) ON DELETE CASCADE ON UPDATE CASCADE;

--
-- Constraints for table `financiallpolicy`
--
ALTER TABLE `financiallpolicy`
  ADD CONSTRAINT `fk_financiallpolicy_institute_id` FOREIGN KEY (`institute_id`) REFERENCES `education_institute` (`institute_id`) ON DELETE CASCADE ON UPDATE CASCADE;

--
-- Constraints for table `invoice`
--
ALTER TABLE `invoice`
  ADD CONSTRAINT `fk_invoice_user_id` FOREIGN KEY (`user_id`) REFERENCES `user` (`user_id`) ON DELETE CASCADE ON UPDATE CASCADE;

--
-- Constraints for table `lab_demo_marks`
--
ALTER TABLE `lab_demo_marks`
  ADD CONSTRAINT `fk_lab_demo_marks_lab_demo_id` FOREIGN KEY (`lab_demo_id`) REFERENCES `add_lab_demo` (`lab_id`) ON DELETE CASCADE ON UPDATE CASCADE,
  ADD CONSTRAINT `fk_lab_demo_marks_user_id` FOREIGN KEY (`user_id`) REFERENCES `user` (`user_id`) ON DELETE CASCADE ON UPDATE CASCADE;

--
-- Constraints for table `Material`
--
ALTER TABLE `Material`
  ADD CONSTRAINT `fk_Section_material_section_id` FOREIGN KEY (`section_id`) REFERENCES `section` (`section_id`) ON DELETE CASCADE ON UPDATE CASCADE;

--
-- Constraints for table `notification`
--
ALTER TABLE `notification`
  ADD CONSTRAINT `fk_notification_institute` FOREIGN KEY (`institute`) REFERENCES `education_institute` (`institute_id`) ON DELETE CASCADE ON UPDATE CASCADE,
  ADD CONSTRAINT `fk_notification_stream` FOREIGN KEY (`stream`) REFERENCES `education_stream` (`stream_id`) ON DELETE CASCADE ON UPDATE CASCADE;

--
-- Constraints for table `page_visits`
--
ALTER TABLE `page_visits`
  ADD CONSTRAINT `page_visits_user_fk` FOREIGN KEY (`user_id`) REFERENCES `user` (`user_id`) ON DELETE CASCADE ON UPDATE CASCADE;

--
-- Constraints for table `policies`
--
ALTER TABLE `policies`
  ADD CONSTRAINT `fk_institute_id_policies` FOREIGN KEY (`institute_id`) REFERENCES `education_institute` (`institute_id`) ON DELETE CASCADE ON UPDATE CASCADE;

--
-- Constraints for table `program`
--
ALTER TABLE `program`
  ADD CONSTRAINT `fk_program_campus_id` FOREIGN KEY (`campus_id`) REFERENCES `campus` (`campus_id`) ON DELETE CASCADE ON UPDATE CASCADE,
  ADD CONSTRAINT `fk_program_institute_id` FOREIGN KEY (`institute_id`) REFERENCES `education_institute` (`institute_id`) ON DELETE CASCADE ON UPDATE CASCADE,
  ADD CONSTRAINT `fk_program_stream_id` FOREIGN KEY (`stream_id`) REFERENCES `education_stream` (`stream_id`) ON DELETE CASCADE ON UPDATE CASCADE;

--
-- Constraints for table `programeligability`
--
ALTER TABLE `programeligability`
  ADD CONSTRAINT `A245343588` FOREIGN KEY (`institute_id`) REFERENCES `education_institute` (`institute_id`) ON DELETE CASCADE ON UPDATE CASCADE;

--
-- Constraints for table `program_addmission_fee`
--
ALTER TABLE `program_addmission_fee`
  ADD CONSTRAINT `fk_program_addmission_fee_campus_id` FOREIGN KEY (`campus_id`) REFERENCES `campus` (`campus_id`) ON DELETE CASCADE ON UPDATE CASCADE,
  ADD CONSTRAINT `fk_program_addmission_fee_program_id` FOREIGN KEY (`program_id`) REFERENCES `program` (`program_id`) ON DELETE CASCADE ON UPDATE CASCADE;

--
-- Constraints for table `program_components`
--
ALTER TABLE `program_components`
  ADD CONSTRAINT `fk_program_components_campus_id` FOREIGN KEY (`campus_id`) REFERENCES `campus` (`campus_id`) ON DELETE CASCADE ON UPDATE CASCADE,
  ADD CONSTRAINT `fk_program_components_institute_id` FOREIGN KEY (`institute_id`) REFERENCES `education_institute` (`institute_id`) ON DELETE CASCADE ON UPDATE CASCADE,
  ADD CONSTRAINT `fk_program_components_program_id` FOREIGN KEY (`program_id`) REFERENCES `program` (`program_id`) ON DELETE CASCADE ON UPDATE CASCADE,
  ADD CONSTRAINT `fk_program_components_stream_id` FOREIGN KEY (`stream_id`) REFERENCES `education_stream` (`stream_id`) ON DELETE CASCADE ON UPDATE CASCADE;

--
-- Constraints for table `project_presentation_marks`
--
ALTER TABLE `project_presentation_marks`
  ADD CONSTRAINT `fk_project_presentation_marks_project_presentation_id` FOREIGN KEY (`project_presentation_id`) REFERENCES `add_project_presentation` (`project_id`) ON DELETE CASCADE ON UPDATE CASCADE,
  ADD CONSTRAINT `fk_project_presentation_marks_user_id` FOREIGN KEY (`user_id`) REFERENCES `user` (`user_id`) ON DELETE CASCADE ON UPDATE CASCADE;

--
-- Constraints for table `questions`
--
ALTER TABLE `questions`
  ADD CONSTRAINT `fk_questions_component_id` FOREIGN KEY (`component_id`) REFERENCES `program_components` (`components_id`) ON DELETE CASCADE ON UPDATE CASCADE,
  ADD CONSTRAINT `fk_questions_institute_id` FOREIGN KEY (`institute_id`) REFERENCES `education_institute` (`institute_id`) ON DELETE CASCADE ON UPDATE CASCADE,
  ADD CONSTRAINT `fk_questions_program_id` FOREIGN KEY (`program_id`) REFERENCES `program` (`program_id`) ON DELETE CASCADE ON UPDATE CASCADE,
  ADD CONSTRAINT `fk_questions_stream_id` FOREIGN KEY (`stream_id`) REFERENCES `education_stream` (`stream_id`) ON DELETE CASCADE ON UPDATE CASCADE,
  ADD CONSTRAINT `fk_questions_subject_id` FOREIGN KEY (`subject_id`) REFERENCES `subject` (`subject_id`) ON DELETE CASCADE ON UPDATE CASCADE,
  ADD CONSTRAINT `fk_questions_topic_id` FOREIGN KEY (`topic_id`) REFERENCES `topic` (`topic_id`) ON DELETE CASCADE ON UPDATE CASCADE;

--
-- Constraints for table `questions_response`
--
ALTER TABLE `questions_response`
  ADD CONSTRAINT `fk_questions_response_component_id` FOREIGN KEY (`component_id`) REFERENCES `program_components` (`components_id`) ON DELETE CASCADE ON UPDATE CASCADE,
  ADD CONSTRAINT `fk_questions_response_institute_id` FOREIGN KEY (`institute_id`) REFERENCES `education_institute` (`institute_id`) ON DELETE CASCADE ON UPDATE CASCADE,
  ADD CONSTRAINT `fk_questions_response_program_id` FOREIGN KEY (`program_id`) REFERENCES `program` (`program_id`) ON DELETE CASCADE ON UPDATE CASCADE,
  ADD CONSTRAINT `fk_questions_response_question_id` FOREIGN KEY (`question_id`) REFERENCES `questions` (`question_id`) ON DELETE CASCADE ON UPDATE CASCADE,
  ADD CONSTRAINT `fk_questions_response_quiz_id` FOREIGN KEY (`quiz_id`) REFERENCES `quiz` (`quiz_id`) ON DELETE CASCADE ON UPDATE CASCADE,
  ADD CONSTRAINT `fk_questions_response_stream_id` FOREIGN KEY (`stream_id`) REFERENCES `education_stream` (`stream_id`) ON DELETE CASCADE ON UPDATE CASCADE,
  ADD CONSTRAINT `fk_questions_response_subject_id` FOREIGN KEY (`subject_id`) REFERENCES `subject` (`subject_id`) ON DELETE CASCADE ON UPDATE CASCADE,
  ADD CONSTRAINT `fk_questions_response_user_id` FOREIGN KEY (`user_id`) REFERENCES `user` (`user_id`) ON DELETE CASCADE ON UPDATE CASCADE;

--
-- Constraints for table `question_type`
--
ALTER TABLE `question_type`
  ADD CONSTRAINT `fk_question_type_component_id` FOREIGN KEY (`component_id`) REFERENCES `program_components` (`components_id`) ON DELETE CASCADE ON UPDATE CASCADE,
  ADD CONSTRAINT `fk_question_type_institute_id` FOREIGN KEY (`institute_id`) REFERENCES `education_institute` (`institute_id`) ON DELETE CASCADE ON UPDATE CASCADE,
  ADD CONSTRAINT `fk_question_type_program_id` FOREIGN KEY (`program_id`) REFERENCES `program` (`program_id`) ON DELETE CASCADE ON UPDATE CASCADE,
  ADD CONSTRAINT `fk_question_type_stream_id` FOREIGN KEY (`stream_id`) REFERENCES `education_stream` (`stream_id`) ON DELETE CASCADE ON UPDATE CASCADE,
  ADD CONSTRAINT `fk_question_type_subject_id` FOREIGN KEY (`subject_id`) REFERENCES `subject` (`subject_id`) ON DELETE CASCADE ON UPDATE CASCADE;

--
-- Constraints for table `quiz`
--
ALTER TABLE `quiz`
  ADD CONSTRAINT `fk_quiz_component_id` FOREIGN KEY (`component_id`) REFERENCES `program_components` (`components_id`) ON DELETE CASCADE ON UPDATE CASCADE,
  ADD CONSTRAINT `fk_quiz_institute_id` FOREIGN KEY (`institute_id`) REFERENCES `education_institute` (`institute_id`) ON DELETE CASCADE ON UPDATE CASCADE,
  ADD CONSTRAINT `fk_quiz_program_id` FOREIGN KEY (`program_id`) REFERENCES `program` (`program_id`) ON DELETE CASCADE ON UPDATE CASCADE,
  ADD CONSTRAINT `fk_quiz_section_id` FOREIGN KEY (`section_id`) REFERENCES `section` (`section_id`) ON DELETE CASCADE ON UPDATE CASCADE,
  ADD CONSTRAINT `fk_quiz_stream_id` FOREIGN KEY (`stream_id`) REFERENCES `education_stream` (`stream_id`) ON DELETE CASCADE ON UPDATE CASCADE,
  ADD CONSTRAINT `fk_quiz_subject_id` FOREIGN KEY (`subject_id`) REFERENCES `subject` (`subject_id`) ON DELETE CASCADE ON UPDATE CASCADE;

--
-- Constraints for table `quizzes_sh`
--
ALTER TABLE `quizzes_sh`
  ADD CONSTRAINT `quizzes_sh_ibfk_1` FOREIGN KEY (`video_id`) REFERENCES `videos_sh` (`id`);

--
-- Constraints for table `quiz_part`
--
ALTER TABLE `quiz_part`
  ADD CONSTRAINT `fk_quiz_part_quiz_id` FOREIGN KEY (`quiz_id`) REFERENCES `quiz` (`quiz_id`) ON DELETE CASCADE ON UPDATE CASCADE;

--
-- Constraints for table `results`
--
ALTER TABLE `results`
  ADD CONSTRAINT `fk_results_component_id` FOREIGN KEY (`component_id`) REFERENCES `program_components` (`components_id`) ON DELETE CASCADE ON UPDATE CASCADE,
  ADD CONSTRAINT `fk_results_institute_id` FOREIGN KEY (`institute_id`) REFERENCES `education_institute` (`institute_id`) ON DELETE CASCADE ON UPDATE CASCADE,
  ADD CONSTRAINT `fk_results_program_id` FOREIGN KEY (`program_id`) REFERENCES `program` (`program_id`) ON DELETE CASCADE ON UPDATE CASCADE,
  ADD CONSTRAINT `fk_results_question_id` FOREIGN KEY (`question_id`) REFERENCES `questions` (`question_id`) ON DELETE CASCADE ON UPDATE CASCADE,
  ADD CONSTRAINT `fk_results_question_response_id` FOREIGN KEY (`question_response_id`) REFERENCES `questions_response` (`question_response_id`) ON DELETE CASCADE ON UPDATE CASCADE,
  ADD CONSTRAINT `fk_results_section_id` FOREIGN KEY (`section_id`) REFERENCES `section` (`section_id`) ON DELETE CASCADE ON UPDATE CASCADE,
  ADD CONSTRAINT `fk_results_stream_id` FOREIGN KEY (`stream_id`) REFERENCES `education_stream` (`stream_id`) ON DELETE CASCADE ON UPDATE CASCADE,
  ADD CONSTRAINT `fk_results_user_id` FOREIGN KEY (`user_id`) REFERENCES `user` (`user_id`) ON DELETE CASCADE ON UPDATE CASCADE;

--
-- Constraints for table `roles`
--
ALTER TABLE `roles`
  ADD CONSTRAINT `fk_roles_institute_id` FOREIGN KEY (`institute_id`) REFERENCES `education_institute` (`institute_id`) ON DELETE CASCADE ON UPDATE CASCADE,
  ADD CONSTRAINT `fk_roles_stream_id` FOREIGN KEY (`stream_id`) REFERENCES `education_stream` (`stream_id`) ON DELETE CASCADE ON UPDATE CASCADE;

--
-- Constraints for table `roll_number`
--
ALTER TABLE `roll_number`
  ADD CONSTRAINT `fk_roll_number_institute_id` FOREIGN KEY (`institute_id`) REFERENCES `education_institute` (`institute_id`) ON DELETE CASCADE ON UPDATE CASCADE,
  ADD CONSTRAINT `fk_roll_number_stream_id` FOREIGN KEY (`stream_id`) REFERENCES `education_stream` (`stream_id`) ON DELETE CASCADE ON UPDATE CASCADE;

--
-- Constraints for table `roll_number_slip_data`
--
ALTER TABLE `roll_number_slip_data`
  ADD CONSTRAINT `fk_roll_number_slip_data_affliation_id` FOREIGN KEY (`afliaction_id`) REFERENCES `assign_affliation` (`assign_affliation_id`) ON DELETE CASCADE ON UPDATE CASCADE,
  ADD CONSTRAINT `fk_roll_number_slip_data_component_id` FOREIGN KEY (`components_id`) REFERENCES `program_components` (`components_id`) ON DELETE CASCADE ON UPDATE CASCADE,
  ADD CONSTRAINT `fk_roll_number_slip_data_course_id` FOREIGN KEY (`course_id`) REFERENCES `subject` (`subject_id`) ON DELETE CASCADE ON UPDATE CASCADE,
  ADD CONSTRAINT `fk_roll_number_slip_data_institute_id` FOREIGN KEY (`institute_id`) REFERENCES `education_institute` (`institute_id`) ON DELETE CASCADE ON UPDATE CASCADE,
  ADD CONSTRAINT `fk_roll_number_slip_data_program_id` FOREIGN KEY (`program_id`) REFERENCES `program` (`program_id`) ON DELETE CASCADE ON UPDATE CASCADE,
  ADD CONSTRAINT `fk_roll_number_slip_data_stream_id` FOREIGN KEY (`stream_id`) REFERENCES `education_stream` (`stream_id`) ON DELETE CASCADE ON UPDATE CASCADE,
  ADD CONSTRAINT `fk_roll_number_slip_data_user_id` FOREIGN KEY (`user_id`) REFERENCES `user` (`user_id`) ON DELETE CASCADE ON UPDATE CASCADE;

--
-- Constraints for table `scholarship_policy`
--
ALTER TABLE `scholarship_policy`
  ADD CONSTRAINT `fk_institute_id` FOREIGN KEY (`institute_id`) REFERENCES `education_institute` (`institute_id`) ON DELETE CASCADE ON UPDATE CASCADE;

--
-- Constraints for table `section`
--
ALTER TABLE `section`
  ADD CONSTRAINT `fk_section_campus_id` FOREIGN KEY (`campus_id`) REFERENCES `campus` (`campus_id`) ON DELETE CASCADE ON UPDATE CASCADE,
  ADD CONSTRAINT `fk_section_component_id` FOREIGN KEY (`component_id`) REFERENCES `program_components` (`components_id`) ON DELETE CASCADE ON UPDATE CASCADE,
  ADD CONSTRAINT `fk_section_institute_id` FOREIGN KEY (`institute_id`) REFERENCES `education_institute` (`institute_id`) ON DELETE CASCADE ON UPDATE CASCADE,
  ADD CONSTRAINT `fk_section_program_id` FOREIGN KEY (`program_id`) REFERENCES `program` (`program_id`) ON DELETE CASCADE ON UPDATE CASCADE,
  ADD CONSTRAINT `fk_section_stream_id` FOREIGN KEY (`stream_id`) REFERENCES `education_stream` (`stream_id`) ON DELETE CASCADE ON UPDATE CASCADE,
  ADD CONSTRAINT `fk_section_subject_id` FOREIGN KEY (`subject_id`) REFERENCES `subject` (`subject_id`) ON DELETE CASCADE ON UPDATE CASCADE;

--
-- Constraints for table `student_admission`
--
ALTER TABLE `student_admission`
  ADD CONSTRAINT `fk_student_admission_user_id` FOREIGN KEY (`user_id`) REFERENCES `user` (`user_id`) ON DELETE CASCADE ON UPDATE CASCADE;

--
-- Constraints for table `student_other_fee`
--
ALTER TABLE `student_other_fee`
  ADD CONSTRAINT `fk_student_other_fee_other_fee_id` FOREIGN KEY (`other_fee_id`) REFERENCES `othercomponentfee` (`otherscomponent_id`) ON DELETE CASCADE ON UPDATE CASCADE,
  ADD CONSTRAINT `fk_student_other_fee_user_id` FOREIGN KEY (`user_id`) REFERENCES `user` (`user_id`) ON DELETE CASCADE ON UPDATE CASCADE;

--
-- Constraints for table `student_program_relation`
--
ALTER TABLE `student_program_relation`
  ADD CONSTRAINT `fk_student_program_relation` FOREIGN KEY (`program_id`) REFERENCES `program` (`program_id`) ON DELETE CASCADE ON UPDATE CASCADE,
  ADD CONSTRAINT `fk_student_user_relation` FOREIGN KEY (`user_id`) REFERENCES `user` (`user_id`) ON DELETE CASCADE ON UPDATE CASCADE;

--
-- Constraints for table `subject`
--
ALTER TABLE `subject`
  ADD CONSTRAINT `fk_subject_campus_id` FOREIGN KEY (`campus_id`) REFERENCES `campus` (`campus_id`) ON DELETE CASCADE ON UPDATE CASCADE,
  ADD CONSTRAINT `fk_subject_component_id` FOREIGN KEY (`component_id`) REFERENCES `program_components` (`components_id`) ON DELETE CASCADE ON UPDATE CASCADE,
  ADD CONSTRAINT `fk_subject_institute_id` FOREIGN KEY (`institute_id`) REFERENCES `education_institute` (`institute_id`) ON DELETE CASCADE ON UPDATE CASCADE,
  ADD CONSTRAINT `fk_subject_program_id` FOREIGN KEY (`program_id`) REFERENCES `program` (`program_id`) ON DELETE CASCADE ON UPDATE CASCADE,
  ADD CONSTRAINT `fk_subject_stream_id` FOREIGN KEY (`stream_id`) REFERENCES `education_stream` (`stream_id`) ON DELETE CASCADE ON UPDATE CASCADE;

--
-- Constraints for table `teacher_availability_time_slot`
--
ALTER TABLE `teacher_availability_time_slot`
  ADD CONSTRAINT `teacher_availability_time_slot_ibfk_1` FOREIGN KEY (`user_id`) REFERENCES `user` (`user_id`) ON DELETE CASCADE ON UPDATE CASCADE;

--
-- Constraints for table `thirdpartypaymentsperstudentdetails`
--
ALTER TABLE `thirdpartypaymentsperstudentdetails`
  ADD CONSTRAINT `fk_thirdpartypaymentsperstudentdetails_user_id` FOREIGN KEY (`user_id`) REFERENCES `user` (`user_id`) ON DELETE CASCADE ON UPDATE CASCADE;

--
-- Constraints for table `thirpartycomponentfee`
--
ALTER TABLE `thirpartycomponentfee`
  ADD CONSTRAINT `fk_thirpartycomponentfee_campus_id` FOREIGN KEY (`campus_id`) REFERENCES `campus` (`campus_id`) ON DELETE CASCADE ON UPDATE CASCADE;

--
-- Constraints for table `TimeSlots`
--
ALTER TABLE `TimeSlots`
  ADD CONSTRAINT `fddfdg4ere344` FOREIGN KEY (`subject_id`) REFERENCES `subject` (`subject_id`) ON DELETE CASCADE ON UPDATE CASCADE,
  ADD CONSTRAINT `fk_room` FOREIGN KEY (`RoomID`) REFERENCES `Rooms` (`RoomID`) ON DELETE CASCADE ON UPDATE CASCADE;

--
-- Constraints for table `timetable`
--
ALTER TABLE `timetable`
  ADD CONSTRAINT `fk_timetable_campus_id` FOREIGN KEY (`campus_id`) REFERENCES `campus` (`campus_id`) ON DELETE CASCADE ON UPDATE CASCADE,
  ADD CONSTRAINT `fk_timetable_component` FOREIGN KEY (`component`) REFERENCES `program_components` (`components_id`) ON DELETE CASCADE ON UPDATE CASCADE,
  ADD CONSTRAINT `fk_timetable_course` FOREIGN KEY (`course`) REFERENCES `subject` (`subject_id`) ON DELETE CASCADE ON UPDATE CASCADE,
  ADD CONSTRAINT `fk_timetable_educationinstitute` FOREIGN KEY (`educationinstitute`) REFERENCES `education_institute` (`institute_id`) ON DELETE CASCADE ON UPDATE CASCADE,
  ADD CONSTRAINT `fk_timetable_educationstream` FOREIGN KEY (`educationstream`) REFERENCES `education_stream` (`stream_id`) ON DELETE CASCADE ON UPDATE CASCADE,
  ADD CONSTRAINT `fk_timetable_program` FOREIGN KEY (`program`) REFERENCES `program` (`program_id`) ON DELETE CASCADE ON UPDATE CASCADE,
  ADD CONSTRAINT `fk_timetable_section` FOREIGN KEY (`section`) REFERENCES `section` (`section_id`) ON DELETE CASCADE ON UPDATE CASCADE;

--
-- Constraints for table `topic`
--
ALTER TABLE `topic`
  ADD CONSTRAINT `fk_topic_component_id` FOREIGN KEY (`component_id`) REFERENCES `program_components` (`components_id`) ON DELETE CASCADE ON UPDATE CASCADE,
  ADD CONSTRAINT `fk_topic_institute_id` FOREIGN KEY (`institute_id`) REFERENCES `education_institute` (`institute_id`) ON DELETE CASCADE ON UPDATE CASCADE,
  ADD CONSTRAINT `fk_topic_program_id` FOREIGN KEY (`program_id`) REFERENCES `program` (`program_id`) ON DELETE CASCADE ON UPDATE CASCADE,
  ADD CONSTRAINT `fk_topic_stream_id` FOREIGN KEY (`stream_id`) REFERENCES `education_stream` (`stream_id`) ON DELETE CASCADE ON UPDATE CASCADE,
  ADD CONSTRAINT `fk_topic_subject_id` FOREIGN KEY (`subject_id`) REFERENCES `subject` (`subject_id`) ON DELETE CASCADE ON UPDATE CASCADE;

--
-- Constraints for table `user_activities`
--
ALTER TABLE `user_activities`
  ADD CONSTRAINT `rjhkrtht5433` FOREIGN KEY (`user_id`) REFERENCES `user` (`user_id`) ON DELETE CASCADE ON UPDATE CASCADE;

--
-- Constraints for table `user_mac_mapping`
--
ALTER TABLE `user_mac_mapping`
  ADD CONSTRAINT `fk_user_id` FOREIGN KEY (`user_id`) REFERENCES `user` (`user_id`) ON DELETE CASCADE ON UPDATE CASCADE;

--
-- Constraints for table `user_program_relation`
--
ALTER TABLE `user_program_relation`
  ADD CONSTRAINT `fk_user_program_relation_program_id` FOREIGN KEY (`program_id`) REFERENCES `program` (`program_id`) ON DELETE CASCADE ON UPDATE CASCADE,
  ADD CONSTRAINT `fk_user_program_relation_user_id` FOREIGN KEY (`user_id`) REFERENCES `user` (`user_id`) ON DELETE CASCADE ON UPDATE CASCADE;

--
-- Constraints for table `user_progress_sh`
--
ALTER TABLE `user_progress_sh`
  ADD CONSTRAINT `user_progress_sh_ibfk_1` FOREIGN KEY (`video_id`) REFERENCES `videos_sh` (`id`);

--
-- Constraints for table `videos_sh`
--
ALTER TABLE `videos_sh`
  ADD CONSTRAINT `videos_sh_ibfk_1` FOREIGN KEY (`next_video_id`) REFERENCES `videos_sh` (`id`);

--
-- Constraints for table `zoom_config`
--
ALTER TABLE `zoom_config`
  ADD CONSTRAINT `A2453435` FOREIGN KEY (`user_id`) REFERENCES `user` (`user_id`) ON DELETE CASCADE ON UPDATE CASCADE;
COMMIT;

