-- https://www.phpmyadmin.net/
--

START TRANSACTION;



--
-- Database: `education_newdemo`
--

-- --------------------------------------------------------

--
-- Table structure for table `Academic_Calendar_Data`
--

CREATE TABLE `Academic_Calendar_Data` (
  `academic_calendar_id` int NOT NULL,
  `stream_id` int DEFAULT NULL,
  `institute_id` int DEFAULT NULL,
  `affliation_id` int NOT NULL,
  `campus_id` int NOT NULL,
  `Year` varchar(6) CHARACTER SET utf8mb3 COLLATE utf8mb3_unicode_ci NOT NULL,
  `input_name_1` varchar(255) CHARACTER SET utf8mb3 COLLATE utf8mb3_unicode_ci DEFAULT NULL,
  `file_path_1` varchar(255) CHARACTER SET utf8mb3 COLLATE utf8mb3_unicode_ci DEFAULT NULL,
  `input_name_2` varchar(255) CHARACTER SET utf8mb3 COLLATE utf8mb3_unicode_ci DEFAULT NULL,
  `file_path_2` varchar(255) CHARACTER SET utf8mb3 COLLATE utf8mb3_unicode_ci DEFAULT NULL,
  `input_name_3` varchar(255) CHARACTER SET utf8mb3 COLLATE utf8mb3_unicode_ci DEFAULT NULL,
  `file_path_3` varchar(255) CHARACTER SET utf8mb3 COLLATE utf8mb3_unicode_ci DEFAULT NULL,
  `input_name_4` varchar(255) CHARACTER SET utf8mb3 COLLATE utf8mb3_unicode_ci DEFAULT NULL,
  `file_path_4` varchar(255) CHARACTER SET utf8mb3 COLLATE utf8mb3_unicode_ci DEFAULT NULL,
  `input_name_5` varchar(255) CHARACTER SET utf8mb3 COLLATE utf8mb3_unicode_ci DEFAULT NULL,
  `file_path_5` varchar(255) CHARACTER SET utf8mb3 COLLATE utf8mb3_unicode_ci DEFAULT NULL,
  `input_name_6` varchar(255) CHARACTER SET utf8mb3 COLLATE utf8mb3_unicode_ci DEFAULT NULL,
  `file_path_6` varchar(255) CHARACTER SET utf8mb3 COLLATE utf8mb3_unicode_ci DEFAULT NULL
) ENGINE=InnoDB DEFAULT CHARSET=utf8mb3 COLLATE=utf8mb3_unicode_ci;

--
-- Dumping data for table `Academic_Calendar_Data`
--

INSERT INTO `Academic_Calendar_Data` (`academic_calendar_id`, `stream_id`, `institute_id`, `affliation_id`, `campus_id`, `Year`, `input_name_1`, `file_path_1`, `input_name_2`, `file_path_2`, `input_name_3`, `file_path_3`, `input_name_4`, `file_path_4`, `input_name_5`, `file_path_5`, `input_name_6`, `file_path_6`) VALUES
(63, 15, 46, 80, 185, '2024', 'April Attempt', '66b4c78f3e15b_Sample (1).pdf', NULL, NULL, NULL, NULL, NULL, NULL, NULL, NULL, NULL, NULL),
(64, 15, 46, 80, 185, '2025', 'March Attempt', '66b4c7743b2b8_Sample 123.pdf', NULL, NULL, NULL, NULL, NULL, NULL, NULL, NULL, NULL, NULL),
(66, 15, 46, 80, 188, '2024', 'March Attempt', '6654964014759_sample.pdf', NULL, NULL, NULL, NULL, NULL, NULL, NULL, NULL, NULL, NULL),
(67, 15, 46, 80, 190, '2024', 'New Calendar', '66c318fc71851_Sample 123.pdf', NULL, NULL, NULL, NULL, NULL, NULL, NULL, NULL, NULL, NULL);

-- --------------------------------------------------------

--
-- Table structure for table `activity_base_video`
--

CREATE TABLE `activity_base_video` (
  `activity_base_video_id` int NOT NULL,
  `program_id` int DEFAULT NULL,
  `component_id` int DEFAULT NULL,
  `course_id` int DEFAULT NULL,
  `section_id` int DEFAULT NULL,
  `topic_id` int DEFAULT NULL,
  `activity_name` varchar(255) DEFAULT NULL,
  `activityvideo_name` varchar(255) DEFAULT NULL,
  `created_at` timestamp NULL DEFAULT CURRENT_TIMESTAMP,
  `updated_at` timestamp NULL DEFAULT CURRENT_TIMESTAMP ON UPDATE CURRENT_TIMESTAMP
) ENGINE=InnoDB DEFAULT CHARSET=utf8mb4  ;

--
-- Dumping data for table `activity_base_video`
--

INSERT INTO `activity_base_video` (`activity_base_video_id`, `program_id`, `component_id`, `course_id`, `section_id`, `topic_id`, `activity_name`, `activityvideo_name`, `created_at`, `updated_at`) VALUES
(1, 277, 307, 355, 258, 198, 'Demo Quiz', '66573b22831a3_Test MP4.mp4', '2024-05-29 14:26:42', '2024-05-29 14:26:42'),
(2, 277, 307, 355, 258, 198, 'Quiz 2', '665819031e723_Test MP4.mp4', '2024-05-30 06:13:23', '2024-05-30 06:13:23'),
(3, 277, 307, 355, 258, 205, 'Demo Quiz 1', '665d9a1ce0bda_Test MP4.mp4', '2024-06-03 10:25:32', '2024-06-03 10:28:17'),
(4, 278, 308, 359, 262, 202, 'Test Activity 1', '66ac75c58e98d_EducationVerse Intro Video.mp4', '2024-08-02 05:59:33', '2024-08-02 05:59:33'),
(8, 286, 317, 368, 270, 520, 'Test Activity Video 1', '66b4a6f628476_Sudden sinkhole in Naples swallows two cars, one parked and one in transit.mp4', '2024-08-08 11:07:34', '2024-08-08 11:07:34'),
(9, 286, 317, 369, 271, 521, 'Test Activity Video 2', '66b4a7a1d7fa3_Singapore Airshow 2024 kicks off with aerial displays.mp4', '2024-08-08 11:10:25', '2024-08-08 11:10:25');

-- --------------------------------------------------------

--
-- Table structure for table `addattendencs`
--

CREATE TABLE `addattendencs` (
  `sectionattendence_id` int NOT NULL,
  `add_attendence_id` int NOT NULL,
  `add_attendence_date_id` int NOT NULL,
  `Section_id` int NOT NULL,
  `user_id` int NOT NULL,
  `attendence` varchar(255) CHARACTER SET utf8mb3 COLLATE utf8mb3_unicode_ci NOT NULL,
  `createdate` date NOT NULL,
  `updatedate` date DEFAULT NULL
) ENGINE=InnoDB DEFAULT CHARSET=utf8mb3 COLLATE=utf8mb3_unicode_ci;

--
-- Dumping data for table `addattendencs`
--

INSERT INTO `addattendencs` (`sectionattendence_id`, `add_attendence_id`, `add_attendence_date_id`, `Section_id`, `user_id`, `attendence`, `createdate`, `updatedate`) VALUES
(211, 80, 103, 262, 972, 'Present', '2024-05-21', NULL),
(212, 80, 103, 262, 986, 'Present', '2024-05-21', NULL),
(213, 80, 103, 262, 992, 'Present', '2024-05-21', NULL),
(214, 80, 103, 262, 996, 'Present', '2024-05-21', NULL),
(215, 80, 103, 262, 984, 'Present', '2024-05-21', NULL),
(216, 81, 104, 264, 1042, 'Present', '2024-05-27', NULL),
(217, 80, 105, 262, 972, 'Present', '2024-06-04', NULL),
(218, 80, 105, 262, 986, 'Present', '2024-06-04', NULL),
(219, 80, 105, 262, 992, 'Present', '2024-06-04', NULL),
(220, 80, 105, 262, 996, 'Present', '2024-06-04', NULL),
(221, 80, 105, 262, 984, 'Absent', '2024-06-04', NULL),
(222, 82, 106, 258, 974, 'Absent', '2024-06-14', NULL),
(223, 82, 106, 258, 985, 'Present', '2024-06-14', NULL),
(224, 82, 106, 258, 987, 'Present', '2024-06-14', NULL),
(225, 82, 106, 258, 990, 'Present', '2024-06-14', NULL),
(226, 82, 106, 258, 994, 'Present', '2024-06-14', NULL),
(227, 82, 106, 258, 999, 'Present', '2024-06-14', NULL),
(228, 82, 106, 258, 1038, 'Present', '2024-06-14', NULL),
(229, 82, 106, 258, 1043, 'Present', '2024-06-14', NULL),
(230, 82, 106, 258, 1044, 'Present', '2024-06-14', NULL),
(231, 83, 107, 265, 1051, 'Absent', '2024-06-29', NULL),
(232, 83, 107, 265, 1053, 'Present', '2024-06-29', NULL),
(233, 82, 108, 258, 1043, 'Present', '2024-08-07', NULL),
(234, 84, 109, 270, 1055, 'Leave', '2024-08-08', NULL),
(235, 85, 110, 271, 1055, 'Absent', '2024-08-08', NULL);

-- --------------------------------------------------------

--
-- Table structure for table `add_attendance`
--

CREATE TABLE `add_attendance` (
  `attendence_id` int NOT NULL,
  `Stream_id` int DEFAULT NULL,
  `Institute_id` int DEFAULT NULL,
  `Program_id` int DEFAULT NULL,
  `Course_id` int DEFAULT NULL,
  `Section_id` int DEFAULT NULL,
  `Component_id` int NOT NULL,
  `Affiliated_Body_id` int DEFAULT NULL
) ENGINE=InnoDB DEFAULT CHARSET=utf8mb3 COLLATE=utf8mb3_unicode_ci;

--
-- Dumping data for table `add_attendance`
--

INSERT INTO `add_attendance` (`attendence_id`, `Stream_id`, `Institute_id`, `Program_id`, `Course_id`, `Section_id`, `Component_id`, `Affiliated_Body_id`) VALUES
(80, 15, 46, 278, 359, 262, 308, 80),
(81, 15, 46, 278, 361, 264, 311, 80),
(82, 15, 46, 277, 355, 258, 307, 80),
(83, 15, 46, 284, 363, 265, 312, 85),
(84, 15, 46, 286, 368, 270, 317, 80),
(85, 15, 46, 286, 369, 271, 317, 80);

-- --------------------------------------------------------

--
-- Table structure for table `add_attendance_date`
--

CREATE TABLE `add_attendance_date` (
  `attendence_date_id` int NOT NULL,
  `attendence_id` int NOT NULL,
  `Date` date NOT NULL,
  `start_time` time(6) NOT NULL,
  `end_time` time(6) NOT NULL
) ENGINE=InnoDB DEFAULT CHARSET=utf8mb3 COLLATE=utf8mb3_unicode_ci;

--
-- Dumping data for table `add_attendance_date`
--

INSERT INTO `add_attendance_date` (`attendence_date_id`, `attendence_id`, `Date`, `start_time`, `end_time`) VALUES
(103, 80, '2024-05-21', '19:15:00.000000', '19:20:00.000000'),
(104, 81, '2024-05-27', '19:28:00.000000', '13:28:00.000000'),
(105, 80, '2024-06-06', '19:44:00.000000', '19:45:00.000000'),
(106, 82, '2024-06-14', '15:23:00.000000', '19:27:00.000000'),
(107, 83, '2024-06-29', '11:51:00.000000', '15:55:00.000000'),
(108, 82, '2024-08-07', '14:04:00.000000', '23:00:00.000000'),
(109, 84, '2024-08-08', '16:49:00.000000', '23:00:00.000000'),
(110, 85, '2024-08-08', '16:49:00.000000', '23:00:00.000000');

-- --------------------------------------------------------

--
-- Table structure for table `add_attendance_total_marks`
--

CREATE TABLE `add_attendance_total_marks` (
  `attendance_marks_id` int NOT NULL,
  `stream_id` int NOT NULL,
  `institute_id` int NOT NULL,
  `afliaction_id` int NOT NULL,
  `program_id` int NOT NULL,
  `components_id` int NOT NULL,
  `course_id` int NOT NULL,
  `section_id` int NOT NULL,
  `total_marks` varchar(256) CHARACTER SET utf8mb3 COLLATE utf8mb3_unicode_ci NOT NULL
) ENGINE=InnoDB DEFAULT CHARSET=utf8mb3 COLLATE=utf8mb3_unicode_ci;

--
-- Dumping data for table `add_attendance_total_marks`
--

INSERT INTO `add_attendance_total_marks` (`attendance_marks_id`, `stream_id`, `institute_id`, `afliaction_id`, `program_id`, `components_id`, `course_id`, `section_id`, `total_marks`) VALUES
(38, 15, 46, 80, 278, 308, 359, 262, '10'),
(39, 15, 46, 80, 283, 311, 361, 264, '50'),
(40, 15, 46, 80, 277, 307, 355, 258, '50'),
(41, 15, 46, 80, 286, 317, 368, 270, '10'),
(42, 15, 46, 80, 286, 317, 369, 271, '10');

-- --------------------------------------------------------

--
-- Table structure for table `add_class_participation`
--

CREATE TABLE `add_class_participation` (
  `class_participation_id` int NOT NULL,
  `stream_id` int NOT NULL,
  `institute_id` int NOT NULL,
  `afliaction_id` int NOT NULL,
  `program_id` int NOT NULL,
  `components_id` int NOT NULL,
  `course_id` int NOT NULL,
  `section_id` int NOT NULL,
  `total_marks` varchar(256) CHARACTER SET utf8mb3 COLLATE utf8mb3_unicode_ci NOT NULL
) ENGINE=InnoDB DEFAULT CHARSET=utf8mb3 COLLATE=utf8mb3_unicode_ci;

--
-- Dumping data for table `add_class_participation`
--

INSERT INTO `add_class_participation` (`class_participation_id`, `stream_id`, `institute_id`, `afliaction_id`, `program_id`, `components_id`, `course_id`, `section_id`, `total_marks`) VALUES
(35, 15, 46, 80, 277, 307, 355, 258, '10'),
(36, 15, 46, 80, 278, 308, 359, 262, '10'),
(37, 15, 46, 80, 283, 311, 361, 264, '100'),
(38, 15, 46, 80, 286, 317, 368, 270, '10'),
(39, 15, 46, 80, 286, 317, 369, 271, '10');

-- --------------------------------------------------------

--
-- Table structure for table `add_course_progress_report`
--

CREATE TABLE `add_course_progress_report` (
  `course_report_id` int NOT NULL,
  `stream_id` int DEFAULT NULL,
  `institute_id` int DEFAULT NULL,
  `afliaction_id` int DEFAULT NULL,
  `program_id` int DEFAULT NULL,
  `components_id` int DEFAULT NULL,
  `course_id` int DEFAULT NULL,
  `section_id` int DEFAULT NULL,
  `file_path` varchar(256) CHARACTER SET utf8mb3 COLLATE utf8mb3_unicode_ci DEFAULT NULL
) ENGINE=InnoDB DEFAULT CHARSET=utf8mb3 COLLATE=utf8mb3_unicode_ci;

--
-- Dumping data for table `add_course_progress_report`
--

INSERT INTO `add_course_progress_report` (`course_report_id`, `stream_id`, `institute_id`, `afliaction_id`, `program_id`, `components_id`, `course_id`, `section_id`, `file_path`) VALUES
(49, 15, 46, 80, 277, 307, 355, 258, '664b627d074c9_Quantitative_Methods_Course_Progress_Report.pdf'),
(50, 15, 46, 80, 283, 311, 361, 264, '665497f5dede4_sample.pdf'),
(51, 15, 46, 80, 277, 307, 355, 258, '66c1e688e4985_SAMPLE FILE.pdf');

-- --------------------------------------------------------

--
-- Table structure for table `add_lab_demo`
--

CREATE TABLE `add_lab_demo` (
  `lab_id` int NOT NULL,
  `stream_id` int NOT NULL,
  `institute_id` int NOT NULL,
  `campus_id` int NOT NULL,
  `afliaction_id` int NOT NULL,
  `program_id` int NOT NULL,
  `components_id` int NOT NULL,
  `course_id` int NOT NULL,
  `section_id` int NOT NULL,
  `total_marks` varchar(256) CHARACTER SET utf8mb3 COLLATE utf8mb3_unicode_ci NOT NULL
) ENGINE=InnoDB DEFAULT CHARSET=utf8mb3 COLLATE=utf8mb3_unicode_ci;

--
-- Dumping data for table `add_lab_demo`
--

INSERT INTO `add_lab_demo` (`lab_id`, `stream_id`, `institute_id`, `campus_id`, `afliaction_id`, `program_id`, `components_id`, `course_id`, `section_id`, `total_marks`) VALUES
(57, 15, 46, 185, 80, 277, 307, 355, 258, '10'),
(58, 15, 46, 188, 80, 283, 311, 361, 264, '50'),
(59, 15, 46, 185, 80, 286, 317, 368, 270, '10'),
(60, 15, 46, 185, 80, 286, 317, 369, 271, '10');

-- --------------------------------------------------------

--
-- Table structure for table `add_project_presentation`
--

CREATE TABLE `add_project_presentation` (
  `project_id` int NOT NULL,
  `stream_id` int NOT NULL,
  `institute_id` int NOT NULL,
  `afliaction_id` int NOT NULL,
  `program_id` int NOT NULL,
  `components_id` int NOT NULL,
  `course_id` int NOT NULL,
  `section_id` int NOT NULL,
  `total_marks` varchar(256) CHARACTER SET utf8mb3 COLLATE utf8mb3_unicode_ci NOT NULL,
  `file_path` varchar(255) CHARACTER SET utf8mb3 COLLATE utf8mb3_unicode_ci NOT NULL
) ENGINE=InnoDB DEFAULT CHARSET=utf8mb3 COLLATE=utf8mb3_unicode_ci;

--
-- Dumping data for table `add_project_presentation`
--

INSERT INTO `add_project_presentation` (`project_id`, `stream_id`, `institute_id`, `afliaction_id`, `program_id`, `components_id`, `course_id`, `section_id`, `total_marks`, `file_path`) VALUES
(47, 15, 46, 80, 277, 307, 355, 258, '10', '664b6658837fc_Introduction_to_Accounting_Project.pdf'),
(48, 15, 46, 80, 278, 308, 359, 262, '10', '664b66713cdd0_Financial_Mathematics_Project.pdf'),
(49, 15, 46, 80, 283, 311, 361, 264, '100', '66549aec30ccc_sample.pdf'),
(50, 15, 46, 80, 286, 317, 368, 270, '10', '66b4b9a83b5ab_Sample 123.pdf'),
(51, 15, 46, 80, 286, 317, 369, 271, '10', '66b4b9b951000_Sample -pdf.pdf');

-- --------------------------------------------------------

--
-- Table structure for table `add_result_award_list`
--

CREATE TABLE `add_result_award_list` (
  `award_list_id` int NOT NULL,
  `stream_id` int DEFAULT NULL,
  `institute_id` int DEFAULT NULL,
  `afliaction_id` int DEFAULT NULL,
  `program_id` int DEFAULT NULL,
  `components_id` int DEFAULT NULL,
  `course_id` int DEFAULT NULL,
  `section_id` int DEFAULT NULL,
  `file_path` varchar(256) CHARACTER SET utf8mb3 COLLATE utf8mb3_unicode_ci DEFAULT NULL
) ENGINE=InnoDB DEFAULT CHARSET=utf8mb3 COLLATE=utf8mb3_unicode_ci;

--
-- Dumping data for table `add_result_award_list`
--

INSERT INTO `add_result_award_list` (`award_list_id`, `stream_id`, `institute_id`, `afliaction_id`, `program_id`, `components_id`, `course_id`, `section_id`, `file_path`) VALUES
(24, 15, 46, 80, 278, 308, 359, 262, '6602b31a5cc9d_sample.pdf'),
(25, 15, 46, 80, 277, 307, 355, 258, '66058f04c68dd_LISS Feasibility.docx'),
(26, 15, 46, 80, 283, 311, 361, 264, '66549b6b315a6_sample.pdf');

-- --------------------------------------------------------

--
-- Table structure for table `add_result_card_data`
--

CREATE TABLE `add_result_card_data` (
  `result_card_id` int NOT NULL,
  `stream_id` int DEFAULT NULL,
  `institute_id` int DEFAULT NULL,
  `afliaction_id` int DEFAULT NULL,
  `program_id` int DEFAULT NULL,
  `components_id` int DEFAULT NULL,
  `course_id` int DEFAULT NULL,
  `section_id` int DEFAULT NULL,
  `user_id` int DEFAULT NULL,
  `file_path` varchar(256) CHARACTER SET utf8mb3 COLLATE utf8mb3_unicode_ci DEFAULT NULL
) ENGINE=InnoDB DEFAULT CHARSET=utf8mb3 COLLATE=utf8mb3_unicode_ci;

--
-- Dumping data for table `add_result_card_data`
--

INSERT INTO `add_result_card_data` (`result_card_id`, `stream_id`, `institute_id`, `afliaction_id`, `program_id`, `components_id`, `course_id`, `section_id`, `user_id`, `file_path`) VALUES
(12, 15, 46, 80, 283, 311, 361, 264, 1042, '66549b7beff22_sample.pdf'),
(13, 15, 46, 80, 277, 307, 355, 258, 974, '666ad92584e69_SAMPLE.pdf'),
(14, 15, 46, 85, 284, 312, 363, 265, 1051, '667fb30206880_sample.pdf'),
(15, 15, 46, 85, 284, 312, 363, 265, 1053, '667fb347a34ce_Graphs.docx'),
(16, 15, 46, 80, 277, 307, 355, 258, 1043, '66b367990f508_Sample 123.pdf');

-- --------------------------------------------------------

--
-- Table structure for table `add_transcript_data`
--

CREATE TABLE `add_transcript_data` (
  `transcript_id` int NOT NULL,
  `stream_id` int DEFAULT NULL,
  `institute_id` int DEFAULT NULL,
  `afliaction_id` int DEFAULT NULL,
  `program_id` int DEFAULT NULL,
  `components_id` int DEFAULT NULL,
  `course_id` int DEFAULT NULL,
  `section_id` int DEFAULT NULL,
  `user_id` int DEFAULT NULL,
  `file_path` varchar(256) CHARACTER SET utf8mb3 COLLATE utf8mb3_unicode_ci DEFAULT NULL
) ENGINE=InnoDB DEFAULT CHARSET=utf8mb3 COLLATE=utf8mb3_unicode_ci;

--
-- Dumping data for table `add_transcript_data`
--

INSERT INTO `add_transcript_data` (`transcript_id`, `stream_id`, `institute_id`, `afliaction_id`, `program_id`, `components_id`, `course_id`, `section_id`, `user_id`, `file_path`) VALUES
(24, 15, 46, 80, 277, 307, 355, 258, 974, '664b66c2ce4ce_sample.pdf');

-- --------------------------------------------------------

--
-- Table structure for table `admission_report_presets`
--

CREATE TABLE `admission_report_presets` (
  `id` int NOT NULL,
  `name` varchar(255) DEFAULT NULL,
  `query` text,
  `type` varchar(255) DEFAULT NULL,
  `institute_id` int DEFAULT NULL,
  `roleId` int DEFAULT NULL,
  `created_at` datetime NOT NULL DEFAULT CURRENT_TIMESTAMP,
  `start_date_rev` date DEFAULT NULL,
  `end_date_rev` date DEFAULT NULL
) ENGINE=InnoDB DEFAULT CHARSET=utf8mb4  ;

-- --------------------------------------------------------

--
-- Table structure for table `affiliation_body_payments`
--

CREATE TABLE `affiliation_body_payments` (
  `id` int NOT NULL,
  `user_id` int NOT NULL,
  `status_of_fee` varchar(255) DEFAULT NULL,
  `processing_fee` varchar(255) DEFAULT NULL,
  `amount_fee` varchar(255) DEFAULT NULL,
  `action` varchar(255) DEFAULT NULL,
  `ref_no` varchar(255) DEFAULT NULL,
  `fee_type` varchar(255) DEFAULT NULL,
  `comments` varchar(255) DEFAULT NULL,
  `fee_type_component_course` varchar(255) DEFAULT NULL,
  `created_at` timestamp NULL DEFAULT CURRENT_TIMESTAMP,
  `updated_at` timestamp NULL DEFAULT CURRENT_TIMESTAMP ON UPDATE CURRENT_TIMESTAMP
) ENGINE=InnoDB DEFAULT CHARSET=utf8mb4  ;

--
-- Dumping data for table `affiliation_body_payments`
--

INSERT INTO `affiliation_body_payments` (`id`, `user_id`, `status_of_fee`, `processing_fee`, `amount_fee`, `action`, `ref_no`, `fee_type`, `comments`, `fee_type_component_course`, `created_at`, `updated_at`) VALUES
(64, 974, 'Pending', '2000', '1000', '', '', 'ICAP Fee', '', 'component', '2024-07-01 09:39:51', '2024-07-02 08:39:31'),
(65, 975, 'Pending', '2000', '1000', '', '', 'ICAP Fee', '', 'component', '2024-07-01 09:39:51', '2024-07-02 08:39:31'),
(66, 977, 'Pending', '2000', '1000', '', '', 'ICAP Fee', '', 'component', '2024-07-01 09:39:51', '2024-07-02 08:39:31'),
(67, 978, 'Pending', '2000', '1000', '', '', 'ICAP Fee', '', 'component', '2024-07-01 09:39:51', '2024-07-02 08:39:31'),
(68, 985, 'Pending', '2000', '1000', '', '', 'ICAP Fee', '', 'component', '2024-07-01 09:39:51', '2024-07-02 08:39:31'),
(69, 1038, 'Pending', '2000', '1000', '', '', 'ICAP Fee', '', 'component', '2024-07-01 09:39:51', '2024-07-02 08:39:31'),
(70, 1043, 'Pending', '2000', '1000', '', '', 'ICAP Fee', '', 'component', '2024-07-01 09:39:51', '2024-07-02 08:39:31'),
(71, 972, 'Pending', '2000', '1000', '', '', 'ICAP Fee', '', 'component', '2024-07-01 09:50:50', '2024-07-01 09:50:50'),
(72, 976, 'Pending', '2000', '1000', '', '', 'ICAP Fee', '', 'component', '2024-07-01 09:50:50', '2024-07-01 09:50:50'),
(73, 986, 'Pending', '2000', '1000', '', '', 'ICAP Fee', '', 'component', '2024-07-01 09:50:50', '2024-07-01 09:50:50'),
(74, 984, 'Pending', '2000', '1000', '', '', 'ICAP Fee', '', 'component', '2024-07-01 09:50:50', '2024-07-01 09:50:50'),
(75, 987, 'Pending', '120', '110', '', '', 'ICAP Fee', '', 'course', '2024-07-01 10:17:36', '2024-07-01 10:17:36'),
(76, 1044, 'Pending', '120', '110', '', '', 'ICAP Fee', '', 'course', '2024-07-01 10:17:36', '2024-07-01 10:17:36');

-- --------------------------------------------------------

--
-- Table structure for table `afflication`
--

CREATE TABLE `afflication` (
  `afliaction_id` int NOT NULL,
  `stream_id` int NOT NULL,
  `afflication_name` varchar(255) CHARACTER SET utf8mb3 COLLATE utf8mb3_unicode_ci NOT NULL,
  `create_date` datetime(6) NOT NULL,
  `update_date` datetime(6) DEFAULT NULL
) ENGINE=InnoDB DEFAULT CHARSET=utf8mb3 COLLATE=utf8mb3_unicode_ci;

--
-- Dumping data for table `afflication`
--

INSERT INTO `afflication` (`afliaction_id`, `stream_id`, `afflication_name`, `create_date`, `update_date`) VALUES
(47, 15, 'ICAP', '2024-03-25 12:57:33.000000', NULL),
(48, 15, 'ACCA', '2024-03-25 12:57:36.000000', NULL),
(49, 15, 'BISE LHR', '2024-06-27 15:21:47.000000', NULL);

-- --------------------------------------------------------

--
-- Table structure for table `aid_scholarshipapply`
--

CREATE TABLE `aid_scholarshipapply` (
  `aid_scholarshipapply_id` int NOT NULL,
  `user_id` int NOT NULL,
  `filename1` varchar(255) NOT NULL,
  `path1` varchar(255) NOT NULL,
  `filename2` varchar(255) NOT NULL,
  `path2` varchar(255) NOT NULL,
  `filename3` varchar(255) NOT NULL,
  `path3` varchar(255) NOT NULL,
  `filename4` varchar(255) NOT NULL,
  `path4` varchar(255) NOT NULL,
  `filename5` varchar(255) NOT NULL,
  `path5` varchar(255) NOT NULL,
  `filename6` varchar(255) NOT NULL,
  `path6` varchar(255) NOT NULL,
  `typeofdocument` varchar(255) NOT NULL,
  `create_date` date NOT NULL,
  `update_date` date DEFAULT NULL
) ENGINE=InnoDB DEFAULT CHARSET=utf8mb4  ;

--
-- Dumping data for table `aid_scholarshipapply`
--

INSERT INTO `aid_scholarshipapply` (`aid_scholarshipapply_id`, `user_id`, `filename1`, `path1`, `filename2`, `path2`, `filename3`, `path3`, `filename4`, `path4`, `filename5`, `path5`, `filename6`, `path6`, `typeofdocument`, `create_date`, `update_date`) VALUES
(154, 975, 'Application Form', '6602a1b54b42f_Sample (1).pdf', '', '', '', '', '', '', '', '', '', '', 'Financial Aid', '2024-03-26', NULL),
(155, 976, 'Application Form', '6602ae4398e40_Sample (1).pdf', '', '', '', '', '', '', '', '', '', '', 'Financial Aid', '2024-03-26', NULL),
(156, 977, 'Application Form', '6602b309a2914_Sample 123.pdf', '', '', '', '', '', '', '', '', '', '', 'Merit Base', '2024-03-26', NULL),
(157, 978, 'Application Form', '6603bb38a5f4f_Sample (1).pdf', '', '', '', '', '', '', '', '', '', '', 'Merit Base', '2024-03-27', NULL),
(158, 992, 'Application Form', '6603f47468f2a_Sample (1).pdf', '', '', '', '', '', '', '', '', '', '', 'Financial Aid', '2024-03-27', NULL),
(159, 993, 'Application Form', '6603f8598ad18_Sample 123.pdf', '', '', '', '', '', '', '', '', '', '', 'Merit Base', '2024-03-27', NULL),
(160, 994, 'Application Form', '6603fb9a20cd5_Sample 123.pdf', '', '', '', '', '', '', '', '', '', '', 'Merit Base', '2024-03-27', NULL),
(161, 995, 'Application Form', '6603fe3062865_Sample 123.pdf', '', '', '', '', '', '', '', '', '', '', 'Merit Base', '2024-03-27', NULL),
(162, 996, 'Application Form', '660400e28c6b2_Sample (1).pdf', '', '', '', '', '', '', '', '', '', '', 'Merit Base', '2024-03-27', NULL),
(163, 998, 'Application Form', '660406e761216_Sample 123.pdf', '', '', '', '', '', '', '', '', '', '', 'Financial Aid', '2024-03-27', NULL),
(164, 999, 'Application Form', '6604095a5bcd2_Sample (1).pdf', '', '', '', '', '', '', '', '', '', '', 'Financial Aid', '2024-03-27', NULL),
(165, 1000, 'Application Form', '66040bd4037b1_Sample (1).pdf', '', '', '', '', '', '', '', '', '', '', 'Financial Aid', '2024-03-27', NULL),
(166, 1039, 'Application Form', '665098a3eb261_OBU Eligibility for Members.png', '', '', '', '', '', '', '', '', '', '', 'Financial Aid', '2024-05-24', NULL);

-- --------------------------------------------------------

--
-- Table structure for table `alumni_survey`
--

CREATE TABLE `alumni_survey` (
  `form_id` int NOT NULL,
  `user_id` int NOT NULL,
  `question` varchar(255) CHARACTER SET utf8mb3 COLLATE utf8mb3_unicode_ci NOT NULL,
  `answer` varchar(255) CHARACTER SET utf8mb3 COLLATE utf8mb3_unicode_ci NOT NULL,
  `create_date` datetime NOT NULL DEFAULT CURRENT_TIMESTAMP,
  `update_date` datetime NOT NULL DEFAULT CURRENT_TIMESTAMP
) ENGINE=InnoDB DEFAULT CHARSET=utf8mb3 COLLATE=utf8mb3_unicode_ci;

-- --------------------------------------------------------

--
-- Table structure for table `Assessments_Configure`
--

CREATE TABLE `Assessments_Configure` (
  `assessment_id` int NOT NULL,
  `stream_id` int NOT NULL,
  `institute_id` int NOT NULL,
  `campus_id` int NOT NULL,
  `afliaction_id` int NOT NULL,
  `program_id` int NOT NULL,
  `Attendance` int NOT NULL,
  `assignmentno` int NOT NULL,
  `Assignments` int NOT NULL,
  `quizno` int NOT NULL,
  `Quizzes` int NOT NULL,
  `MidTerm` int NOT NULL,
  `ProjectPresentation` int NOT NULL,
  `ClassParticipitation` int NOT NULL,
  `TotalWeightage` int NOT NULL,
  `LABWEIGHTAGE` int NOT NULL,
  `FINALWEIGHTAGE` int NOT NULL,
  `FINALTOTAL` int NOT NULL,
  `component_id` int NOT NULL,
  `subject_id` int NOT NULL,
  `create_date` datetime NOT NULL DEFAULT CURRENT_TIMESTAMP,
  `update_date` datetime DEFAULT CURRENT_TIMESTAMP
) ENGINE=InnoDB DEFAULT CHARSET=utf8mb3 COLLATE=utf8mb3_unicode_ci;

--
-- Dumping data for table `Assessments_Configure`
--

INSERT INTO `Assessments_Configure` (`assessment_id`, `stream_id`, `institute_id`, `campus_id`, `afliaction_id`, `program_id`, `Attendance`, `assignmentno`, `Assignments`, `quizno`, `Quizzes`, `MidTerm`, `ProjectPresentation`, `ClassParticipitation`, `TotalWeightage`, `LABWEIGHTAGE`, `FINALWEIGHTAGE`, `FINALTOTAL`, `component_id`, `subject_id`, `create_date`, `update_date`) VALUES
(78, 15, 46, 185, 80, 277, 10, 2, 10, 2, 10, 25, 5, 5, 65, 0, 35, 100, 307, 355, '2024-03-25 09:08:47', '2024-03-25 14:08:47'),
(79, 15, 46, 185, 80, 277, 10, 2, 10, 2, 10, 25, 5, 5, 65, 0, 35, 100, 307, 356, '2024-03-25 09:11:49', '2024-06-07 14:20:35'),
(80, 15, 46, 185, 80, 278, 5, 2, 10, 2, 10, 25, 5, 5, 60, 0, 40, 100, 308, 359, '2024-03-26 08:09:05', '2024-03-26 13:09:05'),
(81, 15, 46, 188, 80, 283, 0, 5, 15, 5, 30, 30, 0, 0, 75, 0, 25, 100, 311, 361, '2024-05-27 14:17:54', '2024-05-27 19:17:54'),
(82, 15, 46, 189, 85, 284, 0, 0, 0, 300, 60, 20, 0, 0, 80, 0, 20, 100, 312, 363, '2024-06-27 11:14:14', '2024-06-27 16:14:14'),
(83, 15, 46, 189, 85, 284, 0, 0, 0, 300, 60, 20, 0, 0, 80, 0, 20, 100, 312, 364, '2024-06-27 11:14:43', '2024-06-27 16:14:43'),
(84, 15, 46, 189, 85, 284, 0, 0, 0, 300, 60, 20, 0, 0, 80, 0, 20, 100, 312, 365, '2024-06-27 11:15:49', '2024-06-27 16:15:49'),
(85, 15, 46, 189, 85, 284, 0, 0, 0, 300, 60, 20, 0, 0, 80, 0, 20, 100, 312, 366, '2024-06-27 11:16:37', '2024-06-27 16:16:37'),
(86, 15, 46, 189, 85, 284, 0, 0, 0, 300, 60, 20, 0, 0, 80, 0, 20, 100, 312, 367, '2024-06-27 11:17:02', '2024-06-27 16:17:02'),
(87, 15, 46, 185, 80, 286, 0, 1, 10, 1, 10, 20, 0, 0, 40, 0, 60, 100, 317, 368, '2024-08-08 10:36:34', '2024-08-08 15:36:34'),
(88, 15, 46, 185, 80, 286, 0, 1, 15, 1, 10, 30, 0, 0, 55, 0, 45, 100, 317, 369, '2024-08-08 10:37:13', '2024-08-08 15:37:13'),
(89, 15, 46, 190, 80, 287, 0, 2, 10, 2, 10, 35, 0, 0, 55, 0, 45, 100, 318, 370, '2024-08-19 09:59:24', '2024-08-19 14:59:24');

-- --------------------------------------------------------

--
-- Table structure for table `Assignment_marks`
--

CREATE TABLE `Assignment_marks` (
  `Assignment_marks_id` int NOT NULL,
  `user_id` int NOT NULL,
  `assignment_id` int NOT NULL,
  `assignment_obtain_marks` varchar(255) CHARACTER SET utf8mb3 COLLATE utf8mb3_unicode_ci DEFAULT NULL,
  `file_path` varchar(255) CHARACTER SET utf8mb3 COLLATE utf8mb3_unicode_ci DEFAULT NULL,
  `createdate` date NOT NULL,
  `updatedate` date DEFAULT NULL
) ENGINE=InnoDB DEFAULT CHARSET=utf8mb3 COLLATE=utf8mb3_unicode_ci;

--
-- Dumping data for table `Assignment_marks`
--

INSERT INTO `Assignment_marks` (`Assignment_marks_id`, `user_id`, `assignment_id`, `assignment_obtain_marks`, `file_path`, `createdate`, `updatedate`) VALUES
(39, 984, 407, NULL, '0134437764.pdf', '2024-05-22', NULL),
(40, 984, 408, NULL, 'The-Basic-Accounting-Equation2018.pdf', '2024-05-22', NULL),
(41, 1042, 411, NULL, 'sample.pdf', '2024-05-27', NULL),
(42, 1055, 431, NULL, 'Sample2-pdf.pdf', '2024-08-08', NULL),
(43, 1055, 432, NULL, 'Form.pdf', '2024-08-08', NULL);

-- --------------------------------------------------------

--
-- Table structure for table `assignpermission`
--

CREATE TABLE `assignpermission` (
  `ap_id` int NOT NULL,
  `role_id` int NOT NULL,
  `module` varchar(255) CHARACTER SET utf8mb3 COLLATE utf8mb3_unicode_ci NOT NULL,
  `submoduleone` varchar(255) CHARACTER SET utf8mb3 COLLATE utf8mb3_unicode_ci NOT NULL,
  `submoduletwo` varchar(255) CHARACTER SET utf8mb3 COLLATE utf8mb3_unicode_ci DEFAULT NULL,
  `ap_view` varchar(255) CHARACTER SET utf8mb3 COLLATE utf8mb3_unicode_ci DEFAULT NULL,
  `ap_add` varchar(255) CHARACTER SET utf8mb3 COLLATE utf8mb3_unicode_ci DEFAULT NULL,
  `ap_update` varchar(255) CHARACTER SET utf8mb3 COLLATE utf8mb3_unicode_ci DEFAULT NULL,
  `ap_delete` varchar(255) CHARACTER SET utf8mb3 COLLATE utf8mb3_unicode_ci DEFAULT NULL,
  `ap_export` varchar(255) CHARACTER SET utf8mb3 COLLATE utf8mb3_unicode_ci DEFAULT NULL,
  `all_module_permission` varchar(255) CHARACTER SET utf8mb3 COLLATE utf8mb3_unicode_ci DEFAULT NULL,
  `create_date` varchar(255) CHARACTER SET utf8mb3 COLLATE utf8mb3_unicode_ci NOT NULL,
  `updat_date` varchar(255) CHARACTER SET utf8mb3 COLLATE utf8mb3_unicode_ci DEFAULT NULL
) ENGINE=InnoDB DEFAULT CHARSET=utf8mb3 COLLATE=utf8mb3_unicode_ci;

--
-- Dumping data for table `assignpermission`
--

INSERT INTO `assignpermission` (`ap_id`, `role_id`, `module`, `submoduleone`, `submoduletwo`, `ap_view`, `ap_add`, `ap_update`, `ap_delete`, `ap_export`, `all_module_permission`, `create_date`, `updat_date`) VALUES
(17470, 368, 'Admissions', 'Admission Status', 'NULL', 'NULL', 'NULL', 'NULL', 'NULL', 'NULL', 'YES', '2024-03-25 08:43:00', NULL),
(17518, 369, 'Academics', 'Academic Calendar', 'NULL', 'YES', 'YES', 'YES', 'YES', 'YES', 'NULL', '2024-03-25 08:43:38', NULL),
(17519, 369, 'Academics', 'Timetable', 'NULL', 'YES', 'YES', 'YES', 'YES', 'YES', 'NULL', '2024-03-25 08:43:38', NULL),
(17520, 369, 'Academics', 'Learning Resources', 'Topic', 'NULL', 'YES', 'NULL', 'YES', 'NULL', 'NULL', '2024-03-25 08:43:38', NULL),
(17521, 369, 'Academics', 'Learning Resources', 'Study Material', 'NULL', 'YES', 'NULL', 'YES', 'NULL', 'NULL', '2024-03-25 08:43:38', NULL),
(17522, 369, 'Academics', 'Learning Resources', 'Question Bank', 'NULL', 'NULL', 'NULL', 'NULL', 'NULL', 'YES', '2024-03-25 08:43:38', NULL),
(17523, 369, 'Academics', 'Live Class', 'NULL', 'NULL', 'NULL', 'NULL', 'NULL', 'NULL', 'YES', '2024-03-25 08:43:38', NULL),
(17524, 369, 'Academics', 'Chat', 'NULL', 'NULL', 'NULL', 'NULL', 'NULL', 'NULL', 'YES', '2024-03-25 08:43:38', NULL),
(17525, 369, 'Academics', 'Course Progress Reports', 'NULL', 'NULL', 'NULL', 'NULL', 'NULL', 'NULL', 'YES', '2024-03-25 08:43:38', NULL),
(17526, 369, 'Academics', 'Course Folders', 'NULL', 'NULL', 'NULL', 'NULL', 'NULL', 'NULL', 'YES', '2024-03-25 08:43:38', NULL),
(17527, 369, 'Attendance', 'Manual Attendence', 'NULL', 'NULL', 'NULL', 'NULL', 'NULL', 'NULL', 'YES', '2024-03-25 08:43:38', NULL),
(17528, 369, 'Exams', 'Date Sheet', 'NULL', 'NULL', 'NULL', 'NULL', 'NULL', 'NULL', 'YES', '2024-03-25 08:43:38', NULL),
(17529, 369, 'Exams', 'Roll Number Slip', 'NULL', 'NULL', 'NULL', 'NULL', 'NULL', 'NULL', 'YES', '2024-03-25 08:43:38', NULL),
(17530, 369, 'Exams', 'Student Assessment', 'Sessional', 'YES', 'YES', 'YES', 'YES', 'YES', 'NULL', '2024-03-25 08:43:38', NULL),
(17531, 369, 'Exams', 'Student Assessment', 'Lab Demo', 'YES', 'YES', 'NULL', 'YES', 'YES', 'NULL', '2024-03-25 08:43:38', NULL),
(17532, 369, 'Exams', 'Student Assessment', 'Final Exam', 'YES', 'YES', 'YES', 'YES', 'YES', 'NULL', '2024-03-25 08:43:38', NULL),
(17533, 369, 'Exams', 'Results', 'Result Manual', 'NULL', 'NULL', 'NULL', 'NULL', 'NULL', 'YES', '2024-03-25 08:43:38', NULL),
(17534, 369, 'Exams', 'Results', 'Result System Based', 'NULL', 'NULL', 'NULL', 'NULL', 'NULL', 'YES', '2024-03-25 08:43:38', NULL),
(17535, 369, 'Exams', 'Transcript', 'Transcript Manual', 'NULL', 'NULL', 'NULL', 'NULL', 'NULL', 'YES', '2024-03-25 08:43:38', NULL),
(17536, 369, 'User Expereince', 'Feedback', 'Submit Feedback', NULL, NULL, NULL, NULL, NULL, 'YES', '2024-03-25 08:43:38', NULL),
(17537, 369, 'User Expereince', 'Tech Request', NULL, NULL, 'YES', 'No', 'YES', 'YES', NULL, '2024-03-25 08:43:38', NULL),
(17538, 369, 'User Expereince', 'Complain', NULL, NULL, 'YES', 'No', 'YES', 'YES', NULL, '2024-03-25 08:43:38', NULL),
(17942, 376, 'Academics', 'Diary', 'NULL', 'NULL', 'NULL', 'NULL', 'NULL', 'NULL', 'YES', '2024-05-21 09:38:14', NULL),
(18073, 368, 'Whatsapp Messaging', 'Whatsapp Messaging', 'NULL', 'NULL', 'NULL', 'NULL', 'NULL', 'NULL', 'YES', '2024-05-21 09:46:57', NULL),
(18140, 368, 'Whatsapp Messaging', 'Whatsapp Messaging', 'NULL', 'NULL', 'NULL', 'NULL', 'NULL', 'NULL', 'YES', '2024-05-21 12:34:53', NULL),
(18207, 368, 'Whatsapp Messaging', 'Whatsapp Messaging', 'NULL', 'NULL', 'NULL', 'NULL', 'NULL', 'NULL', 'YES', '2024-06-10 07:29:00', NULL),
(18274, 368, 'Whatsapp Messaging', 'Whatsapp Messaging', 'NULL', 'NULL', 'NULL', 'NULL', 'NULL', 'NULL', 'YES', '2024-06-10 07:29:40', NULL),
(18341, 368, 'Whatsapp Messaging', 'Whatsapp Messaging', 'NULL', 'NULL', 'NULL', 'NULL', 'NULL', 'NULL', 'YES', '2024-06-10 07:31:38', NULL),
(18410, 368, 'Whatsapp Messaging', 'Whatsapp Messaging', 'NULL', 'NULL', 'NULL', 'NULL', 'NULL', 'NULL', 'YES', '2024-07-01 12:54:04', NULL),
(18413, 368, 'UserManagementRole', 'Roles', 'NULL', 'NULL', 'NULL', 'NULL', 'NULL', 'NULL', 'YES', '2024-07-02 08:06:12', NULL),
(18414, 368, 'UserManagementRole', 'AllUsers', 'NULL', 'NULL', 'NULL', 'NULL', 'NULL', 'NULL', 'YES', '2024-07-02 08:06:12', NULL),
(18415, 368, 'UserManagementRole', 'AllStudents', 'NULL', 'NULL', 'NULL', 'NULL', 'NULL', 'NULL', 'YES', '2024-07-02 08:06:12', NULL),
(18416, 368, 'Configuration', 'Campus', 'NULL', 'YES', 'YES', 'YES', 'YES', 'YES', 'NULL', '2024-07-02 08:06:12', NULL),
(18417, 368, 'Configuration', 'Affliation', 'NULL', 'NULL', 'YES', 'NULL', 'YES', 'YES', 'NULL', '2024-07-02 08:06:12', NULL),
(18418, 368, 'Configuration', 'Program', 'NULL', 'YES', 'YES', 'YES', 'YES', 'YES', 'NULL', '2024-07-02 08:06:12', NULL),
(18419, 368, 'Configuration', 'Component', 'NULL', NULL, 'YES', 'YES', 'YES', 'YES', 'NULL', '2024-07-02 08:06:12', NULL),
(18420, 368, 'Configuration', 'Course', 'NULL', 'YES', 'YES', 'YES', 'YES', 'YES', 'NULL', '2024-07-02 08:06:12', NULL),
(18421, 368, 'Configuration', 'Section', 'NULL', 'YES', 'YES', 'YES', 'YES', 'YES', 'NULL', '2024-07-02 08:06:12', NULL),
(18422, 368, 'Configuration', 'Policies', 'NULL', 'NULL', 'NULL', 'NULL', 'NULL', 'NULL', 'YES', '2024-07-02 08:06:12', NULL),
(18423, 368, 'Configuration', 'Fees', 'NULL', 'NULL', 'NULL', 'NULL', 'NULL', 'NULL', 'YES', '2024-07-02 08:06:12', NULL),
(18424, 368, 'Configuration', 'Roll No', 'NULL', 'NULL', 'NULL', 'NULL', 'NULL', 'NULL', 'YES', '2024-07-02 08:06:12', NULL),
(18425, 368, 'Configuration', 'Assessments', 'NULL', 'NULL', 'NULL', 'NULL', 'NULL', 'NULL', 'YES', '2024-07-02 08:06:12', NULL),
(18426, 368, 'Configuration', 'Zoom Configuration', 'NULL', 'NULL', 'NULL', 'NULL', 'NULL', 'NULL', 'YES', '2024-07-02 08:06:12', NULL),
(18427, 368, 'Configuration', 'Email', 'NULL', 'NULL', 'NULL', 'NULL', 'NULL', 'NULL', 'YES', '2024-07-02 08:06:12', NULL),
(18428, 368, 'Fees', 'Challan Status', 'NULL', 'NULL', 'NULL', 'NULL', 'NULL', 'NULL', 'YES', '2024-07-02 08:06:12', NULL),
(18429, 368, 'Fees', 'Section Allocation', 'NULL', 'NULL', 'NULL', 'NULL', 'NULL', 'NULL', 'YES', '2024-07-02 08:06:12', NULL),
(18430, 368, 'Fees', 'Approved Students', 'NULL', 'NULL', 'NULL', 'NULL', 'NULL', 'NULL', 'YES', '2024-07-02 08:06:12', NULL),
(18431, 368, 'Fees', 'Affliated Body Payments', 'NULL', 'NULL', 'NULL', 'NULL', 'NULL', 'NULL', 'YES', '2024-07-02 08:06:12', NULL),
(18432, 368, 'Academics', 'Academic Calendar', 'NULL', 'YES', 'YES', 'YES', 'YES', 'YES', 'NULL', '2024-07-02 08:06:12', NULL),
(18433, 368, 'Academics', 'Timetable', 'NULL', 'YES', 'YES', 'YES', 'YES', 'YES', 'NULL', '2024-07-02 08:06:12', NULL),
(18434, 368, 'Academics', 'Learning Resources', 'Topic', 'NULL', 'YES', 'NULL', 'YES', 'NULL', 'NULL', '2024-07-02 08:06:12', NULL),
(18435, 368, 'Academics', 'Learning Resources', 'Study Material', 'NULL', 'YES', 'NULL', 'YES', 'NULL', 'NULL', '2024-07-02 08:06:12', NULL),
(18436, 368, 'Academics', 'Learning Resources', 'Question Bank', 'NULL', 'NULL', 'NULL', 'NULL', 'NULL', 'YES', '2024-07-02 08:06:12', NULL),
(18437, 368, 'Academics', 'Live Class', 'NULL', 'NULL', 'NULL', 'NULL', 'NULL', 'NULL', 'YES', '2024-07-02 08:06:12', NULL),
(18438, 368, 'Academics', 'Chat', 'NULL', 'NULL', 'NULL', 'NULL', 'NULL', 'NULL', 'YES', '2024-07-02 08:06:12', NULL),
(18439, 368, 'Academics', 'Course Progress Reports', 'NULL', 'NULL', 'NULL', 'NULL', 'NULL', 'NULL', 'YES', '2024-07-02 08:06:12', NULL),
(18440, 368, 'Academics', 'Course Folders', 'NULL', 'NULL', 'NULL', 'NULL', 'NULL', 'NULL', 'YES', '2024-07-02 08:06:12', NULL),
(18441, 368, 'Academics', 'Diary', 'NULL', 'NULL', 'NULL', 'NULL', 'NULL', 'NULL', 'YES', '2024-07-02 08:06:12', NULL),
(18442, 368, 'Email', 'Send Email', 'Admissions Department', 'NULL', 'NULL', 'NULL', 'NULL', 'NULL', 'YES', '2024-07-02 08:06:12', NULL),
(18443, 368, 'Email', 'Send Email', 'Accounts Department', 'NULL', 'NULL', 'NULL', 'NULL', 'NULL', 'YES', '2024-07-02 08:06:12', NULL),
(18444, 368, 'Email', 'Send Email', 'Academics Department', 'NULL', 'NULL', 'NULL', 'NULL', 'NULL', 'YES', '2024-07-02 08:06:12', NULL),
(18445, 368, 'Email', 'Send Email', 'Others Department', 'NULL', 'NULL', 'NULL', 'NULL', 'NULL', 'YES', '2024-07-02 08:06:12', NULL),
(18446, 368, 'Email', 'Archive Email', 'Admissions Department', 'NULL', 'NULL', 'NULL', 'NULL', 'NULL', 'YES', '2024-07-02 08:06:12', NULL),
(18447, 368, 'Email', 'Archive Email', 'Accounts Department', 'NULL', 'NULL', 'NULL', 'NULL', 'NULL', 'YES', '2024-07-02 08:06:12', NULL),
(18448, 368, 'Email', 'Archive Email', 'Academics Department', 'NULL', 'NULL', 'NULL', 'NULL', 'NULL', 'YES', '2024-07-02 08:06:12', NULL),
(18449, 368, 'Email', 'Archive Email', 'Others Department', 'NULL', 'NULL', 'NULL', 'NULL', 'NULL', 'YES', '2024-07-02 08:06:12', NULL),
(18450, 368, 'Attendance', 'Manual Attendence', 'NULL', 'NULL', 'NULL', 'NULL', 'NULL', 'NULL', 'YES', '2024-07-02 08:06:12', NULL),
(18451, 368, 'Timetable', 'Manual Timetable', 'NULL', 'NULL', 'NULL', 'NULL', 'NULL', 'NULL', 'YES', '2024-07-02 08:06:12', NULL),
(18452, 368, 'Timetable', 'Automated Timetable', 'NULL', 'NULL', 'NULL', 'NULL', 'NULL', 'NULL', 'YES', '2024-07-02 08:06:12', NULL),
(18453, 368, 'Exams', 'Date Sheet', 'NULL', 'NULL', 'NULL', 'NULL', 'NULL', 'NULL', 'YES', '2024-07-02 08:06:12', NULL),
(18454, 368, 'Exams', 'Roll Number Slip', 'NULL', 'NULL', 'NULL', 'NULL', 'NULL', 'NULL', 'YES', '2024-07-02 08:06:12', NULL),
(18455, 368, 'Exams', 'Analytics', 'NULL', 'NULL', 'NULL', 'NULL', 'NULL', 'NULL', 'YES', '2024-07-02 08:06:12', NULL),
(18456, 368, 'Exams', 'Student Assessment', 'Sessional', 'YES', 'YES', 'YES', 'YES', 'YES', 'NULL', '2024-07-02 08:06:12', NULL),
(18457, 368, 'Exams', 'Student Assessment', 'Lab Demo', 'YES', 'YES', 'NULL', 'YES', 'YES', 'NULL', '2024-07-02 08:06:12', NULL),
(18458, 368, 'Exams', 'Student Assessment', 'Final Exam', 'YES', 'YES', 'YES', 'YES', 'YES', 'NULL', '2024-07-02 08:06:12', NULL),
(18459, 368, 'Exams', 'Results', 'Result Manual', 'NULL', 'NULL', 'NULL', 'NULL', 'NULL', 'YES', '2024-07-02 08:06:12', NULL),
(18460, 368, 'Exams', 'Results', 'Result System Based', 'NULL', 'NULL', 'NULL', 'NULL', 'NULL', 'YES', '2024-07-02 08:06:12', NULL),
(18461, 368, 'Exams', 'Transcript', 'Transcript Manual', 'NULL', 'NULL', 'NULL', 'NULL', 'NULL', 'YES', '2024-07-02 08:06:12', NULL),
(18462, 368, 'QEC', 'Student Course Evaluation Questionnaire', 'NULL', 'YES', 'YES', 'NULL', 'NULL', 'NULL', 'NULL', '2024-07-02 08:06:12', NULL),
(18463, 368, 'QEC', 'Faculty Course Review Report', 'NULL', 'YES', 'YES', 'NULL', 'NULL', 'NULL', 'NULL', '2024-07-02 08:06:12', NULL),
(18464, 368, 'QEC', 'Survey of Graduating Students', 'NULL', 'YES', 'YES', 'NULL', 'NULL', 'NULL', 'NULL', '2024-07-02 08:06:12', NULL),
(18465, 368, 'QEC', 'Research Student Progress Review Form', 'NULL', 'YES', 'YES', 'NULL', 'NULL', 'NULL', 'NULL', '2024-07-02 08:06:12', NULL),
(18466, 368, 'QEC', 'Faculty Survey', 'NULL', 'YES', 'YES', 'NULL', 'NULL', 'NULL', 'NULL', '2024-07-02 08:06:12', NULL),
(18467, 368, 'QEC', 'Survey of department offering PhD Programs', 'NULL', 'YES', 'YES', 'NULL', 'NULL', 'NULL', 'NULL', '2024-07-02 08:06:12', NULL),
(18468, 368, 'QEC', 'Alumni Survey', 'NULL', 'YES', 'YES', 'NULL', 'NULL', 'NULL', 'NULL', '2024-07-02 08:06:12', NULL),
(18469, 368, 'QEC', 'Employer Survey', 'NULL', 'YES', 'YES', 'NULL', 'NULL', 'NULL', 'NULL', '2024-07-02 08:06:12', NULL),
(18470, 368, 'QEC', 'Faculty Resume', 'NULL', 'YES', 'YES', 'NULL', 'NULL', 'NULL', 'NULL', '2024-07-02 08:06:12', NULL),
(18471, 368, 'QEC', 'Teacher Evaluation Form', 'NULL', 'YES', 'YES', 'NULL', 'NULL', 'NULL', 'NULL', '2024-07-02 08:06:12', NULL),
(18472, 368, 'User Expereince', 'Feedback', 'Feedback Questions', NULL, NULL, NULL, NULL, NULL, 'YES', '2024-07-02 08:06:12', NULL),
(18473, 368, 'User Expereince', 'Feedback', 'Submit Feedback', NULL, NULL, NULL, NULL, NULL, 'YES', '2024-07-02 08:06:12', NULL),
(18474, 368, 'User Expereince', 'Tech Request', NULL, NULL, 'YES', 'No', 'YES', 'YES', NULL, '2024-07-02 08:06:12', NULL),
(18475, 368, 'User Expereince', 'Complain', NULL, NULL, 'YES', 'No', 'YES', 'YES', NULL, '2024-07-02 08:06:12', NULL),
(18476, 368, 'Reports', 'User Report', NULL, 'YES', NULL, NULL, NULL, NULL, NULL, '2024-07-02 08:06:12', NULL),
(18477, 368, 'Reports', 'Admissions Report Payments', NULL, 'YES', NULL, NULL, NULL, NULL, NULL, '2024-07-02 08:06:12', NULL),
(18478, 368, 'Reports', 'Revenue Report', NULL, 'YES', NULL, NULL, NULL, NULL, NULL, '2024-07-02 08:06:12', NULL),
(18479, 368, 'Reports', 'Attendance report', NULL, 'YES', NULL, NULL, NULL, NULL, NULL, '2024-07-02 08:06:12', NULL),
(18480, 368, 'Reports', 'Daily Class report', NULL, 'YES', NULL, NULL, NULL, NULL, NULL, '2024-07-02 08:06:12', NULL),
(18481, 368, 'Whatsapp Messaging', 'Whatsapp Messaging', 'NULL', 'NULL', 'NULL', 'NULL', 'NULL', 'NULL', 'YES', '2024-07-02 08:06:12', NULL),
(18482, 368, 'Calendar', 'NULL', 'NULL', 'NULL', 'NULL', 'NULL', 'NULL', 'NULL', 'YES', '2024-07-02 08:06:12', NULL);

-- --------------------------------------------------------

--
-- Table structure for table `assign_affliation`
--

CREATE TABLE `assign_affliation` (
  `assign_affliation_id` int NOT NULL,
  `institute_id` int NOT NULL,
  `affliation_id` int NOT NULL,
  `create_date` date NOT NULL,
  `update_date` date DEFAULT NULL
) ENGINE=InnoDB DEFAULT CHARSET=utf8mb3 COLLATE=utf8mb3_unicode_ci;

--
-- Dumping data for table `assign_affliation`
--

INSERT INTO `assign_affliation` (`assign_affliation_id`, `institute_id`, `affliation_id`, `create_date`, `update_date`) VALUES
(80, 46, 47, '2024-03-25', NULL),
(84, 46, 48, '2024-06-10', NULL),
(85, 46, 49, '2024-06-27', NULL);

-- --------------------------------------------------------

--
-- Table structure for table `assign_campus`
--

CREATE TABLE `assign_campus` (
  `assign_campus_id` int NOT NULL,
  `user_id` int NOT NULL,
  `campus_id` int NOT NULL,
  `create_date` date NOT NULL,
  `update_date` date DEFAULT NULL
) ENGINE=InnoDB DEFAULT CHARSET=utf8mb3 COLLATE=utf8mb3_unicode_ci;

--
-- Dumping data for table `assign_campus`
--

INSERT INTO `assign_campus` (`assign_campus_id`, `user_id`, `campus_id`, `create_date`, `update_date`) VALUES
(738, 970, 185, '2024-03-25', NULL),
(739, 973, 185, '2024-03-25', NULL),
(740, 972, 185, '2024-03-25', NULL),
(741, 974, 185, '2024-03-25', NULL),
(744, 975, 185, '2024-03-26', NULL),
(745, 976, 185, '2024-03-26', NULL),
(746, 977, 185, '2024-03-26', NULL),
(747, 978, 185, '2024-03-27', NULL),
(748, 979, 185, '2024-03-27', NULL),
(749, 985, 185, '2024-03-27', NULL),
(750, 986, 185, '2024-03-27', NULL),
(751, 987, 185, '2024-03-27', NULL),
(752, 989, 185, '2024-03-27', NULL),
(753, 990, 185, '2024-03-27', NULL),
(754, 991, 185, '2024-03-27', NULL),
(755, 992, 185, '2024-03-27', NULL),
(756, 993, 185, '2024-03-27', NULL),
(757, 994, 185, '2024-03-27', NULL),
(758, 995, 185, '2024-03-27', NULL),
(759, 996, 185, '2024-03-27', NULL),
(760, 998, 185, '2024-03-27', NULL),
(761, 999, 185, '2024-03-27', NULL),
(762, 1000, 185, '2024-03-27', NULL),
(764, 984, 185, '2024-03-28', NULL),
(796, 1027, 185, '2024-03-28', '2024-03-28'),
(797, 1028, 185, '2024-03-28', '2024-03-28'),
(798, 1029, 185, '2024-03-28', '2024-03-28'),
(799, 1030, 185, '2024-03-28', '2024-03-28'),
(800, 1031, 185, '2024-03-28', '2024-03-28'),
(801, 1032, 185, '2024-03-28', '2024-03-28'),
(802, 1033, 185, '2024-03-28', '2024-03-28'),
(803, 1034, 185, '2024-03-28', '2024-03-28'),
(804, 1035, 185, '2024-03-28', '2024-03-28'),
(805, 1036, 185, '2024-03-28', '2024-03-28'),
(806, 1038, 185, '2024-05-21', NULL),
(807, 1039, 185, '2024-05-24', NULL),
(808, 1040, 188, '2024-05-27', NULL),
(809, 1041, 188, '2024-05-27', NULL),
(810, 1042, 188, '2024-05-27', NULL),
(811, 1043, 185, '2024-05-31', NULL),
(812, 1044, 185, '2024-06-14', NULL),
(813, 1045, 189, '2024-06-27', NULL),
(814, 1046, 189, '2024-06-27', NULL),
(815, 1047, 189, '2024-06-27', NULL),
(816, 1048, 189, '2024-06-27', NULL),
(817, 1049, 189, '2024-06-27', NULL),
(818, 1050, 189, '2024-06-27', NULL),
(819, 1051, 189, '2024-06-28', NULL),
(820, 1052, 189, '2024-06-28', NULL),
(821, 1053, 189, '2024-06-28', NULL),
(822, 1054, 185, '2024-08-08', NULL),
(823, 1055, 185, '2024-08-08', NULL),
(825, 969, 190, '2024-08-19', NULL),
(826, 1057, 185, '2024-08-19', NULL),
(827, 1058, 190, '2024-08-19', NULL),
(828, 1059, 190, '2024-08-19', NULL);

-- --------------------------------------------------------

--
-- Table structure for table `assign_feedback`
--

CREATE TABLE `assign_feedback` (
  `assign_feedback_id` int NOT NULL,
  `feedback_id` int DEFAULT NULL,
  `affiliation_id` int DEFAULT NULL,
  `assign_level` enum('Institute','Program','Component','Course','Section') DEFAULT NULL,
  `Program_id` int DEFAULT NULL,
  `Component_id` int DEFAULT NULL,
  `Section_id` int DEFAULT NULL,
  `Course_id` int DEFAULT NULL,
  `Campus_id` int DEFAULT NULL,
  `start_date` datetime DEFAULT NULL,
  `end_date` datetime DEFAULT NULL,
  `created_at` timestamp NULL DEFAULT CURRENT_TIMESTAMP
) ENGINE=InnoDB DEFAULT CHARSET=utf8mb4  ;

--
-- Dumping data for table `assign_feedback`
--

INSERT INTO `assign_feedback` (`assign_feedback_id`, `feedback_id`, `affiliation_id`, `assign_level`, `Program_id`, `Component_id`, `Section_id`, `Course_id`, `Campus_id`, `start_date`, `end_date`, `created_at`) VALUES
(12, 52, 80, 'Program', 277, 0, 0, 0, 185, '2024-06-29 13:56:00', '2024-06-30 13:56:00', '2024-06-29 08:50:52'),
(13, 52, 85, 'Program', 284, 0, 0, 0, 189, '2024-06-29 13:59:00', '2024-07-18 13:59:00', '2024-06-29 09:00:10');

-- --------------------------------------------------------

--
-- Table structure for table `assign_quiz_part`
--

CREATE TABLE `assign_quiz_part` (
  `assign_quiz_part_id` int NOT NULL,
  `Quiz_id` int NOT NULL,
  `Question_id` int NOT NULL,
  `Question_subtype` varchar(255) CHARACTER SET utf8mb3 COLLATE utf8mb3_unicode_ci NOT NULL,
  `create_date` varchar(255) CHARACTER SET utf8mb3 COLLATE utf8mb3_unicode_ci NOT NULL,
  `update_date` datetime(6) DEFAULT NULL
) ENGINE=InnoDB DEFAULT CHARSET=utf8mb3 COLLATE=utf8mb3_unicode_ci;

--
-- Dumping data for table `assign_quiz_part`
--

INSERT INTO `assign_quiz_part` (`assign_quiz_part_id`, `Quiz_id`, `Question_id`, `Question_subtype`, `create_date`, `update_date`) VALUES
(597, 409, 681, 'LONG', '2024-05-22 07:54:21', NULL),
(599, 409, 689, 'MCQS', '2024-05-22 07:54:41', NULL),
(600, 409, 686, 'FIB', '2024-05-22 08:02:54', NULL),
(601, 409, 683, 'T/F', '2024-05-22 08:03:02', NULL),
(602, 413, 693, 'LONG', '2024-05-27 14:36:21', NULL),
(603, 413, 694, 'LONG', '2024-05-27 14:36:21', NULL),
(604, 415, 691, 'SHORT', '2024-05-27 14:37:47', NULL),
(605, 415, 692, 'SHORT', '2024-05-27 14:37:47', NULL),
(606, 416, 695, 'MCQS', '2024-05-27 14:38:20', NULL),
(607, 416, 696, 'MCQS', '2024-05-27 14:38:20', NULL),
(608, 417, 693, 'LONG', '2024-05-27 14:39:36', NULL),
(609, 417, 694, 'LONG', '2024-05-27 14:39:36', NULL),
(610, 417, 691, 'SHORT', '2024-05-27 14:39:41', NULL),
(611, 417, 692, 'SHORT', '2024-05-27 14:39:41', NULL),
(612, 417, 695, 'MCQS', '2024-05-27 14:39:46', NULL),
(613, 417, 696, 'MCQS', '2024-05-27 14:39:46', NULL),
(614, 417, 699, 'FIB', '2024-05-27 14:39:51', NULL),
(615, 417, 700, 'FIB', '2024-05-27 14:39:51', NULL),
(616, 414, 693, 'LONG', '2024-05-27 14:42:32', NULL),
(617, 414, 694, 'LONG', '2024-05-27 14:42:32', NULL),
(618, 423, 681, 'LONG', '2024-06-13 09:25:12', NULL),
(620, 425, 681, 'LONG', '2024-06-13 11:17:49', NULL),
(621, 422, 681, 'LONG', '2024-06-13 13:17:46', NULL),
(622, 426, 701, 'MCQS', '2024-06-28 06:18:09', NULL),
(623, 426, 703, 'MCQS', '2024-06-28 06:18:09', NULL),
(624, 426, 704, 'MCQS', '2024-06-28 06:18:09', NULL),
(625, 426, 705, 'MCQS', '2024-06-28 06:18:09', NULL),
(626, 426, 706, 'MCQS', '2024-06-28 06:18:45', NULL),
(627, 426, 707, 'MCQS', '2024-06-28 06:18:45', NULL),
(628, 426, 708, 'MCQS', '2024-06-28 06:18:45', NULL),
(629, 426, 709, 'MCQS', '2024-06-28 06:18:45', NULL),
(630, 426, 710, 'MCQS', '2024-06-28 06:18:45', NULL),
(631, 426, 711, 'MCQS', '2024-06-28 06:18:56', NULL),
(632, 426, 712, 'MCQS', '2024-06-28 06:18:56', NULL),
(633, 426, 713, 'MCQS', '2024-06-28 06:18:56', NULL),
(634, 426, 714, 'MCQS', '2024-06-28 06:18:56', NULL),
(635, 426, 715, 'MCQS', '2024-06-28 06:18:56', NULL),
(636, 426, 716, 'MCQS', '2024-06-28 06:19:05', NULL),
(637, 426, 717, 'MCQS', '2024-06-28 06:19:05', NULL),
(638, 426, 718, 'MCQS', '2024-06-28 06:19:05', NULL),
(639, 426, 719, 'MCQS', '2024-06-28 06:19:05', NULL),
(640, 426, 720, 'MCQS', '2024-06-28 06:19:05', NULL),
(641, 426, 721, 'MCQS', '2024-06-28 06:19:19', NULL),
(642, 426, 722, 'MCQS', '2024-06-28 06:19:19', NULL),
(643, 426, 723, 'MCQS', '2024-06-28 06:19:19', NULL),
(644, 426, 724, 'MCQS', '2024-06-28 06:19:19', NULL),
(645, 426, 725, 'MCQS', '2024-06-28 06:19:19', NULL),
(646, 427, 726, 'MCQS', '2024-06-28 06:34:08', NULL),
(647, 427, 727, 'MCQS', '2024-06-28 06:34:08', NULL),
(648, 427, 728, 'MCQS', '2024-06-28 06:34:08', NULL),
(649, 427, 729, 'MCQS', '2024-06-28 06:34:08', NULL),
(650, 427, 730, 'MCQS', '2024-06-28 06:34:08', NULL),
(651, 427, 731, 'MCQS', '2024-06-28 06:34:18', NULL),
(652, 427, 732, 'MCQS', '2024-06-28 06:34:18', NULL),
(653, 427, 733, 'MCQS', '2024-06-28 06:34:18', NULL),
(654, 427, 734, 'MCQS', '2024-06-28 06:34:18', NULL),
(655, 427, 735, 'MCQS', '2024-06-28 06:34:18', NULL),
(656, 427, 737, 'MCQS', '2024-06-28 06:34:30', NULL),
(657, 427, 739, 'MCQS', '2024-06-28 06:34:30', NULL),
(665, 428, 681, 'LONG', '2024-07-02 11:24:47', NULL),
(667, 428, 689, 'MCQS', '2024-07-02 11:24:47', NULL),
(668, 428, 686, 'FIB', '2024-07-02 11:24:47', NULL),
(669, 428, 683, 'T/F', '2024-07-02 11:24:47', NULL),
(671, 409, 679, 'Short', '2024-07-12 11:15:26', NULL),
(672, 409, 681, 'LONG', '2024-07-12 11:16:53', NULL),
(674, 409, 689, 'MCQS', '2024-07-12 11:16:53', NULL),
(675, 409, 686, 'FIB', '2024-07-12 11:16:53', NULL),
(676, 409, 683, 'T/F', '2024-07-12 11:16:53', NULL),
(677, 409, 679, 'Short', '2024-07-12 11:16:53', NULL),
(678, 409, 1095, 'Short', '2024-07-12 11:17:16', NULL),
(679, 409, 1094, 'Short', '2024-07-12 11:18:52', NULL),
(680, 433, 1379, 'SHORT', '2024-08-08 12:15:23', NULL),
(681, 433, 1375, 'MCQS', '2024-08-08 12:15:31', NULL),
(682, 433, 1377, 'T/F', '2024-08-08 12:15:36', NULL),
(683, 434, 1374, 'SHORT', '2024-08-08 12:16:46', NULL),
(684, 434, 1376, 'MCQS', '2024-08-08 12:16:53', NULL),
(685, 434, 1378, 'T/F', '2024-08-08 12:16:56', NULL),
(686, 435, 1379, 'SHORT', '2024-08-08 12:24:23', NULL),
(687, 435, 1375, 'MCQS', '2024-08-08 12:24:26', NULL),
(688, 435, 1377, 'T/F', '2024-08-08 12:24:30', NULL),
(689, 436, 1374, 'SHORT', '2024-08-08 12:24:56', NULL),
(690, 436, 1376, 'MCQS', '2024-08-08 12:24:59', NULL),
(691, 436, 1378, 'T/F', '2024-08-08 12:25:02', NULL),
(692, 437, 1379, 'SHORT', '2024-08-08 12:35:56', NULL),
(693, 437, 1375, 'MCQS', '2024-08-08 12:36:00', NULL),
(694, 437, 1377, 'T/F', '2024-08-08 12:36:03', NULL),
(695, 438, 1374, 'SHORT', '2024-08-08 12:36:37', NULL),
(696, 438, 1376, 'MCQS', '2024-08-08 12:36:42', NULL),
(697, 438, 1378, 'T/F', '2024-08-08 12:36:45', NULL);

-- --------------------------------------------------------

--
-- Table structure for table `assign_quiz_to_interval`
--

CREATE TABLE `assign_quiz_to_interval` (
  `assign_quiz_to_interval_id` int NOT NULL,
  `interval_id` int DEFAULT NULL,
  `Mcqs` text,
  `option1` varchar(255) DEFAULT NULL,
  `option2` varchar(255) DEFAULT NULL,
  `option3` varchar(255) DEFAULT NULL,
  `option4` varchar(255) DEFAULT NULL,
  `correct_answer` varchar(255) DEFAULT NULL,
  `created_at` timestamp NULL DEFAULT CURRENT_TIMESTAMP,
  `updated_at` timestamp NULL DEFAULT CURRENT_TIMESTAMP ON UPDATE CURRENT_TIMESTAMP
) ENGINE=InnoDB DEFAULT CHARSET=utf8mb4  ;

--
-- Dumping data for table `assign_quiz_to_interval`
--

INSERT INTO `assign_quiz_to_interval` (`assign_quiz_to_interval_id`, `interval_id`, `Mcqs`, `option1`, `option2`, `option3`, `option4`, `correct_answer`, `created_at`, `updated_at`) VALUES
(1, 1, 'Which planet is known as the Red Planet?', 'Earth', 'Mars', 'Jupiter', 'Venus', 'Mars', '2024-05-29 09:27:21', '2024-05-29 14:27:21'),
(2, 2, 'C++ Developed by ', 'AQ', 'AA', 'AS', 'AQA', 'AQ', '2024-05-31 04:34:46', '2024-05-31 09:34:46'),
(3, 3, 'C++ Developed by ', 'ASA', 'QWQ', 'QWQ', 'AQA', 'ASA', '2024-05-31 04:35:36', '2024-05-31 09:35:36'),
(4, 4, 'Which planet is known as the Red Planet?', 'Earth', 'Mars', 'Jupiter', 'Venus', 'Mars', '2024-06-03 05:26:00', '2024-06-03 10:26:00'),
(5, 6, 'What was the background color', 'White ', 'Blue', 'Orange', 'Green', 'White', '2024-08-02 01:00:54', '2024-08-07 14:21:40'),
(6, 6, 'what is your name ', 'A', 'B', 'C', 'D', 'D', '2024-08-02 01:00:54', '2024-08-02 06:00:54'),
(7, 7, 'C++ Developed by ', 'AK', 'AZZ', 'AM', 'AP', 'AK', '2024-08-07 09:30:24', '2024-08-07 14:30:24'),
(8, 9, 'ABCD', 'A', 'B', 'C', 'D', 'B', '2024-08-07 09:30:26', '2024-08-07 14:30:26'),
(9, 8, 'JAVA Developed by ', 'AK', 'AZZ', 'AMA', 'APZ', 'AK', '2024-08-07 09:30:42', '2024-08-07 14:30:42'),
(10, 10, 'ABCD', 'A', 'B', 'C', 'D', 'B', '2024-08-07 10:00:05', '2024-08-07 15:00:05'),
(11, 11, 'ABCD', 'A', 'B', 'C', 'D', 'B', '2024-08-08 06:08:37', '2024-08-08 11:08:37'),
(12, 12, 'What is the color of car', 'White', 'Black', 'Blue', 'Red', 'White', '2024-08-08 06:09:19', '2024-08-08 11:09:19'),
(13, 13, 'Founder of Pakistan', 'Quaid e Azam', 'Liaqat Ali Khan', 'Allama Iqbal', 'Fatima Jinnah', 'Quaid e Azam', '2024-08-08 06:12:16', '2024-08-08 11:12:16'),
(14, 14, 'ABCD', 'A', 'B', 'C', 'D', 'C', '2024-08-08 08:13:21', '2024-08-08 13:13:21');

-- --------------------------------------------------------

--
-- Table structure for table `attemptassignment`
--

CREATE TABLE `attemptassignment` (
  `attemptassignment_id` int NOT NULL,
  `user_id` int NOT NULL,
  `assignment_id` int NOT NULL,
  `uploadassignment_answer` varchar(255) CHARACTER SET utf8mb3 COLLATE utf8mb3_unicode_ci DEFAULT NULL,
  `assignment_marks` int NOT NULL,
  `createdate` timestamp(6) NOT NULL DEFAULT CURRENT_TIMESTAMP(6) ON UPDATE CURRENT_TIMESTAMP(6),
  `updatedate` timestamp(6) NOT NULL DEFAULT CURRENT_TIMESTAMP(6) ON UPDATE CURRENT_TIMESTAMP(6)
) ENGINE=InnoDB DEFAULT CHARSET=utf8mb3 COLLATE=utf8mb3_unicode_ci;

--
-- Dumping data for table `attemptassignment`
--

INSERT INTO `attemptassignment` (`attemptassignment_id`, `user_id`, `assignment_id`, `uploadassignment_answer`, `assignment_marks`, `createdate`, `updatedate`) VALUES
(152, 984, 407, NULL, 9, '2024-05-22 07:39:04.643480', '2024-05-22 07:39:04.643480'),
(153, 1055, 431, NULL, 8, '2024-08-08 13:55:57.022800', '2024-08-08 13:55:57.022800'),
(154, 1055, 432, NULL, 7, '2024-08-08 13:57:40.122257', '2024-08-08 13:57:40.122257');

-- --------------------------------------------------------

--
-- Table structure for table `Attendence_mark`
--

CREATE TABLE `Attendence_mark` (
  `attendence_mark_id` int NOT NULL,
  `user_id` int NOT NULL,
  `attendance_id` int NOT NULL,
  `attendence_mark_ObtainMarks` varchar(255) CHARACTER SET utf8mb3 COLLATE utf8mb3_unicode_ci NOT NULL,
  `createdate` date NOT NULL,
  `updatedate` date DEFAULT NULL
) ENGINE=InnoDB DEFAULT CHARSET=utf8mb3 COLLATE=utf8mb3_unicode_ci;

--
-- Dumping data for table `Attendence_mark`
--

INSERT INTO `Attendence_mark` (`attendence_mark_id`, `user_id`, `attendance_id`, `attendence_mark_ObtainMarks`, `createdate`, `updatedate`) VALUES
(27, 972, 38, '10', '2024-03-26', NULL),
(28, 1055, 41, '8', '2024-08-08', NULL),
(29, 1055, 42, '7', '2024-08-08', NULL);

-- --------------------------------------------------------

--
-- Table structure for table `campus`
--

CREATE TABLE `campus` (
  `campus_id` int NOT NULL,
  `stream_id` int NOT NULL,
  `institute_id` int NOT NULL,
  `campus_name` varchar(255) CHARACTER SET utf8mb3 COLLATE utf8mb3_unicode_ci NOT NULL,
  `campus_spokeperson` varchar(255) CHARACTER SET utf8mb3 COLLATE utf8mb3_unicode_ci NOT NULL,
  `campus_email` varchar(255) CHARACTER SET utf8mb3 COLLATE utf8mb3_unicode_ci NOT NULL,
  `campus_contact` varchar(255) CHARACTER SET utf8mb3 COLLATE utf8mb3_unicode_ci NOT NULL,
  `campus_code` varchar(255) CHARACTER SET utf8mb3 COLLATE utf8mb3_unicode_ci NOT NULL,
  `campus_address` varchar(255) CHARACTER SET utf8mb3 COLLATE utf8mb3_unicode_ci NOT NULL,
  `create_date` datetime(6) NOT NULL,
  `update_date` datetime(6) DEFAULT NULL
) ENGINE=InnoDB DEFAULT CHARSET=utf8mb3 COLLATE=utf8mb3_unicode_ci;

--
-- Dumping data for table `campus`
--

INSERT INTO `campus` (`campus_id`, `stream_id`, `institute_id`, `campus_name`, `campus_spokeperson`, `campus_email`, `campus_contact`, `campus_code`, `campus_address`, `create_date`, `update_date`) VALUES
(185, 15, 46, 'Garden Town', 'Zahid Qavi', 'zahid@riseschool.edu.pk', ' 345210000000', 'GRDN', 'Garden Town, Lahore', '2024-03-25 08:26:26.000000', NULL),
(188, 15, 46, 'Johartown Campus', 'Zeeshan', 'zeeshan@educationverse.org', '+92 3000000000', 'JT001', 'Johartown LHR', '2024-05-27 13:47:13.000000', NULL),
(189, 15, 46, 'KIPS Johar Town', 'Ali Sajjad', 'alisajjad@gmail.com', '+92 3210022015', 'KipsJT', 'Muhafiz Town', '2024-06-27 09:09:35.000000', NULL),
(190, 15, 46, 'Cantt Campus', 'Qayyum Abbas', 'qayyum@gmail.com', '+92 3004761073', 'CNTC', 'Cantt Lahore', '2024-08-19 06:48:11.000000', NULL);

-- --------------------------------------------------------

--
-- Table structure for table `Chat`
--

CREATE TABLE `Chat` (
  `Chat_id` int NOT NULL,
  `User_id` int NOT NULL,
  `Section_id` int NOT NULL,
  `Message` text CHARACTER SET utf8mb3 COLLATE utf8mb3_unicode_ci NOT NULL,
  `createdate` date NOT NULL,
  `updatedate` date DEFAULT NULL
) ENGINE=InnoDB DEFAULT CHARSET=utf8mb3 COLLATE=utf8mb3_unicode_ci;

--
-- Dumping data for table `Chat`
--

INSERT INTO `Chat` (`Chat_id`, `User_id`, `Section_id`, `Message`, `createdate`, `updatedate`) VALUES
(54, 972, 262, 'Hi', '2024-03-26', NULL),
(55, 969, 258, 'hi', '2024-03-28', NULL),
(56, 970, 258, 'Hi Class, this is to inform that there will be a make up class tomorrow at 3 pm ', '2024-03-28', NULL),
(57, 1043, 258, 'Hi', '2024-08-07', NULL),
(58, 1055, 270, 'Hi Sir', '2024-08-08', NULL),
(59, 1055, 271, 'Hello Sir', '2024-08-08', NULL),
(60, 969, 270, 'Hi', '2024-08-08', NULL),
(61, 969, 271, 'Yes dear, plz go ahead ask ur question ', '2024-08-08', NULL);

-- --------------------------------------------------------

--
-- Table structure for table `class_participation_marks`
--

CREATE TABLE `class_participation_marks` (
  `class_participation_marks_id` int NOT NULL,
  `user_id` int NOT NULL,
  `class_participation_id` int NOT NULL,
  `class_presentation_ObtainMarks` varchar(256) CHARACTER SET utf8mb3 COLLATE utf8mb3_unicode_ci NOT NULL,
  `createdate` date NOT NULL,
  `updatedate` date DEFAULT NULL
) ENGINE=InnoDB DEFAULT CHARSET=utf8mb3 COLLATE=utf8mb3_unicode_ci;

--
-- Dumping data for table `class_participation_marks`
--

INSERT INTO `class_participation_marks` (`class_participation_marks_id`, `user_id`, `class_participation_id`, `class_presentation_ObtainMarks`, `createdate`, `updatedate`) VALUES
(27, 1055, 38, '6', '2024-08-08', NULL),
(28, 1055, 39, '8', '2024-08-08', NULL);

-- --------------------------------------------------------

--
-- Table structure for table `Complain`
--

CREATE TABLE `Complain` (
  `id` int NOT NULL,
  `stream_id` int NOT NULL,
  `institute_id` int NOT NULL,
  `campus_id` int DEFAULT NULL,
  `user_id` int NOT NULL,
  `complaint_to` int DEFAULT NULL,
  `subject` varchar(255) NOT NULL,
  `details` text NOT NULL,
  `upload_file` varchar(255) NOT NULL,
  `type` enum('Complaint','Tech Req') NOT NULL,
  `status` enum('In Process','Solved','Not Possible','') NOT NULL DEFAULT 'In Process',
  `remarks` text,
  `create_date` datetime NOT NULL DEFAULT CURRENT_TIMESTAMP,
  `update_date` datetime DEFAULT CURRENT_TIMESTAMP
) ENGINE=InnoDB DEFAULT CHARSET=utf8mb4  ;

--
-- Dumping data for table `Complain`
--

INSERT INTO `Complain` (`id`, `stream_id`, `institute_id`, `campus_id`, `user_id`, `complaint_to`, `subject`, `details`, `upload_file`, `type`, `status`, `remarks`, `create_date`, `update_date`) VALUES
(151, 15, 46, NULL, 969, NULL, 'Test', 'ABC', 'TEST.pdf', 'Tech Req', 'In Process', NULL, '2024-06-13 12:07:23', '2024-06-13 17:07:23'),
(152, 15, 46, NULL, 969, NULL, 'Test', 'ABC', 'SAMPLE.pdf', 'Complaint', 'In Process', NULL, '2024-06-13 12:12:41', '2024-06-13 17:12:41'),
(153, 15, 46, NULL, 974, NULL, 'Test', 'ABC', 'SAMPLE.pdf', 'Tech Req', 'In Process', NULL, '2024-06-14 11:44:41', '2024-06-14 16:44:41'),
(154, 15, 46, NULL, 974, NULL, 'Test', 'Test', 'SAMPLE.pdf', 'Complaint', 'In Process', NULL, '2024-06-14 11:46:27', '2024-06-14 16:46:27');

-- --------------------------------------------------------

--
-- Table structure for table `component_coursefee`
--

CREATE TABLE `component_coursefee` (
  `comp_coursefee_id` int NOT NULL,
  `feestream_id` int NOT NULL,
  `feeinstitute_id` int NOT NULL,
  `affliation_id` int DEFAULT '0',
  `program_id` int NOT NULL,
  `campus_id` int NOT NULL,
  `component_id` int NOT NULL,
  `course_id` int NOT NULL,
  `comp_type` varchar(255) CHARACTER SET utf8mb3 COLLATE utf8mb3_unicode_ci NOT NULL,
  `comprecordedfee` int NOT NULL,
  `complivefee` int NOT NULL,
  `createdate` date NOT NULL,
  `updatedate` date DEFAULT NULL
) ENGINE=InnoDB DEFAULT CHARSET=utf8mb3 COLLATE=utf8mb3_unicode_ci;

--
-- Dumping data for table `component_coursefee`
--

INSERT INTO `component_coursefee` (`comp_coursefee_id`, `feestream_id`, `feeinstitute_id`, `affliation_id`, `program_id`, `campus_id`, `component_id`, `course_id`, `comp_type`, `comprecordedfee`, `complivefee`, `createdate`, `updatedate`) VALUES
(256, 15, 46, 80, 277, 185, 307, 0, 'component', 8500, 10000, '2024-03-25', NULL),
(257, 15, 46, 80, 277, 185, 307, 355, 'course', 0, 9500, '2024-03-25', NULL),
(258, 15, 46, 80, 277, 185, 307, 356, 'course', 10500, 0, '2024-03-25', NULL),
(260, 15, 46, 80, 278, 185, 308, 0, 'component', 10500, 12000, '2024-03-25', NULL),
(261, 15, 46, 80, 277, 185, 307, 357, 'course', 0, 9100, '2024-03-25', '2024-03-25'),
(262, 15, 46, 80, 277, 185, 307, 358, 'course', 14500, 0, '2024-03-25', NULL),
(263, 15, 46, 80, 278, 185, 308, 359, 'course', 0, 13580, '2024-03-25', '2024-03-25'),
(264, 15, 46, 80, 278, 185, 308, 360, 'course', 12500, 0, '2024-03-25', NULL),
(265, 15, 46, 80, 283, 188, 311, 0, 'component', 20000, 10000, '2024-05-27', NULL),
(266, 15, 46, 80, 283, 188, 311, 361, 'course', 20000, 10000, '2024-05-27', NULL),
(267, 15, 46, 85, 284, 189, 312, 0, 'component', 12000, 22000, '2024-06-27', NULL),
(268, 15, 46, 85, 284, 189, 312, 363, 'course', 2600, 4100, '2024-06-27', NULL),
(269, 15, 46, 85, 284, 189, 312, 364, 'course', 2500, 4100, '2024-06-27', NULL),
(270, 15, 46, 85, 284, 189, 312, 365, 'course', 2100, 4100, '2024-06-27', NULL),
(271, 15, 46, 85, 284, 189, 312, 366, 'course', 2500, 4150, '2024-06-27', NULL),
(272, 15, 46, 85, 284, 189, 312, 367, 'course', 2000, 4200, '2024-06-27', NULL),
(273, 15, 46, 80, 286, 185, 317, 0, 'component', 8000, 10000, '2024-08-08', NULL),
(276, 15, 46, 80, 286, 185, 317, 368, 'course', 0, 10000, '2024-08-08', NULL),
(277, 15, 46, 80, 286, 185, 317, 369, 'course', 0, 12000, '2024-08-08', NULL),
(278, 15, 46, 80, 287, 190, 318, 0, 'component', 12000, 15000, '2024-08-19', NULL),
(279, 15, 46, 80, 287, 190, 318, 370, 'course', 15000, 18000, '2024-08-19', NULL);

-- --------------------------------------------------------

--
-- Table structure for table `countries`
--

CREATE TABLE `countries` (
  `country_code` varchar(2) NOT NULL DEFAULT '',
  `country_enName` varchar(100) NOT NULL DEFAULT '',
  `country_arName` varchar(100) NOT NULL DEFAULT '',
  `country_enNationality` varchar(100) NOT NULL DEFAULT '',
  `country_arNationality` varchar(100) NOT NULL DEFAULT ''
) ENGINE=MyISAM DEFAULT CHARSET=utf8mb3;

--
-- Dumping data for table `countries`
--

INSERT INTO `countries` (`country_code`, `country_enName`, `country_arName`, `country_enNationality`, `country_arNationality`) VALUES
('AF', 'Afghanistan', 'أفغانستان', 'Afghan', 'أفغانستاني'),
('AL', 'Albania', 'ألبانيا', 'Albanian', 'ألباني'),
('AX', 'Aland Islands', 'جزر آلاند', 'Aland Islander', 'آلاندي'),
('DZ', 'Algeria', 'الجزائر', 'Algerian', 'جزائري'),
('AS', 'American Samoa', 'ساموا-الأمريكي', 'American Samoan', 'أمريكي سامواني'),
('AD', 'Andorra', 'أندورا', 'Andorran', 'أندوري'),
('AO', 'Angola', 'أنغولا', 'Angolan', 'أنقولي'),
('AI', 'Anguilla', 'أنغويلا', 'Anguillan', 'أنغويلي'),
('AQ', 'Antarctica', 'أنتاركتيكا', 'Antarctican', 'أنتاركتيكي'),
('AG', 'Antigua and Barbuda', 'أنتيغوا وبربودا', 'Antiguan', 'بربودي'),
('AR', 'Argentina', 'الأرجنتين', 'Argentinian', 'أرجنتيني'),
('AM', 'Armenia', 'أرمينيا', 'Armenian', 'أرميني'),
('AW', 'Aruba', 'أروبه', 'Aruban', 'أوروبهيني'),
('AU', 'Australia', 'أستراليا', 'Australian', 'أسترالي'),
('AT', 'Austria', 'النمسا', 'Austrian', 'نمساوي'),
('AZ', 'Azerbaijan', 'أذربيجان', 'Azerbaijani', 'أذربيجاني'),
('BS', 'Bahamas', 'الباهاماس', 'Bahamian', 'باهاميسي'),
('BH', 'Bahrain', 'البحرين', 'Bahraini', 'بحريني'),
('BD', 'Bangladesh', 'بنغلاديش', 'Bangladeshi', 'بنغلاديشي'),
('BB', 'Barbados', 'بربادوس', 'Barbadian', 'بربادوسي'),
('BY', 'Belarus', 'روسيا البيضاء', 'Belarusian', 'روسي'),
('BE', 'Belgium', 'بلجيكا', 'Belgian', 'بلجيكي'),
('BZ', 'Belize', 'بيليز', 'Belizean', 'بيليزي'),
('BJ', 'Benin', 'بنين', 'Beninese', 'بنيني'),
('BL', 'Saint Barthelemy', 'سان بارتيلمي', 'Saint Barthelmian', 'سان بارتيلمي'),
('BM', 'Bermuda', 'جزر برمودا', 'Bermudan', 'برمودي'),
('BT', 'Bhutan', 'بوتان', 'Bhutanese', 'بوتاني'),
('BO', 'Bolivia', 'بوليفيا', 'Bolivian', 'بوليفي'),
('BA', 'Bosnia and Herzegovina', 'البوسنة و الهرسك', 'Bosnian / Herzegovinian', 'بوسني/هرسكي'),
('BW', 'Botswana', 'بوتسوانا', 'Botswanan', 'بوتسواني'),
('BV', 'Bouvet Island', 'جزيرة بوفيه', 'Bouvetian', 'بوفيهي'),
('BR', 'Brazil', 'البرازيل', 'Brazilian', 'برازيلي'),
('IO', 'British Indian Ocean Territory', 'إقليم المحيط الهندي البريطاني', 'British Indian Ocean Territory', 'إقليم المحيط الهندي البريطاني'),
('BN', 'Brunei Darussalam', 'بروني', 'Bruneian', 'بروني'),
('BG', 'Bulgaria', 'بلغاريا', 'Bulgarian', 'بلغاري'),
('BF', 'Burkina Faso', 'بوركينا فاسو', 'Burkinabe', 'بوركيني'),
('BI', 'Burundi', 'بوروندي', 'Burundian', 'بورونيدي'),
('KH', 'Cambodia', 'كمبوديا', 'Cambodian', 'كمبودي'),
('CM', 'Cameroon', 'كاميرون', 'Cameroonian', 'كاميروني'),
('CA', 'Canada', 'كندا', 'Canadian', 'كندي'),
('CV', 'Cape Verde', 'الرأس الأخضر', 'Cape Verdean', 'الرأس الأخضر'),
('KY', 'Cayman Islands', 'جزر كايمان', 'Caymanian', 'كايماني'),
('CF', 'Central African Republic', 'جمهورية أفريقيا الوسطى', 'Central African', 'أفريقي'),
('TD', 'Chad', 'تشاد', 'Chadian', 'تشادي'),
('CL', 'Chile', 'شيلي', 'Chilean', 'شيلي'),
('CN', 'China', 'الصين', 'Chinese', 'صيني'),
('CX', 'Christmas Island', 'جزيرة عيد الميلاد', 'Christmas Islander', 'جزيرة عيد الميلاد'),
('CC', 'Cocos (Keeling) Islands', 'جزر كوكوس', 'Cocos Islander', 'جزر كوكوس'),
('CO', 'Colombia', 'كولومبيا', 'Colombian', 'كولومبي'),
('KM', 'Comoros', 'جزر القمر', 'Comorian', 'جزر القمر'),
('CG', 'Congo', 'الكونغو', 'Congolese', 'كونغي'),
('CK', 'Cook Islands', 'جزر كوك', 'Cook Islander', 'جزر كوك'),
('CR', 'Costa Rica', 'كوستاريكا', 'Costa Rican', 'كوستاريكي'),
('HR', 'Croatia', 'كرواتيا', 'Croatian', 'كوراتي'),
('CU', 'Cuba', 'كوبا', 'Cuban', 'كوبي'),
('CY', 'Cyprus', 'قبرص', 'Cypriot', 'قبرصي'),
('CW', 'Curaçao', 'كوراساو', 'Curacian', 'كوراساوي'),
('CZ', 'Czech Republic', 'الجمهورية التشيكية', 'Czech', 'تشيكي'),
('DK', 'Denmark', 'الدانمارك', 'Danish', 'دنماركي'),
('DJ', 'Djibouti', 'جيبوتي', 'Djiboutian', 'جيبوتي'),
('DM', 'Dominica', 'دومينيكا', 'Dominican', 'دومينيكي'),
('DO', 'Dominican Republic', 'الجمهورية الدومينيكية', 'Dominican', 'دومينيكي'),
('EC', 'Ecuador', 'إكوادور', 'Ecuadorian', 'إكوادوري'),
('EG', 'Egypt', 'مصر', 'Egyptian', 'مصري'),
('SV', 'El Salvador', 'إلسلفادور', 'Salvadoran', 'سلفادوري'),
('GQ', 'Equatorial Guinea', 'غينيا الاستوائي', 'Equatorial Guinean', 'غيني'),
('ER', 'Eritrea', 'إريتريا', 'Eritrean', 'إريتيري'),
('EE', 'Estonia', 'استونيا', 'Estonian', 'استوني'),
('ET', 'Ethiopia', 'أثيوبيا', 'Ethiopian', 'أثيوبي'),
('FK', 'Falkland Islands (Malvinas)', 'جزر فوكلاند', 'Falkland Islander', 'فوكلاندي'),
('FO', 'Faroe Islands', 'جزر فارو', 'Faroese', 'جزر فارو'),
('FJ', 'Fiji', 'فيجي', 'Fijian', 'فيجي'),
('FI', 'Finland', 'فنلندا', 'Finnish', 'فنلندي'),
('FR', 'France', 'فرنسا', 'French', 'فرنسي'),
('GF', 'French Guiana', 'غويانا الفرنسية', 'French Guianese', 'غويانا الفرنسية'),
('PF', 'French Polynesia', 'بولينيزيا الفرنسية', 'French Polynesian', 'بولينيزيي'),
('TF', 'French Southern and Antarctic Lands', 'أراض فرنسية جنوبية وأنتارتيكية', 'French', 'أراض فرنسية جنوبية وأنتارتيكية'),
('GA', 'Gabon', 'الغابون', 'Gabonese', 'غابوني'),
('GM', 'Gambia', 'غامبيا', 'Gambian', 'غامبي'),
('GE', 'Georgia', 'جيورجيا', 'Georgian', 'جيورجي'),
('DE', 'Germany', 'ألمانيا', 'German', 'ألماني'),
('GH', 'Ghana', 'غانا', 'Ghanaian', 'غاني'),
('GI', 'Gibraltar', 'جبل طارق', 'Gibraltar', 'جبل طارق'),
('GG', 'Guernsey', 'غيرنزي', 'Guernsian', 'غيرنزي'),
('GR', 'Greece', 'اليونان', 'Greek', 'يوناني'),
('GL', 'Greenland', 'جرينلاند', 'Greenlandic', 'جرينلاندي'),
('GD', 'Grenada', 'غرينادا', 'Grenadian', 'غرينادي'),
('GP', 'Guadeloupe', 'جزر جوادلوب', 'Guadeloupe', 'جزر جوادلوب'),
('GU', 'Guam', 'جوام', 'Guamanian', 'جوامي'),
('GT', 'Guatemala', 'غواتيمال', 'Guatemalan', 'غواتيمالي'),
('GN', 'Guinea', 'غينيا', 'Guinean', 'غيني'),
('GW', 'Guinea-Bissau', 'غينيا-بيساو', 'Guinea-Bissauan', 'غيني'),
('GY', 'Guyana', 'غيانا', 'Guyanese', 'غياني'),
('HT', 'Haiti', 'هايتي', 'Haitian', 'هايتي'),
('HM', 'Heard and Mc Donald Islands', 'جزيرة هيرد وجزر ماكدونالد', 'Heard and Mc Donald Islanders', 'جزيرة هيرد وجزر ماكدونالد'),
('HN', 'Honduras', 'هندوراس', 'Honduran', 'هندوراسي'),
('HK', 'Hong Kong', 'هونغ كونغ', 'Hongkongese', 'هونغ كونغي'),
('HU', 'Hungary', 'المجر', 'Hungarian', 'مجري'),
('IS', 'Iceland', 'آيسلندا', 'Icelandic', 'آيسلندي'),
('IN', 'India', 'الهند', 'Indian', 'هندي'),
('IM', 'Isle of Man', 'جزيرة مان', 'Manx', 'ماني'),
('ID', 'Indonesia', 'أندونيسيا', 'Indonesian', 'أندونيسيي'),
('IR', 'Iran', 'إيران', 'Iranian', 'إيراني'),
('IQ', 'Iraq', 'العراق', 'Iraqi', 'عراقي'),
('IE', 'Ireland', 'إيرلندا', 'Irish', 'إيرلندي'),
('IL', 'Israel', 'إسرائيل', 'Israeli', 'إسرائيلي'),
('IT', 'Italy', 'إيطاليا', 'Italian', 'إيطالي'),
('CI', 'Ivory Coast', 'ساحل العاج', 'Ivory Coastian', 'ساحل العاج'),
('JE', 'Jersey', 'جيرزي', 'Jersian', 'جيرزي'),
('JM', 'Jamaica', 'جمايكا', 'Jamaican', 'جمايكي'),
('JP', 'Japan', 'اليابان', 'Japanese', 'ياباني'),
('JO', 'Jordan', 'الأردن', 'Jordanian', 'أردني'),
('KZ', 'Kazakhstan', 'كازاخستان', 'Kazakh', 'كازاخستاني'),
('KE', 'Kenya', 'كينيا', 'Kenyan', 'كيني'),
('KI', 'Kiribati', 'كيريباتي', 'I-Kiribati', 'كيريباتي'),
('KP', 'Korea(North Korea)', 'كوريا الشمالية', 'North Korean', 'كوري'),
('KR', 'Korea(South Korea)', 'كوريا الجنوبية', 'South Korean', 'كوري'),
('XK', 'Kosovo', 'كوسوفو', 'Kosovar', 'كوسيفي'),
('KW', 'Kuwait', 'الكويت', 'Kuwaiti', 'كويتي'),
('KG', 'Kyrgyzstan', 'قيرغيزستان', 'Kyrgyzstani', 'قيرغيزستاني'),
('LA', 'Lao PDR', 'لاوس', 'Laotian', 'لاوسي'),
('LV', 'Latvia', 'لاتفيا', 'Latvian', 'لاتيفي'),
('LB', 'Lebanon', 'لبنان', 'Lebanese', 'لبناني'),
('LS', 'Lesotho', 'ليسوتو', 'Basotho', 'ليوسيتي'),
('LR', 'Liberia', 'ليبيريا', 'Liberian', 'ليبيري'),
('LY', 'Libya', 'ليبيا', 'Libyan', 'ليبي'),
('LI', 'Liechtenstein', 'ليختنشتين', 'Liechtenstein', 'ليختنشتيني'),
('LT', 'Lithuania', 'لتوانيا', 'Lithuanian', 'لتوانيي'),
('LU', 'Luxembourg', 'لوكسمبورغ', 'Luxembourger', 'لوكسمبورغي'),
('LK', 'Sri Lanka', 'سريلانكا', 'Sri Lankian', 'سريلانكي'),
('MO', 'Macau', 'ماكاو', 'Macanese', 'ماكاوي'),
('MK', 'Macedonia', 'مقدونيا', 'Macedonian', 'مقدوني'),
('MG', 'Madagascar', 'مدغشقر', 'Malagasy', 'مدغشقري'),
('MW', 'Malawi', 'مالاوي', 'Malawian', 'مالاوي'),
('MY', 'Malaysia', 'ماليزيا', 'Malaysian', 'ماليزي'),
('MV', 'Maldives', 'المالديف', 'Maldivian', 'مالديفي'),
('ML', 'Mali', 'مالي', 'Malian', 'مالي'),
('MT', 'Malta', 'مالطا', 'Maltese', 'مالطي'),
('MH', 'Marshall Islands', 'جزر مارشال', 'Marshallese', 'مارشالي'),
('MQ', 'Martinique', 'مارتينيك', 'Martiniquais', 'مارتينيكي'),
('MR', 'Mauritania', 'موريتانيا', 'Mauritanian', 'موريتانيي'),
('MU', 'Mauritius', 'موريشيوس', 'Mauritian', 'موريشيوسي'),
('YT', 'Mayotte', 'مايوت', 'Mahoran', 'مايوتي'),
('MX', 'Mexico', 'المكسيك', 'Mexican', 'مكسيكي'),
('FM', 'Micronesia', 'مايكرونيزيا', 'Micronesian', 'مايكرونيزيي'),
('MD', 'Moldova', 'مولدافيا', 'Moldovan', 'مولديفي'),
('MC', 'Monaco', 'موناكو', 'Monacan', 'مونيكي'),
('MN', 'Mongolia', 'منغوليا', 'Mongolian', 'منغولي'),
('ME', 'Montenegro', 'الجبل الأسود', 'Montenegrin', 'الجبل الأسود'),
('MS', 'Montserrat', 'مونتسيرات', 'Montserratian', 'مونتسيراتي'),
('MA', 'Morocco', 'المغرب', 'Moroccan', 'مغربي'),
('MZ', 'Mozambique', 'موزمبيق', 'Mozambican', 'موزمبيقي'),
('MM', 'Myanmar', 'ميانمار', 'Myanmarian', 'ميانماري'),
('NA', 'Namibia', 'ناميبيا', 'Namibian', 'ناميبي'),
('NR', 'Nauru', 'نورو', 'Nauruan', 'نوري'),
('NP', 'Nepal', 'نيبال', 'Nepalese', 'نيبالي'),
('NL', 'Netherlands', 'هولندا', 'Dutch', 'هولندي'),
('AN', 'Netherlands Antilles', 'جزر الأنتيل الهولندي', 'Dutch Antilier', 'هولندي'),
('NC', 'New Caledonia', 'كاليدونيا الجديدة', 'New Caledonian', 'كاليدوني'),
('NZ', 'New Zealand', 'نيوزيلندا', 'New Zealander', 'نيوزيلندي'),
('NI', 'Nicaragua', 'نيكاراجوا', 'Nicaraguan', 'نيكاراجوي'),
('NE', 'Niger', 'النيجر', 'Nigerien', 'نيجيري'),
('NG', 'Nigeria', 'نيجيريا', 'Nigerian', 'نيجيري'),
('NU', 'Niue', 'ني', 'Niuean', 'ني'),
('NF', 'Norfolk Island', 'جزيرة نورفولك', 'Norfolk Islander', 'نورفوليكي'),
('MP', 'Northern Mariana Islands', 'جزر ماريانا الشمالية', 'Northern Marianan', 'ماريني'),
('NO', 'Norway', 'النرويج', 'Norwegian', 'نرويجي'),
('OM', 'Oman', 'عمان', 'Omani', 'عماني'),
('PK', 'Pakistan', 'باكستان', 'Pakistani', 'باكستاني'),
('PW', 'Palau', 'بالاو', 'Palauan', 'بالاوي'),
('PS', 'Palestine', 'فلسطين', 'Palestinian', 'فلسطيني'),
('PA', 'Panama', 'بنما', 'Panamanian', 'بنمي'),
('PG', 'Papua New Guinea', 'بابوا غينيا الجديدة', 'Papua New Guinean', 'بابوي'),
('PY', 'Paraguay', 'باراغواي', 'Paraguayan', 'بارغاوي'),
('PE', 'Peru', 'بيرو', 'Peruvian', 'بيري'),
('PH', 'Philippines', 'الفليبين', 'Filipino', 'فلبيني'),
('PN', 'Pitcairn', 'بيتكيرن', 'Pitcairn Islander', 'بيتكيرني'),
('PL', 'Poland', 'بولندا', 'Polish', 'بولندي'),
('PT', 'Portugal', 'البرتغال', 'Portuguese', 'برتغالي'),
('PR', 'Puerto Rico', 'بورتو ريكو', 'Puerto Rican', 'بورتي'),
('QA', 'Qatar', 'قطر', 'Qatari', 'قطري'),
('RE', 'Reunion Island', 'ريونيون', 'Reunionese', 'ريونيوني'),
('RO', 'Romania', 'رومانيا', 'Romanian', 'روماني'),
('RU', 'Russian', 'روسيا', 'Russian', 'روسي'),
('RW', 'Rwanda', 'رواندا', 'Rwandan', 'رواندا'),
('KN', 'Saint Kitts and Nevis', 'سانت كيتس ونيفس,', 'Kittitian/Nevisian', 'سانت كيتس ونيفس'),
('MF', 'Saint Martin (French part)', 'ساينت مارتن فرنسي', 'St. Martian(French)', 'ساينت مارتني فرنسي'),
('SX', 'Sint Maarten (Dutch part)', 'ساينت مارتن هولندي', 'St. Martian(Dutch)', 'ساينت مارتني هولندي'),
('LC', 'Saint Pierre and Miquelon', 'سان بيير وميكلون', 'St. Pierre and Miquelon', 'سان بيير وميكلوني'),
('VC', 'Saint Vincent and the Grenadines', 'سانت فنسنت وجزر غرينادين', 'Saint Vincent and the Grenadines', 'سانت فنسنت وجزر غرينادين'),
('WS', 'Samoa', 'ساموا', 'Samoan', 'ساموي'),
('SM', 'San Marino', 'سان مارينو', 'Sammarinese', 'ماريني'),
('ST', 'Sao Tome and Principe', 'ساو تومي وبرينسيبي', 'Sao Tomean', 'ساو تومي وبرينسيبي'),
('SA', 'Saudi Arabia', 'المملكة العربية السعودية', 'Saudi Arabian', 'سعودي'),
('SN', 'Senegal', 'السنغال', 'Senegalese', 'سنغالي'),
('RS', 'Serbia', 'صربيا', 'Serbian', 'صربي'),
('SC', 'Seychelles', 'سيشيل', 'Seychellois', 'سيشيلي'),
('SL', 'Sierra Leone', 'سيراليون', 'Sierra Leonean', 'سيراليوني'),
('SG', 'Singapore', 'سنغافورة', 'Singaporean', 'سنغافوري'),
('SK', 'Slovakia', 'سلوفاكيا', 'Slovak', 'سولفاكي'),
('SI', 'Slovenia', 'سلوفينيا', 'Slovenian', 'سولفيني'),
('SB', 'Solomon Islands', 'جزر سليمان', 'Solomon Island', 'جزر سليمان'),
('SO', 'Somalia', 'الصومال', 'Somali', 'صومالي'),
('ZA', 'South Africa', 'جنوب أفريقيا', 'South African', 'أفريقي'),
('GS', 'South Georgia and the South Sandwich', 'المنطقة القطبية الجنوبية', 'South Georgia and the South Sandwich', 'لمنطقة القطبية الجنوبية'),
('SS', 'South Sudan', 'السودان الجنوبي', 'South Sudanese', 'سوادني جنوبي'),
('ES', 'Spain', 'إسبانيا', 'Spanish', 'إسباني'),
('SH', 'Saint Helena', 'سانت هيلانة', 'St. Helenian', 'هيلاني'),
('SD', 'Sudan', 'السودان', 'Sudanese', 'سوداني'),
('SR', 'Suriname', 'سورينام', 'Surinamese', 'سورينامي'),
('SJ', 'Svalbard and Jan Mayen', 'سفالبارد ويان ماين', 'Svalbardian/Jan Mayenian', 'سفالبارد ويان ماين'),
('SZ', 'Swaziland', 'سوازيلند', 'Swazi', 'سوازيلندي'),
('SE', 'Sweden', 'السويد', 'Swedish', 'سويدي'),
('CH', 'Switzerland', 'سويسرا', 'Swiss', 'سويسري'),
('SY', 'Syria', 'سوريا', 'Syrian', 'سوري'),
('TW', 'Taiwan', 'تايوان', 'Taiwanese', 'تايواني'),
('TJ', 'Tajikistan', 'طاجيكستان', 'Tajikistani', 'طاجيكستاني'),
('TZ', 'Tanzania', 'تنزانيا', 'Tanzanian', 'تنزانيي'),
('TH', 'Thailand', 'تايلندا', 'Thai', 'تايلندي'),
('TL', 'Timor-Leste', 'تيمور الشرقية', 'Timor-Lestian', 'تيموري'),
('TG', 'Togo', 'توغو', 'Togolese', 'توغي'),
('TK', 'Tokelau', 'توكيلاو', 'Tokelaian', 'توكيلاوي'),
('TO', 'Tonga', 'تونغا', 'Tongan', 'تونغي'),
('TT', 'Trinidad and Tobago', 'ترينيداد وتوباغو', 'Trinidadian/Tobagonian', 'ترينيداد وتوباغو'),
('TN', 'Tunisia', 'تونس', 'Tunisian', 'تونسي'),
('TR', 'Turkey', 'تركيا', 'Turkish', 'تركي'),
('TM', 'Turkmenistan', 'تركمانستان', 'Turkmen', 'تركمانستاني'),
('TC', 'Turks and Caicos Islands', 'جزر توركس وكايكوس', 'Turks and Caicos Islands', 'جزر توركس وكايكوس'),
('TV', 'Tuvalu', 'توفالو', 'Tuvaluan', 'توفالي'),
('UG', 'Uganda', 'أوغندا', 'Ugandan', 'أوغندي'),
('UA', 'Ukraine', 'أوكرانيا', 'Ukrainian', 'أوكراني'),
('AE', 'United Arab Emirates', 'الإمارات العربية المتحدة', 'Emirati', 'إماراتي'),
('GB', 'United Kingdom', 'المملكة المتحدة', 'British', 'بريطاني'),
('US', 'United States', 'الولايات المتحدة', 'American', 'أمريكي'),
('UM', 'US Minor Outlying Islands', 'قائمة الولايات والمناطق الأمريكية', 'US Minor Outlying Islander', 'أمريكي'),
('UY', 'Uruguay', 'أورغواي', 'Uruguayan', 'أورغواي'),
('UZ', 'Uzbekistan', 'أوزباكستان', 'Uzbek', 'أوزباكستاني'),
('VU', 'Vanuatu', 'فانواتو', 'Vanuatuan', 'فانواتي'),
('VE', 'Venezuela', 'فنزويلا', 'Venezuelan', 'فنزويلي'),
('VN', 'Vietnam', 'فيتنام', 'Vietnamese', 'فيتنامي'),
('VI', 'Virgin Islands (U.S.)', 'الجزر العذراء الأمريكي', 'American Virgin Islander', 'أمريكي'),
('VA', 'Vatican City', 'فنزويلا', 'Vatican', 'فاتيكاني'),
('WF', 'Wallis and Futuna Islands', 'والس وفوتونا', 'Wallisian/Futunan', 'فوتوني'),
('EH', 'Western Sahara', 'الصحراء الغربية', 'Sahrawian', 'صحراوي'),
('YE', 'Yemen', 'اليمن', 'Yemeni', 'يمني'),
('ZM', 'Zambia', 'زامبيا', 'Zambian', 'زامبياني'),
('ZW', 'Zimbabwe', 'زمبابوي', 'Zimbabwean', 'زمبابوي');

-- --------------------------------------------------------

--
-- Table structure for table `course_folder`
--

CREATE TABLE `course_folder` (
  `id` int NOT NULL,
  `Stream` int DEFAULT NULL,
  `institute` int DEFAULT NULL,
  `affiliation_body` int DEFAULT NULL,
  `program` int DEFAULT NULL,
  `component` int DEFAULT NULL,
  `course` int DEFAULT NULL,
  `section` int DEFAULT NULL,
  `quiz_type` enum('Auto','Manual') DEFAULT NULL,
  `best_quiz` varchar(255) DEFAULT NULL,
  `average_quiz` varchar(255) DEFAULT NULL,
  `worst_quiz` varchar(255) DEFAULT NULL,
  `Assignment` enum('Auto','Manual') DEFAULT NULL,
  `best_assignment` varchar(255) DEFAULT NULL,
  `average_assignment` varchar(255) DEFAULT NULL,
  `worst_assignment` varchar(255) DEFAULT NULL,
  `Mid_Term` enum('Auto','Manual') DEFAULT NULL,
  `paper_midterm` varchar(255) DEFAULT NULL,
  `best_midterm` varchar(255) DEFAULT NULL,
  `average_midterm` varchar(255) DEFAULT NULL,
  `worst_midterm` varchar(255) DEFAULT NULL,
  `Final_Term` enum('Auto','Manual') DEFAULT NULL,
  `paper_finalterm` varchar(255) DEFAULT NULL,
  `best_finalterm` varchar(255) DEFAULT NULL,
  `average_finalterm` varchar(255) DEFAULT NULL,
  `worst_finalterm` varchar(255) DEFAULT NULL,
  `Attendance` enum('Auto','Manual') DEFAULT NULL,
  `attendance_file` varchar(255) DEFAULT NULL,
  `create_date` timestamp NOT NULL DEFAULT CURRENT_TIMESTAMP,
  `update_date` timestamp NOT NULL DEFAULT CURRENT_TIMESTAMP,
  `campus` int DEFAULT NULL,
  `timetable` varchar(45) DEFAULT NULL
) ENGINE=InnoDB DEFAULT CHARSET=utf8mb4  ;

--
-- Dumping data for table `course_folder`
--

INSERT INTO `course_folder` (`id`, `Stream`, `institute`, `affiliation_body`, `program`, `component`, `course`, `section`, `quiz_type`, `best_quiz`, `average_quiz`, `worst_quiz`, `Assignment`, `best_assignment`, `average_assignment`, `worst_assignment`, `Mid_Term`, `paper_midterm`, `best_midterm`, `average_midterm`, `worst_midterm`, `Final_Term`, `paper_finalterm`, `best_finalterm`, `average_finalterm`, `worst_finalterm`, `Attendance`, `attendance_file`, `create_date`, `update_date`, `campus`, `timetable`) VALUES
(33, 15, 46, 80, 277, 307, 355, 258, 'Manual', '66015c1777e11_SAMPLE PDF.pdf', '66015c1777e1d_SAMPLE PDF.pdf', '66015c1777e20_SAMPLE PDF.pdf', 'Manual', '66015c1777e22_SAMPLE PDF.pdf', '66015c1777e23_SAMPLE PDF.pdf', '66015c1777e25_SAMPLE PDF.pdf', 'Manual', '66015c1777e27_SAMPLE PDF.pdf', 'Sample (1).pdf', '66015c1777e29_SAMPLE PDF.pdf', '66015c1777e2a_SAMPLE PDF.pdf', 'Manual', '66015c1777e2b_SAMPLE PDF.pdf', '66015c1777e2c_SAMPLE PDF.pdf', '66015c1777e2e_SAMPLE PDF.pdf', '66015c1777e2f_SAMPLE PDF.pdf', 'Manual', '66015c1777e30_SAMPLE PDF.pdf', '2024-03-25 11:12:23', '2024-03-25 11:12:23', 185, '66015c1777e31_SAMPLE PDF.pdf'),
(35, 15, 46, 80, 283, 311, 361, 264, 'Manual', '6654982ce8f93_sample.pdf', '6654982ce8fa8_sample.pdf', '6654982ce8faa_sample.pdf', 'Manual', '6654982ce8fad_sample.pdf', '6654982ce8faf_sample.pdf', '6654982ce8fb1_sample.pdf', 'Manual', '6654982ce8fb2_sample.pdf', '6654982ce8fb4_sample.pdf', '6654982ce8fb6_sample.pdf', '6654982ce8fb7_sample.pdf', 'Manual', '6654982ce8fb9_sample.pdf', '6654982ce8fba_sample.pdf', '6654982ce8fc0_sample.pdf', '6654982ce8fc1_sample.pdf', 'Manual', '6654982ce8fc2_sample.pdf', '2024-05-27 14:26:52', '2024-05-27 14:26:52', 188, '6654982ce8fc4_sample.pdf');

-- --------------------------------------------------------

--
-- Table structure for table `Datesheet_Data`
--

CREATE TABLE `Datesheet_Data` (
  `Datesheet_id` int NOT NULL,
  `stream_id` int DEFAULT NULL,
  `institute_id` int DEFAULT NULL,
  `afliaction_id` int DEFAULT NULL,
  `program_id` int DEFAULT NULL,
  `components_id` int DEFAULT NULL,
  `course_id` int DEFAULT NULL,
  `section_id` int DEFAULT NULL,
  `file_path` varchar(255) CHARACTER SET utf8mb3 COLLATE utf8mb3_unicode_ci DEFAULT NULL
) ENGINE=InnoDB DEFAULT CHARSET=utf8mb3 COLLATE=utf8mb3_unicode_ci;

--
-- Dumping data for table `Datesheet_Data`
--

INSERT INTO `Datesheet_Data` (`Datesheet_id`, `stream_id`, `institute_id`, `afliaction_id`, `program_id`, `components_id`, `course_id`, `section_id`, `file_path`) VALUES
(68, 15, 46, NULL, 277, 307, 355, 258, '664b63d706832_Intro_to_Accounting_Date_Sheet.pdf'),
(69, 15, 46, NULL, 283, 311, 361, 264, '6654989d98e2e_sample.pdf'),
(70, 15, 46, NULL, 286, 317, 368, 270, '66b4b1d451d27_Section List (1).pdf'),
(71, 15, 46, NULL, 286, 317, 369, 271, '66b4b1f0b18b1_Sample 123.pdf');

-- --------------------------------------------------------

--
-- Table structure for table `Diary_dates`
--

CREATE TABLE `Diary_dates` (
  `diary_dates_id` int NOT NULL,
  `diary_id` int DEFAULT NULL,
  `dates` date DEFAULT NULL,
  `create_at` timestamp NULL DEFAULT CURRENT_TIMESTAMP,
  `update_at` timestamp NULL DEFAULT CURRENT_TIMESTAMP ON UPDATE CURRENT_TIMESTAMP
) ENGINE=InnoDB DEFAULT CHARSET=utf8mb4  ;

--
-- Dumping data for table `Diary_dates`
--

INSERT INTO `Diary_dates` (`diary_dates_id`, `diary_id`, `dates`, `create_at`, `update_at`) VALUES
(10, 16, '2024-05-20', '2024-05-20 10:05:30', '2024-05-20 15:05:30'),
(11, 16, '2024-05-21', '2024-05-21 03:51:08', '2024-05-21 08:51:08'),
(12, 17, '2024-05-30', '2024-05-27 09:27:27', '2024-05-27 14:27:27');

-- --------------------------------------------------------

--
-- Table structure for table `diary_task`
--

CREATE TABLE `diary_task` (
  `id` int NOT NULL,
  `ddid` int NOT NULL,
  `message_status` varchar(255) DEFAULT NULL,
  `use_editor_or_upload_file_status` varchar(255) DEFAULT NULL,
  `material` varchar(255) DEFAULT NULL,
  `create_at` timestamp NULL DEFAULT CURRENT_TIMESTAMP,
  `update_at` timestamp NULL DEFAULT CURRENT_TIMESTAMP ON UPDATE CURRENT_TIMESTAMP
) ENGINE=InnoDB DEFAULT CHARSET=utf8mb4  ;

--
-- Dumping data for table `diary_task`
--

INSERT INTO `diary_task` (`id`, `ddid`, `message_status`, `use_editor_or_upload_file_status`, `material`, `create_at`, `update_at`) VALUES
(20, 10, 'homework', 'editor', 'ABC', '2024-05-20 10:22:45', '2024-05-20 15:22:45'),
(21, 11, 'homework', 'file', '664c60a04539b_Result Card.pdf', '2024-05-21 03:51:44', '2024-05-21 08:51:44'),
(22, 11, 'homework', 'file', '664c92c2699e5_Rectangle-2-copy-2.png', '2024-05-21 07:25:38', '2024-05-21 12:25:38'),
(23, 12, 'homework', 'editor', 'Lorem Ipsum', '2024-05-27 09:27:44', '2024-05-27 14:27:44');

-- --------------------------------------------------------

--
-- Table structure for table `diary_task_students`
--

CREATE TABLE `diary_task_students` (
  `id` int NOT NULL,
  `diary_task_id` int DEFAULT NULL,
  `student_id` int DEFAULT NULL,
  `create_at` timestamp NULL DEFAULT CURRENT_TIMESTAMP,
  `update_at` timestamp NULL DEFAULT CURRENT_TIMESTAMP ON UPDATE CURRENT_TIMESTAMP
) ENGINE=InnoDB DEFAULT CHARSET=utf8mb4  ;

--
-- Dumping data for table `diary_task_students`
--

INSERT INTO `diary_task_students` (`id`, `diary_task_id`, `student_id`, `create_at`, `update_at`) VALUES
(88, 16, 972, '2024-04-02 04:33:49', '2024-04-02 10:38:31'),
(89, 16, 986, '2024-04-02 04:33:49', '2024-04-02 10:38:34'),
(90, 17, 996, '2024-04-02 04:43:29', '2024-04-02 10:38:36'),
(91, 17, 984, '2024-04-02 04:43:29', '2024-04-02 10:38:39'),
(92, 18, 986, '2024-04-02 05:33:15', '2024-04-02 10:38:41'),
(93, 19, 986, '2024-04-02 05:39:00', '2024-04-02 10:39:00'),
(94, 19, 992, '2024-04-02 05:39:00', '2024-04-02 10:39:00'),
(95, 20, 974, '2024-05-20 10:22:45', '2024-05-20 15:22:45'),
(96, 21, 974, '2024-05-21 03:51:44', '2024-05-21 08:51:44'),
(97, 21, 985, '2024-05-21 03:51:44', '2024-05-21 08:51:44'),
(98, 21, 987, '2024-05-21 03:51:44', '2024-05-21 08:51:44'),
(99, 21, 990, '2024-05-21 03:51:44', '2024-05-21 08:51:44'),
(100, 21, 994, '2024-05-21 03:51:44', '2024-05-21 08:51:44'),
(101, 21, 999, '2024-05-21 03:51:44', '2024-05-21 08:51:44'),
(102, 22, 1038, '2024-05-21 07:25:38', '2024-05-21 12:25:38');

-- --------------------------------------------------------

--
-- Table structure for table `education_stream`
--

CREATE TABLE `education_stream` (
  `stream_id` int NOT NULL,
  `stream_name` varchar(255) NOT NULL,
  `create_date` datetime(6) NOT NULL DEFAULT CURRENT_TIMESTAMP(6),
  `update_date` datetime(6) NOT NULL DEFAULT CURRENT_TIMESTAMP(6)
) ENGINE=InnoDB DEFAULT CHARSET=utf8mb4  ;

--
-- Dumping data for table `education_stream`
--

INSERT INTO `education_stream` (`stream_id`, `stream_name`, `create_date`, `update_date`) VALUES
(10, 'School', '2023-04-14 14:43:48.000000', '0000-00-00 00:00:00.000000'),
(11, 'Intermediate', '2023-04-08 14:43:51.000000', '0000-00-00 00:00:00.000000'),
(12, 'O and A Levels', '2023-04-14 14:43:54.000000', '0000-00-00 00:00:00.000000'),
(13, 'Entry Tests', '2023-04-07 14:44:00.000000', '0000-00-00 00:00:00.000000'),
(14, 'Prof. Education (CA, ACCA etc)', '2023-04-14 14:43:57.000000', '0000-00-00 00:00:00.000000'),
(15, 'University', '2023-04-14 14:44:03.000000', '0000-00-00 00:00:00.000000'),
(16, 'Professional Training', '2023-04-05 14:44:07.000000', '0000-00-00 00:00:00.000000'),
(17, 'Competition Exams (CSS, PCS etc) ', '2023-04-07 14:44:10.000000', '0000-00-00 00:00:00.000000'),
(18, 'Religious Education', '2023-04-19 14:44:13.000000', '0000-00-00 00:00:00.000000'),
(20, 'Affiliation College', '2023-08-08 05:00:47.000000', '0000-00-00 00:00:00.000000');

-- --------------------------------------------------------

--
-- Table structure for table `Email`
--

CREATE TABLE `Email` (
  `Email_id` int NOT NULL,
  `stream_id` int NOT NULL,
  `institute_id` int NOT NULL,
  `affliation_id` int NOT NULL,
  `program_id` int DEFAULT NULL,
  `component_id` int DEFAULT NULL,
  `course_id` int DEFAULT NULL,
  `section_id` int DEFAULT NULL,
  `students_id` int DEFAULT NULL,
  `send_of_email` varchar(255) CHARACTER SET utf8mb3 COLLATE utf8mb3_unicode_ci NOT NULL,
  `subject` varchar(255) CHARACTER SET utf8mb3 COLLATE utf8mb3_unicode_ci NOT NULL,
  `body_of_email` text CHARACTER SET utf8mb3 COLLATE utf8mb3_unicode_ci NOT NULL,
  `send_wise` varchar(255) CHARACTER SET utf8mb3 COLLATE utf8mb3_unicode_ci NOT NULL,
  `createdate` date NOT NULL,
  `updatedate` date DEFAULT NULL
) ENGINE=InnoDB DEFAULT CHARSET=utf8mb3 COLLATE=utf8mb3_unicode_ci;

--
-- Dumping data for table `Email`
--

INSERT INTO `Email` (`Email_id`, `stream_id`, `institute_id`, `affliation_id`, `program_id`, `component_id`, `course_id`, `section_id`, `students_id`, `send_of_email`, `subject`, `body_of_email`, `send_wise`, `createdate`, `updatedate`) VALUES
(211, 15, 46, 80, 278, 308, 359, 262, NULL, '73', 'ICAP FEE notification', 'This is to notify that your challan is submitted to accounts department.', 'Section', '2024-03-26', NULL),
(212, 15, 46, 80, 278, NULL, NULL, NULL, NULL, '73', 'Hey Junaid', 'Its a check email', 'Program', '2024-03-27', NULL),
(213, 15, 46, 80, 278, 308, 359, NULL, NULL, '73', 'Admission request failed! ', 'You are not eligible for admission', 'Course', '2024-03-27', NULL),
(214, 15, 46, 80, NULL, NULL, NULL, NULL, NULL, '73', 'Junaid double hora hai.', 'This is email is for error report', 'Institute', '2024-03-27', NULL),
(215, 15, 46, 80, NULL, NULL, NULL, NULL, NULL, '73', 'Hello Shafay', 'Email Check kr', 'Institute', '2024-03-27', NULL),
(216, 15, 46, 80, 278, NULL, NULL, NULL, NULL, '73', 'Test Email 1', 'Hello', 'Program', '2024-03-27', NULL),
(217, 15, 46, 80, NULL, NULL, NULL, NULL, NULL, '73', 'Test Email 2', 'Hello', 'Institute', '2024-03-27', NULL),
(218, 15, 46, 80, NULL, NULL, NULL, NULL, NULL, '73', 'Test Email 3', 'Hello', 'Institute', '2024-03-27', NULL),
(219, 15, 46, 80, NULL, NULL, NULL, NULL, NULL, '73', 'Test Email 4', 'Hello', 'Institute', '2024-03-27', NULL),
(220, 15, 46, 80, NULL, NULL, NULL, NULL, NULL, '73', 'Test Email 5', '5', 'Institute', '2024-03-27', NULL),
(221, 15, 46, 80, NULL, NULL, NULL, NULL, NULL, '73', 'Test Email 6', '6', 'Institute', '2024-03-27', NULL),
(222, 15, 46, 80, NULL, NULL, NULL, NULL, NULL, '73', 'Test Email 6', '6', 'Institute', '2024-03-27', NULL),
(223, 15, 46, 80, NULL, NULL, NULL, NULL, NULL, '73', 'Test Email 7', '7', 'Institute', '2024-03-27', NULL),
(224, 15, 46, 80, NULL, NULL, NULL, NULL, NULL, '73', 'Test Email', '7', 'Institute', '2024-03-27', NULL),
(225, 15, 46, 80, NULL, NULL, NULL, NULL, NULL, '73', 'Test Email 7', '7', 'Institute', '2024-03-27', NULL),
(226, 15, 46, 80, NULL, NULL, NULL, NULL, NULL, '73', 'Test Email 8', 'Test 8', 'Institute', '2024-03-27', NULL),
(227, 15, 46, 80, 278, NULL, NULL, NULL, NULL, '73', 'Test Email 8', '8', 'Program', '2024-03-27', NULL),
(228, 15, 46, 80, 278, 308, NULL, NULL, NULL, '73', 'Test Email 9', '9', 'Component', '2024-03-27', NULL),
(229, 15, 46, 80, 278, 308, 359, NULL, NULL, '73', 'Test Email 10', '10', 'Course', '2024-03-27', NULL),
(230, 15, 46, 80, 278, 308, 359, 262, NULL, '73', 'Test Email 11', '11', 'Section', '2024-03-27', NULL),
(231, 15, 46, 80, 278, 308, 359, 262, 972, '73', 'Email check 12', '12', 'Student', '2024-03-27', NULL),
(232, 15, 46, 80, 278, NULL, NULL, NULL, NULL, '73', 'Email check 13', '13', 'Program', '2024-03-27', NULL),
(233, 15, 46, 80, 278, 308, NULL, NULL, NULL, '73', 'Email check 14', '14', 'Component', '2024-03-27', NULL),
(234, 15, 46, 80, NULL, NULL, NULL, NULL, NULL, '73', 'Test Email 15', '15', 'Institute', '2024-03-27', NULL),
(235, 15, 46, 80, 278, 308, 359, NULL, NULL, '73', 'Email is working fine now?', 'Your issue resolved?', 'Course', '2024-03-28', NULL),
(236, 15, 46, 80, 277, NULL, NULL, NULL, NULL, '73', 'ertgerg', 'ertfgerg', 'Program', '2024-03-29', NULL),
(237, 15, 46, 80, 277, NULL, NULL, NULL, NULL, '73', 'Hi', 'ertfgerg', 'Program', '2024-03-29', NULL),
(238, 15, 46, 80, 277, NULL, NULL, NULL, NULL, '73', 'Shafy is absent', 'He is absent today', 'Institute', '2024-05-21', NULL),
(239, 15, 46, 80, 278, 308, 359, 262, 984, '73', 'You failed exams', 'You failed exams ', 'Student', '2024-05-21', NULL),
(240, 15, 46, 80, 278, 308, 359, 262, 984, '73', 'You failed exams', 'You failed exams ', 'Student', '2024-05-21', NULL),
(241, 15, 46, 80, 278, 308, 359, 262, 984, '73', 'You failed exams', 'You failed exams ', 'Student', '2024-05-21', NULL),
(242, 15, 46, 80, 278, 308, 359, 262, 984, '73', 'You failed exams', 'You failed exams ', 'Student', '2024-05-21', NULL),
(243, 15, 46, 80, 278, 308, 359, 262, 984, '73', 'You failed exams', 'You miserably failed', 'Student', '2024-05-21', NULL),
(244, 15, 46, 80, 278, 308, 359, 262, 984, '73', 'You failed exams', 'You miserably failed', 'Student', '2024-05-21', NULL),
(245, 15, 46, 80, 278, 308, 359, 262, 984, '73', 'You failed exams', 'You failed and not transfered', 'Student', '2024-05-21', NULL),
(246, 15, 46, 80, NULL, NULL, NULL, NULL, NULL, '75', 'Hi from EducationVerse', 'No', 'Institute', '2024-06-10', NULL),
(247, 15, 46, 80, 277, 307, 355, 258, 974, '75', 'Hi from EducationVerse', 'No', 'Student', '2024-06-10', NULL),
(248, 15, 46, 80, 277, 307, 355, 258, 974, '76', 'Hi from EducationVerse', 'No', 'Student', '2024-06-10', NULL),
(249, 15, 46, 80, 277, 307, 355, 258, 974, '77', 'Hi from EducationVerse', 'No', 'Student', '2024-06-10', NULL);

-- --------------------------------------------------------

--
-- Table structure for table `employer_survey`
--

CREATE TABLE `employer_survey` (
  `form_id` int NOT NULL,
  `user_id` int NOT NULL,
  `question` varchar(255) CHARACTER SET utf8mb3 COLLATE utf8mb3_unicode_ci NOT NULL,
  `answer` varchar(255) CHARACTER SET utf8mb3 COLLATE utf8mb3_unicode_ci NOT NULL,
  `create_date` datetime NOT NULL DEFAULT CURRENT_TIMESTAMP,
  `update_date` datetime NOT NULL DEFAULT CURRENT_TIMESTAMP
) ENGINE=InnoDB DEFAULT CHARSET=utf8mb3 COLLATE=utf8mb3_unicode_ci;

-- --------------------------------------------------------

--
-- Table structure for table `events`
--

CREATE TABLE `events` (
  `id` int NOT NULL,
  `title` varchar(255) NOT NULL,
  `institute_lvl` tinyint(1) NOT NULL DEFAULT '0',
  `user_id` int NOT NULL,
  `start_date` datetime NOT NULL,
  `end_date` datetime NOT NULL
) ENGINE=InnoDB DEFAULT CHARSET=utf8mb4  ;

--
-- Dumping data for table `events`
--

INSERT INTO `events` (`id`, `title`, `institute_lvl`, `user_id`, `start_date`, `end_date`) VALUES
(6, 'Culture Day', 0, 1043, '2024-08-15 13:29:00', '2024-08-15 13:30:00'),
(8, 'Culture Day', 1, 969, '2024-08-08 18:16:00', '2024-08-09 18:17:00'),
(9, 'Color Day', 1, 969, '2024-08-20 18:17:00', '2024-08-21 18:17:00');

-- --------------------------------------------------------

--
-- Table structure for table `faculty_course_review_report`
--

CREATE TABLE `faculty_course_review_report` (
  `form_id` int NOT NULL,
  `user_id` int NOT NULL,
  `question` varchar(255) CHARACTER SET utf8mb3 COLLATE utf8mb3_unicode_ci NOT NULL,
  `answer` varchar(255) CHARACTER SET utf8mb3 COLLATE utf8mb3_unicode_ci NOT NULL,
  `create_date` datetime NOT NULL DEFAULT CURRENT_TIMESTAMP,
  `update_date` datetime NOT NULL DEFAULT CURRENT_TIMESTAMP
) ENGINE=InnoDB DEFAULT CHARSET=utf8mb3 COLLATE=utf8mb3_unicode_ci;

-- --------------------------------------------------------

--
-- Table structure for table `faculty_resume`
--

CREATE TABLE `faculty_resume` (
  `form_id` int NOT NULL,
  `user_id` int NOT NULL,
  `question` varchar(255) CHARACTER SET utf8mb3 COLLATE utf8mb3_unicode_ci NOT NULL,
  `answer` varchar(255) CHARACTER SET utf8mb3 COLLATE utf8mb3_unicode_ci NOT NULL,
  `create_date` datetime NOT NULL DEFAULT CURRENT_TIMESTAMP,
  `update_date` datetime NOT NULL DEFAULT CURRENT_TIMESTAMP
) ENGINE=InnoDB DEFAULT CHARSET=utf8mb3 COLLATE=utf8mb3_unicode_ci;

-- --------------------------------------------------------

--
-- Table structure for table `faculty_survey`
--

CREATE TABLE `faculty_survey` (
  `form_id` int NOT NULL,
  `user_id` int NOT NULL,
  `question` varchar(255) CHARACTER SET utf8mb3 COLLATE utf8mb3_unicode_ci NOT NULL,
  `answer` varchar(255) CHARACTER SET utf8mb3 COLLATE utf8mb3_unicode_ci NOT NULL,
  `create_date` datetime NOT NULL DEFAULT CURRENT_TIMESTAMP,
  `update_date` datetime NOT NULL DEFAULT CURRENT_TIMESTAMP
) ENGINE=InnoDB DEFAULT CHARSET=utf8mb3 COLLATE=utf8mb3_unicode_ci;

-- --------------------------------------------------------

--
-- Table structure for table `feedback`
--

CREATE TABLE `feedback` (
  `feedback_id` int NOT NULL,
  `stream_id` int NOT NULL,
  `institute_id` int NOT NULL,
  `components_id` int DEFAULT NULL,
  `program_id` int DEFAULT NULL,
  `feedback_name` varchar(255) CHARACTER SET utf8mb3 COLLATE utf8mb3_unicode_ci NOT NULL,
  `create_date` datetime(6) NOT NULL,
  `update_date` datetime(6) NOT NULL
) ENGINE=InnoDB DEFAULT CHARSET=utf8mb3 COLLATE=utf8mb3_unicode_ci;

--
-- Dumping data for table `feedback`
--

INSERT INTO `feedback` (`feedback_id`, `stream_id`, `institute_id`, `components_id`, `program_id`, `feedback_name`, `create_date`, `update_date`) VALUES
(52, 15, 46, NULL, NULL, 'Test Feedback', '2024-06-29 08:50:23.000000', '2024-06-29 08:50:23.000000');

-- --------------------------------------------------------

--
-- Table structure for table `feedback_answers`
--

CREATE TABLE `feedback_answers` (
  `fa_id` int NOT NULL,
  `user_id` int NOT NULL,
  `fq_id` int NOT NULL,
  `feedback_id` int NOT NULL,
  `answer` varchar(255) CHARACTER SET utf8mb3 COLLATE utf8mb3_unicode_ci NOT NULL,
  `created_date` datetime NOT NULL DEFAULT CURRENT_TIMESTAMP,
  `updated_date` datetime DEFAULT NULL
) ENGINE=InnoDB DEFAULT CHARSET=utf8mb3 COLLATE=utf8mb3_unicode_ci;

--
-- Dumping data for table `feedback_answers`
--

INSERT INTO `feedback_answers` (`fa_id`, `user_id`, `fq_id`, `feedback_id`, `answer`, `created_date`, `updated_date`) VALUES
(31, 1043, 42, 52, 'C', '2024-08-07 17:25:35', NULL);

-- --------------------------------------------------------

--
-- Table structure for table `feedback_question`
--

CREATE TABLE `feedback_question` (
  `fq_id` int NOT NULL,
  `feedback_id` int NOT NULL,
  `question` varchar(255) CHARACTER SET utf8mb3 COLLATE utf8mb3_unicode_ci NOT NULL,
  `create_date` datetime(6) NOT NULL,
  `update_date` datetime(6) DEFAULT NULL
) ENGINE=InnoDB DEFAULT CHARSET=utf8mb3 COLLATE=utf8mb3_unicode_ci;

--
-- Dumping data for table `feedback_question`
--

INSERT INTO `feedback_question` (`fq_id`, `feedback_id`, `question`, `create_date`, `update_date`) VALUES
(42, 52, 'Hello?', '2024-06-29 08:53:43.000000', NULL);

-- --------------------------------------------------------

--
-- Table structure for table `feeinstitututestructure`
--

CREATE TABLE `feeinstitututestructure` (
  `feeinstitututestructure_id` int NOT NULL,
  `finalizefee_id` int NOT NULL,
  `fee_type` varchar(255) CHARACTER SET utf8mb3 COLLATE utf8mb3_unicode_ci NOT NULL,
  `due_date` date NOT NULL,
  `Amount` varchar(255) CHARACTER SET utf8mb3 COLLATE utf8mb3_unicode_ci NOT NULL,
  `createdate` date NOT NULL,
  `updatedate` date DEFAULT NULL
) ENGINE=InnoDB DEFAULT CHARSET=utf8mb3 COLLATE=utf8mb3_unicode_ci;

--
-- Dumping data for table `feeinstitututestructure`
--

INSERT INTO `feeinstitututestructure` (`feeinstitututestructure_id`, `finalizefee_id`, `fee_type`, `due_date`, `Amount`, `createdate`, `updatedate`) VALUES
(780, 373, 'Addmission Fee', '2024-03-27', '9000', '2024-03-25', NULL),
(781, 373, 'lumpsum', '2024-03-29', '8500', '2024-03-25', NULL),
(782, 374, 'Addmission Fee', '2024-03-29', '11000', '2024-03-25', NULL),
(783, 374, 'lumpsum', '2024-04-03', '9500', '2024-03-25', NULL),
(784, 375, 'Admission Fee', '2024-04-05', '9000', '2024-03-25', NULL),
(785, 375, 'Installmets', '2024-04-06', '5250', '2024-03-25', NULL),
(786, 375, 'Installmets', '2024-05-09', '5250', '2024-03-25', NULL),
(787, 381, 'Addmission Fee', '2024-03-30', '8500', '2024-03-25', NULL),
(788, 381, 'lumpsum', '2024-03-31', '12000', '2024-03-25', NULL),
(789, 382, 'Admission Fee', '2024-03-30', '7800', '2024-03-25', NULL),
(790, 382, 'Installmets', '2024-04-03', '5250', '2024-03-25', NULL),
(791, 382, 'Installmets', '2024-04-06', '5250', '2024-03-25', NULL),
(795, 384, 'Addmission Fee', '2024-03-28', '9000', '2024-03-25', NULL),
(796, 384, 'lumpsum', '2024-04-05', '14500', '2024-03-25', NULL),
(797, 385, 'Addmission Fee', '2024-03-29', '8500', '2024-03-25', NULL),
(798, 385, 'lumpsum', '2024-04-03', '13580', '2024-03-25', NULL),
(799, 386, 'Addmission Fee', '2024-04-06', '7800', '2024-03-25', NULL),
(800, 386, 'lumpsum', '2024-04-13', '12500', '2024-03-25', NULL),
(803, 388, 'Addmission Fee', '2024-06-28', '10000', '2024-05-27', NULL),
(804, 388, 'lumpsum', '2024-06-28', '10000', '2024-05-27', NULL),
(805, 389, 'Addmission Fee', '2024-06-29', '10000', '2024-05-27', NULL),
(806, 389, 'lumpsum', '2024-06-29', '10000', '2024-05-27', NULL),
(807, 392, 'Admission Fee', '2024-06-30', '11000', '2024-06-10', NULL),
(808, 392, 'Installmets', '2024-07-30', '5000', '2024-06-10', NULL),
(809, 392, 'Installmets', '2024-08-30', '5000', '2024-06-10', NULL),
(812, 394, 'Addmission Fee', '2024-07-15', '5000', '2024-06-27', NULL),
(813, 394, 'lumpsum', '2024-07-15', '22000', '2024-06-27', NULL),
(814, 395, 'Addmission Fee', '2024-07-15', '5000', '2024-06-27', NULL),
(815, 395, 'lumpsum', '2024-07-15', '4100', '2024-06-27', NULL),
(816, 396, 'Addmission Fee', '2024-07-15', '5000', '2024-06-27', NULL),
(817, 396, 'lumpsum', '2024-07-15', '4100', '2024-06-27', NULL),
(818, 397, 'Addmission Fee', '2024-07-15', '5000', '2024-06-27', NULL),
(819, 397, 'lumpsum', '2024-07-15', '4100', '2024-06-27', NULL),
(820, 398, 'Addmission Fee', '2024-07-15', '5000', '2024-06-27', NULL),
(821, 398, 'lumpsum', '2024-07-15', '4150', '2024-06-27', NULL),
(822, 399, 'Addmission Fee', '2024-07-15', '5000', '2024-06-27', NULL),
(823, 399, 'lumpsum', '2024-07-15', '4200', '2024-06-27', NULL),
(824, 401, 'Addmission Fee', '2024-09-10', '5000', '2024-08-08', NULL),
(825, 401, 'lumpsum', '2024-10-10', '10000', '2024-08-08', NULL),
(826, 402, 'Addmission Fee', '2024-09-10', '5000', '2024-08-08', NULL),
(827, 402, 'lumpsum', '2024-10-10', '10000', '2024-08-08', NULL),
(828, 403, 'Addmission Fee', '2024-09-10', '5000', '2024-08-08', NULL),
(829, 403, 'lumpsum', '2024-10-10', '12000', '2024-08-08', NULL),
(830, 404, 'Addmission Fee', '2024-09-10', '10000', '2024-08-19', NULL),
(831, 404, 'lumpsum', '2024-10-10', '15000', '2024-08-19', NULL),
(832, 405, 'Addmission Fee', '2024-09-10', '10000', '2024-08-19', NULL),
(833, 405, 'lumpsum', '2024-10-10', '18000', '2024-08-19', NULL);

-- --------------------------------------------------------

--
-- Table structure for table `fee_installment`
--

CREATE TABLE `fee_installment` (
  `fee_installment_id` int NOT NULL,
  `user_id` int NOT NULL,
  `installment_amount` int NOT NULL,
  `installment_due_date` timestamp(6) NOT NULL DEFAULT CURRENT_TIMESTAMP(6),
  `installment_number` enum('1st','2nd','3rd') NOT NULL,
  `challan_name` varchar(255) NOT NULL,
  `challan_downloaded` enum('YES','NO') NOT NULL,
  `challan_status` enum('Unpaid','Paid') NOT NULL DEFAULT 'Unpaid',
  `challan_paid_name` varchar(255) NOT NULL,
  `create_date` datetime(6) NOT NULL,
  `update_date` datetime(6) NOT NULL
) ENGINE=InnoDB DEFAULT CHARSET=utf8mb4  ;

-- --------------------------------------------------------

--
-- Table structure for table `fee_installments_aid_scholarship`
--

CREATE TABLE `fee_installments_aid_scholarship` (
  `id` int NOT NULL,
  `user_id` int DEFAULT NULL,
  `fee_type` varchar(255) DEFAULT NULL,
  `due_date` varchar(255) DEFAULT NULL,
  `total_amount` varchar(255) DEFAULT NULL,
  `fee_status` enum('Paid','Unpaid') DEFAULT NULL,
  `fee_voucher_path` varchar(255) DEFAULT NULL,
  `comment` varchar(255) CHARACTER SET utf8mb4   DEFAULT NULL,
  `created_at` timestamp NOT NULL DEFAULT CURRENT_TIMESTAMP ON UPDATE CURRENT_TIMESTAMP,
  `updated_at` timestamp NULL DEFAULT NULL
) ENGINE=InnoDB DEFAULT CHARSET=utf8mb4  ;

--
-- Dumping data for table `fee_installments_aid_scholarship`
--

INSERT INTO `fee_installments_aid_scholarship` (`id`, `user_id`, `fee_type`, `due_date`, `total_amount`, `fee_status`, `fee_voucher_path`, `comment`, `created_at`, `updated_at`) VALUES
(3368, 972, 'Addmission Fee', '2024-03-30', '8500', 'Paid', '66015b987fdae_Fee8500.pdf', NULL, '2024-03-25 11:10:31', NULL),
(3369, 972, 'lumpsum', '2024-03-31', '12000', 'Paid', NULL, NULL, '2024-06-14 08:19:46', NULL),
(3370, 972, 'Other Fee', '2024-04-06', '5000', 'Paid', NULL, NULL, '2024-06-14 08:20:04', NULL),
(3371, 972, 'ICAP Fee', '2024-03-28', '13000', 'Paid', NULL, NULL, '2024-06-14 08:20:04', NULL),
(3372, 974, 'Addmission Fee', '2024-03-27', '9000', 'Paid', '66028b860289b_Sample (1).pdf', NULL, '2024-03-26 08:47:28', NULL),
(3373, 974, 'lumpsum', '2024-03-29', '8500', 'Paid', '660554218337b_Sample (1).pdf', NULL, '2024-03-28 11:28:14', NULL),
(3374, 974, 'Other Fee', '2024-03-31', '2800', 'Paid', NULL, NULL, '2024-06-14 08:20:04', NULL),
(3375, 974, 'ICAP Fee', '2024-04-01', '5000', 'Paid', NULL, NULL, '2024-06-14 08:20:04', NULL),
(3376, 975, 'Admissions', '2024-05-10', '5000', 'Paid', '6602a42e2d964_Sample (1).pdf', NULL, '2024-03-26 10:32:40', NULL),
(3378, 975, 'Installments', '2024-07-10', '5000', 'Paid', NULL, NULL, '2024-06-14 08:20:04', NULL),
(3379, 975, 'Other Fee', '2024-03-31', '2800', 'Paid', NULL, NULL, '2024-06-14 08:20:04', NULL),
(3380, 975, 'ICAP Fee', '2024-04-01', '5000', 'Paid', NULL, NULL, '2024-06-14 08:20:04', NULL),
(3381, 976, 'Admissions', '2024-05-10', '3000', 'Paid', '6602af50bc756_Sample (1).pdf', NULL, '2024-03-26 11:20:25', NULL),
(3382, 976, 'Installments', '2024-06-10', '7000', 'Paid', NULL, NULL, '2024-06-14 08:20:04', NULL),
(3383, 976, 'Other Fee', '2024-04-06', '5000', 'Paid', NULL, NULL, '2024-06-14 08:20:04', NULL),
(3384, 976, 'ICAP Fee', '2024-03-28', '13000', 'Paid', NULL, NULL, '2024-06-14 08:20:04', NULL),
(3385, 977, 'Admissions', '2024-05-10', '5000', 'Paid', '6602b394de345_Sample (1).pdf', NULL, '2024-03-26 11:38:51', NULL),
(3386, 977, 'Installments', '2024-07-10', '5000', 'Paid', NULL, NULL, '2024-06-14 08:20:04', NULL),
(3387, 977, 'Other Fee', '2024-03-31', '2800', 'Paid', NULL, NULL, '2024-06-14 08:20:04', NULL),
(3388, 977, 'ICAP Fee', '2024-04-01', '5000', 'Paid', NULL, NULL, '2024-06-14 08:20:04', NULL),
(3389, 978, 'Admissions', '2024-05-10', '4000', 'Paid', '6603bbb0b9ab6_Sample (1).pdf', NULL, '2024-03-27 06:25:13', NULL),
(3390, 978, 'Installments', '2024-07-15', '6000', 'Paid', NULL, NULL, '2024-06-14 08:20:04', NULL),
(3391, 978, 'Other Fee', '2024-03-31', '2800', 'Paid', NULL, NULL, '2024-06-14 08:20:04', NULL),
(3392, 978, 'ICAP Fee', '2024-04-01', '5000', 'Paid', NULL, NULL, '2024-06-14 08:20:04', NULL),
(3393, 985, 'Admission Fee', '2024-03-30', '11000', 'Paid', '6603d5521048a_Sample (1).pdf', NULL, '2024-03-27 08:18:06', NULL),
(3394, 985, 'Installmets', '2024-04-05', '5000', 'Paid', NULL, NULL, '2024-06-14 08:20:04', NULL),
(3395, 985, 'Installmets', '2024-04-10', '5000', 'Paid', NULL, NULL, '2024-06-14 08:20:04', NULL),
(3396, 985, 'Other Fee', '2024-03-31', '2800', 'Paid', NULL, NULL, '2024-06-14 08:20:04', NULL),
(3397, 985, 'ICAP Fee', '2024-04-01', '5000', 'Paid', NULL, NULL, '2024-06-14 08:20:04', NULL),
(3398, 986, 'Admission Fee', '2024-03-30', '7800', 'Paid', '6603d8e0e153e_Sample 123.pdf', NULL, '2024-03-27 08:29:43', NULL),
(3399, 986, 'Installmets', '2024-04-03', '5250', 'Paid', NULL, NULL, '2024-06-14 08:20:04', NULL),
(3400, 986, 'Installmets', '2024-04-06', '5250', 'Paid', NULL, NULL, '2024-06-14 08:20:04', NULL),
(3401, 986, 'Other Fee', '2024-04-06', '5000', 'Paid', NULL, NULL, '2024-06-14 08:20:04', NULL),
(3402, 986, 'ICAP Fee', '2024-03-28', '13000', 'Paid', NULL, NULL, '2024-06-14 08:20:04', NULL),
(3403, 987, 'Addmission Fee', '2024-03-29', '11000', 'Paid', '6603dbad85697_Sample (1).pdf', NULL, '2024-03-27 08:41:32', NULL),
(3404, 987, 'lumpsum', '2024-04-03', '9500', 'Paid', NULL, NULL, '2024-06-14 08:20:04', NULL),
(3405, 987, 'Other Fee', '2024-03-30', '9500', 'Paid', NULL, NULL, '2024-06-14 08:20:04', NULL),
(3406, 987, 'ICAP Fee', '2024-04-06', '5000', 'Paid', NULL, NULL, '2024-06-14 08:20:04', NULL),
(3407, 989, 'Addmission Fee', '2024-04-06', '7800', 'Paid', '6603e51d234f6_Sample 123.pdf', NULL, '2024-03-27 09:21:58', NULL),
(3408, 989, 'lumpsum', '2024-04-13', '12500', 'Paid', NULL, NULL, '2024-06-14 08:20:04', NULL),
(3409, 989, 'Other Fee', '2024-04-06', '9500', 'Paid', NULL, NULL, '2024-06-14 08:20:04', NULL),
(3410, 989, 'ICAP Fee', '2024-04-24', '500', 'Paid', NULL, NULL, '2024-06-14 08:20:04', NULL),
(3411, 990, 'Addmission Fee', '2024-03-29', '11000', 'Paid', '6603ee5604c7a_Sample (1).pdf', NULL, '2024-03-27 10:01:34', NULL),
(3412, 990, 'lumpsum', '2024-04-03', '9500', 'Paid', NULL, NULL, '2024-06-14 08:20:04', NULL),
(3413, 990, 'Other Fee', '2024-03-30', '9500', 'Paid', NULL, NULL, '2024-06-14 08:20:04', NULL),
(3414, 990, 'ICAP Fee', '2024-04-06', '5000', 'Paid', NULL, NULL, '2024-06-14 08:20:04', NULL),
(3416, 990, 'Installmets', '2024-03-30', '4550', 'Paid', NULL, NULL, '2024-06-14 08:20:04', NULL),
(3417, 990, 'Installmets', '2024-04-04', '4550', 'Paid', NULL, NULL, '2024-06-14 08:20:04', NULL),
(3418, 990, 'Other Fee', '2024-03-28', '1200', 'Paid', NULL, NULL, '2024-06-14 08:20:04', NULL),
(3419, 990, 'ICAP Fee', '2024-04-06', '5200', 'Paid', NULL, NULL, '2024-06-14 08:20:04', NULL),
(3420, 991, 'Admission Fee', '2024-04-05', '9000', 'Paid', '6603f17a64347_Sample (1).pdf', NULL, '2024-03-27 10:14:46', NULL),
(3421, 991, 'Installmets', '2024-04-06', '5250', 'Paid', NULL, NULL, '2024-06-14 08:20:04', NULL),
(3422, 991, 'Installmets', '2024-05-09', '5250', 'Paid', NULL, NULL, '2024-06-14 08:20:04', NULL),
(3423, 991, 'Other Fee', '2024-10-12', '1700', 'Paid', NULL, NULL, '2024-06-14 08:20:04', NULL),
(3424, 991, 'ICAP Fee', '2024-04-03', '5100', 'Paid', NULL, NULL, '2024-06-14 08:20:04', NULL),
(3426, 991, 'lumpsum', '2024-04-05', '14500', 'Paid', NULL, NULL, '2024-06-14 08:20:04', NULL),
(3427, 991, 'Other Fee', '2024-03-31', '6200', 'Paid', NULL, NULL, '2024-06-14 08:20:04', NULL),
(3428, 991, 'ICAP Fee', '2024-04-04', '12000', 'Paid', NULL, NULL, '2024-06-14 08:20:04', NULL),
(3429, 992, 'Admissions', '2024-05-10', '4000', 'Paid', '6603f5079effc_Sample 123.pdf', NULL, '2024-03-27 10:30:07', NULL),
(3430, 992, 'Installments', '2024-07-15', '8000', 'Paid', NULL, NULL, '2024-06-14 08:20:04', NULL),
(3431, 992, 'Other Fee', '2024-04-03', '6850', 'Paid', NULL, NULL, '2024-06-14 08:20:04', NULL),
(3432, 992, 'ICAP Fee', '2024-04-05', '5100', 'Paid', NULL, NULL, '2024-06-14 08:20:04', NULL),
(3433, 993, 'Admissions', '2024-04-10', '3000', 'Paid', '6603f8ece3e36_Sample 123.pdf', NULL, '2024-03-27 10:46:24', NULL),
(3434, 993, 'Installments', '2024-07-20', '7000', 'Paid', NULL, NULL, '2024-06-14 08:20:04', NULL),
(3435, 993, 'Other Fee', '2024-04-06', '9500', 'Paid', NULL, NULL, '2024-06-14 08:20:04', NULL),
(3436, 993, 'ICAP Fee', '2024-04-24', '500', 'Paid', NULL, NULL, '2024-06-14 08:20:04', NULL),
(3437, 994, 'Admissions', '2024-05-15', '5000', 'Paid', '6603fc2c7a0f3_Sample 123.pdf', NULL, '2024-03-27 11:00:11', NULL),
(3438, 994, 'Installments', '2024-10-10', '10000', 'Paid', NULL, NULL, '2024-06-14 08:20:04', NULL),
(3439, 994, 'Other Fee', '2024-03-30', '9500', 'Paid', NULL, NULL, '2024-06-14 08:20:04', NULL),
(3440, 994, 'ICAP Fee', '2024-04-06', '5000', 'Paid', NULL, NULL, '2024-06-14 08:20:04', NULL),
(3441, 994, 'Other Fee', '2024-03-28', '1200', 'Paid', NULL, NULL, '2024-06-14 08:20:04', NULL),
(3442, 994, 'ICAP Fee', '2024-04-06', '5200', 'Paid', NULL, NULL, '2024-06-14 08:20:04', NULL),
(3443, 995, 'Admissions', '2024-06-15', '6000', 'Paid', '6603fe9937252_Sample (1).pdf', NULL, '2024-03-27 11:10:31', NULL),
(3444, 995, 'Installments', '2024-07-15', '9000', 'Paid', NULL, NULL, '2024-06-14 08:20:04', NULL),
(3445, 995, 'Other Fee', '2024-10-12', '1700', 'Paid', NULL, NULL, '2024-06-14 08:20:04', NULL),
(3446, 995, 'ICAP Fee', '2024-04-03', '5100', 'Paid', NULL, NULL, '2024-06-14 08:20:04', NULL),
(3447, 995, 'Other Fee', '2024-03-31', '6200', 'Paid', NULL, NULL, '2024-06-14 08:20:04', NULL),
(3448, 995, 'ICAP Fee', '2024-04-04', '12000', 'Paid', NULL, NULL, '2024-06-14 08:20:04', NULL),
(3449, 996, 'Admissions', '2024-06-15', '4000', 'Paid', '660401652004d_Sample (1).pdf', NULL, '2024-03-27 11:22:42', NULL),
(3450, 996, 'Installments', '2024-07-15', '11000', 'Paid', NULL, NULL, '2024-06-14 08:20:04', NULL),
(3451, 996, 'Other Fee', '2024-04-03', '6850', 'Paid', NULL, NULL, '2024-06-14 08:20:04', NULL),
(3452, 996, 'ICAP Fee', '2024-04-05', '5100', 'Paid', NULL, NULL, '2024-06-14 08:20:04', NULL),
(3453, 998, 'Admissions', '2024-06-20', '3000', 'Paid', '66040751ecb5b_Sample (1).pdf', NULL, '2024-03-27 11:47:46', NULL),
(3454, 998, 'Installments', '2024-07-25', '12000', 'Paid', NULL, NULL, '2024-06-14 08:20:04', NULL),
(3455, 998, 'Other Fee', '2024-04-06', '9500', 'Paid', NULL, NULL, '2024-06-14 08:20:04', NULL),
(3456, 998, 'ICAP Fee', '2024-04-24', '500', 'Paid', NULL, NULL, '2024-06-14 08:20:04', NULL),
(3457, 999, 'Admissions', '2024-09-10', '5000', 'Paid', '660409aed4870_Sample (1).pdf', NULL, '2024-03-27 11:57:53', NULL),
(3458, 999, 'Installments', '2024-10-15', '10000', 'Paid', NULL, NULL, '2024-06-14 08:20:04', NULL),
(3459, 999, 'Other Fee', '2024-03-30', '9500', 'Paid', NULL, NULL, '2024-06-14 08:20:04', NULL),
(3460, 999, 'ICAP Fee', '2024-04-06', '5000', 'Paid', NULL, NULL, '2024-06-14 08:20:04', NULL),
(3461, 999, 'Other Fee', '2024-03-28', '1200', 'Paid', NULL, NULL, '2024-06-14 08:20:04', NULL),
(3462, 999, 'ICAP Fee', '2024-04-06', '5200', 'Paid', NULL, NULL, '2024-06-14 08:20:04', NULL),
(3463, 1000, 'Admissions', '2024-04-15', '4000', 'Paid', '66040c2aaa967_Sample (1).pdf', NULL, '2024-03-27 12:08:32', NULL),
(3464, 1000, 'Installments', '2024-06-15', '11000', 'Paid', NULL, NULL, '2024-06-14 08:20:04', NULL),
(3465, 1000, 'Other Fee', '2024-10-12', '1700', 'Paid', NULL, NULL, '2024-06-14 08:20:04', NULL),
(3466, 1000, 'ICAP Fee', '2024-04-03', '5100', 'Paid', NULL, NULL, '2024-06-14 08:20:04', NULL),
(3467, 1000, 'Other Fee', '2024-03-31', '6200', 'Paid', NULL, NULL, '2024-06-14 08:20:04', NULL),
(3468, 1000, 'ICAP Fee', '2024-04-04', '12000', 'Paid', NULL, NULL, '2024-06-14 08:20:04', NULL),
(3469, 984, 'Addmission Fee', '2024-03-30', '8500', 'Paid', '66055ed519acd_sample.pdf', NULL, '2024-03-28 12:13:41', NULL),
(3470, 984, 'lumpsum', '2024-03-31', '12000', 'Paid', NULL, NULL, '2024-06-14 08:20:04', NULL),
(3471, 984, 'Other Fee', '2024-04-06', '5000', 'Paid', NULL, NULL, '2024-06-14 08:20:04', NULL),
(3472, 984, 'ICAP Fee', '2024-03-28', '13000', 'Paid', NULL, NULL, '2024-06-14 08:20:04', NULL),
(3473, 1038, 'Admission Fee', '2024-03-30', '11000', 'Paid', '664c91ca1a517_857-200x300.jpg', NULL, '2024-05-21 12:21:55', NULL),
(3474, 1038, 'Installmets', '2024-04-05', '5000', 'Paid', NULL, NULL, '2024-06-14 08:20:04', NULL),
(3475, 1038, 'Installmets', '2024-04-10', '5000', 'Paid', NULL, NULL, '2024-06-14 08:20:04', NULL),
(3476, 1038, 'Other Fee', '2024-03-31', '2800', 'Paid', NULL, NULL, '2024-06-14 08:20:04', NULL),
(3477, 1038, 'ICAP Fee', '2024-04-01', '5000', 'Paid', NULL, NULL, '2024-06-14 08:20:04', NULL),
(3478, 1038, 'Admission Fee', '2024-03-30', '11000', 'Paid', NULL, NULL, '2024-05-21 12:21:55', NULL),
(3479, 1038, 'Installmets', '2024-04-05', '5000', 'Paid', NULL, NULL, '2024-06-14 08:20:04', NULL),
(3480, 1038, 'Installmets', '2024-04-10', '5000', 'Paid', NULL, NULL, '2024-06-14 08:20:04', NULL),
(3481, 1038, 'Other Fee', '2024-03-31', '2800', 'Paid', NULL, NULL, '2024-06-14 08:20:04', NULL),
(3482, 1038, 'ICAP Fee', '2024-04-01', '5000', 'Paid', NULL, NULL, '2024-06-14 08:20:04', NULL),
(3483, 1042, 'Addmission Fee', '2024-06-28', '10000', 'Paid', '6654997c62398_sample.pdf', NULL, '2024-05-27 14:32:41', NULL),
(3484, 1042, 'lumpsum', '2024-06-28', '10000', 'Paid', NULL, NULL, '2024-06-14 08:20:04', NULL),
(3485, 1042, 'Other Fee', '2024-05-28', '700', 'Paid', NULL, NULL, '2024-06-14 08:20:04', NULL),
(3486, 1042, 'Paper Fee', '2024-05-31', '5000', 'Paid', NULL, NULL, '2024-06-14 08:20:04', NULL),
(3487, 1043, 'Admission Fee', '2024-03-30', '11000', 'Paid', '6659a986ab798_Fee Challan.pdf', NULL, '2024-05-31 10:42:31', NULL),
(3488, 1043, 'Installmets', '2024-04-05', '5000', 'Paid', NULL, NULL, '2024-06-14 08:20:04', NULL),
(3489, 1043, 'Installmets', '2024-04-10', '5000', 'Paid', NULL, NULL, '2024-06-14 08:20:04', NULL),
(3490, 1043, 'Other Fee', '2024-03-31', '2800', 'Paid', NULL, NULL, '2024-06-14 08:20:04', NULL),
(3491, 1043, 'ICAP Fee', '2024-04-01', '5000', 'Paid', NULL, NULL, '2024-06-14 08:20:04', NULL),
(3492, 1044, 'Addmission Fee', '2024-03-29', '11000', 'Paid', '666bf8f66f548_SAMPLE.pdf', NULL, '2024-06-14 08:03:05', NULL),
(3493, 1044, 'lumpsum', '2024-04-03', '9500', 'Paid', NULL, NULL, '2024-06-14 08:20:04', NULL),
(3494, 1044, 'Other Fee', '2024-03-30', '9500', 'Paid', NULL, NULL, '2024-06-14 08:20:04', NULL),
(3495, 1044, 'ICAP Fee', '2024-04-06', '5000', 'Paid', NULL, NULL, '2024-06-14 08:20:04', NULL),
(3496, 1051, 'Addmission Fee', '2024-07-15', '5000', 'Paid', '667e81bb29964_Untitled.png', NULL, '2024-06-28 09:55:44', NULL),
(3497, 1051, 'lumpsum', '2024-07-15', '22000', 'Unpaid', NULL, NULL, '2024-06-28 04:25:50', NULL),
(3498, 1051, 'Other Fee', '2024-07-15', '1700', 'Unpaid', NULL, NULL, '2024-06-28 04:25:50', NULL),
(3499, 1051, 'Nil', '2024-07-15', '0', 'Unpaid', NULL, NULL, '2024-06-28 04:25:50', NULL),
(3500, 1052, 'Addmission Fee', '2024-07-15', '5000', 'Unpaid', NULL, NULL, '2024-06-28 06:05:18', NULL),
(3501, 1052, 'lumpsum', '2024-07-15', '4100', 'Unpaid', NULL, NULL, '2024-06-28 06:05:18', NULL),
(3502, 1052, 'Other Fee', '2024-07-15', '1200', 'Unpaid', NULL, NULL, '2024-06-28 06:05:18', NULL),
(3504, 1052, 'lumpsum', '2024-07-15', '4100', 'Unpaid', NULL, NULL, '2024-06-28 06:05:18', NULL),
(3506, 1052, 'lumpsum', '2024-07-15', '4100', 'Unpaid', NULL, NULL, '2024-06-28 06:11:43', NULL),
(3507, 1052, 'Other Fee', '2024-07-15', '1200', 'Unpaid', NULL, NULL, '2024-06-28 06:11:43', NULL),
(3509, 1052, 'lumpsum', '2024-07-15', '4100', 'Unpaid', NULL, NULL, '2024-06-28 06:11:43', NULL),
(3511, 1052, 'lumpsum', '2024-07-15', '4100', 'Unpaid', NULL, NULL, '2024-06-28 06:12:39', NULL),
(3512, 1052, 'Other Fee', '2024-07-15', '1200', 'Unpaid', NULL, NULL, '2024-06-28 06:12:39', NULL),
(3514, 1052, 'lumpsum', '2024-07-15', '4100', 'Unpaid', NULL, NULL, '2024-06-28 06:12:39', NULL),
(3516, 1052, 'lumpsum', '2024-07-15', '4100', 'Unpaid', NULL, NULL, '2024-06-28 06:13:03', NULL),
(3517, 1052, 'Other Fee', '2024-07-15', '1200', 'Unpaid', NULL, NULL, '2024-06-28 06:13:03', NULL),
(3519, 1052, 'lumpsum', '2024-07-15', '4100', 'Unpaid', NULL, NULL, '2024-06-28 06:13:03', NULL),
(3522, 1052, 'lumpsum', '2024-07-15', '4100', 'Unpaid', NULL, NULL, '2024-06-28 06:17:02', NULL),
(3524, 1052, 'lumpsum', '2024-07-15', '4100', 'Unpaid', NULL, NULL, '2024-06-28 06:18:39', NULL),
(3526, 1052, 'lumpsum', '2024-07-15', '4100', 'Unpaid', NULL, NULL, '2024-06-28 06:20:11', NULL),
(3528, 1052, 'lumpsum', '2024-07-15', '4100', 'Unpaid', NULL, NULL, '2024-06-28 06:25:11', NULL),
(3529, 1052, 'Other Fee', '2024-07-15', '1700', 'Unpaid', NULL, NULL, '2024-06-28 06:25:11', NULL),
(3531, 1052, 'lumpsum', '2024-07-15', '4100', 'Unpaid', NULL, NULL, '2024-06-28 06:25:11', NULL),
(3533, 1052, 'lumpsum', '2024-07-15', '4100', 'Unpaid', NULL, NULL, '2024-06-28 06:25:34', NULL),
(3534, 1052, 'Other Fee', '2024-07-15', '1700', 'Unpaid', NULL, NULL, '2024-06-28 06:25:34', NULL),
(3536, 1052, 'lumpsum', '2024-07-15', '4100', 'Unpaid', NULL, NULL, '2024-06-28 06:25:34', NULL),
(3538, 1052, 'lumpsum', '2024-07-15', '4100', 'Unpaid', NULL, NULL, '2024-06-28 06:25:59', NULL),
(3540, 1052, 'lumpsum', '2024-07-15', '4100', 'Unpaid', NULL, NULL, '2024-06-28 06:27:03', NULL),
(3541, 1052, 'Other Fee', '2024-07-15', '1700', 'Unpaid', NULL, NULL, '2024-06-28 06:27:03', NULL),
(3543, 1052, 'lumpsum', '2024-07-15', '4100', 'Unpaid', NULL, NULL, '2024-06-28 06:29:01', NULL),
(3544, 1052, 'Other Fee', '2024-07-15', '1700', 'Unpaid', NULL, NULL, '2024-06-28 06:29:01', NULL),
(3545, 1052, 'Nil', '2024-07-15', '0', 'Unpaid', NULL, NULL, '2024-06-28 06:29:01', NULL),
(3547, 1052, 'lumpsum', '2024-07-15', '4100', 'Unpaid', NULL, NULL, '2024-06-28 06:29:01', NULL),
(3549, 1052, 'lumpsum', '2024-07-15', '4100', 'Unpaid', NULL, NULL, '2024-06-28 06:29:29', NULL),
(3550, 1052, 'Other Fee', '2024-07-15', '1700', 'Unpaid', NULL, NULL, '2024-06-28 06:29:29', NULL),
(3551, 1052, 'Nil', '2024-07-15', '0', 'Unpaid', NULL, NULL, '2024-06-28 06:29:29', NULL),
(3553, 1052, 'lumpsum', '2024-07-15', '4100', 'Unpaid', NULL, NULL, '2024-06-28 06:30:10', NULL),
(3554, 1052, 'Other Fee', '2024-07-15', '1700', 'Unpaid', NULL, NULL, '2024-06-28 06:30:10', NULL),
(3555, 1052, 'Nil', '2024-07-15', '0', 'Unpaid', NULL, NULL, '2024-06-28 06:30:10', NULL),
(3557, 1052, 'lumpsum', '2024-07-15', '4100', 'Unpaid', NULL, NULL, '2024-06-28 06:30:10', NULL),
(3559, 1052, 'lumpsum', '2024-07-15', '4100', 'Unpaid', NULL, NULL, '2024-06-28 06:30:41', NULL),
(3560, 1052, 'Other Fee', '2024-07-15', '1700', 'Unpaid', NULL, NULL, '2024-06-28 06:30:41', NULL),
(3561, 1052, 'Nil', '2024-07-15', '0', 'Unpaid', NULL, NULL, '2024-06-28 06:30:41', NULL),
(3563, 1052, 'lumpsum', '2024-07-15', '4100', 'Unpaid', NULL, NULL, '2024-06-28 06:30:41', NULL),
(3565, 1052, 'lumpsum', '2024-07-15', '4100', 'Unpaid', NULL, NULL, '2024-06-28 06:30:43', NULL),
(3566, 1052, 'Other Fee', '2024-07-15', '1700', 'Unpaid', NULL, NULL, '2024-06-28 06:30:43', NULL),
(3567, 1052, 'Nil', '2024-07-15', '0', 'Unpaid', NULL, NULL, '2024-06-28 06:30:43', NULL),
(3569, 1052, 'lumpsum', '2024-07-15', '4100', 'Unpaid', NULL, NULL, '2024-06-28 06:30:43', NULL),
(3571, 1052, 'lumpsum', '2024-07-15', '4100', 'Unpaid', NULL, NULL, '2024-06-28 06:31:14', NULL),
(3572, 1052, 'Other Fee', '2024-07-15', '1700', 'Unpaid', NULL, NULL, '2024-06-28 06:31:14', NULL),
(3573, 1052, 'Nil', '2024-07-15', '0', 'Unpaid', NULL, NULL, '2024-06-28 06:31:14', NULL),
(3575, 1052, 'lumpsum', '2024-07-15', '4100', 'Unpaid', NULL, NULL, '2024-06-28 06:31:14', NULL),
(3576, 1052, 'Nil', '2024-07-15', '0', 'Unpaid', NULL, NULL, '2024-06-28 06:31:14', NULL),
(3578, 1052, 'lumpsum', '2024-07-15', '4100', 'Unpaid', NULL, NULL, '2024-06-28 06:32:01', NULL),
(3579, 1052, 'Other Fee', '2024-07-15', '1700', 'Unpaid', NULL, NULL, '2024-06-28 06:32:01', NULL),
(3580, 1052, 'Nil', '2024-07-15', '0', 'Unpaid', NULL, NULL, '2024-06-28 06:32:01', NULL),
(3582, 1052, 'lumpsum', '2024-07-15', '4100', 'Unpaid', NULL, NULL, '2024-06-28 06:32:01', NULL),
(3584, 1052, 'lumpsum', '2024-07-15', '4100', 'Unpaid', NULL, NULL, '2024-06-28 06:32:17', NULL),
(3585, 1052, 'Other Fee', '2024-07-15', '1700', 'Unpaid', NULL, NULL, '2024-06-28 06:32:17', NULL),
(3586, 1052, 'Nil', '2024-07-15', '0', 'Unpaid', NULL, NULL, '2024-06-28 06:32:17', NULL),
(3588, 1052, 'lumpsum', '2024-07-15', '4100', 'Unpaid', NULL, NULL, '2024-06-28 06:37:46', NULL),
(3589, 1052, 'Other Fee', '2024-07-15', '1700', 'Unpaid', NULL, NULL, '2024-06-28 06:37:46', NULL),
(3590, 1052, 'Nil', '2024-07-15', '0', 'Unpaid', NULL, NULL, '2024-06-28 06:37:46', NULL),
(3592, 1052, 'lumpsum', '2024-07-15', '4100', 'Unpaid', NULL, NULL, '2024-06-28 06:37:46', NULL),
(3594, 1052, 'lumpsum', '2024-07-15', '4100', 'Unpaid', NULL, NULL, '2024-06-28 06:42:05', NULL),
(3595, 1052, 'Other Fee', '2024-07-15', '1700', 'Unpaid', NULL, NULL, '2024-06-28 06:42:05', NULL),
(3596, 1052, 'Nil', '2024-07-15', '0', 'Unpaid', NULL, NULL, '2024-06-28 06:42:05', NULL),
(3598, 1052, 'lumpsum', '2024-07-15', '4100', 'Unpaid', NULL, NULL, '2024-06-28 06:42:05', NULL),
(3600, 1052, 'lumpsum', '2024-07-15', '4100', 'Unpaid', NULL, NULL, '2024-06-28 06:42:08', NULL),
(3601, 1052, 'Other Fee', '2024-07-15', '1700', 'Unpaid', NULL, NULL, '2024-06-28 06:42:08', NULL),
(3602, 1052, 'Nil', '2024-07-15', '0', 'Unpaid', NULL, NULL, '2024-06-28 06:42:08', NULL),
(3604, 1052, 'lumpsum', '2024-07-15', '4100', 'Unpaid', NULL, NULL, '2024-06-28 06:42:08', NULL),
(3606, 1052, 'lumpsum', '2024-07-15', '4100', 'Unpaid', NULL, NULL, '2024-06-28 06:43:47', NULL),
(3607, 1052, 'Other Fee', '2024-07-15', '1700', 'Unpaid', NULL, NULL, '2024-06-28 06:43:47', NULL),
(3608, 1052, 'Nil', '2024-07-15', '0', 'Unpaid', NULL, NULL, '2024-06-28 06:43:47', NULL),
(3610, 1052, 'lumpsum', '2024-07-15', '4100', 'Unpaid', NULL, NULL, '2024-06-28 06:43:47', NULL),
(3611, 1052, 'Other Fee', '2024-07-15', '1200', 'Unpaid', NULL, NULL, '2024-06-28 06:43:47', NULL),
(3613, 1052, 'lumpsum', '2024-07-15', '4100', 'Unpaid', NULL, NULL, '2024-06-28 06:43:47', NULL),
(3614, 1052, 'Other Fee', '2024-07-15', '1200', 'Unpaid', NULL, NULL, '2024-06-28 06:43:47', NULL),
(3616, 1052, 'lumpsum', '2024-07-15', '4150', 'Unpaid', NULL, NULL, '2024-06-28 06:43:47', NULL),
(3617, 1052, 'Other Fee', '2024-07-15', '1200', 'Unpaid', NULL, NULL, '2024-06-28 06:43:47', NULL),
(3619, 1052, 'lumpsum', '2024-07-15', '4200', 'Unpaid', NULL, NULL, '2024-06-28 06:43:47', NULL),
(3620, 1052, 'Other Fee', '2024-07-15', '1200', 'Unpaid', NULL, NULL, '2024-06-28 06:43:47', NULL),
(3621, 1053, 'Addmission Fee', '2024-07-15', '5000', 'Paid', '667ea45b06bde_Untitled.png', NULL, '2024-06-28 11:54:55', NULL),
(3622, 1053, 'lumpsum', '2024-07-15', '4100', 'Unpaid', NULL, NULL, '2024-06-28 06:53:40', NULL),
(3623, 1053, 'Other Fee', '2024-07-15', '1700', 'Unpaid', NULL, NULL, '2024-06-28 06:53:40', NULL),
(3624, 1053, 'Nil', '2024-07-15', '0', 'Unpaid', NULL, NULL, '2024-06-28 06:53:40', NULL),
(3626, 1053, 'lumpsum', '2024-07-15', '4100', 'Unpaid', NULL, NULL, '2024-06-28 06:53:40', NULL),
(3627, 1053, 'Other Fee', '2024-07-15', '1200', 'Unpaid', NULL, NULL, '2024-06-28 06:53:40', NULL),
(3629, 1053, 'lumpsum', '2024-07-15', '4100', 'Unpaid', NULL, NULL, '2024-06-28 06:53:40', NULL),
(3630, 1053, 'Other Fee', '2024-07-15', '1200', 'Unpaid', NULL, NULL, '2024-06-28 06:53:40', NULL),
(3632, 1053, 'lumpsum', '2024-07-15', '4150', 'Unpaid', NULL, NULL, '2024-06-28 06:53:40', NULL),
(3633, 1053, 'Other Fee', '2024-07-15', '1200', 'Unpaid', NULL, NULL, '2024-06-28 06:53:40', NULL),
(3635, 1053, 'lumpsum', '2024-07-15', '4200', 'Unpaid', NULL, NULL, '2024-06-28 06:53:40', NULL),
(3636, 1053, 'Other Fee', '2024-07-15', '1200', 'Unpaid', NULL, NULL, '2024-06-28 06:53:40', NULL),
(3637, 1054, 'Admission Fee', '2024-06-30', '11000', 'Paid', '66b48fc43924e_Fee.pdf', NULL, '2024-08-08 09:37:08', NULL),
(3638, 1054, 'Installmets', '2024-07-30', '5000', 'Unpaid', NULL, NULL, '2024-08-08 04:18:04', NULL),
(3639, 1054, 'Installmets', '2024-08-30', '5000', 'Unpaid', NULL, NULL, '2024-08-08 04:18:04', NULL),
(3640, 1054, 'Other Fee', '2024-03-31', '2800', 'Unpaid', NULL, NULL, '2024-08-08 04:18:04', NULL),
(3641, 1054, 'ICAP Fee', '2024-04-01', '5000', 'Unpaid', NULL, NULL, '2024-08-08 04:18:04', NULL),
(3642, 1054, 'adasfdfsdfdfsdfsf', '2024-06-15', '15000', 'Unpaid', NULL, NULL, '2024-08-08 04:18:04', NULL),
(3643, 1055, 'Addmission Fee', '2024-09-10', '5000', 'Paid', '66b4c035e6ea6_Fee1.pdf', NULL, '2024-08-08 12:58:48', NULL),
(3644, 1055, 'lumpsum', '2024-10-10', '10000', 'Paid', '66b4c6dad9e12_Fee1.pdf', NULL, '2024-08-08 13:24:52', NULL),
(3645, 1055, 'Other Fee', '2024-10-10', '5000', 'Unpaid', '66b6129117635_fee.pdf', NULL, '2024-08-09 12:58:57', NULL),
(3646, 1055, 'ICAP Fee 1', '2024-11-10', '2500', 'Unpaid', NULL, NULL, '2024-08-08 07:53:27', NULL),
(3647, 1059, 'Addmission Fee', '2024-09-10', '10000', 'Paid', '66c32b651d7e8_123.pdf', NULL, '2024-08-19 11:28:41', NULL),
(3648, 1059, 'lumpsum', '2024-10-10', '15000', 'Unpaid', NULL, NULL, '2024-08-19 06:23:12', NULL),
(3649, 1059, 'Other Fee', '2024-09-10', '4000', 'Unpaid', NULL, NULL, '2024-08-19 06:23:12', NULL),
(3650, 1059, 'ICAP Fee', '2024-10-10', '6000', 'Unpaid', NULL, NULL, '2024-08-19 06:23:12', NULL);

-- --------------------------------------------------------

--
-- Table structure for table `finaliz_fee`
--

CREATE TABLE `finaliz_fee` (
  `finalizefee_id` int NOT NULL,
  `stream_id` int NOT NULL,
  `institute_id` int NOT NULL,
  `campus_id` int NOT NULL,
  `affliation_id` int NOT NULL,
  `program_id` int NOT NULL,
  `component_id` int NOT NULL,
  `course_id` varchar(11) CHARACTER SET utf8mb3 COLLATE utf8mb3_unicode_ci NOT NULL,
  `study_Model` varchar(255) CHARACTER SET utf8mb3 COLLATE utf8mb3_unicode_ci NOT NULL,
  `payment_modal` varchar(11) CHARACTER SET utf8mb3 COLLATE utf8mb3_unicode_ci NOT NULL,
  `No_of_installment` varchar(11) CHARACTER SET utf8mb3 COLLATE utf8mb3_unicode_ci NOT NULL,
  `Installment_interval_mod` varchar(11) CHARACTER SET utf8mb3 COLLATE utf8mb3_unicode_ci NOT NULL,
  `interval_in_days` varchar(11) CHARACTER SET utf8mb3 COLLATE utf8mb3_unicode_ci NOT NULL,
  `comfrom` enum('component','course') CHARACTER SET utf8mb3 COLLATE utf8mb3_unicode_ci NOT NULL DEFAULT 'component',
  `create_date` date NOT NULL,
  `update_date` date DEFAULT NULL
) ENGINE=InnoDB DEFAULT CHARSET=utf8mb3 COLLATE=utf8mb3_unicode_ci;

--
-- Dumping data for table `finaliz_fee`
--

INSERT INTO `finaliz_fee` (`finalizefee_id`, `stream_id`, `institute_id`, `campus_id`, `affliation_id`, `program_id`, `component_id`, `course_id`, `study_Model`, `payment_modal`, `No_of_installment`, `Installment_interval_mod`, `interval_in_days`, `comfrom`, `create_date`, `update_date`) VALUES
(373, 15, 46, 185, 80, 277, 307, '0', 'Recorded', 'lumpsum', '', 'Dates', '0', 'component', '2024-03-25', NULL),
(374, 15, 46, 185, 80, 277, 307, '355', 'Live', 'lumpsum', '', 'Dates', '0', 'course', '2024-03-25', NULL),
(375, 15, 46, 185, 80, 277, 307, '356', 'Recorded', 'Installmets', '2', 'Dates', '0', 'course', '2024-03-25', NULL),
(381, 15, 46, 185, 80, 278, 308, '0', 'Live', 'lumpsum', '', 'Dates', '0', 'component', '2024-03-25', NULL),
(382, 15, 46, 185, 80, 278, 308, '0', 'Recorded', 'Installmets', '2', 'Dates', '0', 'component', '2024-03-25', NULL),
(384, 15, 46, 185, 80, 277, 307, '358', 'Recorded', 'lumpsum', '', 'Dates', '0', 'course', '2024-03-25', NULL),
(385, 15, 46, 185, 80, 278, 308, '359', 'Live', 'lumpsum', '', 'Dates', '0', 'course', '2024-03-25', NULL),
(386, 15, 46, 185, 80, 278, 308, '360', 'Recorded', 'lumpsum', '', 'Dates', '0', 'course', '2024-03-25', NULL),
(388, 15, 46, 188, 80, 283, 311, '0', 'Live', 'lumpsum', '', 'Dates', '0', 'component', '2024-05-27', NULL),
(389, 15, 46, 188, 80, 283, 311, '361', 'Live', 'lumpsum', '', 'Dates', '0', 'course', '2024-05-27', NULL),
(391, 15, 46, 185, 80, 277, 307, '357', 'Live', 'Installmets', '2', 'Dates', '0', 'course', '2024-06-08', NULL),
(392, 15, 46, 185, 80, 277, 307, '0', 'Live', 'Installmets', '2', 'Dates', '0', 'component', '2024-06-10', NULL),
(394, 15, 46, 189, 85, 284, 312, '0', 'Live', 'lumpsum', '', 'Dates', '0', 'component', '2024-06-27', NULL),
(395, 15, 46, 189, 85, 284, 312, '363', 'Live', 'lumpsum', '', 'Dates', '0', 'course', '2024-06-27', NULL),
(396, 15, 46, 189, 85, 284, 312, '364', 'Live', 'lumpsum', '', 'Dates', '0', 'course', '2024-06-27', NULL),
(397, 15, 46, 189, 85, 284, 312, '365', 'Live', 'lumpsum', '', 'Dates', '0', 'course', '2024-06-27', NULL),
(398, 15, 46, 189, 85, 284, 312, '366', 'Live', 'lumpsum', '', 'Dates', '0', 'course', '2024-06-27', NULL),
(399, 15, 46, 189, 85, 284, 312, '367', 'Live', 'lumpsum', '', 'Dates', '0', 'course', '2024-06-27', NULL),
(401, 15, 46, 185, 80, 286, 317, '0', 'Live', 'lumpsum', '', 'Dates', '0', 'component', '2024-08-08', NULL),
(402, 15, 46, 185, 80, 286, 317, '368', 'Live', 'lumpsum', '', 'Dates', '0', 'course', '2024-08-08', NULL),
(403, 15, 46, 185, 80, 286, 317, '369', 'Live', 'lumpsum', '', 'Dates', '0', 'course', '2024-08-08', NULL),
(404, 15, 46, 190, 80, 287, 318, '0', 'Live', 'lumpsum', '', 'Dates', '0', 'component', '2024-08-19', NULL),
(405, 15, 46, 190, 80, 287, 318, '370', 'Live', 'lumpsum', '', 'Dates', '0', 'course', '2024-08-19', NULL);

-- --------------------------------------------------------

--
-- Table structure for table `financiallpolicy`
--

CREATE TABLE `financiallpolicy` (
  `financiallpolicy_id` int NOT NULL,
  `institute_id` int NOT NULL,
  `financial_policies` text CHARACTER SET utf8mb3 COLLATE utf8mb3_unicode_ci NOT NULL,
  `filename2` varchar(255) CHARACTER SET utf8mb3 COLLATE utf8mb3_unicode_ci NOT NULL,
  `create_date` date NOT NULL,
  `update_date` date DEFAULT NULL
) ENGINE=InnoDB DEFAULT CHARSET=utf8mb3 COLLATE=utf8mb3_unicode_ci;

--
-- Dumping data for table `financiallpolicy`
--

INSERT INTO `financiallpolicy` (`financiallpolicy_id`, `institute_id`, `financial_policies`, `filename2`, `create_date`, `update_date`) VALUES
(22, 46, '<p><strong>1. Financial Aid Programs:</strong></p>\r\n<ul>\r\n<li>Financial aid is available to eligible students to help cover tuition fees and other educational expenses.</li>\r\n<li>Applicants must complete a financial aid application form and submit it with required financial documentation.</li>\r\n</ul>\r\n<p><strong>2. Discount Eligibility:</strong></p>\r\n<ul>\r\n<li>Discounts are available for early payment of tuition fees, siblings enrolled at the college, and alumni.</li>\r\n<li>Specific discounts and their eligibility criteria are detailed on the college website.</li>\r\n</ul>\r\n<p><strong>3. Work-Study Programs:</strong></p>\r\n<ul>\r\n<li>The college offers work-study programs where students can work part-time on campus to help cover their educational expenses.</li>\r\n<li>Eligibility and availability of work-study positions are determined by the college administration.</li>\r\n</ul>\r\n<p><strong>4. Application and Disbursement:</strong></p>\r\n<ul>\r\n<li>Financial aid applications are reviewed by the Financial Aid Committee.</li>\r\n<li>Approved financial aid is disbursed directly to the student~s account at the college.</li>\r\n</ul>\r\n<p><strong>5. Conditions for Continuation:</strong></p>\r\n<ul>\r\n<li>Recipients of financial aid must maintain satisfactory academic progress as defined by the college.</li>\r\n<li>Failure to meet academic or conduct standards may result in the reduction or termination of financial aid.</li>\r\n</ul>', 'sample.pdf', '2024-03-25', '2024-06-10');

-- --------------------------------------------------------

--
-- Table structure for table `invoice`
--

CREATE TABLE `invoice` (
  `invoice_id` int NOT NULL,
  `user_id` int NOT NULL,
  `fee` varchar(255) CHARACTER SET utf8mb3 COLLATE utf8mb3_unicode_ci NOT NULL,
  `Order_id` varchar(255) CHARACTER SET utf8mb3 COLLATE utf8mb3_unicode_ci NOT NULL,
  `create_date` varchar(255) CHARACTER SET utf8mb3 COLLATE utf8mb3_unicode_ci NOT NULL,
  `update_date` varchar(255) CHARACTER SET utf8mb3 COLLATE utf8mb3_unicode_ci NOT NULL
) ENGINE=InnoDB DEFAULT CHARSET=utf8mb3 COLLATE=utf8mb3_unicode_ci;

-- --------------------------------------------------------

--
-- Table structure for table `lab_demo_marks`
--

CREATE TABLE `lab_demo_marks` (
  `lab_demo_marks_id` int NOT NULL,
  `user_id` int NOT NULL,
  `lab_demo_id` int NOT NULL,
  `lab_demo_ObtainMarks` varchar(256) CHARACTER SET utf8mb3 COLLATE utf8mb3_unicode_ci NOT NULL,
  `createdate` date NOT NULL,
  `updatedate` date DEFAULT NULL
) ENGINE=InnoDB DEFAULT CHARSET=utf8mb3 COLLATE=utf8mb3_unicode_ci;

--
-- Dumping data for table `lab_demo_marks`
--

INSERT INTO `lab_demo_marks` (`lab_demo_marks_id`, `user_id`, `lab_demo_id`, `lab_demo_ObtainMarks`, `createdate`, `updatedate`) VALUES
(7810, 1055, 59, '7', '2024-08-08', NULL),
(7811, 1055, 60, '6', '2024-08-08', NULL);

-- --------------------------------------------------------

--
-- Table structure for table `Material`
--

CREATE TABLE `Material` (
  `material_id` int NOT NULL,
  `section_id` int NOT NULL,
  `Material_type` varchar(255) CHARACTER SET utf8mb3 COLLATE utf8mb3_unicode_ci NOT NULL,
  `Material_name` varchar(255) CHARACTER SET utf8mb3 COLLATE utf8mb3_unicode_ci NOT NULL,
  `create_date` datetime(6) NOT NULL
) ENGINE=InnoDB DEFAULT CHARSET=utf8mb3 COLLATE=utf8mb3_unicode_ci;

--
-- Dumping data for table `Material`
--

INSERT INTO `Material` (`material_id`, `section_id`, `Material_type`, `Material_name`, `create_date`) VALUES
(100, 258, 'Note', '664b5f25e8c27_The-Basic-Accounting-Equation2018.pdf', '2024-05-20 14:33:09.000000'),
(101, 262, 'Assignment', '664b5f6126ede_0134437764.pdf', '2024-05-20 14:34:09.000000'),
(102, 259, 'ModelPaper', '664b5f832e398_Sources_of_Business_Law.pdf', '2024-05-20 14:34:43.000000'),
(103, 264, 'Note', '665496d4323e6_sample.pdf', '2024-05-27 14:21:08.000000'),
(106, 258, 'Note', '664b5f25e8c27_The-Basic-Accounting-Equation2018.pdf', '2024-05-20 14:33:09.000000'),
(107, 258, 'Note', '664b5f25e8c27_The-Basic-Accounting-Equation2018.pdf', '2024-05-20 14:33:09.000000'),
(108, 258, 'Note', '664b5f25e8c27_The-Basic-Accounting-Equation2018.pdf', '2024-05-20 14:33:09.000000'),
(109, 258, 'Others', '66b34e109d6d3_Sample 123.pdf', '2024-08-07 10:36:00.000000'),
(110, 270, 'PastPaper', '66b4a5172e2f0_Sample2-pdf.pdf', '2024-08-08 10:59:35.000000'),
(111, 271, 'Others', '66b4a5334852a_Sample (1).pdf', '2024-08-08 11:00:03.000000'),
(112, 272, 'Note', '66c3239bb73bc_Sample (1).pdf', '2024-08-19 10:51:07.000000');

-- --------------------------------------------------------

--
-- Table structure for table `notification`
--

CREATE TABLE `notification` (
  `notification_id` int NOT NULL,
  `stream` int NOT NULL,
  `institute` int NOT NULL,
  `selecttype` varchar(255) CHARACTER SET utf8mb3 COLLATE utf8mb3_unicode_ci NOT NULL,
  `title` varchar(255) CHARACTER SET utf8mb3 COLLATE utf8mb3_unicode_ci NOT NULL,
  `message` text CHARACTER SET utf8mb3 COLLATE utf8mb3_unicode_ci NOT NULL,
  `details` text CHARACTER SET utf8mb3 COLLATE utf8mb3_unicode_ci NOT NULL,
  `createdatre` datetime(6) NOT NULL,
  `updatedate` datetime(6) DEFAULT NULL
) ENGINE=InnoDB DEFAULT CHARSET=utf8mb3 COLLATE=utf8mb3_unicode_ci;

-- --------------------------------------------------------

--
-- Table structure for table `othercomponentfee`
--

CREATE TABLE `othercomponentfee` (
  `otherscomponent_id` int NOT NULL,
  `componentcoursefee_id` int NOT NULL,
  `campus_id` int NOT NULL,
  `feeheading` varchar(255) CHARACTER SET utf8mb3 COLLATE utf8mb3_unicode_ci NOT NULL,
  `feeamount` int NOT NULL,
  `typemod` varchar(255) CHARACTER SET utf8mb3 COLLATE utf8mb3_unicode_ci NOT NULL,
  `other_fee_status` varchar(255) CHARACTER SET utf8mb3 COLLATE utf8mb3_unicode_ci NOT NULL,
  `due_date` varchar(255) CHARACTER SET utf8mb3 COLLATE utf8mb3_unicode_ci NOT NULL,
  `create_date` date NOT NULL,
  `update_date` date DEFAULT NULL
) ENGINE=InnoDB DEFAULT CHARSET=utf8mb3 COLLATE=utf8mb3_unicode_ci;

--
-- Dumping data for table `othercomponentfee`
--

INSERT INTO `othercomponentfee` (`otherscomponent_id`, `componentcoursefee_id`, `campus_id`, `feeheading`, `feeamount`, `typemod`, `other_fee_status`, `due_date`, `create_date`, `update_date`) VALUES
(509, 307, 185, 'Farwell Party', 500, 'component', 'Compulsory', '2024-03-31', '2024-03-25', NULL),
(510, 307, 185, 'Library', 600, 'component', 'Compulsory', '2024-03-31', '2024-03-25', NULL),
(511, 307, 185, 'Transport', 1700, 'component', 'Optional', '2024-03-31', '2024-03-25', NULL),
(512, 355, 185, 'Farwell Party', 5000, 'course', 'Compulsory', '2024-03-30', '2024-03-25', NULL),
(513, 355, 185, 'Library', 4500, 'course', 'Optional', '2024-03-30', '2024-03-25', NULL),
(514, 356, 185, 'Clubs and Society Fee', 500, 'course', 'Compulsory', '2024-10-12', '2024-03-25', NULL),
(515, 356, 185, 'Library', 1200, 'course', 'Optional', '2024-10-12', '2024-03-25', NULL),
(520, 308, 185, 'Farwell Party', 500, 'component', 'Compulsory', '2024-04-06', '2024-03-25', NULL),
(521, 308, 185, 'Library', 4500, 'component', 'Optional', '2024-04-06', '2024-03-25', NULL),
(522, 357, 185, 'Farwell Party', 500, 'course', 'Compulsory', '2024-03-28', '2024-03-25', NULL),
(523, 357, 185, 'Clubs & Society', 700, 'course', 'Optional', '2024-03-28', '2024-03-25', NULL),
(524, 358, 185, 'Library Fee', 5000, 'course', 'Compulsory', '2024-03-31', '2024-03-25', NULL),
(525, 358, 185, 'Hostel', 1200, 'course', 'Optional', '2024-03-31', '2024-03-25', NULL),
(526, 359, 185, 'Farwell Party', 5100, 'course', 'Compulsory', '2024-04-03', '2024-03-25', NULL),
(527, 359, 185, 'Transport', 1750, 'course', 'Optional', '2024-04-03', '2024-03-25', NULL),
(528, 360, 185, 'Farwell Party', 5000, 'course', 'Compulsory', '2024-04-06', '2024-03-25', NULL),
(529, 360, 185, 'Clubs & Society', 4500, 'course', 'Optional', '2024-04-06', '2024-03-25', NULL),
(530, 311, 188, 'Gym Fee', 500, 'component', 'Optional', '2024-05-28', '2024-05-27', NULL),
(531, 311, 188, 'Library Fee', 200, 'component', 'Compulsory', '2024-05-28', '2024-05-27', NULL),
(532, 361, 188, 'Gym Fee', 500, 'course', 'Optional', '2024-06-30', '2024-05-27', NULL),
(533, 361, 188, 'Library Fee', 200, 'course', 'Compulsory', '2024-06-30', '2024-05-27', NULL),
(536, 363, 189, 'Resource Fee', 500, 'course', 'Compulsory', '2024-07-15', '2024-06-27', NULL),
(537, 363, 189, 'AC Charges', 1200, 'component', 'Optional', '2024-07-15', '2024-06-27', NULL),
(540, 312, 189, 'Resource Fee', 500, 'component', 'Compulsory', '2024-07-15', '2024-06-27', NULL),
(541, 312, 189, 'AC Charges', 1200, 'component', 'Optional', '2024-07-15', '2024-06-27', NULL),
(542, 364, 189, 'Resource Fee', 500, 'component', 'Compulsory', '2024-07-15', '2024-06-27', NULL),
(543, 364, 189, 'AC Charges', 1200, 'component', 'Optional', '2024-07-15', '2024-06-27', NULL),
(544, 365, 189, 'Resource Fee', 500, 'component', 'Compulsory', '2024-07-15', '2024-06-27', NULL),
(545, 365, 189, 'AC Charges', 1200, 'component', 'Optional', '2024-07-15', '2024-06-27', NULL),
(546, 366, 189, 'Resource Fee', 500, 'component', 'Compulsory', '2024-07-15', '2024-06-27', NULL),
(547, 366, 189, 'AC Charges', 1200, 'component', 'Optional', '2024-07-15', '2024-06-27', NULL),
(548, 367, 189, 'Resource Fee', 500, 'component', 'Compulsory', '2024-07-15', '2024-06-27', NULL),
(549, 367, 189, 'AC Charges', 1200, 'component', 'Optional', '2024-07-15', '2024-06-27', NULL),
(550, 317, 185, 'Miscellaneous Charges', 2000, 'component', 'Compulsory', '2024-10-10', '2024-08-08', NULL),
(551, 317, 185, 'Administration Charges', 3000, 'component', 'Optional', '2024-10-10', '2024-08-08', NULL),
(554, 368, 185, 'Farwell Party 1', 2000, 'component', 'Compulsory', '2024-09-10', '2024-08-08', NULL),
(555, 368, 185, 'Library Fee 1', 1000, 'component', 'Optional', '2024-09-10', '2024-08-08', NULL),
(556, 369, 185, 'Transport 1', 3000, 'component', 'Compulsory', '2024-09-10', '2024-08-08', NULL),
(557, 369, 185, 'Administration Charges 1', 1500, 'component', 'Optional', '2024-09-10', '2024-08-08', NULL),
(558, 318, 190, 'Administration Charges', 2000, 'component', 'Compulsory', '2024-09-10', '2024-08-19', NULL),
(559, 318, 190, 'Library Fee', 1000, 'component', 'Optional', '2024-09-10', '2024-08-19', NULL),
(560, 318, 190, 'Farwell Party', 1000, 'component', 'Compulsory', '2024-09-10', '2024-08-19', NULL),
(561, 370, 190, 'Miscellaneous Charges', 3500, 'component', 'Compulsory', '2024-10-10', '2024-08-19', NULL),
(562, 370, 190, 'Transport Charges', 1500, 'component', 'Optional', '2024-10-10', '2024-08-19', NULL);

-- --------------------------------------------------------

--
-- Table structure for table `page_visits`
--

CREATE TABLE `page_visits` (
  `id` int NOT NULL,
  `user_id` int DEFAULT NULL,
  `page` varchar(255) DEFAULT NULL,
  `duration` int DEFAULT NULL,
  `visit_time` timestamp NULL DEFAULT CURRENT_TIMESTAMP
) ENGINE=InnoDB DEFAULT CHARSET=utf8mb4  ;

--
-- Dumping data for table `page_visits`
--

INSERT INTO `page_visits` (`id`, `user_id`, `page`, `duration`, `visit_time`) VALUES
(3, 969, '/frontend/campus.php', 1782, '2024-03-27 09:22:39'),
(4, 969, '/frontend/viewcampus.php', 1994, '2024-03-27 09:22:42'),
(5, 969, '/frontend/campus.php', 1641, '2024-03-27 09:22:45'),
(6, 969, '/frontend/viewcampus.php', 1493, '2024-03-27 09:22:47'),
(7, 969, '/frontend/campus.php', 1929, '2024-03-27 09:22:50'),
(8, 969, '/frontend/viewcampus.php', 20664, '2024-03-27 09:23:13'),
(9, 969, '/frontend/campus.php', 6079, '2024-03-27 10:55:22'),
(10, 972, '/frontend/invoice.php', 2455, '2024-03-27 11:31:54'),
(11, 972, '/frontend/studentAcademicCalander.php', 110740, '2024-03-27 12:11:09'),
(12, 972, '/frontend/student-midterm.php', 115618, '2024-03-27 12:16:13'),
(13, 972, '/frontend/invoice.php', 6361, '2024-03-27 12:28:51'),
(14, 972, '/frontend/studentAcademicCalander.php', 2119, '2024-03-27 12:28:55'),
(15, 972, '/frontend/studentAcademicCalander.php', 1790, '2024-03-27 12:31:52'),
(16, 972, '/frontend/viewcampus.php', 9692, '2024-03-28 05:08:50'),
(19, 986, '/frontend/viewTimetable.php', 14504, '2024-03-28 10:30:18'),
(20, 986, '/frontend/viewTimetable.php', 127566, '2024-03-28 10:32:43'),
(21, 972, '/frontend/viewTimetable.php', 27084, '2024-03-28 10:36:38'),
(22, 972, '/frontend/viewTimetable.php', 72063, '2024-03-28 10:39:41'),
(23, 972, '/frontend/viewTimetable.php', 44613, '2024-03-28 10:42:16'),
(24, 972, '/frontend/viewTimetable.php', 102458, '2024-03-28 10:44:11'),
(25, 972, '/frontend/viewTimetable.php', 348604, '2024-03-28 10:50:02'),
(26, 972, '/frontend/viewTimetable.php', 11089, '2024-03-28 10:50:34'),
(27, 972, '/frontend/viewTimetable.php', 2554, '2024-03-28 10:50:38'),
(28, 972, '/frontend/viewTimetable.php', 17577, '2024-03-28 10:57:27'),
(29, 974, '/frontend/viewTimetable.php', 325, '2024-03-28 11:24:01'),
(30, 974, '/frontend/viewTimetable.php', 4315, '2024-03-28 11:24:07'),
(31, 974, '/frontend/invoice.php', 75106, '2024-03-28 11:25:30'),
(32, 974, '/frontend/invoice.php', 2174, '2024-03-28 11:27:05'),
(33, 972, '/frontend/studentAcademicCalander.php', 5111, '2024-03-28 11:28:05'),
(34, 974, '/frontend/invoice.php', 48673, '2024-03-28 11:28:19'),
(35, 969, '/frontend/viewcampus.php', 6249, '2024-03-28 11:29:41'),
(36, 969, '/frontend/viewcampus.php', 3433, '2024-03-28 11:31:13'),
(37, 972, '/frontend/invoice.php', 206274, '2024-03-28 11:32:49'),
(38, 974, '/frontend/viewmyquiz.php', 227686, '2024-03-28 11:49:35'),
(39, 974, '/frontend/viewresult.php', 189179, '2024-03-28 11:52:46'),
(40, 974, '/frontend/viewmyquiz.php', 877606, '2024-03-28 12:08:01'),
(41, 969, '/frontend/View-academic.php', 8317, '2024-03-28 12:19:49'),
(42, 969, '/frontend/View-academic.php', 12947, '2024-03-28 12:20:05'),
(43, 969, '/frontend/View-academic.php', 1295, '2024-03-28 12:20:12'),
(44, 969, '/frontend/View-academic.php', 3084, '2024-03-28 12:21:58'),
(45, 969, '/frontend/sectionChat.php', 10863, '2024-03-28 12:26:50'),
(46, 969, '/frontend/sectionChat.php', 9183, '2024-03-28 12:27:01'),
(47, 974, '/frontend/invoice.php', 3982, '2024-03-28 12:31:54'),
(48, 974, '/frontend/studentAcademicCalander.php', 4325, '2024-03-28 12:32:00'),
(49, 974, '/frontend/View-academic.php', 2945, '2024-03-28 12:32:04'),
(50, 974, '/frontend/View-academic.php', 5166, '2024-03-28 12:32:58'),
(51, 974, '/frontend/viewTimetable.php', 8792, '2024-03-28 12:33:08'),
(52, 970, '/frontend/View-academic.php', 6702, '2024-03-28 14:59:23'),
(53, 970, '/frontend/View-academic.php', 121376, '2024-03-28 15:03:12'),
(54, 970, '/frontend/sectionChat.php', 36886, '2024-03-28 15:15:33'),
(55, 970, '/frontend/sectionChat.php', 31337, '2024-03-28 15:16:09'),
(56, 970, '/frontend/sectionChat.php', 5047, '2024-03-28 15:16:11'),
(57, 972, '/frontend/invoice.php', 2372, '2024-03-29 06:36:37'),
(58, 972, '/frontend/studentAcademicCalander.php', 2185, '2024-03-29 06:36:41'),
(59, 972, '/frontend/View-academic.php', 2131, '2024-03-29 06:36:44'),
(60, 972, '/frontend/studentAcademicCalander.php', 74789, '2024-03-29 06:38:00'),
(61, 972, '/frontend/viewTimetable.php', 254355, '2024-03-29 06:42:16'),
(62, 972, '/frontend/viewTimetable.php', 82794, '2024-03-29 06:43:40'),
(63, 972, '/frontend/viewTimetable.php', 247013, '2024-03-29 06:47:48'),
(64, 972, '/frontend/viewTimetable.php', 145804, '2024-03-29 06:50:16'),
(65, 972, '/frontend/viewTimetable.php', 94617, '2024-03-29 06:51:52'),
(66, 972, '/frontend/viewTimetable.php', 10271, '2024-03-29 06:52:03'),
(67, 972, '/frontend/viewTimetable.php', 125032, '2024-03-29 06:54:10'),
(68, 972, '/frontend/viewTimetable.php', 98027, '2024-03-29 06:55:49'),
(69, 972, '/frontend/viewTimetable.php', 163068, '2024-03-29 06:58:34'),
(70, 972, '/frontend/myliveclass.php', 347349, '2024-03-29 07:14:45'),
(71, 972, '/frontend/myliveclass.php', 104664, '2024-03-29 07:16:31'),
(72, 972, '/frontend/myliveclass.php', 2191, '2024-03-29 07:16:34'),
(73, 972, '/frontend/Student-chat-list.php', 131773, '2024-03-29 07:18:48'),
(74, 972, '/frontend/Student-chat-list.php', 25416, '2024-03-29 07:19:15'),
(75, 972, '/frontend/Student-chat-list.php', 1610, '2024-03-29 07:19:17'),
(76, 972, '/frontend/mymaterials.php', 12857, '2024-03-29 07:19:31'),
(77, 972, '/frontend/mymaterials.php', 975, '2024-03-29 07:19:36'),
(78, 972, '/frontend/mymaterials.php', 1340, '2024-03-29 07:19:43'),
(79, 972, '/frontend/mymaterials.php', 901068, '2024-03-29 07:34:49'),
(80, 972, '/frontend/Student-chat-list.php', 969, '2024-03-29 07:35:15'),
(81, 972, '/frontend/mymaterials.php', 101942, '2024-03-29 07:36:58'),
(82, 972, '/frontend/mymaterials.php', 13526, '2024-03-29 07:37:12'),
(83, 972, '/frontend/mymaterials.php', 24681, '2024-03-29 07:37:38'),
(84, 972, '/frontend/mymaterials.php', 15806, '2024-03-29 07:37:55'),
(85, 972, '/frontend/mymaterials.php', 19350, '2024-03-29 07:38:16'),
(86, 972, '/frontend/mymaterials.php', 6524, '2024-03-29 07:38:23'),
(87, 972, '/frontend/mymaterials.php', 16313, '2024-03-29 07:38:41'),
(88, 972, '/frontend/mymaterials.php', 1512, '2024-03-29 07:38:43'),
(89, 972, '/frontend/student_quiz_video.php', 339869, '2024-03-29 07:44:25'),
(90, 972, '/frontend/student_quiz_video.php', 3061, '2024-03-29 07:44:29'),
(91, 972, '/frontend/studentRollNoSlip.php', 22410, '2024-03-29 08:05:10'),
(92, 969, '/frontend/View-academic.php', 4321, '2024-03-29 08:07:42'),
(93, 969, '/frontend/View-academic.php', 3130, '2024-03-29 08:07:51'),
(94, 972, '/frontend/studentRollNoSlip.php', 2899, '2024-03-29 08:18:26'),
(95, 972, '/frontend/StudentAssignment.php', 70061, '2024-03-29 08:19:37'),
(96, 972, '/frontend/studentRollNoSlip.php', 18136, '2024-03-29 08:19:56'),
(97, 972, '/frontend/student-finalterm.php', 1143, '2024-03-29 08:19:58'),
(98, 972, '/frontend/StudentAssignment.php', 71599, '2024-03-29 08:21:11'),
(99, 972, '/frontend/studentRollNoSlip.php', 4165, '2024-03-29 08:21:34'),
(100, 972, '/frontend/StudentAssignment.php', 300396, '2024-03-29 08:26:12'),
(101, 972, '/frontend/StudentAssignment.php', 272967, '2024-03-29 08:30:47'),
(102, 972, '/frontend/StudentAssignment.php', 19752, '2024-03-29 08:31:08'),
(103, 972, '/frontend/StudentAssignment.php', 155802, '2024-03-29 08:33:45'),
(104, 972, '/frontend/StudentAssignment.php', 6820, '2024-03-29 08:33:52'),
(105, 972, '/frontend/student-midterm.php', 54434, '2024-03-29 08:37:05'),
(106, 972, '/frontend/student-midterm.php', 6744, '2024-03-29 08:37:13'),
(107, 972, '/frontend/Student-project-presentation-marks.php', 49475, '2024-03-29 08:38:03'),
(108, 972, '/frontend/Student-project-presentation-marks.php', 7392, '2024-03-29 08:38:11'),
(109, 972, '/frontend/student-finalterm.php', 65353, '2024-03-29 08:39:18'),
(110, 972, '/frontend/studentTranscript.php', 22028, '2024-03-29 08:39:41'),
(111, 969, '/frontend/sectionChat.php', 2210, '2024-03-29 08:41:55'),
(112, 969, '/frontend/sectionChat.php', 2846, '2024-03-29 08:42:01'),
(113, 972, '/frontend/studentFeedbackList.php', 240101, '2024-03-29 08:43:42'),
(114, 972, '/frontend/studentAcademicCalander.php', 2069, '2024-03-29 08:43:45'),
(115, 972, '/frontend/viewTimetable.php', 1515, '2024-03-29 08:43:47'),
(116, 972, '/frontend/myliveclass.php', 721, '2024-03-29 08:43:50'),
(117, 972, '/frontend/Student-chat-list.php', 1059, '2024-03-29 08:43:52'),
(118, 972, '/frontend/mymaterials.php', 4326, '2024-03-29 08:43:58'),
(119, 972, '/frontend/student_quiz_video.php', 4493, '2024-03-29 08:44:03'),
(120, 972, '/frontend/studentRollNoSlip.php', 1832, '2024-03-29 08:44:08'),
(121, 972, '/frontend/StudentAssignment.php', 2395, '2024-03-29 08:44:11'),
(122, 972, '/frontend/Student-project-presentation-marks.php', 901019, '2024-03-29 08:59:23'),
(123, 986, '/frontend/invoice.php', 153, '2024-03-29 09:34:43'),
(124, 986, '/frontend/viewTimetable.php', 10922, '2024-03-29 09:35:03'),
(125, 986, '/frontend/Student-chat-list.php', 2887, '2024-03-29 09:35:07'),
(126, 986, '/frontend/mymaterials.php', 4511, '2024-03-29 09:35:13'),
(127, 986, '/frontend/studentRollNoSlip.php', 2415, '2024-03-29 09:35:16'),
(128, 986, '/frontend/invoice.php', 367, '2024-03-29 09:35:38'),
(129, 978, '/frontend/mymaterials.php', 348549, '2024-03-29 09:52:46'),
(130, 978, '/frontend/Student-chat-list.php', 792, '2024-03-29 09:52:48'),
(131, 978, '/frontend/Student-chat-list.php', 960, '2024-03-29 09:53:22'),
(132, 978, '/frontend/Student-chat-list.php', 779, '2024-03-29 09:55:47'),
(133, 978, '/frontend/Student-chat-list.php', 1026, '2024-03-29 09:57:05'),
(134, 978, '/frontend/Student-chat-list.php', 1525, '2024-03-29 09:59:29'),
(135, 978, '/frontend/Student-chat-list.php', 1308, '2024-03-29 10:01:04'),
(136, 978, '/frontend/mymaterials.php', 19881, '2024-03-29 10:01:26'),
(137, 978, '/frontend/student_quiz_video.php', 1740, '2024-03-29 10:02:18'),
(138, 978, '/frontend/mymaterials.php', 55840, '2024-03-29 10:03:15'),
(139, 978, '/frontend/Student-chat-list.php', 818, '2024-03-29 10:03:33'),
(140, 978, '/frontend/Student-chat-list.php', 1057, '2024-03-29 10:05:02'),
(141, 978, '/frontend/mymaterials.php', 41799, '2024-03-29 10:05:45'),
(142, 978, '/frontend/Student-chat-list.php', 1153, '2024-03-29 10:05:47'),
(143, 978, '/frontend/mymaterials.php', 9012, '2024-03-29 10:05:58'),
(144, 978, '/frontend/mymaterials.php', 1218, '2024-03-29 10:06:13'),
(145, 978, '/frontend/mymaterials.php', 1321, '2024-03-29 10:06:19'),
(146, 978, '/frontend/mymaterials.php', 9001, '2024-03-29 10:06:45'),
(147, 978, '/frontend/mymaterials.php', 2926, '2024-03-29 10:10:19'),
(148, 978, '/frontend/Student-chat-list.php', 915, '2024-03-29 10:10:21'),
(149, 978, '/frontend/mymaterials.php', 15579, '2024-03-29 10:10:39'),
(150, 978, '/frontend/Student-chat-list.php', 1703, '2024-03-29 10:10:42'),
(151, 978, '/frontend/mymaterials.php', 22493, '2024-03-29 10:11:06'),
(152, 978, '/frontend/Student-chat-list.php', 701, '2024-03-29 10:11:07'),
(153, 978, '/frontend/mymaterials.php', 172668, '2024-03-29 10:14:02'),
(154, 978, '/frontend/Student-chat-list.php', 961, '2024-03-29 10:14:04'),
(155, 978, '/frontend/mymaterials.php', 8220, '2024-03-29 10:14:14'),
(156, 978, '/frontend/mymaterials.php', 1284, '2024-03-29 10:14:28'),
(157, 978, '/frontend/mymaterials.php', 1363, '2024-03-29 10:14:33'),
(158, 972, '/frontend/mymaterials.php', 129559, '2024-03-29 10:18:29'),
(159, 969, '/frontend/studentFeedbackList.php', 55594, '2024-03-29 10:20:00'),
(160, 972, '/frontend/mymaterials.php', 353402, '2024-03-29 10:24:26'),
(161, 969, '/frontend/View-academic.php', 1357, '2024-05-20 14:06:50'),
(162, 969, '/frontend/View-academic.php', 498, '2024-05-20 14:06:53'),
(163, 969, '/frontend/View-academic.php', 1605, '2024-05-20 14:07:34'),
(164, 969, '/frontend/View-academic.php', 380, '2024-05-20 14:07:37'),
(165, 974, '/frontend/studentAcademicCalander.php', 27412, '2024-05-21 09:03:35'),
(166, 974, '/frontend/studentAcademicCalander.php', 68616, '2024-05-21 09:04:44'),
(167, 974, '/frontend/studentAcademicCalander.php', 2375, '2024-05-21 09:04:48'),
(168, 974, '/frontend/studentAcademicCalander.php', 20232, '2024-05-21 09:05:12'),
(169, 974, '/frontend/studentAcademicCalander.php', 49908, '2024-05-21 09:06:03'),
(170, 969, '/frontend/sectionChat.php', 15594, '2024-05-21 10:45:59'),
(171, 984, '/frontend/StudentAssignment.php', 11969, '2024-05-22 07:36:11'),
(172, 984, '/frontend/StudentAssignment.php', 215789, '2024-05-22 07:39:50'),
(173, 984, '/frontend/StudentAssignment.php', 6152, '2024-05-22 07:39:58'),
(174, 984, '/frontend/StudentAssignment.php', 900932, '2024-05-22 07:55:01'),
(175, 974, '/frontend/viewmyquiz.php', 66423, '2024-05-22 08:09:25'),
(176, 974, '/frontend/viewresult.php', 900620, '2024-05-22 08:24:27'),
(177, 974, '/frontend/student_quiz_video.php', 3051, '2024-05-22 13:01:14'),
(178, 974, '/frontend/student_attempt_quiz_video.php', 28388, '2024-05-22 13:01:44'),
(179, 974, '/frontend/student_attempt_quiz_video.php', 407317, '2024-05-22 13:08:33'),
(180, 972, '/frontend/invoice.php', 39331, '2024-05-23 09:01:16'),
(181, 972, '/frontend/viewTimetable.php', 11301, '2024-05-23 09:01:29'),
(182, 972, '/frontend/myliveclass.php', 13660, '2024-05-23 09:01:44'),
(183, 972, '/frontend/Student-chat-list.php', 25118, '2024-05-23 09:02:11'),
(184, 974, '/frontend/student_quiz_video.php', 9861, '2024-05-23 09:05:01'),
(185, 974, '/frontend/student_attempt_quiz_video.php', 7849, '2024-05-23 09:05:11'),
(186, 974, '/frontend/viewresult.php', 23910, '2024-05-23 09:05:53'),
(187, 974, '/frontend/studentResult.php', 902863, '2024-05-23 10:10:24'),
(188, 972, '/frontend/StudentAssignment.php', 37272, '2024-05-23 13:48:35'),
(189, 972, '/frontend/StudentAssignment.php', 2080, '2024-05-23 13:48:47'),
(190, 972, '/frontend/StudentAssignment.php', 2678, '2024-05-23 14:07:44'),
(191, 972, '/frontend/student_quiz_video.php', 11813, '2024-05-23 14:59:31'),
(192, 974, '/frontend/student_quiz_video.php', 1402, '2024-05-24 07:57:32'),
(193, 974, '/frontend/student_attempt_quiz_video.php', 7805, '2024-05-24 07:57:42'),
(194, 974, '/frontend/student_quiz_video.php', 13304, '2024-05-24 07:57:56'),
(195, 974, '/frontend/student_attempt_quiz_video.php', 57503, '2024-05-24 07:58:56'),
(196, 974, '/frontend/student_quiz_video.php', 2173, '2024-05-24 08:15:07'),
(197, 974, '/frontend/studentAcademicCalander.php', 1324, '2024-05-24 08:29:38'),
(198, 974, '/frontend/studentRollNoSlip.php', 18393, '2024-05-24 08:42:22'),
(199, 974, '/frontend/studentRollNoSlip.php', 35446, '2024-05-24 08:43:16'),
(200, 974, '/frontend/studentRollNoSlip.php', 15701, '2024-05-24 08:43:41'),
(201, 974, '/frontend/viewTimetable.php', 900893, '2024-05-24 08:59:42'),
(202, 974, '/frontend/studentResult.php', 901030, '2024-05-24 11:53:33'),
(203, 974, '/frontend/invoice.php', 27663, '2024-05-24 13:00:56'),
(204, 974, '/frontend/studentAcademicCalander.php', 7084, '2024-05-24 13:01:05'),
(205, 974, '/frontend/viewTimetable.php', 6664, '2024-05-24 13:01:21'),
(206, 974, '/frontend/Student-chat-list.php', 7504, '2024-05-24 13:01:42'),
(207, 974, '/frontend/sectionChat.php', 10878, '2024-05-24 13:01:55'),
(208, 974, '/frontend/studentResult.php', 901332, '2024-05-24 13:22:08'),
(209, 972, '/frontend/invoice.php', 253478, '2024-05-25 08:28:21'),
(210, 972, '/frontend/studentTranscript.php', 37018, '2024-05-25 08:28:59'),
(211, 972, '/frontend/studentTranscript.php', 121053, '2024-05-25 08:31:01'),
(212, 972, '/frontend/invoice.php', 899, '2024-05-25 08:31:03'),
(213, 972, '/frontend/invoice.php', 1758, '2024-05-25 08:31:09'),
(214, 972, '/frontend/studentAcademicCalander.php', 2017, '2024-05-25 08:31:12'),
(215, 972, '/frontend/viewTimetable.php', 40356, '2024-05-25 08:31:53'),
(216, 972, '/frontend/viewTimetable.php', 49540, '2024-05-25 08:32:57'),
(217, 972, '/frontend/viewTimetable.php', 128372, '2024-05-25 08:35:10'),
(218, 972, '/frontend/viewTimetable.php', 5207, '2024-05-25 08:35:19'),
(219, 972, '/frontend/Student-result-card.php', 63686, '2024-05-25 08:36:25'),
(220, 972, '/frontend/Student-result-card.php', 9337, '2024-05-25 08:36:38'),
(221, 972, '/frontend/Student-result-card.php', 66385, '2024-05-25 08:37:46'),
(222, 972, '/frontend/Student-result-card.php', 9974, '2024-05-25 08:37:57'),
(223, 972, '/frontend/Student-result-card.php', 22051, '2024-05-25 08:38:23'),
(224, 972, '/frontend/studentTranscript.php', 137568, '2024-05-25 08:47:54'),
(225, 972, '/frontend/studentTranscript.php', 252961, '2024-05-25 09:04:54'),
(226, 972, '/frontend/studentTranscript.php', 93887, '2024-05-25 09:06:29'),
(227, 969, '/frontend/viewTimetable.php', 901163, '2024-05-25 09:26:06'),
(228, 969, '/frontend/View-academic.php', 8051, '2024-05-25 10:25:14'),
(229, 969, '/frontend/View-academic.php', 1015, '2024-05-25 10:25:17'),
(230, 969, '/frontend/View-academic.php', 2709, '2024-05-25 10:27:45'),
(231, 969, '/frontend/View-academic.php', 2608, '2024-05-25 10:27:59'),
(232, 969, '/frontend/View-academic.php', 2646, '2024-05-25 10:28:05'),
(233, 972, '/frontend/studentAcademicCalander.php', 72186, '2024-05-25 11:52:02'),
(234, 972, '/frontend/studentAcademicCalander.php', 25381, '2024-05-25 11:52:30'),
(235, 972, '/frontend/studentAcademicCalander.php', 6202, '2024-05-25 11:52:37'),
(236, 972, '/frontend/View-academic.php', 784, '2024-05-25 11:52:39'),
(237, 969, '/frontend/View-academic.php', 50263, '2024-05-27 14:19:19'),
(238, 1042, '/frontend/invoice.php', 486986, '2024-05-27 14:41:11'),
(239, 1042, '/frontend/invoice.php', 140, '2024-05-27 14:41:12'),
(240, 1042, '/frontend/StudentAssignment.php', 4233, '2024-05-27 14:41:29'),
(241, 1042, '/frontend/StudentAssignment.php', 1158, '2024-05-27 14:41:32'),
(242, 1042, '/frontend/viewmyquiz.php', 1244, '2024-05-27 14:41:36'),
(243, 1042, '/frontend/viewmyquiz.php', 30635, '2024-05-27 14:42:10'),
(244, 1042, '/frontend/viewmyquiz.php', 5773, '2024-05-27 14:42:42'),
(245, 1042, '/frontend/student-midterm.php', 87347, '2024-05-27 14:42:53'),
(246, 1042, '/frontend/viewmyquiz.php', 5120, '2024-05-27 14:43:00'),
(247, 1042, '/frontend/viewresult.php', 1354, '2024-05-27 14:43:03'),
(248, 1042, '/frontend/Student-project-presentation-marks.php', 100715, '2024-05-27 14:43:07'),
(249, 1042, '/frontend/Student-project-presentation-marks.php', 1663, '2024-05-27 14:43:10'),
(250, 1042, '/frontend/student-finalterm.php', 106303, '2024-05-27 14:43:13'),
(251, 1042, '/frontend/viewmyquiz.php', 17022, '2024-05-27 14:43:32'),
(252, 1042, '/frontend/viewresult.php', 1650, '2024-05-27 14:43:35'),
(253, 974, '/frontend/student_quiz_video.php', 3134, '2024-05-29 14:27:48'),
(254, 974, '/frontend/student_attempt_quiz_video.php', 15676, '2024-05-29 14:28:04'),
(255, 974, '/frontend/student_quiz_video.php', 2632, '2024-05-29 14:28:08'),
(256, 974, '/frontend/student_quiz_video.php', 2340, '2024-05-29 14:28:11'),
(257, 974, '/frontend/invoice.php', 2770, '2024-05-31 09:33:43'),
(258, 969, '/frontend/studentFeedbackList.php', 7257, '2024-05-31 10:56:35'),
(259, 969, '/frontend/viewcampus.php', 9057, '2024-05-31 12:08:32'),
(260, 972, '/frontend/invoice.php', 1940, '2024-06-03 08:55:48'),
(261, 972, '/frontend/invoice.php', 71177, '2024-06-03 08:58:30'),
(262, 972, '/frontend/invoice.php', 16999, '2024-06-03 08:58:51'),
(263, 972, '/frontend/invoice.php', 12908, '2024-06-03 08:59:08'),
(264, 972, '/frontend/invoice.php', 4895, '2024-06-03 08:59:17'),
(265, 972, '/frontend/studentRollNoSlip.php', 3244, '2024-06-03 09:49:58'),
(266, 972, '/frontend/StudentAssignment.php', 4128, '2024-06-03 09:50:03'),
(267, 972, '/frontend/invoice.php', 125498, '2024-06-03 09:52:10'),
(268, 972, '/frontend/invoice.php', 3825, '2024-06-03 09:52:19'),
(269, 974, '/frontend/invoice.php', 4073, '2024-06-04 13:21:28'),
(270, 974, '/frontend/invoice.php', 3079, '2024-06-04 13:36:37'),
(271, 969, '/frontend/viewcampus.php', 39920, '2024-06-07 12:53:41'),
(272, 969, '/frontend/viewcampus.php', 20272, '2024-06-07 12:54:03'),
(273, 969, '/frontend/View-academic.php', 3563, '2024-06-08 12:31:11'),
(274, 969, '/frontend/sectionChat.php', 13018, '2024-06-10 06:41:07'),
(275, 969, '/frontend/viewcampus.php', 16574, '2024-06-10 08:35:20'),
(276, 969, '/frontend/viewcampus.php', 28732, '2024-06-10 08:36:06'),
(277, 969, '/frontend/View-academic.php', 21644, '2024-06-12 11:16:04'),
(278, 969, '/frontend/View-academic.php', 10772, '2024-06-12 13:36:11'),
(279, 974, '/frontend/student-midterm.php', 2240, '2024-06-13 09:27:31'),
(280, 974, '/frontend/viewmyquiz.php', 8217, '2024-06-13 09:27:40'),
(281, 974, '/frontend/viewresult.php', 77959, '2024-06-13 09:29:00'),
(282, 974, '/frontend/viewresult.php', 1795, '2024-06-13 09:29:03'),
(283, 974, '/frontend/Student-project-presentation-marks.php', 9085, '2024-06-13 09:48:27'),
(284, 974, '/frontend/student-finalterm.php', 1851, '2024-06-13 11:18:14'),
(285, 974, '/frontend/viewmyquiz.php', 7163, '2024-06-13 11:18:23'),
(286, 974, '/frontend/student-finalterm.php', 2084, '2024-06-13 11:18:25'),
(287, 974, '/frontend/student-finalterm.php', 110097, '2024-06-13 11:20:17'),
(288, 974, '/frontend/viewmyquiz.php', 5492, '2024-06-13 11:20:24'),
(289, 969, '/frontend/studentFeedbackList.php', 43193, '2024-06-13 12:03:40'),
(290, 969, '/frontend/studentFeedbackList.php', 3402, '2024-06-13 12:03:45'),
(291, 969, '/frontend/submitStudentFeedback.php', 52751, '2024-06-13 12:04:39'),
(292, 969, '/frontend/submitStudentFeedback.php', 7699, '2024-06-13 12:04:48'),
(293, 969, '/frontend/studentFeedbackList.php', 57423, '2024-06-13 12:05:46'),
(294, 969, '/frontend/submitStudentFeedback.php', 46738, '2024-06-13 12:06:35'),
(295, 969, '/frontend/studentFeedbackList.php', 32505, '2024-06-13 12:07:08'),
(296, 974, '/frontend/invoice.php', 8990, '2024-06-14 07:07:37'),
(297, 974, '/frontend/invoice.php', 21419, '2024-06-14 07:20:15'),
(298, 974, '/frontend/invoice.php', 87277, '2024-06-14 07:22:17'),
(299, 1044, '/frontend/studentAcademicCalander.php', 41119, '2024-06-14 10:17:22'),
(300, 1044, '/frontend/View-academic.php', 16429, '2024-06-14 10:17:40'),
(301, 1044, '/frontend/viewTimetable.php', 51703, '2024-06-14 10:18:34'),
(302, 974, '/frontend/Student-chat-list.php', 16089, '2024-06-14 10:40:35'),
(303, 974, '/frontend/sectionChat.php', 4056, '2024-06-14 10:40:40'),
(304, 974, '/frontend/Student-chat-list.php', 96523, '2024-06-14 10:42:18'),
(305, 974, '/frontend/sectionChat.php', 28028, '2024-06-14 10:42:47'),
(306, 974, '/frontend/viewTimetable.php', 3998, '2024-06-14 10:45:24'),
(307, 974, '/frontend/mymaterials.php', 105764, '2024-06-14 10:51:16'),
(308, 974, '/frontend/studentRollNoSlip.php', 339400, '2024-06-14 11:06:55'),
(309, 974, '/frontend/StudentAssignment.php', 51721, '2024-06-14 11:07:48'),
(310, 974, '/frontend/viewresult.php', 16681, '2024-06-14 11:08:09'),
(311, 974, '/frontend/viewresult.php', 13301, '2024-06-14 11:08:28'),
(312, 974, '/frontend/student-midterm.php', 211194, '2024-06-14 11:28:56'),
(313, 974, '/frontend/Student-project-presentation-marks.php', 76747, '2024-06-14 11:30:14'),
(314, 974, '/frontend/student-finalterm.php', 284528, '2024-06-14 11:35:00'),
(315, 974, '/frontend/studentResult.php', 103157, '2024-06-14 11:36:45'),
(316, 974, '/frontend/studentResult.php', 64471, '2024-06-14 11:37:51'),
(317, 974, '/frontend/studentResult.php', 86811, '2024-06-14 11:39:19'),
(318, 974, '/frontend/Student-result-card.php', 34476, '2024-06-14 11:39:55'),
(319, 974, '/frontend/Student-result-card.php', 40772, '2024-06-14 11:40:39'),
(320, 974, '/frontend/studentFeedbackList.php', 180511, '2024-06-14 11:43:41'),
(321, 974, '/frontend/submitStudentFeedback.php', 36194, '2024-06-14 11:44:19'),
(322, 974, '/frontend/StudentTechRequest.php', 20401, '2024-06-14 11:44:41'),
(323, 974, '/frontend/StudentTechRequest.php', 81655, '2024-06-14 11:46:04'),
(324, 974, '/frontend/StudentComplain.php', 21117, '2024-06-14 11:46:27'),
(325, 969, '/frontend/View-academic.php', 3766, '2024-06-21 05:49:20'),
(326, 1053, '/frontend/viewmyquiz.php', 113906, '2024-06-28 11:57:53'),
(327, 1053, '/frontend/viewresult.php', 900984, '2024-06-28 12:12:56'),
(328, 1053, '/frontend/StudentAssignment.php', 4209, '2024-06-28 12:14:20'),
(329, 1053, '/frontend/viewresult.php', 6484, '2024-06-28 12:15:08'),
(330, 1053, '/frontend/viewmyquiz.php', 176817, '2024-06-28 12:21:19'),
(331, 1053, '/frontend/viewmyquiz.php', 55760, '2024-06-28 12:22:18'),
(332, 1053, '/frontend/viewresult.php', 28940, '2024-06-28 12:22:49'),
(333, 1053, '/frontend/viewmyquiz.php', 50518, '2024-06-28 12:27:09'),
(334, 1053, '/frontend/viewmyquiz.php', 1571, '2024-06-28 12:28:03'),
(335, 1053, '/frontend/viewmyquiz.php', 5858, '2024-06-28 12:28:23'),
(336, 1053, '/frontend/viewmyquiz.php', 73, '2024-06-28 12:36:29'),
(337, 1053, '/frontend/viewmyquiz.php', 70, '2024-06-28 12:37:43'),
(338, 1053, '/frontend/viewmyquiz.php', 15059, '2024-06-28 12:39:59'),
(339, 1053, '/frontend/viewmyquiz.php', 7398, '2024-06-28 12:40:12'),
(340, 1053, '/frontend/viewmyquiz.php', 66611, '2024-06-28 12:41:24'),
(341, 1053, '/frontend/viewmyquiz.php', 24992, '2024-06-28 12:41:52'),
(342, 1053, '/frontend/viewmyquiz.php', 22060, '2024-06-28 12:43:43'),
(343, 1053, '/frontend/viewresult.php', 900751, '2024-06-28 12:58:49'),
(344, 1051, '/frontend/Student-result-card.php', 15977, '2024-06-29 06:52:54'),
(345, 1053, '/frontend/invoice.php', 31941, '2024-06-29 06:55:48'),
(346, 1051, '/frontend/viewmyquiz.php', 39998, '2024-06-29 07:02:26'),
(347, 1051, '/frontend/viewresult.php', 14512, '2024-06-29 07:02:42'),
(348, 1051, '/frontend/Student-result-card.php', 48582, '2024-06-29 07:06:18'),
(349, 1051, '/frontend/viewmyquiz.php', 16366, '2024-06-29 07:07:24'),
(350, 1051, '/frontend/viewresult.php', 19197, '2024-06-29 07:07:44'),
(351, 974, '/frontend/studentFeedbackList.php', 3840, '2024-06-29 08:51:53'),
(352, 974, '/frontend/studentFeedbackList.php', 2126, '2024-06-29 08:54:52'),
(353, 974, '/frontend/studentFeedbackList.php', 2181, '2024-06-29 08:54:56'),
(354, 974, '/frontend/submitStudentFeedback.php', 902311, '2024-06-29 09:10:00'),
(355, 974, '/frontend/viewsgTimetable.php', 8724, '2024-07-01 13:14:01'),
(356, 974, '/frontend/invoice.php', 10011, '2024-07-04 11:06:13'),
(357, 972, '/frontend/invoice.php', 901651, '2024-07-04 11:38:34'),
(358, 969, '/frontend/View-academic.php', 2745, '2024-07-06 12:22:33'),
(359, 969, '/frontend/View-academic.php', 1408, '2024-07-06 12:22:38'),
(360, 1042, '/frontend/invoice.php', 8648, '2024-07-06 13:28:26'),
(361, 1042, '/frontend/studentAcademicCalander.php', 5512, '2024-07-06 13:28:33'),
(362, 1042, '/frontend/viewTimetable.php', 9263, '2024-07-06 13:28:44'),
(363, 1042, '/frontend/viewsgTimetable.php', 2677, '2024-07-06 13:28:48'),
(364, 1042, '/frontend/myliveclass.php', 11647, '2024-07-06 13:29:10'),
(365, 1042, '/frontend/mymaterials.php', 32253, '2024-07-06 13:29:44'),
(366, 1042, '/frontend/StudentAssignment.php', 4992, '2024-07-06 13:29:54'),
(367, 1042, '/frontend/StudentAssignment.php', 900785, '2024-07-06 13:45:18'),
(368, 969, '/frontend/View-academic.php', 2616, '2024-07-08 15:03:52'),
(369, 969, '/frontend/View-academic.php', 1374, '2024-07-08 15:04:02'),
(370, 969, '/frontend/sectionChat.php', 30851, '2024-07-08 15:05:58'),
(371, 984, '/frontend/invoice.php', 32503, '2024-07-08 15:20:04'),
(372, 984, '/frontend/viewTimetable.php', 12025, '2024-07-08 15:20:20'),
(373, 984, '/frontend/myliveclass.php', 7346, '2024-07-08 15:21:20'),
(374, 984, '/frontend/Student-chat-list.php', 5493, '2024-07-08 15:21:28'),
(375, 969, '/frontend/sectionChat.php', 9488, '2024-08-02 05:48:30'),
(376, 972, '/frontend/mymaterials.php', 2588, '2024-08-02 05:50:52'),
(377, 972, '/frontend/StudentAssignment.php', 6730, '2024-08-02 05:51:24'),
(378, 984, '/frontend/student-midterm.php', 6734, '2024-08-02 05:54:21'),
(379, 984, '/frontend/invoice.php', 5592, '2024-08-02 05:54:29'),
(380, 984, '/frontend/viewresult.php', 17648, '2024-08-03 13:44:40'),
(381, 984, '/frontend/invoice.php', 19019, '2024-08-03 13:45:24'),
(382, 984, '/frontend/viewTimetable.php', 5791, '2024-08-03 13:45:32'),
(383, 984, '/frontend/myliveclass.php', 5280, '2024-08-03 13:45:55'),
(384, 984, '/frontend/Student-chat-list.php', 14491, '2024-08-03 13:46:11'),
(385, 984, '/frontend/sectionChat.php', 44938, '2024-08-03 13:46:58'),
(386, 984, '/frontend/mymaterials.php', 3749, '2024-08-03 13:47:03'),
(387, 984, '/frontend/mymaterials.php', 1594, '2024-08-03 13:47:22'),
(388, 984, '/frontend/mymaterials.php', 12292, '2024-08-03 13:47:39'),
(389, 984, '/frontend/mymaterials.php', 1818, '2024-08-06 06:44:38'),
(390, 984, '/frontend/mymaterials.php', 1540, '2024-08-06 06:44:42'),
(391, 984, '/frontend/mymaterials.php', 1744, '2024-08-06 06:44:50'),
(392, 984, '/frontend/mymaterials.php', 1570, '2024-08-06 06:44:55'),
(393, 984, '/frontend/mymaterials.php', 7699, '2024-08-06 06:45:06'),
(394, 984, '/frontend/invoice.php', 12782, '2024-08-06 06:45:37'),
(395, 984, '/frontend/viewTimetable.php', 7193, '2024-08-06 06:46:49'),
(396, 984, '/frontend/viewresult.php', 8007, '2024-08-06 14:02:24'),
(397, 984, '/frontend/mymaterials.php', 1872, '2024-08-06 14:02:27'),
(398, 984, '/frontend/invoice.php', 3498, '2024-08-06 14:07:46'),
(399, 984, '/frontend/studentAcademicCalander.php', 941, '2024-08-06 14:07:48'),
(400, 984, '/frontend/studentAcademicCalander.php', 38, '2024-08-06 14:07:48'),
(401, 984, '/frontend/viewTimetable.php', 1628, '2024-08-06 14:07:51'),
(402, 984, '/frontend/viewsgTimetable.php', 7381, '2024-08-06 14:08:00'),
(403, 984, '/frontend/Student-chat-list.php', 3508, '2024-08-06 14:08:08'),
(404, 984, '/frontend/mymaterials.php', 25253, '2024-08-06 14:08:34'),
(405, 984, '/frontend/StudentAssignment.php', 3862, '2024-08-06 14:08:45'),
(406, 984, '/frontend/Student-result-card.php', 6596, '2024-08-06 14:09:06'),
(407, 984, '/frontend/studentFeedbackList.php', 2071, '2024-08-06 14:09:09'),
(408, 984, '/frontend/StudentTechRequest.php', 2135, '2024-08-06 14:09:13'),
(409, 1043, '/frontend/invoice.php', 4834, '2024-08-07 08:25:33'),
(410, 1043, '/frontend/studentAcademicCalander.php', 585, '2024-08-07 08:36:14'),
(411, 1043, '/frontend/invoice.php', 283579, '2024-08-07 08:36:15'),
(412, 1043, '/frontend/studentAcademicCalander.php', 83551, '2024-08-07 08:37:40'),
(413, 1043, '/frontend/View-academic.php', 4385, '2024-08-07 08:37:46'),
(414, 1043, '/frontend/studentAcademicCalander.php', 59860, '2024-08-07 08:37:59'),
(415, 1043, '/frontend/View-academic.php', 2457, '2024-08-07 08:38:02'),
(416, 969, '/frontend/View-academic.php', 1803, '2024-08-07 08:38:20'),
(417, 969, '/frontend/View-academic.php', 184021, '2024-08-07 08:41:46'),
(418, 1043, '/frontend/View-academic.php', 7456, '2024-08-07 08:45:31'),
(419, 1043, '/frontend/studentAcademicCalander.php', 2556, '2024-08-07 08:45:36'),
(420, 1043, '/frontend/View-academic.php', 9388, '2024-08-07 08:45:47'),
(421, 1043, '/frontend/View-academic.php', 195795, '2024-08-07 08:49:50'),
(422, 1043, '/frontend/View-academic.php', 31468, '2024-08-07 08:50:08'),
(423, 969, '/frontend/View-academic.php', 57719, '2024-08-07 08:50:26'),
(424, 1043, '/frontend/viewTimetable.php', 420994, '2024-08-07 08:56:52'),
(425, 1043, '/frontend/viewTimetable.php', 421324, '2024-08-07 08:57:10'),
(426, 1043, '/frontend/viewsgTimetable.php', 184067, '2024-08-07 08:59:58'),
(427, 1043, '/frontend/viewsgTimetable.php', 210626, '2024-08-07 09:00:38'),
(428, 1043, '/frontend/studentAcademicCalander.php', 3149, '2024-08-07 09:07:33'),
(429, 1043, '/frontend/View-academic.php', 776, '2024-08-07 09:07:35'),
(430, 1043, '/frontend/View-academic.php', 91892, '2024-08-07 09:09:22'),
(431, 1043, '/frontend/myliveclass.php', 89966, '2024-08-07 09:26:43'),
(432, 1043, '/frontend/myliveclass.php', 4763, '2024-08-07 09:26:50'),
(433, 1043, '/frontend/myliveclass.php', 496193, '2024-08-07 09:27:24'),
(434, 1043, '/frontend/myliveclass.php', 4870, '2024-08-07 09:27:32'),
(435, 1043, '/frontend/myliveclass.php', 21862, '2024-08-07 09:28:29'),
(436, 1043, '/frontend/Student-chat-list.php', 3411, '2024-08-07 09:28:34'),
(437, 1043, '/frontend/sectionChat.php', 15765, '2024-08-07 09:28:51'),
(438, 1043, '/frontend/myliveclass.php', 40631, '2024-08-07 09:28:59'),
(439, 1043, '/frontend/Student-chat-list.php', 2529, '2024-08-07 09:29:03'),
(440, 1043, '/frontend/sectionChat.php', 135013, '2024-08-07 09:31:10'),
(441, 1043, '/frontend/sectionChat.php', 135697, '2024-08-07 09:31:20'),
(442, 1043, '/frontend/mymaterials.php', 3037, '2024-08-07 10:31:12'),
(443, 1043, '/frontend/mymaterials.php', 3681, '2024-08-07 10:31:31'),
(444, 1043, '/frontend/mymaterials.php', 364715, '2024-08-07 10:37:57'),
(445, 1043, '/frontend/mymaterials.php', 5425, '2024-08-07 10:38:07'),
(446, 1043, '/frontend/mymaterials.php', 422457, '2024-08-07 10:38:25'),
(447, 1043, '/frontend/mymaterials.php', 5837, '2024-08-07 10:38:26'),
(448, 1043, '/frontend/mymaterials.php', 51, '2024-08-07 10:38:27'),
(449, 1043, '/frontend/mymaterials.php', 985, '2024-08-07 10:38:28'),
(450, 1043, '/frontend/Student-chat-list.php', 17519, '2024-08-07 10:39:01'),
(451, 1043, '/frontend/mymaterials.php', 238623, '2024-08-07 10:42:11'),
(452, 1043, '/frontend/mymaterials.php', 168119, '2024-08-07 10:42:23'),
(453, 1043, '/frontend/mymaterials.php', 47852, '2024-08-07 10:43:02'),
(454, 1043, '/frontend/studentRollNoSlip.php', 122968, '2024-08-07 10:58:18'),
(455, 1043, '/frontend/studentRollNoSlip.php', 1382, '2024-08-07 10:58:21'),
(456, 1043, '/frontend/studentRollNoSlip.php', 1328, '2024-08-07 10:58:32'),
(457, 1043, '/frontend/studentRollNoSlip.php', 26350, '2024-08-07 11:00:04'),
(458, 1043, '/frontend/StudentAssignment.php', 3882, '2024-08-07 11:00:09'),
(459, 1043, '/frontend/StudentAssignment.php', 1180, '2024-08-07 11:00:14'),
(460, 1043, '/frontend/StudentAssignment.php', 21839, '2024-08-07 11:00:40'),
(461, 1043, '/frontend/viewresult.php', 9977, '2024-08-07 11:02:05'),
(462, 1043, '/frontend/student-midterm.php', 6424, '2024-08-07 11:02:13'),
(463, 1043, '/frontend/Student-project-presentation-marks.php', 6394, '2024-08-07 11:02:21'),
(464, 1043, '/frontend/Student-project-presentation-marks.php', 50550, '2024-08-07 11:03:24'),
(465, 1043, '/frontend/student-midterm.php', 16156, '2024-08-07 11:03:41'),
(466, 1043, '/frontend/student-midterm.php', 3161, '2024-08-07 12:19:06'),
(467, 1043, '/frontend/student-midterm.php', 91422, '2024-08-07 12:20:46'),
(468, 1043, '/frontend/Student-project-presentation-marks.php', 58647, '2024-08-07 12:21:47'),
(469, 1043, '/frontend/Student-project-presentation-marks.php', 4296, '2024-08-07 12:21:55'),
(470, 1043, '/frontend/student-finalterm.php', 15448, '2024-08-07 12:22:12'),
(471, 1043, '/frontend/Student-result-card.php', 170922, '2024-08-07 12:25:04'),
(472, 1043, '/frontend/Student-result-card.php', 2116, '2024-08-07 12:25:08'),
(473, 1043, '/frontend/Student-result-card.php', 3979, '2024-08-07 12:25:22'),
(474, 1043, '/frontend/studentFeedbackList.php', 4313, '2024-08-07 12:25:27'),
(475, 1043, '/frontend/submitStudentFeedback.php', 6084, '2024-08-07 12:25:35'),
(476, 1043, '/frontend/submitStudentFeedback.php', 5193, '2024-08-07 12:25:42'),
(477, 1043, '/frontend/StudentTechRequest.php', 10057, '2024-08-07 12:25:53'),
(478, 1043, '/frontend/studentFeedbackList.php', 2198, '2024-08-07 12:25:56'),
(479, 1043, '/frontend/submitStudentFeedback.php', 11319, '2024-08-07 12:26:09'),
(480, 1043, '/frontend/mymaterials.php', 3281, '2024-08-07 12:26:14'),
(481, 1043, '/frontend/mymaterials.php', 92450, '2024-08-07 12:27:52'),
(482, 1043, '/frontend/mymaterials.php', 16417, '2024-08-07 12:28:12'),
(483, 1043, '/frontend/mymaterials.php', 202008, '2024-08-07 12:31:39'),
(484, 1043, '/frontend/mymaterials.php', 4323, '2024-08-07 12:31:46'),
(485, 1043, '/frontend/mymaterials.php', 3324, '2024-08-07 12:31:57'),
(486, 1043, '/frontend/mymaterials.php', 5976, '2024-08-07 12:32:19'),
(487, 1043, '/frontend/mymaterials.php', 9567, '2024-08-07 12:32:51'),
(488, 1043, '/frontend/mymaterials.php', 4653, '2024-08-07 12:33:51'),
(489, 1043, '/frontend/mymaterials.php', 5773, '2024-08-07 13:03:21'),
(490, 972, '/frontend/invoice.php', 20433, '2024-08-07 13:26:25'),
(491, 972, '/frontend/studentAcademicCalander.php', 2435, '2024-08-07 13:26:28'),
(492, 972, '/frontend/viewTimetable.php', 4402, '2024-08-07 13:26:34'),
(493, 972, '/frontend/viewsgTimetable.php', 1709, '2024-08-07 13:26:37'),
(494, 972, '/frontend/myliveclass.php', 2365, '2024-08-07 13:26:45'),
(495, 972, '/frontend/Student-chat-list.php', 2183, '2024-08-07 13:26:48'),
(496, 972, '/frontend/mymaterials.php', 4181, '2024-08-07 13:26:53'),
(497, 972, '/frontend/studentRollNoSlip.php', 1503, '2024-08-07 13:27:04'),
(498, 972, '/frontend/Student-result-card.php', 2938, '2024-08-07 13:27:08'),
(499, 972, '/frontend/student-finalterm.php', 4466, '2024-08-07 13:27:13'),
(500, 972, '/frontend/StudentAssignment.php', 14142, '2024-08-07 13:27:29'),
(501, 972, '/frontend/viewTimetable.php', 3011, '2024-08-07 13:27:33'),
(502, 972, '/frontend/viewsgTimetable.php', 1642, '2024-08-07 13:27:35'),
(503, 972, '/frontend/myliveclass.php', 418, '2024-08-07 13:27:37'),
(504, 972, '/frontend/Student-chat-list.php', 900466, '2024-08-07 13:42:38'),
(505, 969, '/frontend/View-academic.php', 1942, '2024-08-07 13:45:06'),
(506, 969, '/frontend/View-academic.php', 4863, '2024-08-07 13:45:22'),
(507, 1043, '/frontend/mymaterials.php', 21769, '2024-08-07 14:20:31'),
(508, 1043, '/frontend/mymaterials.php', 2195, '2024-08-07 14:30:51'),
(509, 1043, '/frontend/mymaterials.php', 3505, '2024-08-07 14:31:08'),
(510, 1043, '/frontend/mymaterials.php', 107819, '2024-08-07 14:39:33'),
(511, 1043, '/frontend/student-midterm.php', 100674, '2024-08-07 14:52:33'),
(512, 1043, '/frontend/student-midterm.php', 32946, '2024-08-07 14:53:07'),
(513, 984, '/frontend/mymaterials.php', 124707, '2024-08-07 14:53:36'),
(514, 1043, '/frontend/Student-project-presentation-marks.php', 25133, '2024-08-07 14:54:20'),
(515, 1043, '/frontend/Student-project-presentation-marks.php', 12062, '2024-08-07 14:54:33'),
(516, 1043, '/frontend/student-midterm.php', 86051, '2024-08-07 14:54:34'),
(517, 1043, '/frontend/Student-project-presentation-marks.php', 36705, '2024-08-07 14:55:12'),
(518, 1043, '/frontend/Student-project-presentation-marks.php', 514644, '2024-08-07 14:56:42'),
(519, 984, '/frontend/mymaterials.php', 184825, '2024-08-07 14:56:43'),
(520, 984, '/frontend/mymaterials.php', 450836, '2024-08-07 15:04:15'),
(521, 984, '/frontend/mymaterials.php', 34140, '2024-08-07 15:05:22'),
(522, 984, '/frontend/mymaterials.php', 34234, '2024-08-07 15:05:58'),
(523, 984, '/frontend/mymaterials.php', 109769, '2024-08-07 15:07:49'),
(524, 984, '/frontend/mymaterials.php', 76882, '2024-08-07 15:12:33'),
(525, 984, '/frontend/mymaterials.php', 14084, '2024-08-07 15:12:49'),
(526, 984, '/frontend/mymaterials.php', 90875, '2024-08-07 15:14:21'),
(527, 984, '/frontend/mymaterials.php', 41154, '2024-08-07 15:15:04'),
(528, 1043, '/frontend/mymaterials.php', 68083, '2024-08-08 07:01:52'),
(529, 1043, '/frontend/mymaterials.php', 10708, '2024-08-08 07:04:37'),
(530, 1043, '/frontend/mymaterials.php', 900285, '2024-08-08 07:20:19'),
(531, 984, '/frontend/mymaterials.php', 901291, '2024-08-08 08:44:19'),
(532, 984, '/frontend/mymaterials.php', 44956, '2024-08-08 08:48:45'),
(533, 984, '/frontend/mymaterials.php', 12537, '2024-08-08 08:48:59'),
(534, 984, '/frontend/mymaterials.php', 30657, '2024-08-08 08:49:31'),
(535, 984, '/frontend/mymaterials.php', 17010, '2024-08-08 08:49:49'),
(536, 984, '/frontend/mymaterials.php', 282612, '2024-08-08 08:54:33'),
(537, 984, '/frontend/mymaterials.php', 138025, '2024-08-08 08:56:53'),
(538, 984, '/frontend/mymaterials.php', 28025, '2024-08-08 08:57:22'),
(539, 984, '/frontend/mymaterials.php', 55056, '2024-08-08 08:58:19'),
(540, 984, '/frontend/mymaterials.php', 81626, '2024-08-08 08:59:42'),
(541, 984, '/frontend/mymaterials.php', 47367, '2024-08-08 09:00:31'),
(542, 984, '/frontend/mymaterials.php', 2153, '2024-08-08 09:00:34'),
(543, 984, '/frontend/mymaterials.php', 73976, '2024-08-08 09:01:51'),
(544, 984, '/frontend/mymaterials.php', 92829, '2024-08-08 09:03:25'),
(545, 984, '/frontend/mymaterials.php', 264979, '2024-08-08 09:07:52'),
(546, 984, '/frontend/mymaterials.php', 97708, '2024-08-08 09:09:31'),
(547, 984, '/frontend/Student-project-presentation-marks.php', 901288, '2024-08-08 09:24:34'),
(548, 984, '/frontend/mymaterials.php', 3504, '2024-08-08 09:57:57'),
(549, 984, '/frontend/mymaterials.php', 1731, '2024-08-08 09:58:20'),
(550, 1043, '/frontend/mymaterials.php', 2722, '2024-08-08 12:14:34'),
(551, 1043, '/frontend/mymaterials.php', 2385, '2024-08-08 12:19:37'),
(552, 1043, '/frontend/mymaterials.php', 8463, '2024-08-08 12:20:06'),
(553, 1055, '/frontend/invoice.php', 6162, '2024-08-08 13:22:57'),
(554, 1055, '/frontend/invoice.php', 77558, '2024-08-08 13:24:58'),
(555, 1055, '/frontend/invoice.php', 29343, '2024-08-08 13:25:28'),
(556, 1055, '/frontend/invoice.php', 6128, '2024-08-08 13:25:36'),
(557, 1055, '/frontend/studentAcademicCalander.php', 3665, '2024-08-08 13:25:41'),
(558, 1055, '/frontend/View-academic.php', 1382, '2024-08-08 13:25:43'),
(559, 1055, '/frontend/View-academic.php', 70818, '2024-08-08 13:26:57'),
(560, 1055, '/frontend/studentAcademicCalander.php', 3615, '2024-08-08 13:27:02'),
(561, 1055, '/frontend/View-academic.php', 2745, '2024-08-08 13:27:05'),
(562, 1055, '/frontend/View-academic.php', 2540, '2024-08-08 13:27:16'),
(563, 1055, '/frontend/studentAcademicCalander.php', 2131, '2024-08-08 13:27:19'),
(564, 1055, '/frontend/View-academic.php', 2525, '2024-08-08 13:27:22'),
(565, 1055, '/frontend/View-academic.php', 6575, '2024-08-08 13:27:36'),
(566, 1055, '/frontend/viewTimetable.php', 158762, '2024-08-08 13:30:17'),
(567, 1055, '/frontend/viewTimetable.php', 1834, '2024-08-08 13:30:28'),
(568, 1055, '/frontend/studentAcademicCalander.php', 39558, '2024-08-08 13:31:09'),
(569, 1055, '/frontend/invoice.php', 148, '2024-08-08 13:31:10'),
(570, 1055, '/frontend/invoice.php', 2065, '2024-08-08 13:31:13'),
(571, 1055, '/frontend/myliveclass.php', 3767, '2024-08-08 13:35:05'),
(572, 1055, '/frontend/myliveclass.php', 1633, '2024-08-08 13:35:38'),
(573, 1055, '/frontend/myliveclass.php', 1468, '2024-08-08 13:35:50'),
(574, 1055, '/frontend/myliveclass.php', 5337, '2024-08-08 13:36:02'),
(575, 1055, '/frontend/Student-chat-list.php', 2682, '2024-08-08 13:36:06'),
(576, 1055, '/frontend/sectionChat.php', 6554, '2024-08-08 13:36:14'),
(577, 1055, '/frontend/sectionChat.php', 2911, '2024-08-08 13:36:18'),
(578, 1055, '/frontend/sectionChat.php', 1627, '2024-08-08 13:36:20'),
(579, 1055, '/frontend/Student-chat-list.php', 2330, '2024-08-08 13:36:23'),
(580, 1055, '/frontend/sectionChat.php', 7122, '2024-08-08 13:36:32'),
(581, 969, '/frontend/sectionChat.php', 11851, '2024-08-08 13:37:05'),
(582, 969, '/frontend/sectionChat.php', 21729, '2024-08-08 13:37:16'),
(583, 1055, '/frontend/sectionChat.php', 50264, '2024-08-08 13:37:23'),
(584, 1055, '/frontend/sectionChat.php', 5468, '2024-08-08 13:37:30'),
(585, 1055, '/frontend/Student-chat-list.php', 7033, '2024-08-08 13:37:38'),
(586, 1055, '/frontend/sectionChat.php', 5967, '2024-08-08 13:37:45'),
(587, 1055, '/frontend/mymaterials.php', 3237, '2024-08-08 13:37:49'),
(588, 1055, '/frontend/mymaterials.php', 888, '2024-08-08 13:37:53'),
(589, 1055, '/frontend/mymaterials.php', 4304, '2024-08-08 13:38:01'),
(590, 1055, '/frontend/mymaterials.php', 5101, '2024-08-08 13:38:38'),
(591, 1055, '/frontend/mymaterials.php', 1709, '2024-08-08 13:39:07'),
(592, 1055, '/frontend/mymaterials.php', 1215, '2024-08-08 13:39:21'),
(593, 1055, '/frontend/mymaterials.php', 1664, '2024-08-08 13:40:27'),
(594, 1055, '/frontend/mymaterials.php', 4297, '2024-08-08 13:42:21'),
(595, 1055, '/frontend/mymaterials.php', 1548, '2024-08-08 13:42:26'),
(596, 1055, '/frontend/mymaterials.php', 1283, '2024-08-08 13:42:31'),
(597, 1055, '/frontend/mymaterials.php', 894, '2024-08-08 13:42:35'),
(598, 1055, '/frontend/mymaterials.php', 1809, '2024-08-08 13:42:40'),
(599, 1055, '/frontend/mymaterials.php', 897, '2024-08-08 13:42:44'),
(600, 969, '/frontend/sectionChat.php', 378756, '2024-08-08 13:43:36'),
(601, 1055, '/frontend/studentRollNoSlip.php', 337578, '2024-08-08 13:49:09'),
(602, 1055, '/frontend/studentRollNoSlip.php', 2057, '2024-08-08 13:49:12'),
(603, 1055, '/frontend/studentRollNoSlip.php', 24938, '2024-08-08 13:49:41'),
(604, 1055, '/frontend/studentRollNoSlip.php', 4851, '2024-08-08 13:49:50'),
(605, 1055, '/frontend/StudentAssignment.php', 56542, '2024-08-08 13:50:48'),
(606, 1055, '/frontend/StudentAssignment.php', 2999, '2024-08-08 13:50:54'),
(607, 1055, '/frontend/StudentAssignment.php', 93279, '2024-08-08 13:52:45'),
(608, 1055, '/frontend/StudentAssignment.php', 9343, '2024-08-08 13:52:58'),
(609, 1055, '/frontend/StudentAssignment.php', 6223, '2024-08-08 13:53:06'),
(610, 1055, '/frontend/StudentAssignment.php', 148925, '2024-08-08 13:55:39'),
(611, 1055, '/frontend/StudentAssignment.php', 4238, '2024-08-08 13:55:45'),
(612, 1055, '/frontend/StudentAssignment.php', 16520, '2024-08-08 13:56:05'),
(613, 1055, '/frontend/StudentAssignment.php', 17341, '2024-08-08 13:56:24'),
(614, 1055, '/frontend/Student-result-card.php', 5964, '2024-08-08 13:56:31'),
(615, 1055, '/frontend/Student-result-card.php', 8999, '2024-08-08 13:56:42'),
(616, 1055, '/frontend/StudentAssignment.php', 38153, '2024-08-08 13:57:21'),
(617, 1055, '/frontend/StudentAssignment.php', 2141, '2024-08-08 13:57:25'),
(618, 1055, '/frontend/StudentAssignment.php', 23891, '2024-08-08 13:57:57'),
(619, 1055, '/frontend/viewmyquiz.php', 66820, '2024-08-08 13:59:14'),
(620, 1055, '/frontend/viewmyquiz.php', 67026, '2024-08-08 14:00:35'),
(621, 1055, '/frontend/viewresult.php', 10578, '2024-08-08 14:00:47'),
(622, 1043, '/frontend/mymaterials.php', 3601, '2024-08-08 14:00:47'),
(623, 1055, '/frontend/viewmyquiz.php', 64843, '2024-08-08 14:01:58'),
(624, 1055, '/frontend/viewresult.php', 14139, '2024-08-08 14:02:14'),
(625, 1055, '/frontend/student-midterm.php', 4398, '2024-08-08 14:02:19'),
(626, 1055, '/frontend/viewmyquiz.php', 60660, '2024-08-08 14:03:21'),
(627, 1055, '/frontend/viewresult.php', 5982, '2024-08-08 14:03:29'),
(628, 1055, '/frontend/student-midterm.php', 3519, '2024-08-08 14:03:34'),
(629, 1055, '/frontend/viewmyquiz.php', 9282, '2024-08-08 14:03:44'),
(630, 1055, '/frontend/student-midterm.php', 3654, '2024-08-08 14:03:49'),
(631, 1055, '/frontend/viewmyquiz.php', 31471, '2024-08-08 14:04:22'),
(632, 1055, '/frontend/viewresult.php', 9531, '2024-08-08 14:04:33'),
(633, 1055, '/frontend/Student-project-presentation-marks.php', 37012, '2024-08-08 14:05:11'),
(634, 1055, '/frontend/Student-project-presentation-marks.php', 13562, '2024-08-08 14:05:27'),
(635, 1055, '/frontend/Student-project-presentation-marks.php', 137637, '2024-08-08 14:07:47'),
(636, 1055, '/frontend/Student-project-presentation-marks.php', 2850, '2024-08-08 14:07:51'),
(637, 1055, '/frontend/Student-project-presentation-marks.php', 22108, '2024-08-08 14:08:18'),
(638, 1055, '/frontend/Student-project-presentation-marks.php', 1948, '2024-08-08 14:08:27'),
(639, 1055, '/frontend/Student-project-presentation-marks.php', 12899, '2024-08-08 14:08:44'),
(640, 1055, '/frontend/Student-project-presentation-marks.php', 8885, '2024-08-08 14:08:56'),
(641, 1055, '/frontend/student-finalterm.php', 2841, '2024-08-08 14:09:00'),
(642, 1055, '/frontend/viewmyquiz.php', 83687, '2024-08-08 14:10:25'),
(643, 1055, '/frontend/viewresult.php', 33666, '2024-08-08 14:11:00'),
(644, 1055, '/frontend/viewmyquiz.php', 25945, '2024-08-08 14:11:27'),
(645, 1055, '/frontend/student-finalterm.php', 14070, '2024-08-08 14:11:43'),
(646, 1055, '/frontend/viewmyquiz.php', 88460, '2024-08-08 14:13:13'),
(647, 1055, '/frontend/viewresult.php', 12354, '2024-08-08 14:13:26'),
(648, 1055, '/frontend/Student-project-presentation-marks.php', 7294, '2024-08-08 14:13:35'),
(649, 1055, '/frontend/student-midterm.php', 1989, '2024-08-08 14:13:38'),
(650, 1055, '/frontend/viewmyquiz.php', 45299, '2024-08-08 14:14:25'),
(651, 1055, '/frontend/student-midterm.php', 3525, '2024-08-08 14:14:29'),
(652, 1055, '/frontend/viewmyquiz.php', 50301, '2024-08-08 14:15:21'),
(653, 1055, '/frontend/viewmyquiz.php', 900491, '2024-08-08 14:30:27'),
(654, 1043, '/frontend/mymaterials.php', 5285, '2024-08-08 14:37:33'),
(655, 1043, '/frontend/mymaterials.php', 1360, '2024-08-08 14:37:41'),
(656, 1043, '/frontend/mymaterials.php', 2533, '2024-08-08 14:37:52'),
(657, 1055, '/frontend/mymaterials.php', 3477, '2024-08-09 06:53:59'),
(658, 1055, '/frontend/mymaterials.php', 1814, '2024-08-09 06:54:05'),
(659, 1055, '/frontend/mymaterials.php', 3190, '2024-08-09 06:54:14'),
(660, 1055, '/frontend/mymaterials.php', 3401, '2024-08-09 06:54:53'),
(661, 1043, '/frontend/mymaterials.php', 4414, '2024-08-09 09:04:51'),
(662, 1043, '/frontend/mymaterials.php', 54187, '2024-08-09 09:05:54'),
(663, 1043, '/frontend/mymaterials.php', 4609, '2024-08-09 09:08:43'),
(664, 1043, '/frontend/mymaterials.php', 3000, '2024-08-09 09:29:19'),
(665, 1043, '/frontend/mymaterials.php', 4082, '2024-08-09 09:36:37'),
(666, 1043, '/frontend/mymaterials.php', 520291, '2024-08-09 09:45:48'),
(667, 1043, '/frontend/mymaterials.php', 112794, '2024-08-09 09:48:05'),
(668, 1043, '/frontend/mymaterials.php', 900927, '2024-08-09 09:48:08'),
(669, 1043, '/frontend/mymaterials.php', 30829, '2024-08-09 09:48:59'),
(670, 1043, '/frontend/mymaterials.php', 41738, '2024-08-09 09:50:48'),
(671, 1043, '/frontend/mymaterials.php', 5721, '2024-08-09 09:56:40'),
(672, 1043, '/frontend/mymaterials.php', 120302, '2024-08-09 10:02:16'),
(673, 1043, '/frontend/mymaterials.php', 1765, '2024-08-09 10:02:20'),
(674, 1043, '/frontend/mymaterials.php', 126269, '2024-08-09 10:05:17'),
(675, 1043, '/frontend/mymaterials.php', 3093, '2024-08-09 10:05:21'),
(676, 1043, '/frontend/mymaterials.php', 14867, '2024-08-09 10:06:17'),
(677, 1043, '/frontend/mymaterials.php', 4820, '2024-08-09 10:06:34'),
(678, 1043, '/frontend/mymaterials.php', 61391, '2024-08-09 10:06:39'),
(679, 1043, '/frontend/mymaterials.php', 2006, '2024-08-09 10:07:22'),
(680, 1043, '/frontend/mymaterials.php', 77490, '2024-08-09 10:07:28'),
(681, 1043, '/frontend/mymaterials.php', 23160, '2024-08-09 10:16:40'),
(682, 1043, '/frontend/mymaterials.php', 59528, '2024-08-09 10:17:25'),
(683, 1043, '/frontend/mymaterials.php', 836547, '2024-08-09 10:20:19'),
(684, 1043, '/frontend/mymaterials.php', 898206, '2024-08-09 10:21:58'),
(685, 1043, '/frontend/mymaterials.php', 49756, '2024-08-09 10:28:13'),
(686, 1043, '/frontend/mymaterials.php', 903956, '2024-08-09 10:34:17'),
(687, 1055, '/frontend/mymaterials.php', 6469, '2024-08-09 10:41:32'),
(688, 1055, '/frontend/mymaterials.php', 3515, '2024-08-09 10:44:34'),
(689, 1055, '/frontend/mymaterials.php', 16237, '2024-08-09 10:44:54'),
(690, 1055, '/frontend/mymaterials.php', 319255, '2024-08-09 10:50:17'),
(691, 1055, '/frontend/mymaterials.php', 3415, '2024-08-09 10:50:22'),
(692, 1055, '/frontend/mymaterials.php', 3660, '2024-08-09 10:50:33'),
(693, 969, '/frontend/viewcampus.php', 2622, '2024-08-09 10:50:40'),
(694, 1055, '/frontend/mymaterials.php', 2818, '2024-08-09 10:51:06'),
(695, 1043, '/frontend/mymaterials.php', 37360, '2024-08-09 10:52:31'),
(696, 1043, '/frontend/mymaterials.php', 5798, '2024-08-09 10:52:50'),
(697, 1055, '/frontend/mymaterials.php', 24474, '2024-08-09 10:53:37');
INSERT INTO `page_visits` (`id`, `user_id`, `page`, `duration`, `visit_time`) VALUES
(698, 1055, '/frontend/mymaterials.php', 2981, '2024-08-09 10:57:28'),
(699, 1055, '/frontend/mymaterials.php', 888, '2024-08-09 10:57:33'),
(700, 1055, '/frontend/mymaterials.php', 4457, '2024-08-09 10:57:46'),
(701, 1055, '/frontend/mymaterials.php', 9707, '2024-08-09 10:59:07'),
(702, 1055, '/frontend/mymaterials.php', 49041, '2024-08-09 10:59:24'),
(703, 1055, '/frontend/mymaterials.php', 13165, '2024-08-09 11:00:51'),
(704, 1055, '/frontend/mymaterials.php', 561989, '2024-08-09 11:10:21'),
(705, 1055, '/frontend/mymaterials.php', 128270, '2024-08-09 11:13:09'),
(706, 1055, '/frontend/mymaterials.php', 115975, '2024-08-09 11:15:06'),
(707, 1055, '/frontend/mymaterials.php', 4875, '2024-08-09 11:15:13'),
(708, 1055, '/frontend/mymaterials.php', 2383, '2024-08-09 11:15:46'),
(709, 1055, '/frontend/mymaterials.php', 2828, '2024-08-09 11:16:14'),
(710, 1055, '/frontend/mymaterials.php', 15295, '2024-08-09 11:16:58'),
(711, 1055, '/frontend/mymaterials.php', 116753, '2024-08-09 11:18:01'),
(712, 1055, '/frontend/invoice.php', 6786, '2024-08-09 11:44:09'),
(713, 1055, '/frontend/mymaterials.php', 39684, '2024-08-09 11:44:50'),
(714, 1055, '/frontend/mymaterials.php', 3973, '2024-08-09 11:47:39'),
(715, 1055, '/frontend/mymaterials.php', 34649, '2024-08-09 11:48:24'),
(716, 1055, '/frontend/mymaterials.php', 1932, '2024-08-09 11:48:31'),
(717, 1055, '/frontend/mymaterials.php', 3987, '2024-08-09 11:48:51'),
(718, 1055, '/frontend/mymaterials.php', 256234, '2024-08-09 11:49:14'),
(719, 1055, '/frontend/mymaterials.php', 4336, '2024-08-09 11:50:17'),
(720, 1055, '/frontend/mymaterials.php', 62255, '2024-08-09 11:50:54'),
(721, 1055, '/frontend/mymaterials.php', 62325, '2024-08-09 11:54:04'),
(722, 1055, '/frontend/mymaterials.php', 141240, '2024-08-09 11:56:27'),
(723, 1055, '/frontend/mymaterials.php', 123693, '2024-08-09 11:58:32'),
(724, 1055, '/frontend/mymaterials.php', 1814, '2024-08-09 11:58:36'),
(725, 1055, '/frontend/viewpdf.php', 45650, '2024-08-09 12:00:23'),
(726, 1055, '/frontend/mymaterials.php', 64803, '2024-08-09 12:01:32'),
(727, 1055, '/frontend/mymaterials.php', 1378, '2024-08-09 12:01:35'),
(728, 1055, '/frontend/mymaterials.php', 880, '2024-08-09 12:01:39'),
(729, 1055, '/frontend/viewpdf.php', 60811, '2024-08-09 12:02:41'),
(730, 1055, '/frontend/viewpdf.php', 2468, '2024-08-09 12:02:45'),
(731, 1055, '/frontend/mymaterials.php', 1122, '2024-08-09 12:02:46'),
(732, 1055, '/frontend/viewpdf.php', 4539, '2024-08-09 12:02:52'),
(733, 1055, '/frontend/mymaterials.php', 63158, '2024-08-09 12:03:56'),
(734, 1055, '/frontend/mymaterials.php', 743, '2024-08-09 12:03:59'),
(735, 1055, '/frontend/viewpdf.php', 722483, '2024-08-09 12:16:03'),
(736, 1055, '/frontend/mymaterials.php', 3809, '2024-08-09 12:20:04'),
(737, 1055, '/frontend/mymaterials.php', 13827, '2024-08-09 12:20:39'),
(738, 1055, '/frontend/viewpdf.php', 12706, '2024-08-09 12:20:53'),
(739, 1055, '/frontend/mymaterials.php', 4480, '2024-08-09 12:21:00'),
(740, 1055, '/frontend/mymaterials.php', 2711, '2024-08-09 12:21:17'),
(741, 1055, '/frontend/mymaterials.php', 4138, '2024-08-09 12:22:24'),
(742, 1055, '/frontend/mymaterials.php', 15638, '2024-08-09 12:22:48'),
(743, 1055, '/frontend/mymaterials.php', 18656, '2024-08-09 12:23:11'),
(744, 1055, '/frontend/mymaterials.php', 13063, '2024-08-09 12:23:35'),
(745, 1055, '/frontend/mymaterials.php', 13358, '2024-08-09 12:23:58'),
(746, 1055, '/frontend/mymaterials.php', 19655, '2024-08-09 12:24:22'),
(747, 1055, '/frontend/mymaterials.php', 1791, '2024-08-09 12:24:44'),
(748, 1055, '/frontend/mymaterials.php', 42536, '2024-08-09 12:25:12'),
(749, 1055, '/frontend/mymaterials.php', 138344, '2024-08-09 12:26:23'),
(750, 1055, '/frontend/mymaterials.php', 2918, '2024-08-09 12:41:30'),
(751, 1055, '/frontend/mymaterials.php', 2351, '2024-08-09 12:41:43'),
(752, 1055, '/frontend/mymaterials.php', 5323, '2024-08-09 12:42:20'),
(753, 1055, '/frontend/mymaterials.php', 3255, '2024-08-09 12:42:20'),
(754, 1055, '/frontend/mymaterials.php', 13415, '2024-08-09 12:42:20'),
(755, 1055, '/frontend/mymaterials.php', 11935, '2024-08-09 12:48:38'),
(756, 1055, '/frontend/mymaterials.php', 12374, '2024-08-09 12:49:16'),
(757, 1055, '/frontend/mymaterials.php', 156620, '2024-08-09 12:51:28'),
(758, 1055, '/frontend/invoice.php', 1355, '2024-08-09 12:58:24'),
(759, 1055, '/frontend/studentAcademicCalander.php', 46164, '2024-08-09 13:04:56'),
(760, 1055, '/frontend/studentAcademicCalander.php', 10617, '2024-08-09 13:05:08'),
(761, 1055, '/frontend/mymaterials.php', 7302, '2024-08-09 13:07:25'),
(762, 1055, '/frontend/mymaterials.php', 11288, '2024-08-09 13:07:48'),
(763, 1055, '/frontend/StudentAssignment.php', 4183, '2024-08-09 13:07:53'),
(764, 1055, '/frontend/StudentAssignment.php', 101577, '2024-08-09 13:09:41'),
(765, 1055, '/frontend/invoice.php', 900575, '2024-08-09 13:13:59'),
(766, 1055, '/frontend/mymaterials.php', 55775, '2024-08-09 13:22:03'),
(767, 1055, '/frontend/viewresult.php', 594495, '2024-08-09 13:32:06'),
(768, 1055, '/frontend/mymaterials.php', 2547, '2024-08-09 13:32:23'),
(769, 1055, '/frontend/viewpdf.php', 3330, '2024-08-09 13:32:28'),
(770, 1055, '/frontend/mymaterials.php', 4312, '2024-08-09 13:32:33'),
(771, 1055, '/frontend/mymaterials.php', 3684, '2024-08-09 13:32:58'),
(772, 1055, '/frontend/Student-project-presentation-marks.php', 4658, '2024-08-09 13:35:10'),
(773, 1055, '/frontend/mymaterials.php', 2432, '2024-08-09 13:43:54'),
(774, 1055, '/frontend/mymaterials.php', 3718, '2024-08-09 13:47:46'),
(775, 1055, '/frontend/Student-project-presentation-marks.php', 900755, '2024-08-09 13:50:13'),
(776, 1055, '/frontend/mymaterials.php', 8068, '2024-08-09 14:11:59'),
(777, 1055, '/frontend/mymaterials.php', 8741, '2024-08-09 14:13:34'),
(778, 1055, '/frontend/mymaterials.php', 1670, '2024-08-09 14:17:52'),
(779, 1055, '/frontend/mymaterials.php', 5598, '2024-08-09 14:30:46'),
(780, 1055, '/frontend/viewpdf.php', 53879, '2024-08-09 14:31:41'),
(781, 1055, '/frontend/mymaterials.php', 4058, '2024-08-09 14:31:46'),
(782, 1055, '/frontend/viewpdf.php', 65040, '2024-08-09 14:32:54'),
(783, 1055, '/frontend/mymaterials.php', 25527, '2024-08-09 14:33:20'),
(784, 1055, '/frontend/viewpdf.php', 534190, '2024-08-09 14:42:16'),
(785, 1055, '/frontend/mymaterials.php', 2924, '2024-08-09 14:42:22'),
(786, 1055, '/frontend/mymaterials.php', 3538, '2024-08-09 14:44:54'),
(787, 1055, '/frontend/viewpdf.php', 32809, '2024-08-09 14:45:28'),
(788, 1055, '/frontend/viewpdf.php', 9443, '2024-08-09 14:45:40'),
(789, 1055, '/frontend/studentAcademicCalander.php', 3919, '2024-08-09 14:45:45'),
(790, 1055, '/frontend/mymaterials.php', 1550, '2024-08-09 14:45:48'),
(791, 1055, '/frontend/viewpdf.php', 9939, '2024-08-09 14:47:36'),
(792, 1055, '/frontend/viewpdf.php', 291, '2024-08-09 14:47:38'),
(793, 1055, '/frontend/mymaterials.php', 2642, '2024-08-09 14:51:30'),
(794, 1055, '/frontend/viewpdf.php', 247854, '2024-08-09 14:51:51'),
(795, 1055, '/frontend/mymaterials.php', 7216, '2024-08-09 14:52:24'),
(796, 1055, '/frontend/viewpdf.php', 37421, '2024-08-09 14:52:37'),
(797, 1055, '/frontend/viewpdf.php', 143420, '2024-08-09 14:55:02'),
(798, 1055, '/frontend/viewpdf.php', 66463, '2024-08-09 14:56:11'),
(799, 1055, '/frontend/mymaterials.php', 1453, '2024-08-09 15:04:21'),
(800, 1055, '/frontend/viewpdf.php', 73076, '2024-08-09 15:07:15'),
(801, 1055, '/frontend/viewpdf.php', 36817, '2024-08-09 15:07:53'),
(802, 1055, '/frontend/viewpdf.php', 50525, '2024-08-09 15:09:47'),
(803, 1055, '/frontend/viewpdf.php', 35986, '2024-08-09 15:10:24'),
(804, 1055, '/frontend/viewpdf.php', 33305, '2024-08-09 15:11:02'),
(805, 1055, '/frontend/viewpdf.php', 41461, '2024-08-09 15:11:46'),
(806, 1055, '/frontend/viewpdf.php', 84089, '2024-08-09 15:13:11'),
(807, 1055, '/frontend/viewpdf.php', 16154, '2024-08-09 15:14:38'),
(808, 1055, '/frontend/viewpdf.php', 12676, '2024-08-09 15:14:52'),
(809, 1055, '/frontend/viewpdf.php', 16704, '2024-08-09 15:15:10'),
(810, 1055, '/frontend/viewpdf.php', 33498, '2024-08-09 15:15:46'),
(811, 1055, '/frontend/viewpdf.php', 18622, '2024-08-09 15:16:06'),
(812, 1055, '/frontend/viewpdf.php', 27407, '2024-08-09 15:16:35'),
(813, 1055, '/frontend/viewpdf.php', 19708, '2024-08-09 15:16:56'),
(814, 1055, '/frontend/viewpdf.php', 34802, '2024-08-09 15:17:32'),
(815, 1055, '/frontend/viewpdf.php', 47823, '2024-08-09 15:18:21'),
(816, 1055, '/frontend/mymaterials.php', 4380, '2024-08-10 07:39:02'),
(817, 1055, '/frontend/mymaterials.php', 3354, '2024-08-10 07:43:44'),
(818, 1055, '/frontend/viewpdf.php', 334843, '2024-08-10 07:49:20'),
(819, 1055, '/frontend/mymaterials.php', 3008, '2024-08-10 07:49:24'),
(820, 1055, '/frontend/mymaterials.php', 70370, '2024-08-10 07:50:50'),
(821, 1055, '/frontend/mymaterials.php', 5305, '2024-08-10 07:55:29'),
(822, 1055, '/frontend/viewpdf.php', 7418, '2024-08-10 07:55:38'),
(823, 1055, '/frontend/mymaterials.php', 2929, '2024-08-10 07:55:41'),
(824, 1055, '/frontend/invoice.php', 900473, '2024-08-10 07:55:58'),
(825, 1055, '/frontend/mymaterials.php', 2434, '2024-08-10 08:06:25'),
(826, 1055, '/frontend/viewpdf.php', 11007, '2024-08-10 08:06:37'),
(827, 1055, '/frontend/mymaterials.php', 1697, '2024-08-10 08:06:40'),
(828, 1055, '/frontend/invoice.php', 271339, '2024-08-10 08:16:40'),
(829, 1055, '/frontend/mymaterials.php', 3055, '2024-08-10 08:16:44'),
(830, 1055, '/frontend/mymaterials.php', 13, '2024-08-10 08:16:44'),
(831, 1055, '/frontend/mymaterials.php', 2036, '2024-08-10 08:30:07'),
(832, 1055, '/frontend/viewpdf.php', 9486, '2024-08-10 08:30:18'),
(833, 1055, '/frontend/mymaterials.php', 1965, '2024-08-10 08:30:21'),
(834, 1055, '/frontend/mymaterials.php', 1937, '2024-08-10 08:37:44'),
(835, 1055, '/frontend/viewpdf.php', 7231, '2024-08-10 08:37:53'),
(836, 1055, '/frontend/mymaterials.php', 1626, '2024-08-10 08:53:01'),
(837, 1055, '/frontend/viewpdf.php', 7471, '2024-08-10 08:53:10'),
(838, 1055, '/frontend/mymaterials.php', 1567, '2024-08-10 08:53:13'),
(839, 1055, '/frontend/mymaterials.php', 1609, '2024-08-10 08:55:49'),
(840, 1055, '/frontend/viewpdf.php', 3877, '2024-08-10 08:55:54'),
(841, 1055, '/frontend/mymaterials.php', 1901, '2024-08-10 09:09:55'),
(842, 1055, '/frontend/mymaterials.php', 1667, '2024-08-10 09:21:05'),
(843, 1055, '/frontend/viewpdf.php', 7601, '2024-08-10 09:21:15'),
(844, 1055, '/frontend/mymaterials.php', 6288, '2024-08-10 09:21:22'),
(845, 1055, '/frontend/mymaterials.php', 1634, '2024-08-10 09:24:06'),
(846, 1055, '/frontend/viewpdf.php', 2480, '2024-08-10 09:24:09'),
(847, 1055, '/frontend/mymaterials.php', 84588, '2024-08-10 09:25:35'),
(848, 1055, '/frontend/viewpdf.php', 13636, '2024-08-10 09:25:51'),
(849, 1055, '/frontend/mymaterials.php', 2755, '2024-08-10 09:25:55'),
(850, 1055, '/frontend/studentRollNoSlip.php', 1467, '2024-08-10 09:30:13'),
(851, 1055, '/frontend/mymaterials.php', 1413, '2024-08-10 09:30:22'),
(852, 1055, '/frontend/viewpdf.php', 3049, '2024-08-10 09:30:26'),
(853, 1055, '/frontend/mymaterials.php', 1021, '2024-08-10 09:30:28'),
(854, 1055, '/frontend/mymaterials.php', 1735, '2024-08-10 09:49:32'),
(855, 1055, '/frontend/viewpdf.php', 6050, '2024-08-10 09:49:39'),
(856, 1055, '/frontend/mymaterials.php', 1213, '2024-08-10 09:49:41'),
(857, 1055, '/frontend/studentFeedbackList.php', 546478, '2024-08-10 09:59:11'),
(858, 1055, '/frontend/StudentTechRequest.php', 3945, '2024-08-10 09:59:17'),
(859, 1055, '/frontend/mymaterials.php', 1504, '2024-08-10 09:59:19'),
(860, 1055, '/frontend/viewpdf.php', 4328, '2024-08-10 09:59:25'),
(861, 1055, '/frontend/mymaterials.php', 1301, '2024-08-10 09:59:27'),
(862, 1055, '/frontend/mymaterials.php', 1777, '2024-08-10 10:14:09'),
(863, 1055, '/frontend/viewpdf.php', 7878, '2024-08-10 10:14:19'),
(864, 1055, '/frontend/mymaterials.php', 1632, '2024-08-10 10:14:21'),
(865, 1055, '/frontend/mymaterials.php', 3701, '2024-08-10 10:24:21'),
(866, 1055, '/frontend/viewpdf.php', 9807, '2024-08-10 10:24:32'),
(867, 1055, '/frontend/mymaterials.php', 4417, '2024-08-10 10:35:16'),
(868, 1055, '/frontend/mymaterials.php', 2935, '2024-08-10 12:05:01'),
(869, 1055, '/frontend/mymaterials.php', 2342, '2024-08-10 12:49:19'),
(870, 1055, '/frontend/mymaterials.php', 3713, '2024-08-10 13:08:13'),
(871, 1055, '/frontend/mymaterials.php', 1714, '2024-08-10 13:24:35'),
(872, 1055, '/frontend/mymaterials.php', 1541, '2024-08-10 13:39:49'),
(873, 1055, '/frontend/mymaterials.php', 1494, '2024-08-10 13:49:28'),
(874, 1055, '/frontend/mymaterials.php', 1264, '2024-08-10 13:59:34'),
(875, 1055, '/frontend/viewpdf.php', 5787, '2024-08-10 13:59:41'),
(876, 1055, '/frontend/mymaterials.php', 2007, '2024-08-10 13:59:44'),
(877, 1055, '/frontend/mymaterials.php', 2141, '2024-08-10 14:23:44'),
(878, 1055, '/frontend/mymaterials.php', 1916, '2024-08-10 14:36:57'),
(879, 1055, '/frontend/mymaterials.php', 1856, '2024-08-12 07:37:32'),
(880, 1055, '/frontend/viewpdf.php', 9131, '2024-08-12 07:37:43'),
(881, 1055, '/frontend/mymaterials.php', 2346, '2024-08-12 07:37:46'),
(882, 1055, '/frontend/mymaterials.php', 2059, '2024-08-12 07:42:19'),
(883, 1055, '/frontend/viewpdf.php', 3212, '2024-08-12 07:42:23'),
(884, 1055, '/frontend/mymaterials.php', 910, '2024-08-12 07:42:24'),
(885, 1055, '/frontend/mymaterials.php', 1446, '2024-08-12 08:28:33'),
(886, 1055, '/frontend/viewpdf.php', 11816, '2024-08-12 08:28:46'),
(887, 1055, '/frontend/mymaterials.php', 1384, '2024-08-12 08:28:48'),
(888, 1055, '/frontend/mymaterials.php', 1935, '2024-08-12 08:29:36'),
(889, 1055, '/frontend/viewpdf.php', 7827, '2024-08-12 08:29:45'),
(890, 1055, '/frontend/mymaterials.php', 2508, '2024-08-12 08:29:48'),
(891, 1055, '/frontend/mymaterials.php', 1543, '2024-08-12 08:40:00'),
(892, 1055, '/frontend/viewpdf.php', 15036, '2024-08-12 08:40:17'),
(893, 1055, '/frontend/mymaterials.php', 1394, '2024-08-12 08:40:19'),
(894, 1055, '/frontend/mymaterials.php', 1639, '2024-08-12 08:41:12'),
(895, 1055, '/frontend/viewpdf.php', 3506, '2024-08-12 08:41:17'),
(896, 1055, '/frontend/mymaterials.php', 1368, '2024-08-12 08:47:59'),
(897, 1055, '/frontend/mymaterials.php', 1736, '2024-08-12 08:56:38'),
(898, 1055, '/frontend/viewpdf.php', 6402, '2024-08-12 08:56:45'),
(899, 1055, '/frontend/mymaterials.php', 1104, '2024-08-12 08:56:47'),
(900, 1055, '/frontend/mymaterials.php', 2116, '2024-08-12 09:13:53'),
(901, 1055, '/frontend/viewpdf.php', 3791, '2024-08-12 09:13:58'),
(902, 1055, '/frontend/mymaterials.php', 958, '2024-08-12 09:14:00'),
(903, 1055, '/frontend/mymaterials.php', 3108, '2024-08-12 09:34:38'),
(904, 1055, '/frontend/mymaterials.php', 1874, '2024-08-12 09:42:53'),
(905, 1055, '/frontend/mymaterials.php', 338, '2024-08-12 09:59:38'),
(906, 1055, '/frontend/mymaterials.php', 1671, '2024-08-12 09:59:51'),
(907, 1055, '/frontend/mymaterials.php', 6466, '2024-08-12 10:00:37'),
(908, 1055, '/frontend/mymaterials.php', 1795, '2024-08-12 10:00:37'),
(909, 1055, '/frontend/mymaterials.php', 10345, '2024-08-12 10:00:37'),
(910, 1055, '/frontend/mymaterials.php', 8806, '2024-08-12 10:00:37'),
(911, 1055, '/frontend/mymaterials.php', 2535, '2024-08-12 11:52:53'),
(912, 1055, '/frontend/mymaterials.php', 13688, '2024-08-12 11:54:29'),
(913, 1055, '/frontend/mymaterials.php', 134247, '2024-08-12 11:55:55'),
(914, 1055, '/frontend/viewpdf.php', 140275, '2024-08-12 11:58:17'),
(915, 1055, '/frontend/mymaterials.php', 547102, '2024-08-12 12:07:26'),
(916, 1055, '/frontend/mymaterials.php', 3489, '2024-08-12 12:07:35'),
(917, 1055, '/frontend/mymaterials.php', 1255, '2024-08-12 12:12:42'),
(918, 1055, '/frontend/mymaterials.php', 4536, '2024-08-12 13:34:17'),
(919, 1055, '/frontend/mymaterials.php', 2415, '2024-08-12 13:35:03'),
(920, 1055, '/frontend/mymaterials.php', 5741, '2024-08-12 13:36:05'),
(921, 1055, '/frontend/mymaterials.php', 12298, '2024-08-12 13:36:49'),
(922, 1055, '/frontend/viewpdf.php', 61867, '2024-08-12 13:37:52'),
(923, 1055, '/frontend/mymaterials.php', 21053, '2024-08-12 13:38:39'),
(924, 1043, '/frontend/mymaterials.php', 3970, '2024-08-12 13:38:41'),
(925, 1055, '/frontend/mymaterials.php', 4315, '2024-08-12 13:46:03'),
(926, 1055, '/frontend/mymaterials.php', 6359, '2024-08-12 13:53:40'),
(927, 1043, '/frontend/viewpdf.php', 901224, '2024-08-12 13:53:44'),
(928, 1043, '/frontend/mymaterials.php', 3920, '2024-08-12 14:00:17'),
(929, 1055, '/frontend/mymaterials.php', 19560, '2024-08-12 14:20:38'),
(930, 1055, '/frontend/viewpdf.php', 27508, '2024-08-12 14:21:07'),
(931, 1055, '/frontend/mymaterials.php', 7002, '2024-08-12 14:21:16'),
(932, 1055, '/frontend/viewpdf.php', 32762, '2024-08-12 14:21:50'),
(933, 1055, '/frontend/mymaterials.php', 4441, '2024-08-12 14:21:56'),
(934, 1055, '/frontend/mymaterials.php', 5898, '2024-08-12 14:24:07'),
(935, 1055, '/frontend/mymaterials.php', 23589, '2024-08-12 14:24:07'),
(936, 1055, '/frontend/mymaterials.php', 7407, '2024-08-12 14:28:42'),
(937, 1055, '/frontend/mymaterials.php', 4030, '2024-08-12 14:29:06'),
(938, 1055, '/frontend/mymaterials.php', 36229, '2024-08-12 14:29:50'),
(939, 1055, '/frontend/mymaterials.php', 2789, '2024-08-12 14:29:50'),
(940, 1055, '/frontend/mymaterials.php', 540, '2024-08-12 14:30:38'),
(941, 1055, '/frontend/mymaterials.php', 13122, '2024-08-12 14:30:38'),
(942, 1055, '/frontend/mymaterials.php', 18375, '2024-08-12 14:30:38'),
(943, 1055, '/frontend/mymaterials.php', 1380, '2024-08-12 14:30:38'),
(944, 1055, '/frontend/mymaterials.php', 5366, '2024-08-12 14:31:50'),
(945, 1055, '/frontend/viewpdf.php', 19970, '2024-08-12 14:32:12'),
(946, 1055, '/frontend/mymaterials.php', 4236, '2024-08-12 14:32:19'),
(947, 1055, '/frontend/mymaterials.php', 3991, '2024-08-12 14:32:41'),
(948, 1055, '/frontend/mymaterials.php', 16466, '2024-08-12 14:33:07'),
(949, 1055, '/frontend/mymaterials.php', 7599, '2024-08-12 14:33:53'),
(950, 1055, '/frontend/mymaterials.php', 45957, '2024-08-12 14:34:16'),
(951, 1055, '/frontend/mymaterials.php', 1918, '2024-08-12 14:34:40'),
(952, 1055, '/frontend/mymaterials.php', 5043, '2024-08-12 14:58:17'),
(953, 1055, '/frontend/mymaterials.php', 5683, '2024-08-12 14:59:48'),
(954, 1055, '/frontend/mymaterials.php', 2994, '2024-08-12 14:59:56'),
(955, 1055, '/frontend/mymaterials.php', 2441, '2024-08-12 15:03:17'),
(956, 1043, '/frontend/mymaterials.php', 6083, '2024-08-13 05:18:58'),
(957, 1043, '/frontend/mymaterials.php', 15309, '2024-08-13 05:19:13'),
(958, 1043, '/frontend/mymaterials.php', 205154, '2024-08-13 05:22:38'),
(959, 1043, '/frontend/mymaterials.php', 3437, '2024-08-13 05:22:42'),
(960, 1043, '/frontend/mymaterials.php', 54820, '2024-08-13 05:23:37'),
(961, 1043, '/frontend/mymaterials.php', 28843, '2024-08-13 05:25:32'),
(962, 1043, '/frontend/viewpdf.php', 1154560, '2024-08-13 05:44:51'),
(963, 1043, '/frontend/mymaterials.php', 7554, '2024-08-13 05:47:07'),
(964, 1043, '/frontend/mymaterials.php', 7682, '2024-08-13 05:47:15'),
(965, 1043, '/frontend/viewpdf.php', 900364, '2024-08-13 06:03:31'),
(966, 1055, '/frontend/mymaterials.php', 3683, '2024-08-13 07:34:20'),
(967, 1055, '/frontend/mymaterials.php', 2039, '2024-08-13 07:34:29'),
(968, 1055, '/frontend/mymaterials.php', 1911, '2024-08-13 07:34:37'),
(969, 1055, '/frontend/mymaterials.php', 3353, '2024-08-13 07:34:53'),
(970, 1055, '/frontend/viewpdf.php', 29472, '2024-08-13 07:35:25'),
(971, 1055, '/frontend/mymaterials.php', 11514, '2024-08-13 07:35:37'),
(972, 1055, '/frontend/mymaterials.php', 5188, '2024-08-13 07:35:48'),
(973, 1055, '/frontend/mymaterials.php', 381760, '2024-08-13 07:42:25'),
(974, 1054, '/frontend/mymaterials.php', 19987, '2024-08-13 07:42:47'),
(975, 1055, '/frontend/mymaterials.php', 45496, '2024-08-13 07:43:21'),
(976, 1055, '/frontend/mymaterials.php', 1862, '2024-08-13 07:43:32'),
(977, 1054, '/frontend/mymaterials.php', 4642, '2024-08-13 07:44:03'),
(978, 1055, '/frontend/viewsgTimetable.php', 6115, '2024-08-13 07:51:05'),
(979, 1055, '/frontend/viewTimetable.php', 1667, '2024-08-13 07:51:08'),
(980, 1055, '/frontend/studentAcademicCalander.php', 3219, '2024-08-13 07:51:12'),
(981, 1055, '/frontend/myliveclass.php', 1516, '2024-08-13 07:51:15'),
(982, 1055, '/frontend/myliveclass.php', 2828, '2024-08-13 07:52:06'),
(983, 1055, '/frontend/Student-chat-list.php', 191859, '2024-08-13 07:55:20'),
(984, 1055, '/frontend/mymaterials.php', 16046, '2024-08-13 07:55:38'),
(985, 1055, '/frontend/mymaterials.php', 884858, '2024-08-13 08:10:23'),
(986, 1055, '/frontend/mymaterials.php', 39310, '2024-08-15 10:07:14'),
(987, 1055, '/frontend/viewpdf.php', 11092, '2024-08-15 10:07:28'),
(988, 1055, '/frontend/mymaterials.php', 5061, '2024-08-15 10:07:34'),
(989, 1055, '/frontend/viewpdf.php', 124899, '2024-08-15 10:09:40'),
(990, 1055, '/frontend/mymaterials.php', 13616, '2024-08-15 10:09:55'),
(991, 1055, '/frontend/mymaterials.php', 23683, '2024-08-15 10:11:08'),
(992, 1055, '/frontend/mymaterials.php', 186311, '2024-08-15 10:14:31'),
(993, 1055, '/frontend/mymaterials.php', 22656, '2024-08-15 10:15:40'),
(994, 1055, '/frontend/mymaterials.php', 200290, '2024-08-15 10:18:14'),
(995, 1055, '/frontend/mymaterials.php', 68052, '2024-08-15 10:28:15'),
(996, 972, '/frontend/mymaterials.php', 27641, '2024-08-18 10:30:26'),
(997, 972, '/frontend/mymaterials.php', 5256, '2024-08-18 10:39:53'),
(998, 972, '/frontend/mymaterials.php', 218180, '2024-08-18 10:39:53'),
(999, 972, '/frontend/mymaterials.php', 344006, '2024-08-18 10:39:53'),
(1000, 1055, '/frontend/mymaterials.php', 8274, '2024-08-18 11:08:53'),
(1001, 1055, '/frontend/mymaterials.php', 258895, '2024-08-18 11:08:53'),
(1002, 1055, '/frontend/mymaterials.php', 14839, '2024-08-18 11:08:53'),
(1003, 1055, '/frontend/mymaterials.php', 64298, '2024-08-18 11:08:53'),
(1004, 1055, '/frontend/mymaterials.php', 15538, '2024-08-18 11:08:53'),
(1005, 1055, '/frontend/studentAcademicCalander.php', 13091, '2024-08-18 11:12:29'),
(1006, 1055, '/frontend/mymaterials.php', 9159, '2024-08-18 11:13:33'),
(1007, 1055, '/frontend/mymaterials.php', 4979, '2024-08-18 11:37:59'),
(1008, 1055, '/frontend/mymaterials.php', 3681, '2024-08-18 11:38:51'),
(1009, 1054, '/frontend/mymaterials.php', 1144, '2024-08-18 11:40:32'),
(1010, 1054, '/frontend/mymaterials.php', 8240, '2024-08-18 11:42:43'),
(1011, 1055, '/frontend/mymaterials.php', 1475, '2024-08-18 11:46:02'),
(1012, 1055, '/frontend/mymaterials.php', 2507, '2024-08-18 11:52:08'),
(1013, 1054, '/frontend/mymaterials.php', 37065, '2024-08-18 11:52:22'),
(1014, 1054, '/frontend/viewpdf.php', 9778, '2024-08-18 11:52:33'),
(1015, 1054, '/frontend/mymaterials.php', 3827, '2024-08-18 11:52:42'),
(1016, 1054, '/frontend/viewpdf.php', 7053, '2024-08-18 11:52:51'),
(1017, 1054, '/frontend/mymaterials.php', 12734, '2024-08-18 11:53:05'),
(1018, 1055, '/frontend/mymaterials.php', 97003, '2024-08-18 11:56:30'),
(1019, 1054, '/frontend/viewpdf.php', 212065, '2024-08-18 11:56:40'),
(1020, 1055, '/frontend/viewsgTimetable.php', 4119, '2024-08-18 11:56:57'),
(1021, 1055, '/frontend/mymaterials.php', 188458, '2024-08-18 12:00:22'),
(1022, 1055, '/frontend/mymaterials.php', 13768, '2024-08-18 12:00:45'),
(1023, 1055, '/frontend/viewpdf.php', 51724, '2024-08-18 12:01:38'),
(1024, 1055, '/frontend/mymaterials.php', 8239, '2024-08-18 12:01:48'),
(1025, 1054, '/frontend/mymaterials.php', 901713, '2024-08-18 12:11:44'),
(1026, 969, '/frontend/viewcampus.php', 90203, '2024-08-19 06:48:15'),
(1027, 1059, '/frontend/mymaterials.php', 6956, '2024-08-19 12:06:10'),
(1028, 1059, '/frontend/viewpdf.php', 18576, '2024-08-19 12:06:32'),
(1029, 1059, '/frontend/mymaterials.php', 38384, '2024-08-19 12:07:12'),
(1030, 1059, '/frontend/viewpdf.php', 7355, '2024-08-19 12:07:21'),
(1031, 1059, '/frontend/mymaterials.php', 1012, '2024-08-19 12:07:23'),
(1032, 1059, '/frontend/viewpdf.php', 10813, '2024-08-19 12:07:35'),
(1033, 1059, '/frontend/mymaterials.php', 1790, '2024-08-19 12:07:38'),
(1034, 1059, '/frontend/viewpdf.php', 9767, '2024-08-19 12:07:49'),
(1035, 1059, '/frontend/mymaterials.php', 5019, '2024-08-19 12:07:55'),
(1036, 1059, '/frontend/mymaterials.php', 13451, '2024-08-19 12:09:09'),
(1037, 1059, '/frontend/mymaterials.php', 1390, '2024-08-19 12:09:55'),
(1038, 1059, '/frontend/mymaterials.php', 9847, '2024-08-19 12:11:01'),
(1039, 1059, '/frontend/mymaterials.php', 381255, '2024-08-19 12:18:31'),
(1040, 1059, '/frontend/mymaterials.php', 41539, '2024-08-19 12:21:08'),
(1041, 1059, '/frontend/mymaterials.php', 112686, '2024-08-19 12:21:08'),
(1042, 1059, '/frontend/mymaterials.php', 51807, '2024-08-19 12:22:13'),
(1043, 1059, '/frontend/mymaterials.php', 313391, '2024-08-19 12:27:11');

-- --------------------------------------------------------

--
-- Table structure for table `policies`
--

CREATE TABLE `policies` (
  `poliies_id` int NOT NULL,
  `institute_id` int NOT NULL,
  `fee_policies` text CHARACTER SET utf8mb3 COLLATE utf8mb3_unicode_ci NOT NULL,
  `create_date` date NOT NULL,
  `update_date` date DEFAULT NULL
) ENGINE=InnoDB DEFAULT CHARSET=utf8mb3 COLLATE=utf8mb3_unicode_ci;

--
-- Dumping data for table `policies`
--

INSERT INTO `policies` (`poliies_id`, `institute_id`, `fee_policies`, `create_date`, `update_date`) VALUES
(26, 46, '<p><strong>1. Fee Structure:</strong></p>\r\n<ul>\r\n<li>The fee structure for each program (CA, ACCA, CIA, and CMA) is available on the college website and includes tuition fees, examination fees, and other mandatory charges.</li>\r\n<li>Fees must be paid per the schedule provided at the time of admission.</li>\r\n</ul>\r\n<p><strong>2. Payment Methods:</strong></p>\r\n<ul>\r\n<li>Fees can be paid via bank transfer, credit/debit card, or other methods specified by the college.</li>\r\n<li>International students must ensure that all bank charges are borne by them.</li>\r\n</ul>\r\n<p><strong>3. Late Payment:</strong></p>\r\n<ul>\r\n<li>A late fee will be charged for any payments not received by the due date.</li>\r\n<li>Continued non-payment of fees may result in suspension of classes and access to college facilities.</li>\r\n</ul>\r\n<p><strong>4. Refund Policy:</strong></p>\r\n<ul>\r\n<li>Tuition fees are refundable only if the student withdraws before the start of the academic session.</li>\r\n<li>Registration and administrative fees are non-refundable.</li>\r\n</ul>\r\n<p><strong>5. Financial Responsibility:</strong></p>\r\n<ul>\r\n<li>Students are responsible for any financial obligations incurred during their time at the college.</li>\r\n<li>Failure to meet financial obligations may result in withholding of transcripts, certificates, and denial of future registration.</li>\r\n</ul>', '2024-03-25', '2024-05-20');

-- --------------------------------------------------------

--
-- Table structure for table `program`
--

CREATE TABLE `program` (
  `program_id` int NOT NULL,
  `stream_id` int NOT NULL,
  `institute_id` int NOT NULL,
  `campus_id` int NOT NULL,
  `afflication_id` int NOT NULL,
  `program_name` varchar(255) CHARACTER SET utf8mb3 COLLATE utf8mb3_unicode_ci NOT NULL,
  `program_duration` varchar(255) CHARACTER SET utf8mb3 COLLATE utf8mb3_unicode_ci NOT NULL,
  `program_code` varchar(255) CHARACTER SET utf8mb3 COLLATE utf8mb3_unicode_ci NOT NULL,
  `program_fees` int NOT NULL,
  `program_status` enum('ACTIVE','INACTIVE') CHARACTER SET utf8mb3 COLLATE utf8mb3_unicode_ci NOT NULL,
  `seatsstatus` enum('Limited','Unlimited') CHARACTER SET utf8mb3 COLLATE utf8mb3_unicode_ci NOT NULL,
  `NoofSeats` varchar(255) CHARACTER SET utf8mb3 COLLATE utf8mb3_unicode_ci NOT NULL,
  `Seats_Reserve` varchar(255) CHARACTER SET utf8mb3 COLLATE utf8mb3_unicode_ci NOT NULL DEFAULT '0',
  `create_date` datetime(6) NOT NULL DEFAULT CURRENT_TIMESTAMP(6),
  `update_date` datetime(6) DEFAULT NULL
) ENGINE=InnoDB DEFAULT CHARSET=utf8mb3 COLLATE=utf8mb3_unicode_ci;

--
-- Dumping data for table `program`
--

INSERT INTO `program` (`program_id`, `stream_id`, `institute_id`, `campus_id`, `afflication_id`, `program_name`, `program_duration`, `program_code`, `program_fees`, `program_status`, `seatsstatus`, `NoofSeats`, `Seats_Reserve`, `create_date`, `update_date`) VALUES
(277, 15, 46, 185, 80, 'Chartered Accountancy Inter', '10 Year', 'CA-I', 2024, 'ACTIVE', 'Unlimited', '10000', '15', '2024-03-25 08:52:36.000000', '2024-03-25 09:48:57.000000'),
(278, 15, 46, 185, 80, 'Chartered Accountancy Final', '10 Year', 'CA-F', 2024, 'ACTIVE', 'Unlimited', '1000', '4', '2024-03-25 09:49:42.000000', '2024-06-10 10:09:19.000000'),
(283, 15, 46, 188, 80, 'Chartered Accountancy Inter', '10 Year', 'CA-I', 2024, 'ACTIVE', 'Limited', '100', '1', '2024-05-27 14:03:43.000000', NULL),
(284, 15, 46, 189, 85, 'Pre Medical', '3 Month', 'Pre Med', 2024, 'ACTIVE', 'Limited', '100', '4', '2024-06-27 10:29:25.000000', '2024-06-29 06:44:39.000000'),
(285, 15, 46, 189, 85, 'Pre Engineering', '3 Month', 'Pre Eng', 2024, 'ACTIVE', 'Limited', '100', '0', '2024-06-27 10:48:10.000000', '2024-06-29 06:45:02.000000'),
(286, 15, 46, 185, 80, 'Chartered Accountancy Inter 1', '10 Year', 'CA-I 1', 2024, 'ACTIVE', 'Limited', '100', '1', '2024-08-08 09:46:58.000000', NULL),
(287, 15, 46, 190, 80, 'Chartered Accountancy Inter', '10 Year', 'CA-I', 2024, 'ACTIVE', 'Limited', '100', '1', '2024-08-19 08:33:52.000000', NULL);

-- --------------------------------------------------------

--
-- Table structure for table `programeligability`
--

CREATE TABLE `programeligability` (
  `programeligability_id` int NOT NULL,
  `institute_id` int NOT NULL,
  `programeligability` longtext CHARACTER SET utf8mb3 COLLATE utf8mb3_unicode_ci,
  `dept1` varchar(255) CHARACTER SET utf8mb3 COLLATE utf8mb3_unicode_ci NOT NULL,
  `cp1` varchar(255) CHARACTER SET utf8mb3 COLLATE utf8mb3_unicode_ci NOT NULL,
  `cn1` varchar(255) CHARACTER SET utf8mb3 COLLATE utf8mb3_unicode_ci NOT NULL,
  `dep2` varchar(255) CHARACTER SET utf8mb3 COLLATE utf8mb3_unicode_ci NOT NULL,
  `cp2` varchar(255) CHARACTER SET utf8mb3 COLLATE utf8mb3_unicode_ci NOT NULL,
  `cn2` varchar(255) CHARACTER SET utf8mb3 COLLATE utf8mb3_unicode_ci NOT NULL,
  `create_date` date NOT NULL,
  `update_date` date DEFAULT NULL
) ENGINE=InnoDB DEFAULT CHARSET=utf8mb3 COLLATE=utf8mb3_unicode_ci;

--
-- Dumping data for table `programeligability`
--

INSERT INTO `programeligability` (`programeligability_id`, `institute_id`, `programeligability`, `dept1`, `cp1`, `cn1`, `dep2`, `cp2`, `cn2`, `create_date`, `update_date`) VALUES
(30, 46, '<p><strong>1. General Eligibility:</strong></p>\r\n<ul>\r\n<li>Applicants must have completed their Higher Secondary School Certificate (HSSC) or an equivalent qualification from a recognized board or institution.</li>\r\n<li>A minimum of 60% marks in the qualifying examination is required for admission to CA, ACCA, CIA, and CMA programs.</li>\r\n</ul>\r\n<p><strong>2. Specific Program Requirements:</strong></p>\r\n<ul>\r\n<li><strong>CA Program:</strong> Applicants must have completed HSSC with a focus on Mathematics, Accounting, or Economics. Relevant work experience is an added advantage.</li>\r\n<li><strong>ACCA Program:</strong> A minimum of 60% in HSSC, with strong performance in Mathematics and English. Relevant work experience is beneficial.</li>\r\n<li><strong>CIA Program:</strong> Applicants must hold a bachelor~s degree in any discipline. Prior experience in internal auditing is preferred.</li>\r\n<li><strong>CMA Program:</strong> Applicants must have a bachelor~s degree in a related field such as Accounting, Finance, or Business Administration. Work experience in management accounting is advantageous.</li>\r\n</ul>\r\n<p><strong>3. English Proficiency:</strong></p>\r\n<ul>\r\n<li>Non-native English speakers must provide proof of English proficiency through TOEFL, IELTS, or an equivalent test with a minimum score as set by the college.</li>\r\n</ul>\r\n<p><strong>4. Application Process:</strong></p>\r\n<ul>\r\n<li>Complete the online application form on the college~s website.</li>\r\n<li>Submit required documents, including academic transcripts, certificates, proof of English proficiency, and a personal statement.</li>\r\n<li>Pay the non-refundable application fee as specified on the college website.</li>\r\n</ul>\r\n<p><strong>5. Selection Process:</strong></p>\r\n<ul>\r\n<li>Admissions are based on academic performance, entrance test scores (if applicable), and an interview.</li>\r\n<li>Priority will be given to candidates with outstanding academic records and relevant extracurricular achievements.</li>\r\n</ul>', 'Admissions Department', 'Ahtisham Riaz', '03405555719', 'Registrar Office', 'Shafy Ali', '03405555717', '2024-03-25', '2024-05-20');

-- --------------------------------------------------------

--
-- Table structure for table `program_addmission_fee`
--

CREATE TABLE `program_addmission_fee` (
  `programfeeaddmission_id` int NOT NULL,
  `program_id` int NOT NULL,
  `campus_id` int NOT NULL,
  `live_fee` varchar(255) CHARACTER SET utf8mb3 COLLATE utf8mb3_unicode_ci NOT NULL,
  `Recorded_fee` varchar(255) CHARACTER SET utf8mb3 COLLATE utf8mb3_unicode_ci NOT NULL,
  `create_date` date NOT NULL,
  `update_date` date DEFAULT NULL
) ENGINE=InnoDB DEFAULT CHARSET=utf8mb3 COLLATE=utf8mb3_unicode_ci;

--
-- Dumping data for table `program_addmission_fee`
--

INSERT INTO `program_addmission_fee` (`programfeeaddmission_id`, `program_id`, `campus_id`, `live_fee`, `Recorded_fee`, `create_date`, `update_date`) VALUES
(118, 277, 185, '11000', '9000', '2024-03-25', NULL),
(119, 278, 185, '8500', '7800', '2024-03-25', NULL),
(120, 283, 188, '10000', '20000', '2024-05-27', NULL),
(121, 284, 189, '5000', '2000', '2024-06-27', NULL),
(122, 285, 189, '5000', '3000', '2024-06-27', NULL),
(123, 286, 185, '5000', '6000', '2024-08-08', NULL),
(124, 287, 190, '10000', '8000', '2024-08-19', NULL);

-- --------------------------------------------------------

--
-- Table structure for table `program_components`
--

CREATE TABLE `program_components` (
  `components_id` int NOT NULL,
  `stream_id` int NOT NULL,
  `institute_id` int NOT NULL,
  `campus_id` int NOT NULL,
  `program_id` int NOT NULL,
  `component_name` varchar(255) NOT NULL,
  `component_code` varchar(255) NOT NULL,
  `component_type` enum('MODULE','SEMESTER','YEAR') NOT NULL,
  `component_duration` varchar(255) NOT NULL,
  `startdate` date NOT NULL,
  `enddate` date NOT NULL,
  `create_date` datetime(6) NOT NULL DEFAULT CURRENT_TIMESTAMP(6),
  `update_date` datetime(6) NOT NULL DEFAULT CURRENT_TIMESTAMP(6)
) ENGINE=InnoDB DEFAULT CHARSET=utf8mb4  ;

--
-- Dumping data for table `program_components`
--

INSERT INTO `program_components` (`components_id`, `stream_id`, `institute_id`, `campus_id`, `program_id`, `component_name`, `component_code`, `component_type`, `component_duration`, `startdate`, `enddate`, `create_date`, `update_date`) VALUES
(307, 15, 46, 185, 277, 'CA Inter 2024', 'CAI24', 'YEAR', ' ', '2024-03-01', '2034-03-31', '2024-03-25 08:53:31.000000', '2024-03-25 13:53:31.176885'),
(308, 15, 46, 185, 278, 'CA Final 2024', 'CAF24', 'YEAR', ' ', '2024-10-10', '2034-10-10', '2024-03-25 09:50:30.000000', '2024-03-25 14:50:30.576308'),
(311, 15, 46, 188, 283, 'CA Inter 2024', 'CAI24', 'MODULE', ' ', '2024-05-27', '2024-06-27', '2024-05-27 14:04:22.000000', '2024-05-27 19:04:22.872966'),
(312, 15, 46, 189, 284, 'MDCAT', 'MDCAT', 'MODULE', ' ', '2024-06-01', '2024-09-30', '2024-06-27 10:30:07.000000', '2024-06-27 15:30:07.324892'),
(313, 15, 46, 189, 284, 'Long MDCAT UHS', 'MDUHS', 'MODULE', ' ', '2024-06-01', '2024-08-15', '2024-06-27 10:43:32.000000', '2024-06-27 15:43:32.818446'),
(314, 15, 46, 189, 284, 'AGA Khan University AKU', 'MDAKU', 'MODULE', ' ', '2024-06-01', '2024-08-15', '2024-06-27 10:46:51.000000', '2024-06-27 15:46:51.841672'),
(315, 15, 46, 189, 285, 'ECAT', 'ECAT', 'MODULE', ' ', '2024-06-01', '2024-08-31', '2024-06-27 10:49:52.000000', '2024-06-27 15:49:52.757049'),
(316, 15, 46, 189, 285, 'NTS', 'NTS', 'MODULE', ' ', '2024-06-01', '2024-08-31', '2024-06-27 10:50:41.000000', '2024-06-27 15:50:41.529137'),
(317, 15, 46, 185, 286, 'CA Inter 2024 1', 'CAI24 1', 'YEAR', ' ', '2024-08-08', '2025-08-10', '2024-08-08 09:50:39.000000', '2024-08-08 14:50:39.980585'),
(318, 15, 46, 190, 287, 'CA Inter 2024', 'CAI24', 'MODULE', ' ', '2024-08-19', '2025-08-10', '2024-08-19 08:38:32.000000', '2024-08-19 08:39:07.000000');

-- --------------------------------------------------------

--
-- Table structure for table `project_presentation_marks`
--

CREATE TABLE `project_presentation_marks` (
  `project_presentation_marks_id` int NOT NULL,
  `user_id` int NOT NULL,
  `project_presentation_id` int NOT NULL,
  `project_presentation_ObtainMarks` varchar(255) CHARACTER SET utf8mb3 COLLATE utf8mb3_unicode_ci DEFAULT NULL,
  `file_path` varchar(256) CHARACTER SET utf8mb3 COLLATE utf8mb3_unicode_ci DEFAULT NULL,
  `createdate` date NOT NULL,
  `updatedate` date DEFAULT NULL
) ENGINE=InnoDB DEFAULT CHARSET=utf8mb3 COLLATE=utf8mb3_unicode_ci;

--
-- Dumping data for table `project_presentation_marks`
--

INSERT INTO `project_presentation_marks` (`project_presentation_marks_id`, `user_id`, `project_presentation_id`, `project_presentation_ObtainMarks`, `file_path`, `createdate`, `updatedate`) VALUES
(47, 1042, 49, NULL, 'sample.pdf', '2024-05-27', NULL),
(48, 974, 47, '20', 'SAMPLE.pdf', '2024-06-13', '2024-06-13'),
(49, 1055, 50, '7', 'Sample (1).pdf', '2024-08-08', '2024-08-08'),
(50, 1055, 51, '6', 'Sample 123.pdf', '2024-08-08', '2024-08-08');

-- --------------------------------------------------------

--
-- Table structure for table `questions`
--

CREATE TABLE `questions` (
  `question_id` int NOT NULL,
  `stream_id` int NOT NULL,
  `institute_id` int NOT NULL,
  `program_id` int NOT NULL,
  `component_id` int NOT NULL,
  `subject_id` int NOT NULL,
  `topic_id` int NOT NULL,
  `subtype` varchar(255) NOT NULL,
  `instructions` text NOT NULL,
  `question` text CHARACTER SET utf8mb4   NOT NULL,
  `questionfile` varchar(255) NOT NULL DEFAULT 'NULL',
  `answerfile` varchar(255) NOT NULL DEFAULT 'NULL',
  `insturctionfile` varchar(255) CHARACTER SET utf8mb4   DEFAULT NULL,
  `question_solution1` text CHARACTER SET utf8mb4  ,
  `question_solution2` varchar(255) CHARACTER SET utf8mb4   DEFAULT NULL,
  `question_solution3` varchar(255) CHARACTER SET utf8mb4   DEFAULT NULL,
  `question_solution4` varchar(255) CHARACTER SET utf8mb4   DEFAULT NULL,
  `correct_answer` text NOT NULL,
  `question_type` varchar(255) NOT NULL,
  `question_attempt_type` varchar(255) NOT NULL,
  `question_marks` int NOT NULL,
  `question_time_allowed` varchar(255) NOT NULL,
  `dificult_levet` varchar(255) NOT NULL,
  `create_date` datetime(6) NOT NULL DEFAULT CURRENT_TIMESTAMP(6),
  `update_date` datetime(6) DEFAULT NULL
) ENGINE=InnoDB DEFAULT CHARSET=utf8mb4  ;

--
-- Dumping data for table `questions`
--

INSERT INTO `questions` (`question_id`, `stream_id`, `institute_id`, `program_id`, `component_id`, `subject_id`, `topic_id`, `subtype`, `instructions`, `question`, `questionfile`, `answerfile`, `insturctionfile`, `question_solution1`, `question_solution2`, `question_solution3`, `question_solution4`, `correct_answer`, `question_type`, `question_attempt_type`, `question_marks`, `question_time_allowed`, `dificult_levet`, `create_date`, `update_date`) VALUES
(679, 15, 46, 277, 307, 355, 198, 'Short', '<p>Nil</p>', '<p>How does the accounting equation maintain balance after a transaction?</p>', 'NULL', 'NULL', NULL, NULL, NULL, NULL, NULL, '<p>The accounting equation maintains balance after a transaction by ensuring that any increase or decrease in assets is offset by an equal increase or decrease in liabilities and/or equity.</p>', 'SUBJECTIVE', 'editor', 5, ' <br> ', 'Easy', '2024-05-20 15:21:08.000000', NULL),
(680, 15, 46, 277, 307, 355, 198, 'Short', '<p>Nil</p>', '<p>What is the impact on the accounting equation when a company takes out a loan?</p>', 'NULL', 'NULL', NULL, NULL, NULL, NULL, NULL, '<p>When a company takes out a loan, its assets increase by the amount of the loan (cash received) and its liabilities increase by the same amount (loan payable), keeping the equation in balance.</p>', 'SUBJECTIVE', 'editor', 5, ' <br> ', 'Easy', '2024-05-20 15:21:46.000000', NULL),
(681, 15, 46, 277, 307, 355, 198, 'Long', '<p>Nil</p>', '<p>Explain the accounting equation and provide an example to illustrate how it is used in financial accounting.</p>', 'NULL', 'NULL', NULL, NULL, NULL, NULL, NULL, '<p>The accounting equation, <span class=\"math math-inline\"><span class=\"katex\"><span class=\"katex-mathml\">Assets=Liabilities+Equity</span><span class=\"katex-html\"><span class=\"base\"><span class=\"mord text\"><span class=\"mord\">Assets</span></span><span class=\"mrel\">=</span></span><span class=\"base\"><span class=\"mord text\"><span class=\"mord\">Liabilities</span></span><span class=\"mbin\">+</span></span><span class=\"base\"><span class=\"mord text\"><span class=\"mord\">Equity</span></span></span></span></span></span>, forms the foundation of double-entry bookkeeping. It represents the relationship between a companys assets, liabilities, and owners equity. For example, if a company purchases equipment worth $5,000 by paying $2,000 in cash and taking out a loan for the remaining $3,000, the equation reflects this as an increase in assets (equipment) by $5,000, a decrease in assets (cash) by $2,000, and an increase in liabilities (loan) by $3,000. The new accounting equation is $5,000 (equipment) = $3,000 (loan) + $2,000 (equity).</p>', 'SUBJECTIVE', 'editor', 10, ' <br> ', 'Easy', '2024-05-20 15:22:35.000000', NULL),
(682, 15, 46, 277, 307, 355, 198, 'Long', '<p>Nil</p>', '<p>Discuss the importance of the accounting equation in preparing financial statements. Provide examples of how various transactions affect the accounting equation and ultimately the financial statements.</p>', 'NULL', 'NULL', NULL, NULL, NULL, NULL, NULL, '<p>The accounting equation is crucial in preparing financial statements because it ensures that the balance sheet is always balanced. It helps in tracking how transactions affect a companys financial position. For example, when a business earns revenue, it increases both assets (cash or accounts receivable) and equity (retained earnings), thus affecting the income statement and balance sheet. Conversely, paying off a liability decreases both assets (cash) and liabilities (accounts payable), impacting the balance sheet without affecting the income statement. This systematic approach ensures accuracy and consistency in financial reporting.</p>', 'SUBJECTIVE', 'editor', 10, ' <br> ', 'Easy', '2024-05-20 15:23:10.000000', NULL),
(683, 15, 46, 277, 307, 355, 198, 'T/F', '<p>Nil</p>', '<p>The accounting equation ensures that the balance sheet is always balanced.</p>', 'NULL', 'NULL', NULL, NULL, NULL, NULL, NULL, 'True', 'OBJECTIVE', '', 2, ' <br> ', 'Easy', '2024-05-20 15:26:06.000000', NULL),
(684, 15, 46, 277, 307, 355, 198, 'T/F', '<p>Nil</p>', '<p>If a company pays off its liabilities with cash, the accounting equation remains unaffected.</p>', 'NULL', 'NULL', NULL, NULL, NULL, NULL, NULL, 'False', 'OBJECTIVE', '', 2, ' <br> ', 'Easy', '2024-05-20 15:26:30.000000', NULL),
(685, 15, 46, 277, 307, 355, 198, 'T/F', '<p>Nil</p>', '<p>Purchasing equipment with cash affects only the asset side of the accounting equation.</p>', 'NULL', 'NULL', NULL, NULL, NULL, NULL, NULL, 'True', 'OBJECTIVE', '', 2, ' <br> ', 'Easy', '2024-05-20 15:27:29.000000', NULL),
(686, 15, 46, 277, 307, 355, 198, 'FIB', '<p>Nil</p>', '<p>The accounting equation is _______ = Liabilities + Equity.</p>', 'NULL', 'NULL', NULL, NULL, NULL, NULL, NULL, '<p>Assets</p>', 'OBJECTIVE', '', 2, ' <br> ', 'Easy', '2024-05-20 15:28:19.000000', NULL),
(687, 15, 46, 277, 307, 355, 198, 'FIB', '<p>Nil</p>', '<p>In the accounting equation, if assets increase and liabilities remain the same, equity must _______.</p>', 'NULL', 'NULL', NULL, NULL, NULL, NULL, NULL, '<p>Increase</p>', 'OBJECTIVE', '', 2, ' <br> ', 'Easy', '2024-05-20 15:28:45.000000', NULL),
(688, 15, 46, 277, 307, 355, 198, 'FIB', '<p>Nil</p>', '<p>A payment of dividends will decrease both equity and _______.</p>', 'NULL', 'NULL', NULL, NULL, NULL, NULL, NULL, '<p>Assets</p>', 'OBJECTIVE', '', 2, ' <br> ', 'Easy', '2024-05-20 15:29:16.000000', NULL),
(689, 15, 46, 277, 307, 355, 198, 'MCQs', '<p>AAAAAAAAAAAAAA</p>', '<p>ASA</p>', 'NULL', 'NULL', NULL, '<p>A</p>', '<p>S</p>', '<p>A</p>', '<p>F</p>', 'option1', 'OBJECTIVE', 'editor', 1100, ' <br> ', 'Easy', '2024-05-21 10:37:36.000000', NULL),
(690, 15, 46, 277, 307, 355, 198, 'MCQs', '<p>nil</p>', '<p>Which of the following represents the correct accounting equation?</p>', 'NULL', 'NULL', NULL, '<p><span class=\"math math-inline\"><span class=\"katex\"><span class=\"katex-html\"><span class=\"base\"><span class=\"mord text\"><span class=\"mord\">Assets</span></span><span class=\"mrel\">=</span></span><span class=\"base\"><span class=\"mord text\"><span class=\"mord\">Liabilities</span></span><span class=\"mbin\">&minus;</span></span><span class=\"base\"><span class=\"mord text\"><span class=\"mord\">Equity</span></span></span></span></span></span></p>', '<p>Assets=Liabilities+Equity</p>', '<p>Assets+Liabilities=Equity</p>', '<p>Assets=Equity&minus;Liabilities</p>', 'option2', 'OBJECTIVE', 'editor', 5, ' <br> ', 'Easy', '2024-05-21 10:45:00.000000', NULL),
(691, 15, 46, 283, 311, 361, 204, 'Short', '<p><strong>Lorem Ipsum</strong>&nbsp;is simply dummy text of the printing and typesetting industry. Lorem Ipsum has been the industrys standard dummy text ever since the 1500s, when an unknown printer took a galley of type and scrambled it to make a type specimen book. It has survived not only five centuries, but also the leap into electronic typesetting, remaining essentially unchanged. It was popularised in the 1960s with the release of Letraset sheets containing Lorem Ipsum passages, and more recently with desktop publishing software like Aldus PageMaker including versions of Lorem Ipsum</p>', '<p><strong>Lorem Ipsum</strong>&nbsp;is simply dummy text of the printing and typesetting industry. Lorem Ipsum has been the industrys standard dummy text ever since the 1500s, when an unknown printer took a galley of type and scrambled it to make a type specimen book. It has survived not only five centuries, but also the leap into electronic typesetting, remaining essentially unchanged. It was popularised in the 1960s with the release of Letraset sheets containing Lorem Ipsum passages, and more recently with desktop publishing software like Aldus PageMaker including versions of Lorem Ipsum</p>', 'NULL', 'NULL', NULL, NULL, NULL, NULL, NULL, '<p><strong>Lorem Ipsum</strong>&nbsp;is simply dummy text of the printing and typesetting industry. Lorem Ipsum has been the industrys standard dummy text ever since the 1500s, when an unknown printer took a galley of type and scrambled it to make a type specimen book. It has survived not only five centuries, but also the leap into electronic typesetting, remaining essentially unchanged. It was popularised in the 1960s with the release of Letraset sheets containing Lorem Ipsum passages, and more recently with desktop publishing software like Aldus PageMaker including versions of Lorem Ipsum</p>', 'SUBJECTIVE', 'editor', 10, ' <br> ', 'Easy', '2024-05-27 14:21:57.000000', NULL),
(692, 15, 46, 283, 311, 361, 204, 'Short', '<p><strong>Lorem Ipsum</strong>&nbsp;is simply dummy text of the printing and typesetting industry. Lorem Ipsum has been the industrys standard dummy text ever since the 1500s, when an unknown printer took a galley of type and scrambled it to make a type specimen book. It has survived not only five centuries, but also the leap into electronic typesetting, remaining essentially unchanged. It was popularised in the 1960s with the release of Letraset sheets containing Lorem Ipsum passages, and more recently with desktop publishing software like Aldus PageMaker including versions of Lorem Ipsum</p>', '<p><strong>Lorem Ipsum</strong>&nbsp;is simply dummy text of the printing and typesetting industry. Lorem Ipsum has been the industrys standard dummy text ever since the 1500s, when an unknown printer took a galley of type and scrambled it to make a type specimen book. It has survived not only five centuries, but also the leap into electronic typesetting, remaining essentially unchanged. It was popularised in the 1960s with the release of Letraset sheets containing Lorem Ipsum passages, and more recently with desktop publishing software like Aldus PageMaker including versions of Lorem Ipsum</p>', 'NULL', 'NULL', NULL, NULL, NULL, NULL, NULL, '<p><strong>Lorem Ipsum</strong>&nbsp;is simply dummy text of the printing and typesetting industry. Lorem Ipsum has been the industrys standard dummy text ever since the 1500s, when an unknown printer took a galley of type and scrambled it to make a type specimen book. It has survived not only five centuries, but also the leap into electronic typesetting, remaining essentially unchanged. It was popularised in the 1960s with the release of Letraset sheets containing Lorem Ipsum passages, and more recently with desktop publishing software like Aldus PageMaker including versions of Lorem Ipsum</p>', 'SUBJECTIVE', 'editor', 10, ' <br> ', 'Easy', '2024-05-27 14:22:18.000000', NULL),
(693, 15, 46, 283, 311, 361, 204, 'Long', '<p><strong>Lorem Ipsum</strong>&nbsp;is simply dummy text of the printing and typesetting industry. Lorem Ipsum has been the industrys standard dummy text ever since the 1500s, when an unknown printer took a galley of type and scrambled it to make a type specimen book. It has survived not only five centuries, but also the leap into electronic typesetting, remaining essentially unchanged. It was popularised in the 1960s with the release of Letraset sheets containing Lorem Ipsum passages, and more recently with desktop publishing software like Aldus PageMaker including versions of Lorem Ipsum</p>', '<p><strong>Lorem Ipsum</strong>&nbsp;is simply dummy text of the printing and typesetting industry. Lorem Ipsum has been the industrys standard dummy text ever since the 1500s, when an unknown printer took a galley of type and scrambled it to make a type specimen book. It has survived not only five centuries, but also the leap into electronic typesetting, remaining essentially unchanged. It was popularised in the 1960s with the release of Letraset sheets containing Lorem Ipsum passages, and more recently with desktop publishing software like Aldus PageMaker including versions of Lorem Ipsum</p>', 'NULL', 'NULL', NULL, NULL, NULL, NULL, NULL, '<p><strong>Lorem Ipsum</strong>&nbsp;is simply dummy text of the printing and typesetting industry. Lorem Ipsum has been the industrys standard dummy text ever since the 1500s, when an unknown printer took a galley of type and scrambled it to make a type specimen book. It has survived not only five centuries, but also the leap into electronic typesetting, remaining essentially unchanged. It was popularised in the 1960s with the release of Letraset sheets containing Lorem Ipsum passages, and more recently with desktop publishing software like Aldus PageMaker including versions of Lorem Ipsum</p>', 'SUBJECTIVE', 'editor', 10, ' <br> ', 'Easy', '2024-05-27 14:22:41.000000', NULL),
(694, 15, 46, 283, 311, 361, 204, 'Long', '<p><strong>Lorem Ipsum</strong>&nbsp;is simply dummy text of the printing and typesetting industry. Lorem Ipsum has been the industrys standard dummy text ever since the 1500s, when an unknown printer took a galley of type and scrambled it to make a type specimen book. It has survived not only five centuries, but also the leap into electronic typesetting, remaining essentially unchanged. It was popularised in the 1960s with the release of Letraset sheets containing Lorem Ipsum passages, and more recently with desktop publishing software like Aldus PageMaker including versions of Lorem Ipsum</p>', '<p><strong>Lorem Ipsum</strong>&nbsp;is simply dummy text of the printing and typesetting industry. Lorem Ipsum has been the industrys standard dummy text ever since the 1500s, when an unknown printer took a galley of type and scrambled it to make a type specimen book. It has survived not only five centuries, but also the leap into electronic typesetting, remaining essentially unchanged. It was popularised in the 1960s with the release of Letraset sheets containing Lorem Ipsum passages, and more recently with desktop publishing software like Aldus PageMaker including versions of Lorem Ipsum</p>', 'NULL', 'NULL', NULL, NULL, NULL, NULL, NULL, '<p><strong>Lorem Ipsum</strong>&nbsp;is simply dummy text of the printing and typesetting industry. Lorem Ipsum has been the industrys standard dummy text ever since the 1500s, when an unknown printer took a galley of type and scrambled it to make a type specimen book. It has survived not only five centuries, but also the leap into electronic typesetting, remaining essentially unchanged. It was popularised in the 1960s with the release of Letraset sheets containing Lorem Ipsum passages, and more recently with desktop publishing software like Aldus PageMaker including versions of Lorem Ipsum</p>', 'SUBJECTIVE', 'editor', 10, ' <br> ', 'Easy', '2024-05-27 14:22:57.000000', NULL),
(695, 15, 46, 283, 311, 361, 204, 'MCQs', '<p><strong>Lorem Ipsum</strong>&nbsp;is simply dummy text of the printing and typesetting industry. Lorem Ipsum has been the industrys standard dummy text ever since the 1500s, when an unknown printer took a galley of type and scrambled it to make a type specimen book. It has survived not only five centuries, but also the leap into electronic typesetting, remaining essentially unchanged. It was popularised in the 1960s with the release of Letraset sheets containing Lorem Ipsum passages, and more recently with desktop publishing software like Aldus PageMaker including versions of Lorem Ipsum</p>', '<p><strong>Lorem Ipsum</strong>&nbsp;is simply dummy text of the printing and typesetting industry. Lorem Ipsum has been the industrys standard dummy text ever since the 1500s, when an unknown printer took a galley of type and scrambled it to make a type specimen book. It has survived not only five centuries, but also the leap into electronic typesetting, remaining essentially unchanged. It was popularised in the 1960s with the release of Letraset sheets containing Lorem Ipsum passages, and more recently with desktop publishing software like Aldus PageMaker including versions of Lorem Ipsum</p>', 'NULL', 'NULL', NULL, '<p>A</p>', '<p>B</p>', '<p>C</p>', '<p>D</p>', 'option2', 'OBJECTIVE', 'editor', 50, ' <br> ', 'Easy', '2024-05-27 14:23:24.000000', NULL),
(696, 15, 46, 283, 311, 361, 204, 'MCQs', '<p><strong>Lorem Ipsum</strong>&nbsp;is simply dummy text of the printing and typesetting industry. Lorem Ipsum has been the industrys standard dummy text ever since the 1500s, when an unknown printer took a galley of type and scrambled it to make a type specimen book. It has survived not only five centuries, but also the leap into electronic typesetting, remaining essentially unchanged. It was popularised in the 1960s with the release of Letraset sheets containing Lorem Ipsum passages, and more recently with desktop publishing software like Aldus PageMaker including versions of Lorem Ipsum</p>', '<p><strong>Lorem Ipsum</strong>&nbsp;is simply dummy text of the printing and typesetting industry. Lorem Ipsum has been the industrys standard dummy text ever since the 1500s, when an unknown printer took a galley of type and scrambled it to make a type specimen book. It has survived not only five centuries, but also the leap into electronic typesetting, remaining essentially unchanged. It was popularised in the 1960s with the release of Letraset sheets containing Lorem Ipsum passages, and more recently with desktop publishing software like Aldus PageMaker including versions of Lorem Ipsum</p>', 'NULL', 'NULL', NULL, '<p>A</p>', '<p>B</p>', '<p>C</p>', '<p>D</p>', 'option1', 'OBJECTIVE', 'editor', 50, ' <br> ', 'Easy', '2024-05-27 14:23:44.000000', NULL),
(697, 15, 46, 283, 311, 361, 204, 'T/F', '<p><strong>Lorem Ipsum</strong>&nbsp;is simply dummy text of the printing and typesetting industry. Lorem Ipsum has been the industrys standard dummy text ever since the 1500s, when an unknown printer took a galley of type and scrambled it to make a type specimen book. It has survived not only five centuries, but also the leap into electronic typesetting, remaining essentially unchanged. It was popularised in the 1960s with the release of Letraset sheets containing Lorem Ipsum passages, and more recently with desktop publishing software like Aldus PageMaker including versions of Lorem Ipsum</p>', '<p><strong>Lorem Ipsum</strong>&nbsp;is simply dummy text of the printing and typesetting industry. Lorem Ipsum has been the industrys standard dummy text ever since the 1500s, when an unknown printer took a galley of type and scrambled it to make a type specimen book. It has survived not only five centuries, but also the leap into electronic typesetting, remaining essentially unchanged. It was popularised in the 1960s with the release of Letraset sheets containing Lorem Ipsum passages, and more recently with desktop publishing software like Aldus PageMaker including versions of Lorem Ipsum</p>', 'NULL', 'NULL', NULL, NULL, NULL, NULL, NULL, 'True', 'OBJECTIVE', '', 50, ' <br> ', 'Easy', '2024-05-27 14:23:59.000000', NULL),
(698, 15, 46, 283, 311, 361, 204, 'T/F', '<p><strong>Lorem Ipsum</strong>&nbsp;is simply dummy text of the printing and typesetting industry. Lorem Ipsum has been the industrys standard dummy text ever since the 1500s, when an unknown printer took a galley of type and scrambled it to make a type specimen book. It has survived not only five centuries, but also the leap into electronic typesetting, remaining essentially unchanged. It was popularised in the 1960s with the release of Letraset sheets containing Lorem Ipsum passages, and more recently with desktop publishing software like Aldus PageMaker including versions of Lorem Ipsum</p>', '<p><em><strong>Lorem Ipsum</strong>&nbsp;is simply dummy text of the printing and typesetting industry. Lorem Ipsum has been the industrys standard dummy text ever since the 1500s, when an unknown printer took a galley of type and scrambled it to make a type specimen book. It has survived not only five centuries, but also the leap into electronic typesetting, remaining essentially unchanged. It was popularised in the 1960s with the release of Letraset sheets containing Lorem Ipsum passages, and more recently with desktop publishing software like Aldus PageMaker including versions of Lorem Ipsum</em></p>', 'NULL', 'NULL', NULL, NULL, NULL, NULL, NULL, 'False', 'OBJECTIVE', '', 50, ' <br> ', 'Easy', '2024-05-27 14:24:15.000000', NULL),
(699, 15, 46, 283, 311, 361, 204, 'FIB', '<p><strong>Lorem Ipsum</strong>&nbsp;is simply dummy text of the printing and typesetting industry. Lorem Ipsum has been the industrys standard dummy text ever since the 1500s, when an unknown printer took a galley of type and scrambled it to make a type specimen book. It has survived not only five centuries, but also the leap into electronic typesetting, remaining essentially unchanged. It was popularised in the 1960s with the release of Letraset sheets containing Lorem Ipsum passages, and more recently with desktop publishing software like Aldus PageMaker including versions of Lorem Ipsum</p>', '<p><strong>Lorem Ipsum</strong>&nbsp;is simply dummy text of the printing and typesetting industry. Lorem Ipsum has been the industrys standard dummy text ever since the 1500s, when an unknown printer took a galley of type and scrambled it to make a type specimen book. It has survived not only five centuries, but also the leap into electronic typesetting, remaining essentially unchanged. It was popularised in the 1960s with the release of Letraset sheets containing Lorem Ipsum passages, and more recently with desktop publishing software like Aldus PageMaker including versions of Lorem Ipsum</p>', 'NULL', 'NULL', NULL, NULL, NULL, NULL, NULL, '<p><strong>Lorem Ipsum</strong></p>', 'OBJECTIVE', '', 50, ' <br> ', 'Easy', '2024-05-27 14:24:41.000000', NULL),
(700, 15, 46, 283, 311, 361, 204, 'FIB', '<p><strong>Lorem Ipsum</strong>&nbsp;is simply dummy text of the printing and typesetting industry. Lorem Ipsum has been the industrys standard dummy text ever since the 1500s, when an unknown printer took a galley of type and scrambled it to make a type specimen book. It has survived not only five centuries, but also the leap into electronic typesetting, remaining essentially unchanged. It was popularised in the 1960s with the release of Letraset sheets containing Lorem Ipsum passages, and more recently with desktop publishing software like Aldus PageMaker including versions of Lorem Ipsum</p>', '<p><strong>Lorem Ipsum</strong>&nbsp;is simply dummy text of the printing and typesetting industry. Lorem Ipsum has been the industrys standard dummy text ever since the 1500s, when an unknown printer took a galley of type and scrambled it to make a type specimen book. It has survived not only five centuries, but also the leap into electronic typesetting, remaining essentially unchanged. It was popularised in the 1960s with the release of Letraset sheets containing Lorem Ipsum passages, and more recently with desktop publishing software like Aldus PageMaker including versions of Lorem Ipsum</p>', 'NULL', 'NULL', NULL, NULL, NULL, NULL, NULL, '<p><strong>Lorem Ipsum</strong></p>', 'OBJECTIVE', '', 50, ' <br> ', 'Easy', '2024-05-27 14:25:02.000000', NULL),
(701, 15, 46, 284, 312, 363, 206, 'MCQs', '<p>NIL</p>', '<p>An unknown element has a nucleon number of 212 and atomic number of 90. Find the number of protons, electrons and neutrons in the element</p>', 'NULL', 'NULL', NULL, '<p>E= 90</p>\r\n<p>P=90</p>\r\n<p>N=110</p>', '<p>E= 90</p>\r\n<p>P=122</p>\r\n<p>N=90</p>', '<p>E= 90</p>\r\n<p>P=90</p>\r\n<p>N=122</p>', '<p>E= 90</p>\r\n<p>P=100</p>\r\n<p>N=120</p>', 'option3', 'OBJECTIVE', 'editor', 2, ' <br> ', 'Easy', '2024-06-27 13:36:17.000000', NULL),
(702, 15, 46, 284, 312, 363, 206, 'MCQs', '<p>&nbsp;NIL</p>', '<p>&nbsp;How much heavier is the mass of protons compared to electrons?</p>', 'NULL', 'NULL', NULL, '<p>&nbsp;1836</p>', '<p>&nbsp;1886</p>', '<p>&nbsp;1863</p>', '<p>1889&nbsp;</p>', 'option1', 'OBJECTIVE', 'editor', 2, ' <br> ', 'Medium', '2024-06-27 13:39:18.000000', NULL),
(703, 15, 46, 284, 312, 363, 206, 'MCQs', '<p>NIL</p>', '<p>Which of the following scientists said that the atoms are the ultimate particles that cannot be further divided?</p>', 'NULL', 'NULL', NULL, '<p>Rutherford</p>', '<p>Bohr</p>', '<p>Dalton</p>', '<p>Cannizzaro</p>', 'option3', 'OBJECTIVE', 'editor', 2, ' <br> ', 'Easy', '2024-06-27 13:41:48.000000', NULL),
(704, 15, 46, 284, 312, 363, 206, 'MCQs', '<p>NIL</p>', '<p>How many electrons can an orbital accomodate ?</p>', 'NULL', 'NULL', NULL, '<p>2</p>', '<p>8</p>', '<p>14</p>', '<p>6</p>', 'option1', 'OBJECTIVE', 'editor', 2, ' <br> ', 'Easy', '2024-06-27 13:45:09.000000', NULL),
(705, 15, 46, 284, 312, 363, 206, 'MCQs', '<p>NIL</p>', '<p>What happens to energy when electron changes its orbit from outer to inner level?</p>', 'NULL', 'NULL', NULL, '<p>energy is absorbed</p>', '<p>energy is released</p>', '<p>energy remains constant</p>', '<p>no change</p>', 'option2', 'OBJECTIVE', 'editor', 2, ' <br> ', 'Easy', '2024-06-27 13:48:51.000000', NULL),
(706, 15, 46, 284, 312, 363, 207, 'MCQs', '<p>NIL</p>', '<p>The relative attraction of the nucleus for the electrons in a chemical bond is called:</p>', 'NULL', 'NULL', NULL, '<p>Ionization energy</p>', '<p>Electron Affinity</p>', '<p>Electronegativity</p>', '<p>None</p>', 'option3', 'OBJECTIVE', 'editor', 2, ' <br> ', 'Easy', '2024-06-27 13:51:52.000000', NULL),
(707, 15, 46, 284, 312, 363, 207, 'MCQs', '<p>NIL</p>', '<p>Which of the following will have highest value of electron affinity?</p>', 'NULL', 'NULL', NULL, '<p>F</p>', '<p>Cl</p>', '<p>Br</p>', '<p>I</p>', 'option2', 'OBJECTIVE', 'editor', 2, ' <br> ', 'Easy', '2024-06-27 13:52:59.000000', NULL),
(708, 15, 46, 284, 312, 363, 207, 'MCQs', '<p>NIL</p>', '<p>The octet rule does not always hold for which of the following elements?</p>', 'NULL', 'NULL', NULL, '<p>C</p>', '<p>O</p>', '<p>F</p>', '<p>P</p>', 'option4', 'OBJECTIVE', 'editor', 2, ' <br> ', 'Easy', '2024-06-27 13:54:03.000000', NULL),
(709, 15, 46, 284, 312, 363, 207, 'MCQs', '<p>NIL</p>', '<p>Shielding effect across the period:</p>', 'NULL', 'NULL', NULL, '<p>Increases</p>', '<p>Decreases</p>', '<p>Remains constant</p>', '<p>Is not changed</p>', 'option3', 'OBJECTIVE', 'editor', 2, ' <br> ', 'Easy', '2024-06-27 13:55:15.000000', NULL),
(710, 15, 46, 284, 312, 363, 207, 'MCQs', '<p>NIL</p>', '<p>Which of the following has the highest number of unpaired electrons?</p>', 'NULL', 'NULL', NULL, '<p>6X</p>', '<p>7Y</p>', '<p>9Z</p>', '<p>13W</p>', 'option2', 'OBJECTIVE', 'editor', 2, ' <br> ', 'Easy', '2024-06-27 13:56:49.000000', NULL),
(711, 15, 46, 284, 312, 363, 208, 'MCQs', '<p>NIL</p>', '<p>Which of the following statements is true for Acids?</p>', 'NULL', 'NULL', NULL, '<p>They are bitter and changes red litmus to blue</p>', '<p>They are sour and changes blue litmus to red</p>', '<p>They are sour and changes red litmus to blue</p>', '<p>None</p>', 'option2', 'OBJECTIVE', 'editor', 2, ' <br> ', 'Easy', '2024-06-27 14:00:24.000000', NULL),
(712, 15, 46, 284, 312, 363, 208, 'MCQs', '<p style=\"padding-left: 30px;\">NIL</p>', '<p>Phenolphthalein is not a suitable indicator for titration between which of the two substances?</p>', 'NULL', 'NULL', NULL, '<p>Oxalic Acid and Acidified KMnO4</p>', '<p>Ba(OH2) and H2SO4</p>', '<p>NaOH and HCl</p>', '<p>None</p>', 'option1', 'OBJECTIVE', 'editor', 2, ' <br> ', 'Easy', '2024-06-27 14:03:01.000000', NULL),
(713, 15, 46, 284, 312, 363, 208, 'MCQs', '<p>NIL</p>', '<p>What out of the following is formed when Sodium Carbonate reacts with acid?</p>', 'NULL', 'NULL', NULL, '<p>Salt</p>', '<p>Water</p>', '<p>Carbon dioxide</p>', '<p>More than one of above</p>', 'option4', 'OBJECTIVE', 'editor', 2, ' <br> ', 'Easy', '2024-06-27 14:04:57.000000', NULL),
(714, 15, 46, 284, 312, 363, 208, 'MCQs', '<p>NIL</p>', '<p>Which of the following acids is found in&nbsp;<strong>Nettle&nbsp;</strong>plant</p>', 'NULL', 'NULL', NULL, '<p>Methanoic acid</p>', '<p>Citric acid</p>', '<p>Ethanoic acid</p>', '<p>Oxalic acid</p>', 'option1', 'OBJECTIVE', 'editor', 2, ' <br> ', 'Easy', '2024-06-27 14:06:58.000000', NULL),
(715, 15, 46, 284, 312, 363, 208, 'MCQs', '<p>NIL</p>', '<p>What is the pH value of acid rain?</p>', 'NULL', 'NULL', NULL, '<p>Less than 5.6</p>', '<p>More than 5.6</p>', '<p>More than 7.00</p>', '<p>Equal to 7.00</p>', 'option1', 'OBJECTIVE', 'editor', 2, ' <br> ', 'Easy', '2024-06-27 14:09:48.000000', NULL),
(716, 15, 46, 284, 312, 363, 209, 'MCQs', '<p>NIL</p>', '<p>Octane number can be improved by:</p>', 'NULL', 'NULL', NULL, '<p>Isomerization</p>', '<p>Adding (C2H5)4 Pb</p>', '<p>Adding (CH3)4 Pb</p>', '<p>All</p>', 'option4', 'OBJECTIVE', 'editor', 2, ' <br> ', 'Easy', '2024-06-27 14:11:24.000000', NULL),
(717, 15, 46, 284, 312, 363, 209, 'MCQs', '<p>NIL</p>', '<p>Hydro carbons which burn with smoky flame are called:</p>', 'NULL', 'NULL', NULL, '<p>Aliphatic</p>', '<p>Alicylic</p>', '<p>Aromatic</p>', '<p>Aldehyde</p>', 'option3', 'OBJECTIVE', 'editor', 2, ' <br> ', 'Easy', '2024-06-27 14:13:00.000000', NULL),
(718, 15, 46, 284, 312, 363, 209, 'MCQs', '<p>NIL</p>', '<p>Octane number 2 2 4-trimethyl pentane is:</p>', 'NULL', 'NULL', NULL, '<p>100</p>', '<p>90</p>', '<p>80</p>', '<p>70</p>', 'option1', 'OBJECTIVE', 'editor', 2, ' <br> ', 'Easy', '2024-06-27 14:14:19.000000', NULL),
(719, 15, 46, 284, 312, 363, 209, 'MCQs', '<p>NIL</p>', '<p>According to vital force theory:</p>', 'NULL', 'NULL', NULL, '<p>Organic compounds can be synthesized from inorganic compounds</p>', '<p>Organic compounds cannot be synthesized from inorganic compounds</p>', '<p>Organic compounds can be synthesized by animals</p>', '<p>Organic compounds can be synthesized by plants</p>', 'option2', 'OBJECTIVE', 'editor', 2, ' <br> ', 'Easy', '2024-06-27 14:15:50.000000', NULL),
(720, 15, 46, 284, 312, 363, 209, 'MCQs', '<p>NIL</p>', '<p>The first organic compound was synthesized in laboratory by:</p>', 'NULL', 'NULL', NULL, '<p>Wohler</p>', '<p>Kolbe</p>', '<p>Berzilius</p>', '<p>Berthelot</p>', 'option1', 'OBJECTIVE', 'editor', 2, ' <br> ', 'Easy', '2024-06-27 14:17:32.000000', NULL),
(721, 15, 46, 284, 312, 363, 211, 'MCQs', '<p>NIL</p>', '<p>Which of the following property cannot be used to describe the state of a system?</p>', 'NULL', 'NULL', NULL, '<p>Pressure</p>', '<p>Volume</p>', '<p>Temperature</p>', '<p>Universal gas constant</p>', 'option4', 'OBJECTIVE', 'editor', 2, ' <br> ', 'Easy', '2024-06-27 14:19:29.000000', NULL),
(722, 15, 46, 284, 312, 363, 211, 'MCQs', '<p>NIL</p>', '<p>When work is done on system or by a system there is a change in:</p>', 'NULL', 'NULL', NULL, '<p>External energy</p>', '<p>Internal energy</p>', '<p>Adiabatic energy</p>', '<p>Isothermal energy</p>', 'option2', 'OBJECTIVE', 'editor', 2, ' <br> ', 'Easy', '2024-06-27 14:20:34.000000', NULL),
(723, 15, 46, 284, 312, 363, 211, 'MCQs', '<p>NIL</p>', '<p>The system that does not allow the heat to pass through its boundary between the system and surroundings is called as ______________ system.</p>', 'NULL', 'NULL', NULL, '<p>Adiabatic</p>', '<p>Open</p>', '<p>Isothermal</p>', '<p>Close</p>', 'option1', 'OBJECTIVE', 'editor', 2, ' <br> ', 'Easy', '2024-06-27 14:21:30.000000', NULL),
(724, 15, 46, 284, 312, 363, 211, 'MCQs', '<p>NIL</p>', '<p>In an adiabatic process the work done is 50 KJ, what is its internal energy?</p>', 'NULL', 'NULL', NULL, '<p>50 KJ</p>', '<p>25 KJ</p>', '<p>-50 KJ</p>', '<p>-25 KJ</p>', 'option3', 'OBJECTIVE', 'editor', 2, ' <br> ', 'Easy', '2024-06-27 14:22:56.000000', NULL),
(725, 15, 46, 284, 312, 363, 211, 'MCQs', '<p>NIL</p>', '<p>An adiabatic process pressure is related to volume as:</p>', 'NULL', 'NULL', NULL, '<p>PV = constant</p>', '<p>PV<sup>&gamma;</sup>&nbsp;constant</p>', '<p>&nbsp;PV<sup>3</sup>&nbsp;constant</p>', '<p>PV<sup>2</sup>&nbsp;constant</p>', 'option2', 'OBJECTIVE', 'editor', 2, ' <br> ', 'Easy', '2024-06-27 14:23:59.000000', NULL),
(726, 15, 46, 284, 312, 364, 212, 'MCQs', '<p>NIL</p>', '<p>The new findings on the virus caused panic among the scientists and management ______</p>', 'NULL', 'NULL', NULL, '<p>like</p>', '<p>likely</p>', '<p>alike</p>', '<p>dislike</p>', 'option3', 'OBJECTIVE', 'editor', 2, ' <br> ', 'Easy', '2024-06-27 19:28:35.000000', NULL),
(727, 15, 46, 284, 312, 364, 212, 'MCQs', '<p>nil</p>', '<p>When she was in the university, she ________ wake up early in the morning everyday.</p>', 'NULL', 'NULL', NULL, '<p>Should</p>', '<p>Would</p>', '<p>Will</p>', '<p>Would have</p>', 'option2', 'OBJECTIVE', 'editor', 2, ' <br> ', 'Easy', '2024-06-27 19:30:02.000000', NULL),
(728, 15, 46, 284, 312, 364, 212, 'MCQs', '<p>nil</p>', '<p>When Michael got home, he realized he ________ his laptop at the cafe.</p>', 'NULL', 'NULL', NULL, '<p>left</p>', '<p>has left</p>', '<p>had left</p>', '<p>have left</p>', 'option3', 'OBJECTIVE', 'editor', 2, ' <br> ', 'Easy', '2024-06-27 19:31:19.000000', NULL),
(729, 15, 46, 284, 312, 364, 212, 'MCQs', '<p>nil</p>', '<p>Near the natural history museum, there is a bridge ________ the river Nile</p>', 'NULL', 'NULL', NULL, '<p>Above</p>', '<p>Over</p>', '<p>Off</p>', '<p>Towards</p>', 'option2', 'OBJECTIVE', 'editor', 2, ' <br> ', 'Easy', '2024-06-27 19:37:41.000000', NULL),
(730, 15, 46, 284, 312, 364, 212, 'MCQs', '<p>nil</p>', '<p>&nbsp;Lucy can&rsquo;t walk anymore, she is now ________ tired.</p>', 'NULL', 'NULL', NULL, '<p>Too</p>', '<p>So</p>', '<p>Very much</p>', '<p>Such</p>', 'option1', 'OBJECTIVE', 'editor', 2, ' <br> ', 'Easy', '2024-06-27 19:45:26.000000', NULL),
(731, 15, 46, 284, 312, 364, 213, 'MCQs', '<p>nil</p>', '<p>Among the followings, who argued that there is no meaning outside the text?</p>', 'NULL', 'NULL', NULL, '<p>Jackques Darida</p>', '<p>I A Richards</p>', '<p>Ferdinand de Saussure</p>', '<p>Antonio Gramsci</p>', 'option1', 'OBJECTIVE', 'editor', 2, ' <br> ', 'Easy', '2024-06-27 19:50:42.000000', NULL),
(732, 15, 46, 284, 312, 364, 213, 'MCQs', '<p>nil</p>', '<p>Who wrote Anatomy of criticism?</p>', 'NULL', 'NULL', NULL, '<p>Mathew Arnold</p>', '<p>T.S Eliot</p>', '<p>David Daiches</p>', '<p>Northrope Frye</p>', 'option4', 'OBJECTIVE', 'editor', 2, ' <br> ', 'Easy', '2024-06-27 19:52:32.000000', NULL),
(733, 15, 46, 284, 312, 364, 213, 'MCQs', '<p>nil</p>', '<p>Which is not a major school of criticism?</p>', 'NULL', 'NULL', NULL, '<p>Legislative</p>', '<p>Instructive</p>', '<p>Descriptive</p>', '<p>Aesthethic</p>', 'option2', 'OBJECTIVE', 'editor', 2, ' <br> ', 'Easy', '2024-06-27 19:53:57.000000', NULL),
(734, 15, 46, 284, 312, 364, 213, 'MCQs', '<p>nil</p>', '<p>A repetition of sentences using same structure is</p>', 'NULL', 'NULL', NULL, '<p>adage</p>', '<p>parallel structure</p>', '<p>aphorism</p>', '<p>pastoral</p>', 'option2', 'OBJECTIVE', 'editor', 2, ' <br> ', 'Easy', '2024-06-27 19:56:18.000000', NULL),
(735, 15, 46, 284, 312, 364, 213, 'MCQs', '<p>nil</p>', '<p>A statement that contains two or more meanings is known as:</p>', 'NULL', 'NULL', NULL, '<p>ambiguity</p>', '<p>anecdote</p>', '<p>epigraph</p>', '<p>foil</p>', 'option1', 'OBJECTIVE', 'editor', 2, ' <br> ', 'Easy', '2024-06-27 19:58:12.000000', NULL),
(737, 15, 46, 284, 312, 364, 214, 'MCQs', '<p>nil</p>', '<p>Which of the following means anodyne?</p>', 'NULL', 'NULL', NULL, '<p>ridiculous</p>', '<p>bland</p>', '<p>attacking</p>', '<p>justify</p>', 'option2', 'OBJECTIVE', 'editor', 2, ' <br> ', 'Easy', '2024-06-27 20:07:00.000000', NULL),
(739, 15, 46, 284, 312, 364, 214, 'MCQs', '<p>nil</p>', '<p>Select the most suitable word for:</p>\r\n<p>open to more than one interpretation, having no obvious meaning</p>', 'NULL', 'NULL', NULL, '<p>alchemy</p>', '<p>amateur</p>', '<p>ambigious</p>', '<p>altercation</p>', 'option3', 'OBJECTIVE', 'editor', 2, ' <br> ', 'Easy', '2024-06-27 20:10:29.000000', NULL),
(740, 15, 46, 284, 312, 364, 214, 'MCQs', '<p>nil</p>', '<p>Determine which of the words fit in the maximum of the sentences given beneath:</p>\r\n<p>The school lunch should be ____ to meet the nutritional needs of children</p>\r\n<p>The machine does an ___ job</p>\r\n<p>The tent should provide ___ protection from elements</p>\r\n<p>The quality of his work was perfectly ___</p>', 'NULL', 'NULL', NULL, '<p>Worth</p>', '<p>Better</p>', '<p>Adequate</p>', '<p>Quite</p>', 'option3', 'OBJECTIVE', 'editor', 2, ' <br> ', 'Easy', '2024-06-28 09:11:52.000000', NULL),
(741, 15, 46, 284, 312, 364, 214, 'MCQs', '<p>nil</p>', '<p>Katherine was very tired yesterday, ________ she didn&rsquo;t go to the office.</p>', 'NULL', 'NULL', NULL, '<p>but</p>', '<p>so</p>', '<p>such</p>', '<p>then</p>', 'option2', 'OBJECTIVE', 'editor', 2, ' <br> ', 'Easy', '2024-06-28 09:13:00.000000', NULL),
(742, 15, 46, 284, 312, 364, 214, 'MCQs', '<p>nil</p>', '<p>She is going to quit her job ________ they give her a pay rise</p>', 'NULL', 'NULL', NULL, '<p>or</p>', '<p>until</p>', '<p>unless</p>', '<p>providing</p>', 'option3', 'OBJECTIVE', 'editor', 2, ' <br> ', 'Easy', '2024-06-28 09:15:08.000000', NULL),
(743, 15, 46, 284, 312, 364, 215, 'MCQs', '<p>nil</p>', '<p>What is another name for summary?</p>', 'NULL', 'NULL', NULL, '<p>synopsis</p>', '<p>brief</p>', '<p>composition</p>', '<p>compression</p>', 'option1', 'OBJECTIVE', 'editor', 2, ' <br> ', 'Easy', '2024-06-28 09:16:48.000000', NULL),
(744, 15, 46, 284, 312, 364, 215, 'MCQs', '<p>nil</p>', '<p>A ________ document should be compressed into shorter one to complete a summary</p>', 'NULL', 'NULL', NULL, '<p>lengthy</p>', '<p>short</p>', '<p>simple</p>', '<p>none</p>', 'option1', 'OBJECTIVE', 'editor', 2, ' <br> ', 'Easy', '2024-06-28 09:18:33.000000', NULL),
(745, 15, 46, 284, 312, 364, 215, 'MCQs', '<p>nil</p>', '<p>which of the following should not be included in a summary?</p>', 'NULL', 'NULL', NULL, '<p>main points</p>', '<p>examples</p>', '<p>main sentence</p>', '<p>key words</p>', 'option2', 'OBJECTIVE', 'editor', 2, ' <br> ', 'Easy', '2024-06-28 09:19:47.000000', NULL),
(746, 15, 46, 284, 312, 364, 215, 'MCQs', '<p>nil&nbsp;</p>', '<p>A summary should be written in a ______ order to make sense for the reader</p>', 'NULL', 'NULL', NULL, '<p>&nbsp;logical</p>', '<p>complex order&nbsp;</p>', '<p>in whatever order you prefer&nbsp;</p>', '<p>progressive order&nbsp;</p>', 'option1', 'OBJECTIVE', 'editor', 2, ' <br> ', 'Easy', '2024-06-28 09:22:12.000000', NULL),
(747, 15, 46, 284, 312, 364, 215, 'MCQs', '<p>nil</p>', '<p>which is not an example of a summary?</p>', 'NULL', 'NULL', NULL, '<p>A recipe</p>', '<p>A police report</p>', '<p>Minutes of meeting</p>', '<p>Book report</p>', 'option1', 'OBJECTIVE', 'editor', 2, ' <br> ', 'Easy', '2024-06-28 09:23:11.000000', NULL),
(748, 15, 46, 284, 312, 364, 216, 'MCQs', '<p>nil</p>', '<p>What is an argument?</p>', 'NULL', 'NULL', NULL, '<p>A claim&nbsp;supported with evidences and reasoning</p>', '<p>The paragraph finishing of the essay</p>', '<p>reasons to back up a claim</p>', '<p>Something to disprove the opposing view point</p>', 'option1', 'OBJECTIVE', 'editor', 2, ' <br> ', 'Easy', '2024-06-28 09:26:49.000000', NULL),
(749, 15, 46, 284, 312, 364, 216, 'MCQs', '<p>nil</p>', '<p>Which of the following pronouns should one avoid while writing an argumentative essay?</p>', 'NULL', 'NULL', NULL, '<p>You</p>', '<p>I</p>', '<p>We</p>', '<p>All are correct</p>', 'option4', 'OBJECTIVE', 'editor', 2, ' <br> ', 'Easy', '2024-06-28 09:29:23.000000', NULL),
(750, 15, 46, 284, 312, 364, 216, 'MCQs', '<p>nil</p>', '<p>Argumentative writing should appeal to the readers.....</p>', 'NULL', 'NULL', NULL, '<p>intelligent</p>', '<p>sense of social justice</p>', '<p>taste buds</p>', '<p>emotions</p>', 'option1', 'OBJECTIVE', 'editor', 2, ' <br> ', 'Easy', '2024-06-28 09:30:20.000000', NULL),
(751, 15, 46, 284, 312, 364, 216, 'MCQs', '<p>nil</p>', '<p><span id=\"th_1\" class=\"t s2_1\" data-left=\"75\" data-top=\"419\" data-oc=\"true\">Good _________ essay includes many vivid sensory details that paint </span><span id=\"ti_1\" class=\"t s2_1\" data-left=\"75\" data-top=\"439\" data-oc=\"true\">a picture.</span></p>', 'NULL', 'NULL', NULL, '<p>Expository</p>', '<p>Analytical</p>', '<p>descriptive</p>', '<p>argumentative</p>', 'option3', 'OBJECTIVE', 'editor', 2, ' <br> ', 'Easy', '2024-06-28 09:31:47.000000', NULL),
(752, 15, 46, 284, 312, 364, 216, 'MCQs', '<p>nil</p>', '<p><span id=\"tt_1\" class=\"t s2_1\" data-left=\"75\" data-top=\"661\" data-oc=\"true\">A thesis statement is one of the greatest __________ aspect of an </span><span id=\"tu_1\" class=\"t s2_1\" data-left=\"75\" data-top=\"681\" data-oc=\"true\">essay.</span></p>', 'NULL', 'NULL', NULL, '<p>Unifying</p>', '<p>Distracting</p>', '<p>Research oriented</p>', '<p>Verifying</p>', 'option1', 'OBJECTIVE', 'editor', 2, ' <br> ', 'Easy', '2024-06-28 09:32:43.000000', NULL),
(753, 15, 46, 284, 312, 365, 217, 'MCQs', '<p>nil</p>', '<p>A train is under a journey of several hundred kilometers. How can it be regarded?</p>', 'NULL', 'NULL', NULL, '<p>An object in motion</p>', '<p>An object under rest</p>', '<p>An object under absolute motion</p>', '<p>a point object</p>', 'option4', 'OBJECTIVE', 'editor', 2, ' <br> ', 'Easy', '2024-06-29 10:27:58.000000', NULL),
(754, 15, 46, 284, 312, 365, 217, 'MCQs', '<p>nil</p>', '<p>A car is moving along a zigzag path on a level road. This is an example for which of the following?</p>', 'NULL', 'NULL', NULL, '<p>Point object</p>', '<p>Two dimensional motion</p>', '<p>Three dimensional motion</p>', '<p>One dimensional motion</p>', 'option2', 'OBJECTIVE', 'editor', 2, ' <br> ', 'Easy', '2024-06-29 10:33:39.000000', NULL),
(755, 15, 46, 284, 312, 365, 217, 'MCQs', '<p>nil</p>', '<p>A body travels from A to B at 40m/s and from B to A at 60m/s. Calculate the average speed</p>', 'NULL', 'NULL', NULL, '<p>0</p>', '<p>48 m/s</p>', '<p>240 m/s</p>', '<p>3.5 m/s</p>', 'option2', 'OBJECTIVE', 'editor', 2, ' <br> ', 'Easy', '2024-06-29 10:35:14.000000', NULL),
(756, 15, 46, 284, 312, 365, 217, 'MCQs', '<p>nil</p>', '<p>On a 60km track travels the first 30km with a uniform speed of 30km/h. How fast must the train travel the next 30km so as to average 40km.h for the entire trip?</p>', 'NULL', 'NULL', NULL, '<p>60 km/h</p>', '<p>90 km/h</p>', '<p>120 km/h</p>', '<p>30 km/h</p>', 'option1', 'OBJECTIVE', 'editor', 2, ' <br> ', 'Easy', '2024-06-29 10:37:15.000000', NULL),
(757, 15, 46, 284, 312, 365, 217, 'MCQs', '<p>nil</p>', '<p>What is the acceleration of a bus approaching a bus stop?</p>', 'NULL', 'NULL', NULL, '<p>Uniform acceleration</p>', '<p>Instantaneous acceleration</p>', '<p>Average acceleration</p>', '<p>Negative acceleration</p>', 'option4', 'OBJECTIVE', 'editor', 2, ' <br> ', 'Easy', '2024-06-29 10:38:41.000000', NULL),
(758, 15, 46, 284, 312, 365, 218, 'MCQs', '<p>nil</p>', '<p>The excess or deficiency of electrons in a body gives concept of:</p>', 'NULL', 'NULL', NULL, '<p>Charge</p>', '<p>Coulomb</p>', '<p>Joule</p>', '<p>Neutrons</p>', 'option1', 'OBJECTIVE', 'editor', 2, ' <br> ', 'Easy', '2024-06-29 10:49:52.000000', NULL),
(760, 15, 46, 284, 312, 365, 218, 'MCQs', '<p>nil</p>', '<p><span class=\"example1\" style=\"color: #000000;\"><a style=\"color: #000000; text-decoration: underline;\" href=\"https://pakmcqs.com/electrical-engineering-mcqs/magnetism-and-electromagnetism/the-direction-of-magnetic-lines-of-force-is________________\" rel=\"bookmark\">The direction of magnetic lines of force is</a></span><span style=\"text-decoration: underline;\"><span style=\"color: #000000; text-decoration: underline;\"><a style=\"color: #000000; text-decoration: underline;\" href=\"https://pakmcqs.com/electrical-engineering-mcqs/magnetism-and-electromagnetism/the-direction-of-magnetic-lines-of-force-is________________\" rel=\"bookmark\">________________?</a></span></span></p>', 'NULL', 'NULL', NULL, '<p>From south pole to north pole</p>', '<p>From north to south pole</p>', '<p>from one end of magnet to another end</p>', '<p>none</p>', 'option2', 'OBJECTIVE', 'editor', 2, ' <br> ', 'Easy', '2024-06-29 10:58:27.000000', NULL),
(761, 15, 46, 284, 312, 365, 218, 'MCQs', '<p>nil</p>', '<p>Who demonstrated the theory of electromagnetic induction in 1831?</p>', 'NULL', 'NULL', NULL, '<p>james clerk maxwell</p>', '<p>charles coulomb</p>', '<p>michael faraday</p>', '<p>andre ampere</p>', 'option3', 'OBJECTIVE', 'editor', 2, ' <br> ', 'Easy', '2024-06-29 11:01:05.000000', NULL),
(762, 15, 46, 284, 312, 365, 218, 'MCQs', '<p>nil</p>', '<p>What solid has no defined crystal structure except perhaps in the arrangement of the nearest neighboring atoms or ions?</p>', 'NULL', 'NULL', NULL, '<p>amorphous</p>', '<p>poly amorphous</p>', '<p>poly crystalline</p>', '<p>crystalline</p>', 'option1', 'OBJECTIVE', 'editor', 2, ' <br> ', 'Easy', '2024-06-29 11:03:22.000000', NULL),
(763, 15, 46, 284, 312, 365, 218, 'MCQs', '<p>nil</p>', '<p>The ability of a material to conduct<span style=\"color: #000000;\">&nbsp;<a style=\"color: #000000; text-decoration: underline;\" href=\"https://instrumentationtools.com/topic/magnetic-units-of-measurement/\" target=\"_blank\" rel=\"noreferrer noopener\">magnetic flux</a>&nbsp;</span>through it.</p>', 'NULL', 'NULL', NULL, '<p>Permittivity</p>', '<p>Reluctivity</p>', '<p>Conductivity</p>', '<p>Permeability</p>', 'option4', 'OBJECTIVE', 'editor', 2, ' <br> ', 'Easy', '2024-06-29 11:08:30.000000', NULL),
(764, 15, 46, 284, 312, 365, 219, 'MCQs', '<p>nil</p>', '<p>What is the geometric shape of the wavefront that originates when a plane wave passes through a convex lens?</p>', 'NULL', 'NULL', NULL, '<p>Converging spherical</p>', '<p>Diverging spherical</p>', '<p>Plane</p>', '<p>None</p>', 'option1', 'OBJECTIVE', 'editor', 2, ' <br> ', 'Easy', '2024-06-29 11:09:57.000000', NULL),
(765, 15, 46, 284, 312, 365, 219, 'MCQs', '<p>nil</p>', '<p>How can the fringe width increase in Young&rsquo;s double-slit experiment?</p>', 'NULL', 'NULL', NULL, '<p>By decreasing the width of the slit</p>', '<p>By reducing the separation of slits</p>', '<p>By reducing the wavelength of the slits</p>', '<p>By decreasing the distance between slits and the screen</p>', 'option2', 'OBJECTIVE', 'editor', 2, ' <br> ', 'Easy', '2024-06-29 11:12:20.000000', NULL),
(766, 15, 46, 284, 312, 365, 219, 'MCQs', '<p>nil</p>', '<p>What is the locus of all particles in a medium vibrating in the same phase called?</p>', 'NULL', 'NULL', NULL, '<p>fringe</p>', '<p>wavelet</p>', '<p>wavefront</p>', '<p>none</p>', 'option3', 'OBJECTIVE', 'editor', 2, ' <br> ', 'Easy', '2024-06-29 11:13:29.000000', NULL),
(767, 15, 46, 284, 312, 365, 219, 'MCQs', '<p>nil</p>', '<p>Which of the following factors does the intensity of light depend on?</p>', 'NULL', 'NULL', NULL, '<p>frequency</p>', '<p>wavelength</p>', '<p>amplitude</p>', '<p>velocity</p>', 'option3', 'OBJECTIVE', 'editor', 2, ' <br> ', 'Easy', '2024-06-29 11:14:40.000000', NULL),
(768, 15, 46, 284, 312, 365, 219, 'MCQs', '<p>nil</p>', '<p>Which of the following light phenomena confirms the transverse nature of light?</p>', 'NULL', 'NULL', NULL, '<p>Refraction</p>', '<p>Differaction</p>', '<p>Dispersion</p>', '<p>Polarization</p>', 'option4', 'OBJECTIVE', 'editor', 2, ' <br> ', 'Easy', '2024-06-29 11:15:50.000000', NULL),
(769, 15, 46, 284, 312, 365, 220, 'MCQs', '<p>nil</p>', '<p>The supply of energy depends on:</p>', 'NULL', 'NULL', NULL, '<p>Mass of material</p>', '<p>Change in temperation</p>', '<p>Material itself</p>', '<p>All</p>', 'option4', 'OBJECTIVE', 'editor', 2, ' <br> ', 'Easy', '2024-06-29 11:20:15.000000', NULL),
(770, 15, 46, 284, 312, 365, 220, 'MCQs', '<p>nil</p>', '<p>All substances have minimum internal energy at</p>', 'NULL', 'NULL', NULL, '<p>absolute zero</p>', '<p>0 Degree Celcius</p>', '<p>0 Farenheit</p>', '<p>0 Kelvin</p>', 'option1', 'OBJECTIVE', 'editor', 2, ' <br> ', 'Easy', '2024-06-29 11:22:03.000000', NULL),
(771, 15, 46, 284, 312, 365, 220, 'MCQs', '<p>nil</p>', '<p>When compressed, the gas gets hotter due&nbsp; to</p>', 'NULL', 'NULL', NULL, '<p>increase in kinetic energy</p>', '<p>increase inpotential energy</p>', '<p>decrease in kinetic energy</p>', '<p>increase in collisions</p>', 'option1', 'OBJECTIVE', 'editor', 2, ' <br> ', 'Easy', '2024-06-29 11:31:29.000000', NULL),
(772, 15, 46, 284, 312, 365, 220, 'MCQs', '<p>nil</p>', '<p>If there is no energy transfer between two objects, the temperature between them is:</p>\r\n<p>&nbsp;</p>', 'NULL', 'NULL', NULL, '<p>same</p>', '<p>different</p>', '<p>zero</p>', '<p>infinite</p>', 'option1', 'OBJECTIVE', 'editor', 2, ' <br> ', 'Easy', '2024-06-29 11:37:02.000000', NULL),
(773, 15, 46, 284, 312, 365, 220, 'MCQs', '<p>nil</p>', '<p>Celcius scale is based on properties of</p>', 'NULL', 'NULL', NULL, '<p>mercury</p>', '<p>aluminium</p>', '<p>cesium</p>', '<p>water</p>', 'option4', 'OBJECTIVE', 'editor', 2, ' <br> ', 'Easy', '2024-06-29 11:38:20.000000', NULL),
(774, 15, 46, 284, 312, 365, 221, 'MCQs', '<p>nil</p>', '<p>mirror nuclei are</p>', 'NULL', 'NULL', NULL, '<p>isotopes</p>', '<p>isobars</p>', '<p>isomers</p>', '<p>isotones</p>', 'option2', 'OBJECTIVE', 'editor', 2, ' <br> ', 'Easy', '2024-06-29 11:41:33.000000', NULL),
(775, 15, 46, 284, 312, 365, 221, 'MCQs', '<p>nil</p>', '<p>Which of the following is magic number for neutrons in nucleus</p>', 'NULL', 'NULL', NULL, '<p>28</p>', '<p>52</p>', '<p>75</p>', '<p>none</p>', 'option4', 'OBJECTIVE', 'editor', 2, ' <br> ', 'Easy', '2024-06-29 11:42:36.000000', NULL),
(776, 15, 46, 284, 312, 365, 221, 'MCQs', '<p>nil</p>', '<p>Half life of an element is independent of</p>', 'NULL', 'NULL', NULL, '<p>atomic number</p>', '<p>atomic mass</p>', '<p>neutrons&nbsp;</p>', '<p>chemical state</p>', 'option4', 'OBJECTIVE', 'editor', 2, ' <br> ', 'Easy', '2024-06-29 11:43:43.000000', NULL),
(777, 15, 46, 284, 312, 365, 221, 'MCQs', '<p>nil</p>', '<p>During natural radioactivity which of the following can never be emitted</p>', 'NULL', 'NULL', NULL, '<p>electron</p>', '<p>proton</p>', '<p>alpha particle</p>', '<p>photon</p>', 'option2', 'OBJECTIVE', 'editor', 2, ' <br> ', 'Easy', '2024-06-29 11:47:16.000000', NULL),
(778, 15, 46, 284, 312, 365, 221, 'MCQs', '<p>nil</p>', '<p>The energy required to remove one nucleon from a nucleus is called</p>', 'NULL', 'NULL', NULL, '<p>binding energy</p>', '<p>packing fraction</p>', '<p>excitation energy</p>', '<p>none</p>', 'option1', 'OBJECTIVE', 'editor', 2, ' <br> ', 'Easy', '2024-06-29 11:48:53.000000', NULL);
INSERT INTO `questions` (`question_id`, `stream_id`, `institute_id`, `program_id`, `component_id`, `subject_id`, `topic_id`, `subtype`, `instructions`, `question`, `questionfile`, `answerfile`, `insturctionfile`, `question_solution1`, `question_solution2`, `question_solution3`, `question_solution4`, `correct_answer`, `question_type`, `question_attempt_type`, `question_marks`, `question_time_allowed`, `dificult_levet`, `create_date`, `update_date`) VALUES
(779, 15, 46, 284, 312, 366, 222, 'MCQs', '<p>nil</p>', '<p>In the given list, which is the simplest amino acid?</p>', 'NULL', 'NULL', NULL, '<p>alanine</p>', '<p>glycine</p>', '<p>tyrosine</p>', '<p>asparagine</p>', 'option2', 'OBJECTIVE', 'editor', 2, ' <br> ', 'Easy', '2024-06-29 11:52:53.000000', NULL),
(780, 15, 46, 284, 312, 366, 222, 'MCQs', '<p>nil</p>', '<p>Animal cells are interconnected by _______</p>', 'NULL', 'NULL', NULL, '<p>desmosomes</p>', '<p>cell wall</p>', '<p>plasmodesmata</p>', '<p>plasma membrane</p>', 'option1', 'OBJECTIVE', 'editor', 2, ' <br> ', 'Easy', '2024-06-29 11:54:09.000000', NULL),
(781, 15, 46, 284, 312, 366, 222, 'MCQs', '<p>nil</p>', '<p>Polythene chromosomes are found because of _____?</p>', 'NULL', 'NULL', NULL, '<p>endomixes</p>', '<p>mitosis</p>', '<p>meiosis</p>', '<p>endomitosis</p>', 'option4', 'OBJECTIVE', 'editor', 2, ' <br> ', 'Easy', '2024-06-29 11:55:00.000000', NULL),
(782, 15, 46, 284, 312, 366, 222, 'MCQs', '<p>nil</p>', '<p>The rRNA is synthesized by _________</p>', 'NULL', 'NULL', NULL, '<p>golgi body</p>', '<p>nucleus</p>', '<p>nucleolus</p>', '<p>cystoplasm</p>', 'option3', 'OBJECTIVE', 'editor', 2, ' <br> ', 'Easy', '2024-06-29 12:00:12.000000', NULL),
(783, 15, 46, 284, 312, 366, 222, 'MCQs', '<p>nil</p>', '<p>Centriole takes part in the formation of:</p>', 'NULL', 'NULL', NULL, '<p>nucleous</p>', '<p>spindle</p>', '<p>cell plate</p>', '<p>cell divison initiation</p>', 'option2', 'OBJECTIVE', 'editor', 2, ' <br> ', 'Easy', '2024-06-29 12:01:35.000000', NULL),
(784, 15, 46, 284, 312, 366, 223, 'MCQs', '<p>nil</p>', '<p>The tendency of an offspring to resemble its parent is known as</p>', 'NULL', 'NULL', NULL, '<p>variation</p>', '<p>resemblance</p>', '<p>heredity</p>', '<p>inheritance</p>', 'option3', 'OBJECTIVE', 'editor', 2, ' <br> ', 'Easy', '2024-06-29 12:03:36.000000', NULL),
(785, 15, 46, 284, 312, 366, 223, 'MCQs', '<p>nil</p>', '<p>Who is known as the &ldquo;Father of Genetics&rdquo;?</p>', 'NULL', 'NULL', NULL, '<p>Mendel</p>', '<p>Morgan</p>', '<p>Bateson</p>', '<p>Watson</p>', 'option1', 'OBJECTIVE', 'editor', 2, ' <br> ', 'Easy', '2024-06-29 12:05:44.000000', NULL),
(786, 15, 46, 284, 312, 366, 223, 'MCQs', '<p>nil</p>', '<p>The alternate form of a gene is</p>', 'NULL', 'NULL', NULL, '<p>Recessive character</p>', '<p>Alternate type</p>', '<p>Allele</p>', '<p>Dominant character</p>', 'option3', 'OBJECTIVE', 'editor', 2, ' <br> ', 'Easy', '2024-06-29 16:24:17.000000', NULL),
(787, 15, 46, 284, 312, 366, 223, 'MCQs', '<p>nil</p>', '<p>The genotypic ratio of a monohybrid cross is</p>', 'NULL', 'NULL', NULL, '<p>3:1</p>', '<p>1:2:1</p>', '<p>9:3:3:1</p>', '<p>2:1:1</p>', 'option2', 'OBJECTIVE', 'editor', 2, ' <br> ', 'Easy', '2024-06-29 16:25:22.000000', NULL),
(788, 15, 46, 284, 312, 366, 223, 'MCQs', '<p>nil</p>', '<p>The crossing of F1 to either of the parents is known as</p>', 'NULL', 'NULL', NULL, '<p>Test cross</p>', '<p>F1 cross</p>', '<p>Back cross</p>', '<p>All of the above</p>', 'option3', 'OBJECTIVE', 'editor', 2, ' <br> ', 'Easy', '2024-06-29 16:30:16.000000', NULL),
(789, 15, 46, 284, 312, 366, 224, 'MCQs', '<p>nil</p>', '<p>Which subject deals with the integrated functions of the body?</p>', 'NULL', 'NULL', NULL, '<p>Histology</p>', '<p>Anatomy</p>', '<p>Physiology</p>', '<p>Psychology</p>', 'option3', 'OBJECTIVE', 'editor', 2, ' <br> ', 'Easy', '2024-06-29 16:32:38.000000', NULL),
(790, 15, 46, 284, 312, 366, 224, 'MCQs', '<p>nil</p>', '<p>Which functional groups are formed by the association of various tissues</p>', 'NULL', 'NULL', NULL, '<p>System</p>', '<p>Body</p>', '<p>Skeleton</p>', '<p>Organ</p>', 'option4', 'OBJECTIVE', 'editor', 2, ' <br> ', 'Easy', '2024-06-29 16:34:05.000000', NULL),
(791, 15, 46, 284, 312, 366, 224, 'MCQs', '<p>nil</p>', '<p>What is the thickness of cell membrane?</p>', 'NULL', 'NULL', NULL, '<p>70-100&ordm;A</p>', '<p>. 100-150&ordm;A</p>', '<p>30-60&ordm;A</p>', '<p>10-20&ordm;A</p>', 'option1', 'OBJECTIVE', 'editor', 2, ' <br> ', 'Easy', '2024-06-29 16:57:52.000000', NULL),
(792, 15, 46, 284, 312, 366, 224, 'MCQs', '<p>nil</p>', '<p>Cell physiology includes application of most of law&rsquo;s of which subjects?</p>', 'NULL', 'NULL', NULL, '<p>Biology</p>', '<p>Chemistry</p>', '<p>Chemistry and Physics</p>', '<p>Physics</p>', 'option3', 'OBJECTIVE', 'editor', 2, ' <br> ', 'Easy', '2024-06-29 16:59:05.000000', NULL),
(793, 15, 46, 284, 312, 366, 224, 'MCQs', '<p>nil</p>', '<p>The properties of cell that are equated with those of life includes</p>', 'NULL', 'NULL', NULL, '<p>Growth</p>', '<p>Reproduction</p>', '<p>Metabolism</p>', '<p>All</p>', 'option4', 'OBJECTIVE', 'editor', 2, ' <br> ', 'Easy', '2024-06-29 17:00:27.000000', NULL),
(794, 15, 46, 284, 312, 366, 225, 'MCQs', '<p>nil</p>', '<p>Restriction enzymes were discovered by:</p>', 'NULL', 'NULL', NULL, '<p>Smith and Nathans</p>', '<p>Alexander Fleming</p>', '<p>Berg</p>', '<p>None</p>', 'option1', 'OBJECTIVE', 'editor', 2, ' <br> ', 'Easy', '2024-06-29 17:04:49.000000', NULL),
(795, 15, 46, 284, 312, 366, 225, 'MCQs', '<p>nil</p>', '<p>Bacteria protect themselves from viruses by fragmenting viral DNA with:</p>', 'NULL', 'NULL', NULL, '<p>Ligase</p>', '<p>Endonuclease</p>', '<p>Exonuclease</p>', '<p>Gyrase</p>', 'option2', 'OBJECTIVE', 'editor', 2, ' <br> ', 'Easy', '2024-06-29 17:06:54.000000', NULL),
(796, 15, 46, 284, 312, 366, 225, 'MCQs', '<p>nil</p>', '<p>. Klenow fragment is derived from:</p>', 'NULL', 'NULL', NULL, '<p>DNA ligase</p>', '<p>DNA Pol-I</p>', '<p>DNA Pol-II</p>', '<p>Reverse Transcriptase</p>', 'option2', 'OBJECTIVE', 'editor', 2, ' <br> ', 'Easy', '2024-06-29 17:08:34.000000', NULL),
(797, 15, 46, 284, 312, 366, 225, 'MCQs', '<p>nil</p>', '<p>Southern blotting is:</p>', 'NULL', 'NULL', NULL, '<p>Attachment of probes to DNA fragments</p>', '<p>Transfer of DNA fragments from electrophoretic gel to a nitrocellulose sheet</p>', '<p>Comparison of DNA fragments to two sources</p>', '<p>Transfer of DNA fragments to electrophoretic gel from cellulose membrane</p>', 'option2', 'OBJECTIVE', 'editor', 2, ' <br> ', 'Easy', '2024-06-29 17:10:31.000000', NULL),
(798, 15, 46, 284, 312, 366, 225, 'MCQs', '<p>nil</p>', '<p>The Golden Rice variety is rich in</p>', 'NULL', 'NULL', NULL, '<p>Vitamin C</p>', '<p>&Beta;-carotene and ferritin</p>', '<p>Biotin</p>', '<p>Lysine</p>', 'option2', 'OBJECTIVE', 'editor', 2, ' <br> ', 'Easy', '2024-06-29 17:12:33.000000', NULL),
(800, 15, 46, 284, 312, 366, 226, 'MCQs', '<p>nil</p>', '<p>The natural place of an organism or community is known as</p>', 'NULL', 'NULL', NULL, '<p>Habitat</p>', '<p>Habit</p>', '<p>Biome</p>', '<p>Niche</p>', 'option1', 'OBJECTIVE', 'editor', 2, ' <br> ', 'Easy', '2024-06-29 17:17:49.000000', NULL),
(801, 15, 46, 284, 312, 366, 226, 'MCQs', '<p>nil</p>', '<p>Which is the renewable exhaustible natural energy resource?</p>', 'NULL', 'NULL', NULL, '<p>coal</p>', '<p>petroleum</p>', '<p>kerosene</p>', '<p>biomass</p>', 'option4', 'OBJECTIVE', 'editor', 2, ' <br> ', 'Easy', '2024-06-29 17:21:35.000000', NULL),
(802, 15, 46, 284, 312, 366, 226, 'MCQs', '<p>nil</p>', '<p>Plants growing under direct sunlight are known as</p>', 'NULL', 'NULL', NULL, '<p>Heliophytes</p>', '<p>Sciophytes</p>', '<p>Psamophytes</p>', '<p>Dicots</p>', 'option1', 'OBJECTIVE', 'editor', 2, ' <br> ', 'Easy', '2024-06-29 17:25:12.000000', NULL),
(803, 15, 46, 284, 312, 366, 226, 'MCQs', '<p>nil</p>', '<p>An orchid living on a tree exhibits</p>', 'NULL', 'NULL', NULL, '<p>Predator</p>', '<p>Mutualism</p>', '<p>Commensalism</p>', '<p>Parasitism</p>', 'option3', 'OBJECTIVE', 'editor', 2, ' <br> ', 'Easy', '2024-06-29 17:28:04.000000', NULL),
(804, 15, 46, 284, 312, 366, 226, 'MCQs', '<p>nil</p>', '<p>The process of vernalization is practised in</p>', 'NULL', 'NULL', NULL, '<p>cold regions</p>', '<p>hot regions</p>', '<p>Only in sub-tropical countries</p>', '<p>in tropical countries</p>', 'option1', 'OBJECTIVE', 'editor', 2, ' <br> ', 'Easy', '2024-06-29 17:31:34.000000', NULL),
(805, 15, 46, 284, 312, 367, 227, 'MCQs', '<p>nil</p>', '<p>The question given below has a set of three or four statements. Each set of statements is further divided into three segments. Choose the alternative where the third segment in the statement can be logically deduced using both the preceding two, but not just from one of them.<br /><br />Statement- I. No key is door.<br />II. All doors are pens.<br />III. Some pens are houses.<br /><br />Conclusion - I. No key is house.<br />II. Some pens are doors.</p>', 'NULL', 'NULL', NULL, '<p>Only I follows</p>', '<p>Only II follows</p>', '<p>Only III follows</p>', '<p>I and II follows</p>', 'option2', 'OBJECTIVE', 'editor', 2, ' <br> ', 'Easy', '2024-06-29 17:36:15.000000', NULL),
(806, 15, 46, 284, 312, 367, 227, 'MCQs', '<p>nil</p>', '<p>&nbsp;The question given below has a set of three or four statements. Each set of statements is further divided into three segments. Choose the alternative where the third segment in the statement can be logically deduced using both the preceding two, but not just from one of them.<br /><br />Statement - I. All fruits are lions<br />II. All lions are foxes<br />III. Some foxes are beggars<br /><br />Conclusion - I. All fruits are foxes.<br />II. Some fruits are beggars.</p>', 'NULL', 'NULL', NULL, '<p>I follows</p>', '<p>II follows</p>', '<p>III follows</p>', '<p>None follows</p>', 'option1', 'OBJECTIVE', 'editor', 2, ' <br> ', 'Easy', '2024-06-29 17:39:29.000000', NULL),
(807, 15, 46, 284, 312, 367, 227, 'MCQs', '<p>nil</p>', '<p>The question given below has a set of three or four statements. Each set of statements is further divided into three segments. Choose the alternative where the third segment in the statement can be logically deduced using both the preceding two, but not just from one of them.<br /><br />Statement - I. All flowers are toys.<br />II. Some toys are idiots.<br />III. Some angels are idiots.<br /><br />Conclusion - I. Some angels are toys.<br />II. Some idiots are flowers.<br />III. Some flowers are angels.</p>', 'NULL', 'NULL', NULL, '<p>only I follows</p>', '<p>only II follows</p>', '<p>I and II follows</p>', '<p>none followss</p>', 'option4', 'OBJECTIVE', 'editor', 2, ' <br> ', 'Easy', '2024-06-29 17:42:06.000000', NULL),
(808, 15, 46, 284, 312, 367, 227, 'MCQs', '<p>nil</p>', '<p>The question given below has a set of three or four statements. Each set of statements is further divided into three segments. Choose the alternative where the third segment in the statement can be logically deduced using both the preceding two, but not just from one of them.<br /><br />Statement - I. Some pens are books.<br />II. All temples are books.<br />III. Some libraries are temples.<br /><br />Conclusion - I. Some libraries are pens.<br />II. Some pens are temples.<br />III. Some libraries are books.</p>', 'NULL', 'NULL', NULL, '<p>only I follows&nbsp;</p>', '<p>I and II follows</p>', '<p>II and III follows</p>', '<p>None follows</p>', 'option4', 'OBJECTIVE', 'editor', 2, ' <br> ', 'Easy', '2024-06-29 17:46:44.000000', NULL),
(809, 15, 46, 284, 312, 367, 227, 'MCQs', '<p>nil</p>', '<p>The question given below has a set of three or four statements. Each set of statements is further divided into three segments. Choose the alternative where the third segment in the statement can be logically deduced using both the preceding two, but not just from one of them.<br /><br />Statement - I. All bats are lions.<br />II. No cow is lion.<br />III. Some camels are cows.<br /><br />Conclusion - I. Some lions are camels.<br />II. No camel is bat.<br />III. Some bats are cows.</p>', 'NULL', 'NULL', NULL, '<p>Only I follows</p>', '<p>I and II follows</p>', '<p>I and III follows</p>', '<p>None follows</p>', 'option4', 'OBJECTIVE', 'editor', 2, ' <br> ', 'Easy', '2024-06-29 17:50:26.000000', NULL),
(810, 15, 46, 284, 312, 367, 228, 'MCQs', '<p>nil</p>', '<p>If a, 4, b are in Arithmetic Progression; a, 2, b are in Geometric Progression; then a, 1, b are in</p>', 'NULL', 'NULL', NULL, '<p>A.P</p>', '<p>G.P</p>', '<p>H.P</p>', '<p>None</p>', 'option3', 'OBJECTIVE', 'editor', 2, ' <br> ', 'Easy', '2024-06-29 17:56:44.000000', NULL),
(811, 15, 46, 284, 312, 367, 228, 'MCQs', '<p>nil</p>', '<p>&nbsp;If a, b, c are in arithmetic progression, then</p>', 'NULL', 'NULL', NULL, '<p>b=a+c</p>', '<p>2b= a+c</p>', '<p>b2=a+c</p>', '<p>2b2= a+c</p>', 'option2', 'OBJECTIVE', 'editor', 2, ' <br> ', 'Easy', '2024-06-29 17:59:46.000000', NULL),
(812, 15, 46, 284, 312, 367, 228, 'MCQs', '<p>nil</p>', '<p>The sum of arithmetic progression 2, 5, 8, &hellip;, up to 50 terms is:</p>', 'NULL', 'NULL', NULL, '<p>3775</p>', '<p>3375</p>', '<p>3757</p>', '<p>3575</p>', 'option1', 'OBJECTIVE', 'editor', 2, ' <br> ', 'Easy', '2024-06-29 18:07:50.000000', NULL),
(813, 15, 46, 284, 312, 367, 228, 'MCQs', '<p>nil</p>', '<p>Which of the following is an example of a geometric sequence?</p>', 'NULL', 'NULL', NULL, '<p>1,2,3,4</p>', '<p>1,2,4,8</p>', '<p>3,5,7,9</p>', '<p>9,20,21,28</p>', 'option2', 'OBJECTIVE', 'editor', 2, ' <br> ', 'Easy', '2024-06-29 18:10:57.000000', NULL),
(814, 15, 46, 284, 312, 367, 228, 'MCQs', '<p>nil</p>', '<p>The next term of the given sequence 1, 5, 14, 30, 55, &hellip; is</p>', 'NULL', 'NULL', NULL, '<p>80</p>', '<p>90</p>', '<p>91</p>', '<p>96</p>', 'option3', 'OBJECTIVE', 'editor', 2, ' <br> ', 'Easy', '2024-06-29 18:35:52.000000', NULL),
(815, 15, 46, 284, 312, 367, 229, 'MCQs', '<p>NIL</p>', '<p>in a row of trees, a tree is 7th from left and 14th from right. how many trees are there in a row?</p>', 'NULL', 'NULL', NULL, '<p>18</p>', '<p>19</p>', '<p>20</p>', '<p>21</p>', 'option3', 'OBJECTIVE', 'editor', 2, ' <br> ', 'Easy', '2024-06-29 18:42:58.000000', NULL),
(816, 15, 46, 284, 312, 367, 229, 'MCQs', '<p>nil</p>', '<p>B is twice old as A but twice younger than F. C is half the age of A but twice older than D. who is the 2nd oldest?</p>', 'NULL', 'NULL', NULL, '<p>B</p>', '<p>F</p>', '<p>C</p>', '<p>D</p>', 'option1', 'OBJECTIVE', 'editor', 2, ' <br> ', 'Easy', '2024-06-29 18:44:45.000000', NULL),
(817, 15, 46, 284, 312, 367, 229, 'MCQs', '<p>nil</p>', '<p>R ranks 13th in a class of 33 students. There are 5 students below S.&nbsp; How many students are there between R and S?</p>', 'NULL', 'NULL', NULL, '<p>12</p>', '<p>14</p>', '<p>15</p>', '<p>16</p>', 'option2', 'OBJECTIVE', 'editor', 2, ' <br> ', 'Easy', '2024-06-29 18:46:49.000000', NULL),
(818, 15, 46, 284, 312, 367, 229, 'MCQs', '<p>nil</p>', '<p>There are 25 horses among which you need to find out the fastest 3 horses. You can conduct race among at most 5 to find out their relative speed. At no point you can find out the actual speed of the horse in a race. Find out how many races are required to get the top 3 horses.</p>', 'NULL', 'NULL', NULL, '<p>5</p>', '<p>6</p>', '<p>7</p>', '<p>8</p>', 'option3', 'OBJECTIVE', 'editor', 2, ' <br> ', 'Easy', '2024-06-29 18:49:06.000000', NULL),
(819, 15, 46, 284, 312, 367, 229, 'MCQs', '<p>nil</p>', '<p>Which 2 digits and signs need to be interchanged to balance the equation</p>', 'NULL', 'NULL', NULL, '<p>9,8, plus, divide</p>', '<p>2, 9, plus, multiply</p>', '<p>8,3, multiply, divide</p>', '<p>none</p>', 'option1', 'OBJECTIVE', 'editor', 2, ' <br> ', 'Easy', '2024-06-29 18:54:36.000000', NULL),
(820, 15, 46, 284, 312, 367, 230, 'MCQs', '<p>nil</p>', '<p>The following question consists of one statement followed by two assumptions. You have to decide which one of them can be followed.</p>\r\n<p>Statement:&nbsp;Ravi has got some stomach problems because he has eaten street foods last night.</p>\r\n<p>Assumptions:</p>\r\n<p>I.&nbsp;Street foods are unhygienic in nature.</p>\r\n<p>II.&nbsp;Street foods contain spices and oil in high amount.</p>\r\n<p>&nbsp;</p>', 'NULL', 'NULL', NULL, '<p>Only 1st assumption is practical</p>', '<p>Only 2nd assumption is practical</p>', '<p>None is practical</p>', '<p>Both statements are practical</p>', 'option4', 'OBJECTIVE', 'editor', 2, ' <br> ', 'Easy', '2024-06-29 18:58:17.000000', NULL),
(821, 15, 46, 284, 312, 367, 230, 'MCQs', '<p>nil</p>', '<p>The following question consists of one statement followed by two assumptions. You have to decide which one of them can be followed.</p>\r\n<p>Statement:&nbsp;UCO bank is recently registered as highest increase in gross nonperforming assets.</p>\r\n<p>Assumptions:</p>\r\n<p>I.&nbsp;Business of UCO bank will be greatly affected.</p>\r\n<p>II.&nbsp;Borrowing from the banks will not be easy by its customers.</p>\r\n<p>&nbsp;</p>', 'NULL', 'NULL', NULL, '<p>I is practical</p>', '<p>II is practical</p>', '<p>Both are practical</p>', '<p>None is practical</p>', 'option3', 'OBJECTIVE', 'editor', 2, ' <br> ', 'Easy', '2024-06-29 19:12:48.000000', NULL),
(822, 15, 46, 284, 312, 367, 230, 'MCQs', '<p>nil</p>', '<p>The following question consists of one statement followed by two assumptions. You have to decide which one of them can be followed.</p>\r\n<p>Statement:&nbsp;Union Minister of Finance has decided to impose 0.54 &ldquo;Swach Bharat&rdquo; cess on all taxable services.</p>\r\n<p>Assumptions:</p>\r\n<p>I.&nbsp;Through this type of cess, money can be collected.</p>\r\n<p>II.&nbsp;By imposing the cess, the finance minister has shown his command over the markets.</p>', 'NULL', 'NULL', NULL, '<p>I is practical</p>', '<p>II is practical</p>', '<p>Both are practical</p>', '<p>None is practical</p>', 'option1', 'OBJECTIVE', 'editor', 2, ' <br> ', 'Easy', '2024-06-29 19:14:28.000000', NULL),
(823, 15, 46, 284, 312, 367, 230, 'MCQs', '<p>nil</p>', '<p>The following question consists of one statement followed by two assumptions. You have to decide which one of them can be followed.</p>\r\n<p>&nbsp;Statement:&nbsp;Last year Dhoni was found in Hindu Deity Vishnu Avatar endorsing his brands</p>\r\n<p>Assumptions:</p>\r\n<p>I.&nbsp;Dhoni is against Hindu gods by disrespecting them.</p>\r\n<p>II.&nbsp;Dhoni is greedy as he can even pose like Hindu gods for money.</p>', 'NULL', 'NULL', NULL, '<p>I is practical</p>', '<p>II is practical</p>', '<p>Both are practical</p>', '<p>None is practical</p>', 'option2', 'OBJECTIVE', 'editor', 2, ' <br> ', 'Easy', '2024-06-29 19:16:07.000000', NULL),
(824, 15, 46, 284, 312, 367, 230, 'MCQs', '<p>nil</p>', '<p>The following question consists of one statement followed by two assumptions. You have to decide which one of them can be followed.</p>\r\n<p>Q 5&nbsp;- Statement:&nbsp;Atmospheric temperature will increase next year.</p>\r\n<p>Assumptions:</p>\r\n<p>I.&nbsp;Global warming will also increase.</p>\r\n<p>II.&nbsp;Ice from polar region will melt.</p>', 'NULL', 'NULL', NULL, '<p>I is practical</p>', '<p>II is practical</p>', '<p>Both are practical</p>', '<p>None is practical</p>', 'option3', 'OBJECTIVE', 'editor', 2, ' <br> ', 'Easy', '2024-06-29 19:17:19.000000', NULL),
(825, 15, 46, 284, 312, 367, 231, 'MCQs', '<p>nil</p>', '<p>What is the number of triangles that can be formed whose vertices are the vertices of an octagon but have only one side common with that of octagon?</p>', 'NULL', 'NULL', NULL, '<p>64</p>', '<p>32</p>', '<p>24</p>', '<p>16</p>', 'option2', 'OBJECTIVE', 'editor', 2, ' <br> ', 'Easy', '2024-06-29 19:28:26.000000', NULL),
(826, 15, 46, 284, 312, 367, 231, 'MCQs', '<p>NIL</p>', '<p>Find the number of triangles in the given figure ?</p>\r\n<p>&nbsp; &nbsp; &nbsp; &nbsp; &nbsp; &nbsp; &nbsp; &nbsp; &nbsp; &nbsp; &nbsp; &nbsp;<img src=\"https://s3-ap-southeast-1.amazonaws.com/sawaal.com/qaimg/analyticalreasoning81484544890.png\" alt=\"analyticalreasoning81484544890.png image\" /></p>', 'NULL', 'NULL', NULL, '<p>21</p>', '<p>15</p>', '<p>18</p>', '<p>20</p>', 'option1', 'OBJECTIVE', 'editor', 2, ' <br> ', 'Easy', '2024-06-29 19:29:29.000000', NULL),
(827, 15, 46, 284, 312, 367, 231, 'MCQs', '<p>NIL</p>', '<p>Find the number of triangles in the given figure ?</p>\r\n<p>&nbsp; &nbsp; &nbsp; &nbsp; &nbsp; &nbsp; &nbsp; &nbsp;&nbsp;<img src=\"https://s3-ap-southeast-1.amazonaws.com/sawaal.com/qaimg/analyticalreasoning1331484546669.png\" alt=\"analyticalreasoning1331484546669.png image\" /></p>', 'NULL', 'NULL', NULL, '<p>5</p>', '<p>8</p>', '<p>9</p>', '<p>10</p>', 'option4', 'OBJECTIVE', 'editor', 2, ' <br> ', 'Easy', '2024-06-29 19:30:26.000000', NULL),
(828, 15, 46, 284, 312, 367, 231, 'MCQs', '<p>nil</p>', '<p>What is the number of straight lines and the number of triangles in the given figure.</p>\r\n<p><img src=\"https://s3-ap-southeast-1.amazonaws.com/sawaal.com/qaimg/an-reasoning2.png\" alt=\"\" /></p>', 'NULL', 'NULL', NULL, '<p>10 straight lines and 34 triangles</p>', '<p>9 straight lines and 34 triangles</p>', '<p>9 straight lines and 36 triangles</p>', '<p>10 straight lines and 34 triangles</p>', 'option3', 'OBJECTIVE', 'editor', 2, ' <br> ', 'Easy', '2024-06-29 19:32:00.000000', NULL),
(829, 15, 46, 284, 312, 367, 231, 'MCQs', '<p>nil</p>', '<p>Count the number of triangles and squares in the given figure.</p>\r\n<p><img src=\"https://s3-ap-southeast-1.amazonaws.com/sawaal.com/qaimg/analytical%20reasoning14.png\" alt=\"\" /></p>', 'NULL', 'NULL', NULL, '<p>36 triangles, 7 Squares</p>', '<p>38 triangles, 9 Squares</p>', '<p>40 triangles, 7 Squares</p>', '<p>42 triangles, 9 Squares</p>', 'option3', 'OBJECTIVE', 'editor', 2, ' <br> ', 'Easy', '2024-06-29 19:33:18.000000', NULL),
(833, 15, 46, 277, 307, 355, 198, 'Short', '<p>Nil</p>', '<p>How does the accounting equation maintain balan...', 'NULL', 'NULL', 'NULL', 'NULL', 'NULL', 'NULL', 'NULL', '<p>The accounting equation maintains balance after...', 'SUBJECTIVE', 'editor', 5, '<br> ', 'Easy', '2024-07-01 15:25:05.658439', NULL),
(835, 15, 46, 277, 307, 355, 198, 'Short', '<p>Nil</p>', '<p>How does the accounting equation maintain balan...', 'NULL', 'NULL', 'NULL', 'NULL', 'NULL', 'NULL', 'NULL', '<p>The accounting equation maintains balance after...', 'SUBJECTIVE', 'editor', 5, '<br> ', 'Easy', '2024-07-01 15:34:51.546681', NULL),
(837, 15, 46, 277, 307, 355, 198, 'Short', '<p>Nil</p>', '<p>How does the accounting equation maintain balan...', 'NULL', 'NULL', 'NULL', 'NULL', 'NULL', 'NULL', 'NULL', '<p>The accounting equation maintains balance after...', 'SUBJECTIVE', 'editor', 5, '<br> ', 'Easy', '2024-07-01 15:37:10.575833', NULL),
(839, 15, 46, 277, 307, 355, 198, 'Short', '<p>Nil</p>', '<p>How does the accounting equation maintain balan...', 'NULL', 'NULL', 'NULL', 'NULL', 'NULL', 'NULL', 'NULL', '<p>The accounting equation maintains balance after...', 'SUBJECTIVE', 'editor', 5, '<br> ', 'Easy', '2024-07-01 15:43:15.867393', NULL),
(841, 15, 46, 277, 307, 355, 198, 'Short', '<p>Nil</p>', '<p>How does the accounting equation maintain balan...', 'NULL', 'NULL', 'NULL', 'NULL', 'NULL', 'NULL', 'NULL', '<p>The accounting equation maintains balance after...', 'SUBJECTIVE', 'editor', 5, '<br> ', 'Easy', '2024-07-01 15:48:11.791711', NULL),
(843, 15, 46, 277, 307, 355, 198, 'Short', '<p>Nil</p>', '<p>How does the accounting equation maintain balan...', 'NULL', 'NULL', 'NULL', 'NULL', 'NULL', 'NULL', 'NULL', '<p>The accounting equation maintains balance after...', 'SUBJECTIVE', 'editor', 5, '<br> ', 'Easy', '2024-07-01 15:48:23.081434', NULL),
(845, 15, 46, 277, 307, 355, 198, 'Short', '<p>Nil</p>', '<p>How does the accounting equation maintain balan...', 'NULL', 'NULL', 'NULL', 'NULL', 'NULL', 'NULL', 'NULL', '<p>The accounting equation maintains balance after...', 'SUBJECTIVE', 'editor', 5, '<br> ', 'Easy', '2024-07-01 15:48:36.686653', NULL),
(846, 15, 46, 284, 312, 367, 231, 'MCQs', '<p>NIL</p>', '<p>Find the number of triangles in the given figur...', 'NULL', 'NULL', 'NULL', '<p>5</p>', '<p>8</p>', '<p>9</p>', '<p>10</p>', 'option4', 'OBJECTIVE', 'editor', 2, '<br> ', 'Easy', '2024-07-01 15:52:04.172007', NULL),
(847, 15, 46, 284, 312, 367, 231, 'MCQs', '<p>nil</p>', '<p>What is the number of straight lines and the nu...', 'NULL', 'NULL', 'NULL', '<p>10 straight lines and 34 triangles</p>', '<p>9 straight lines and 34 triangles</p>', '<p>9 straight lines and 36 triangles</p>', '<p>10 straight lines and 34 triangles</p>', 'option3', 'OBJECTIVE', 'editor', 2, '<br> ', 'Easy', '2024-07-01 15:52:04.176030', NULL),
(848, 15, 46, 283, 311, 361, 204, 'FIB', '<p><strong>Lorem Ipsum</strong>&nbsp;is simply dum...', '<p><strong>Lorem Ipsum</strong>&nbsp;is simply dum...', 'NULL', 'NULL', 'NULL', 'NULL', 'NULL', 'NULL', 'NULL', '<p><strong>Lorem Ipsum</strong></p>', 'OBJECTIVE', '', 50, '<br> ', 'Easy', '2024-07-01 15:54:12.658477', NULL),
(849, 15, 46, 283, 311, 361, 204, 'FIB', '<p><strong>Lorem Ipsum</strong>&nbsp;is simply dum...', '<p><strong>Lorem Ipsum</strong>&nbsp;is simply dum...', 'NULL', 'NULL', 'NULL', 'NULL', 'NULL', 'NULL', 'NULL', '<p><strong>Lorem Ipsum</strong></p>', 'OBJECTIVE', '', 50, '<br> ', 'Easy', '2024-07-01 15:54:12.661773', NULL),
(850, 15, 46, 277, 307, 355, 198, 'T/F', '<p>Nil</p>', '<p>The accounting equation ensures that the balanc...', 'NULL', 'NULL', 'NULL', 'NULL', 'NULL', 'NULL', 'NULL', '1', 'OBJECTIVE', '', 2, '<br> ', 'Easy', '2024-07-01 15:55:42.081246', NULL),
(851, 15, 46, 277, 307, 355, 198, 'T/F', '<p>Nil</p>', '<p>If a company pays off its liabilities with cash...', 'NULL', 'NULL', 'NULL', 'NULL', 'NULL', 'NULL', 'NULL', '', 'OBJECTIVE', '', 2, '<br> ', 'Easy', '2024-07-01 15:55:42.087368', NULL),
(852, 15, 46, 277, 307, 355, 198, 'T/F', '<p>Nil</p>', '<p>The accounting equation ensures that the balanc...', 'NULL', 'NULL', 'NULL', 'NULL', 'NULL', 'NULL', 'NULL', '1', 'OBJECTIVE', '', 2, '<br> ', 'Easy', '2024-07-01 15:56:42.920852', NULL),
(853, 15, 46, 277, 307, 355, 198, 'T/F', '<p>Nil</p>', '<p>If a company pays off its liabilities with cash...', 'NULL', 'NULL', 'NULL', 'NULL', 'NULL', 'NULL', 'NULL', '', 'OBJECTIVE', '', 2, '<br> ', 'Easy', '2024-07-01 15:56:42.927654', NULL),
(854, 15, 46, 277, 307, 355, 198, 'Short', '<p>AD</p>', '<p>ASSA</p>', 'NULL', 'NULL', NULL, NULL, NULL, NULL, NULL, '<p>WSSA</p>', 'SUBJECTIVE', 'editor', 15, ' <br> ', 'Hard', '2024-07-08 09:52:43.000000', NULL),
(855, 15, 46, 277, 307, 355, 198, 'Short', '<p>asa</p>', '<p>ASAS</p>', 'NULL', 'NULL', NULL, NULL, NULL, NULL, NULL, '<p>ASAS</p>', 'SUBJECTIVE', 'editor', 23, ' <br> ', 'Easy', '2024-07-08 10:27:50.000000', NULL),
(856, 15, 46, 277, 307, 355, 198, 'Short', '<p>AD</p>', '<p>ASA</p>', 'NULL', 'NULL', NULL, NULL, NULL, NULL, NULL, '<p>ASD</p>', 'SUBJECTIVE', 'editor', 10, ' <br> ', 'Easy', '2024-07-08 12:37:23.000000', NULL),
(858, 15, 46, 277, 307, 355, 198, 'Short', '<p>Nil</p>', '<p>How does the accounting equation maintain balance after a transaction?</p>', 'NULL', 'NULL', '', '', '', '', '', '<p>The accounting equation maintains balance after a transaction by ensuring that any increase or decrease in assets is offset by an equal increase or decrease in liabilities and/or equity.</p>', 'SUBJECTIVE', 'editor', 5, ' <br> ', 'Easy', '2024-05-20 15:21:08.000000', NULL),
(859, 15, 46, 277, 307, 355, 198, 'Short', '<p>Nil</p>', '<p>What is the impact on the accounting equation when a company takes out a loan?</p>', 'NULL', 'NULL', '', '', '', '', '', '<p>When a company takes out a loan, its assets increase by the amount of the loan (cash received) and its liabilities increase by the same amount (loan payable), keeping the equation in balance.</p>', 'SUBJECTIVE', 'editor', 5, ' <br> ', 'Easy', '2024-05-20 15:21:46.000000', NULL),
(860, 15, 46, 277, 307, 355, 198, 'Long', '<p>Nil</p>', '<p>Explain the accounting equation and provide an example to illustrate how it is used in financial accounting.</p>', 'NULL', 'NULL', '', '', '', '', '', '<p>The accounting equation, <span class=\"math math-inline\"><span class=\"katex\"><span class=\"katex-mathml\">Assets=Liabilities+Equity</span><span class=\"katex-html\"><span class=\"base\"><span class=\"mord text\"><span class=\"mord\">Assets</span></span><span class=\"mrel\">=</span></span><span class=\"base\"><span class=\"mord text\"><span class=\"mord\">Liabilities</span></span><span class=\"mbin\">+</span></span><span class=\"base\"><span class=\"mord text\"><span class=\"mord\">Equity</span></span></span></span></span></span>, forms the foundation of double-entry bookkeeping. It represents the relationship between a companys assets, liabilities, and owners equity. For example, if a company purchases equipment worth $5,000 by paying $2,000 in cash and taking out a loan for the remaining $3,000, the equation reflects this as an increase in assets (equipment) by $5,000, a decrease in assets (cash) by $2,000, and an increase in liabilities (loan) by $3,000. The new accounting equation is $5,000 (equipment) = $3,000 (loan) + $2,000 (equity).</p>', 'SUBJECTIVE', 'editor', 10, ' <br> ', 'Easy', '2024-05-20 15:22:35.000000', NULL),
(861, 15, 46, 277, 307, 355, 198, 'Long', '<p>Nil</p>', '<p>Discuss the importance of the accounting equation in preparing financial statements. Provide examples of how various transactions affect the accounting equation and ultimately the financial statements.</p>', 'NULL', 'NULL', '', '', '', '', '', '<p>The accounting equation is crucial in preparing financial statements because it ensures that the balance sheet is always balanced. It helps in tracking how transactions affect a companys financial position. For example, when a business earns revenue, it increases both assets (cash or accounts receivable) and equity (retained earnings), thus affecting the income statement and balance sheet. Conversely, paying off a liability decreases both assets (cash) and liabilities (accounts payable), impacting the balance sheet without affecting the income statement. This systematic approach ensures accuracy and consistency in financial reporting.</p>', 'SUBJECTIVE', 'editor', 10, ' <br> ', 'Easy', '2024-05-20 15:23:10.000000', NULL),
(862, 15, 46, 277, 307, 355, 198, 'T/F', '<p>Nil</p>', '<p>The accounting equation ensures that the balance sheet is always balanced.</p>', 'NULL', 'NULL', '', '', '', '', '', 'True', 'OBJECTIVE', '', 2, ' <br> ', 'Easy', '2024-05-20 15:26:06.000000', NULL),
(863, 15, 46, 277, 307, 355, 198, 'T/F', '<p>Nil</p>', '<p>If a company pays off its liabilities with cash, the accounting equation remains unaffected.</p>', 'NULL', 'NULL', '', '', '', '', '', 'False', 'OBJECTIVE', '', 2, ' <br> ', 'Easy', '2024-05-20 15:26:30.000000', NULL),
(864, 15, 46, 277, 307, 355, 198, 'T/F', '<p>Nil</p>', '<p>Purchasing equipment with cash affects only the asset side of the accounting equation.</p>', 'NULL', 'NULL', '', '', '', '', '', 'True', 'OBJECTIVE', '', 2, ' <br> ', 'Easy', '2024-05-20 15:27:29.000000', NULL),
(865, 15, 46, 277, 307, 355, 198, 'FIB', '<p>Nil</p>', '<p>The accounting equation is _______ = Liabilities + Equity.</p>', 'NULL', 'NULL', '', '', '', '', '', '<p>Assets</p>', 'OBJECTIVE', '', 2, ' <br> ', 'Easy', '2024-05-20 15:28:19.000000', NULL),
(866, 15, 46, 277, 307, 355, 198, 'FIB', '<p>Nil</p>', '<p>In the accounting equation, if assets increase and liabilities remain the same, equity must _______.</p>', 'NULL', 'NULL', '', '', '', '', '', '<p>Increase</p>', 'OBJECTIVE', '', 2, ' <br> ', 'Easy', '2024-05-20 15:28:45.000000', NULL),
(867, 15, 46, 277, 307, 355, 198, 'FIB', '<p>Nil</p>', '<p>A payment of dividends will decrease both equity and _______.</p>', 'NULL', 'NULL', '', '', '', '', '', '<p>Assets</p>', 'OBJECTIVE', '', 2, ' <br> ', 'Easy', '2024-05-20 15:29:16.000000', NULL),
(868, 15, 46, 277, 307, 355, 198, 'MCQs', '<p>AAAAAAAAAAAAAA</p>', '<p>ASA</p>', 'NULL', 'NULL', '', '<p>A</p>', '<p>S</p>', '<p>A</p>', '<p>F</p>', 'option1', 'OBJECTIVE', 'editor', 1100, ' <br> ', 'Easy', '2024-05-21 10:37:36.000000', NULL),
(869, 15, 46, 277, 307, 355, 198, 'MCQs', '<p>nil</p>', '<p>Which of the following represents the correct accounting equation?</p>', 'NULL', 'NULL', '', '<p><span class=\"math math-inline\"><span class=\"katex\"><span class=\"katex-html\"><span class=\"base\"><span class=\"mord text\"><span class=\"mord\">Assets</span></span><span class=\"mrel\">=</span></span><span class=\"base\"><span class=\"mord text\"><span class=\"mord\">Liabilities</span></span><span class=\"mbin\">&minus;</span></span><span class=\"base\"><span class=\"mord text\"><span class=\"mord\">Equity</span></span></span></span></span></span></p>', '<p>Assets=Liabilities+Equity</p>', '<p>Assets+Liabilities=Equity</p>', '<p>Assets=Equity&minus;Liabilities</p>', 'option2', 'OBJECTIVE', 'editor', 5, ' <br> ', 'Easy', '2024-05-21 10:45:00.000000', NULL),
(871, 15, 46, 277, 307, 355, 198, 'Short', '<p>Nil</p>', '<p>How does the accounting equation maintain balan...', 'NULL', 'NULL', 'NULL', 'NULL', 'NULL', 'NULL', 'NULL', '<p>The accounting equation maintains balance after...', 'SUBJECTIVE', 'editor', 5, '<br> ', 'Easy', '2024-07-01 15:25:05.658439', NULL),
(873, 15, 46, 277, 307, 355, 198, 'Short', '<p>Nil</p>', '<p>How does the accounting equation maintain balan...', 'NULL', 'NULL', 'NULL', 'NULL', 'NULL', 'NULL', 'NULL', '<p>The accounting equation maintains balance after...', 'SUBJECTIVE', 'editor', 5, '<br> ', 'Easy', '2024-07-01 15:34:51.546681', NULL),
(875, 15, 46, 277, 307, 355, 198, 'Short', '<p>Nil</p>', '<p>How does the accounting equation maintain balan...', 'NULL', 'NULL', 'NULL', 'NULL', 'NULL', 'NULL', 'NULL', '<p>The accounting equation maintains balance after...', 'SUBJECTIVE', 'editor', 5, '<br> ', 'Easy', '2024-07-01 15:37:10.575833', NULL),
(877, 15, 46, 277, 307, 355, 198, 'Short', '<p>Nil</p>', '<p>How does the accounting equation maintain balan...', 'NULL', 'NULL', 'NULL', 'NULL', 'NULL', 'NULL', 'NULL', '<p>The accounting equation maintains balance after...', 'SUBJECTIVE', 'editor', 5, '<br> ', 'Easy', '2024-07-01 15:43:15.867393', NULL),
(879, 15, 46, 277, 307, 355, 198, 'Short', '<p>Nil</p>', '<p>How does the accounting equation maintain balan...', 'NULL', 'NULL', 'NULL', 'NULL', 'NULL', 'NULL', 'NULL', '<p>The accounting equation maintains balance after...', 'SUBJECTIVE', 'editor', 5, '<br> ', 'Easy', '2024-07-01 15:48:11.791711', NULL),
(881, 15, 46, 277, 307, 355, 198, 'Short', '<p>Nil</p>', '<p>How does the accounting equation maintain balan...', 'NULL', 'NULL', 'NULL', 'NULL', 'NULL', 'NULL', 'NULL', '<p>The accounting equation maintains balance after...', 'SUBJECTIVE', 'editor', 5, '<br> ', 'Easy', '2024-07-01 15:48:23.081434', NULL),
(883, 15, 46, 277, 307, 355, 198, 'Short', '<p>Nil</p>', '<p>How does the accounting equation maintain balan...', 'NULL', 'NULL', 'NULL', 'NULL', 'NULL', 'NULL', 'NULL', '<p>The accounting equation maintains balance after...', 'SUBJECTIVE', 'editor', 5, '<br> ', 'Easy', '2024-07-01 15:48:36.686653', NULL),
(884, 15, 46, 277, 307, 355, 198, 'T/F', '<p>Nil</p>', '<p>The accounting equation ensures that the balanc...', 'NULL', 'NULL', 'NULL', 'NULL', 'NULL', 'NULL', 'NULL', '1', 'OBJECTIVE', '', 2, '<br> ', 'Easy', '2024-07-01 15:55:42.081246', NULL),
(885, 15, 46, 277, 307, 355, 198, 'T/F', '<p>Nil</p>', '<p>If a company pays off its liabilities with cash...', 'NULL', 'NULL', 'NULL', 'NULL', 'NULL', 'NULL', 'NULL', '', 'OBJECTIVE', '', 2, '<br> ', 'Easy', '2024-07-01 15:55:42.087368', NULL),
(886, 15, 46, 277, 307, 355, 198, 'T/F', '<p>Nil</p>', '<p>The accounting equation ensures that the balanc...', 'NULL', 'NULL', 'NULL', 'NULL', 'NULL', 'NULL', 'NULL', '1', 'OBJECTIVE', '', 2, '<br> ', 'Easy', '2024-07-01 15:56:42.920852', NULL),
(887, 15, 46, 277, 307, 355, 198, 'T/F', '<p>Nil</p>', '<p>If a company pays off its liabilities with cash...', 'NULL', 'NULL', 'NULL', 'NULL', 'NULL', 'NULL', 'NULL', '', 'OBJECTIVE', '', 2, '<br> ', 'Easy', '2024-07-01 15:56:42.927654', NULL),
(888, 15, 46, 277, 307, 355, 198, 'Short', '<p>AD</p>', '<p>ASSA</p>', 'NULL', 'NULL', '', '', '', '', '', '<p>WSSA</p>', 'SUBJECTIVE', 'editor', 15, ' <br> ', 'Hard', '2024-07-08 09:52:43.000000', NULL),
(889, 15, 46, 277, 307, 355, 198, 'Short', '<p>asa</p>', '<p>ASAS</p>', 'NULL', 'NULL', '', '', '', '', '', '<p>ASAS</p>', 'SUBJECTIVE', 'editor', 23, ' <br> ', 'Easy', '2024-07-08 10:27:50.000000', NULL),
(890, 15, 46, 277, 307, 355, 198, 'Short', '<p>AD</p>', '<p>ASA</p>', 'NULL', 'NULL', '', '', '', '', '', '<p>ASD</p>', 'SUBJECTIVE', 'editor', 10, ' <br> ', 'Easy', '2024-07-08 12:37:23.000000', NULL),
(892, 15, 46, 277, 307, 355, 198, 'Short', '<p>Nil</p>', '<p>How does the accounting equation maintain balance after a transaction?</p>', 'NULL', 'NULL', '', '', '', '', '', '<p>The accounting equation maintains balance after a transaction by ensuring that any increase or decrease in assets is offset by an equal increase or decrease in liabilities and/or equity.</p>', 'SUBJECTIVE', 'editor', 5, ' <br> ', 'Easy', '2024-05-20 15:21:08.000000', NULL),
(893, 15, 46, 277, 307, 355, 198, 'Short', '<p>Nil</p>', '<p>What is the impact on the accounting equation when a company takes out a loan?</p>', 'NULL', 'NULL', '', '', '', '', '', '<p>When a company takes out a loan, its assets increase by the amount of the loan (cash received) and its liabilities increase by the same amount (loan payable), keeping the equation in balance.</p>', 'SUBJECTIVE', 'editor', 5, ' <br> ', 'Easy', '2024-05-20 15:21:46.000000', NULL),
(894, 15, 46, 277, 307, 355, 198, 'Long', '<p>Nil</p>', '<p>Explain the accounting equation and provide an example to illustrate how it is used in financial accounting.</p>', 'NULL', 'NULL', '', '', '', '', '', '<p>The accounting equation, <span class=\"math math-inline\"><span class=\"katex\"><span class=\"katex-mathml\">Assets=Liabilities+Equity</span><span class=\"katex-html\"><span class=\"base\"><span class=\"mord text\"><span class=\"mord\">Assets</span></span><span class=\"mrel\">=</span></span><span class=\"base\"><span class=\"mord text\"><span class=\"mord\">Liabilities</span></span><span class=\"mbin\">+</span></span><span class=\"base\"><span class=\"mord text\"><span class=\"mord\">Equity</span></span></span></span></span></span>, forms the foundation of double-entry bookkeeping. It represents the relationship between a companys assets, liabilities, and owners equity. For example, if a company purchases equipment worth $5,000 by paying $2,000 in cash and taking out a loan for the remaining $3,000, the equation reflects this as an increase in assets (equipment) by $5,000, a decrease in assets (cash) by $2,000, and an increase in liabilities (loan) by $3,000. The new accounting equation is $5,000 (equipment) = $3,000 (loan) + $2,000 (equity).</p>', 'SUBJECTIVE', 'editor', 10, ' <br> ', 'Easy', '2024-05-20 15:22:35.000000', NULL),
(895, 15, 46, 277, 307, 355, 198, 'Long', '<p>Nil</p>', '<p>Discuss the importance of the accounting equation in preparing financial statements. Provide examples of how various transactions affect the accounting equation and ultimately the financial statements.</p>', 'NULL', 'NULL', '', '', '', '', '', '<p>The accounting equation is crucial in preparing financial statements because it ensures that the balance sheet is always balanced. It helps in tracking how transactions affect a companys financial position. For example, when a business earns revenue, it increases both assets (cash or accounts receivable) and equity (retained earnings), thus affecting the income statement and balance sheet. Conversely, paying off a liability decreases both assets (cash) and liabilities (accounts payable), impacting the balance sheet without affecting the income statement. This systematic approach ensures accuracy and consistency in financial reporting.</p>', 'SUBJECTIVE', 'editor', 10, ' <br> ', 'Easy', '2024-05-20 15:23:10.000000', NULL),
(896, 15, 46, 277, 307, 355, 198, 'T/F', '<p>Nil</p>', '<p>The accounting equation ensures that the balance sheet is always balanced.</p>', 'NULL', 'NULL', '', '', '', '', '', 'True', 'OBJECTIVE', '', 2, ' <br> ', 'Easy', '2024-05-20 15:26:06.000000', NULL),
(897, 15, 46, 277, 307, 355, 198, 'T/F', '<p>Nil</p>', '<p>If a company pays off its liabilities with cash, the accounting equation remains unaffected.</p>', 'NULL', 'NULL', '', '', '', '', '', 'False', 'OBJECTIVE', '', 2, ' <br> ', 'Easy', '2024-05-20 15:26:30.000000', NULL),
(898, 15, 46, 277, 307, 355, 198, 'T/F', '<p>Nil</p>', '<p>Purchasing equipment with cash affects only the asset side of the accounting equation.</p>', 'NULL', 'NULL', '', '', '', '', '', 'True', 'OBJECTIVE', '', 2, ' <br> ', 'Easy', '2024-05-20 15:27:29.000000', NULL),
(899, 15, 46, 277, 307, 355, 198, 'FIB', '<p>Nil</p>', '<p>The accounting equation is _______ = Liabilities + Equity.</p>', 'NULL', 'NULL', '', '', '', '', '', '<p>Assets</p>', 'OBJECTIVE', '', 2, ' <br> ', 'Easy', '2024-05-20 15:28:19.000000', NULL),
(900, 15, 46, 277, 307, 355, 198, 'FIB', '<p>Nil</p>', '<p>In the accounting equation, if assets increase and liabilities remain the same, equity must _______.</p>', 'NULL', 'NULL', '', '', '', '', '', '<p>Increase</p>', 'OBJECTIVE', '', 2, ' <br> ', 'Easy', '2024-05-20 15:28:45.000000', NULL),
(901, 15, 46, 277, 307, 355, 198, 'FIB', '<p>Nil</p>', '<p>A payment of dividends will decrease both equity and _______.</p>', 'NULL', 'NULL', '', '', '', '', '', '<p>Assets</p>', 'OBJECTIVE', '', 2, ' <br> ', 'Easy', '2024-05-20 15:29:16.000000', NULL),
(902, 15, 46, 277, 307, 355, 198, 'MCQs', '<p>AAAAAAAAAAAAAA</p>', '<p>ASA</p>', 'NULL', 'NULL', '', '<p>A</p>', '<p>S</p>', '<p>A</p>', '<p>F</p>', 'option1', 'OBJECTIVE', 'editor', 1100, ' <br> ', 'Easy', '2024-05-21 10:37:36.000000', NULL),
(903, 15, 46, 277, 307, 355, 198, 'MCQs', '<p>nil</p>', '<p>Which of the following represents the correct accounting equation?</p>', 'NULL', 'NULL', '', '<p><span class=\"math math-inline\"><span class=\"katex\"><span class=\"katex-html\"><span class=\"base\"><span class=\"mord text\"><span class=\"mord\">Assets</span></span><span class=\"mrel\">=</span></span><span class=\"base\"><span class=\"mord text\"><span class=\"mord\">Liabilities</span></span><span class=\"mbin\">&minus;</span></span><span class=\"base\"><span class=\"mord text\"><span class=\"mord\">Equity</span></span></span></span></span></span></p>', '<p>Assets=Liabilities+Equity</p>', '<p>Assets+Liabilities=Equity</p>', '<p>Assets=Equity&minus;Liabilities</p>', 'option2', 'OBJECTIVE', 'editor', 5, ' <br> ', 'Easy', '2024-05-21 10:45:00.000000', NULL),
(905, 15, 46, 277, 307, 355, 198, 'Short', '<p>Nil</p>', '<p>How does the accounting equation maintain balan...', 'NULL', 'NULL', 'NULL', 'NULL', 'NULL', 'NULL', 'NULL', '<p>The accounting equation maintains balance after...', 'SUBJECTIVE', 'editor', 5, '<br> ', 'Easy', '2024-07-01 15:25:05.658439', NULL),
(907, 15, 46, 277, 307, 355, 198, 'Short', '<p>Nil</p>', '<p>How does the accounting equation maintain balan...', 'NULL', 'NULL', 'NULL', 'NULL', 'NULL', 'NULL', 'NULL', '<p>The accounting equation maintains balance after...', 'SUBJECTIVE', 'editor', 5, '<br> ', 'Easy', '2024-07-01 15:34:51.546681', NULL),
(909, 15, 46, 277, 307, 355, 198, 'Short', '<p>Nil</p>', '<p>How does the accounting equation maintain balan...', 'NULL', 'NULL', 'NULL', 'NULL', 'NULL', 'NULL', 'NULL', '<p>The accounting equation maintains balance after...', 'SUBJECTIVE', 'editor', 5, '<br> ', 'Easy', '2024-07-01 15:37:10.575833', NULL),
(911, 15, 46, 277, 307, 355, 198, 'Short', '<p>Nil</p>', '<p>How does the accounting equation maintain balan...', 'NULL', 'NULL', 'NULL', 'NULL', 'NULL', 'NULL', 'NULL', '<p>The accounting equation maintains balance after...', 'SUBJECTIVE', 'editor', 5, '<br> ', 'Easy', '2024-07-01 15:43:15.867393', NULL),
(913, 15, 46, 277, 307, 355, 198, 'Short', '<p>Nil</p>', '<p>How does the accounting equation maintain balan...', 'NULL', 'NULL', 'NULL', 'NULL', 'NULL', 'NULL', 'NULL', '<p>The accounting equation maintains balance after...', 'SUBJECTIVE', 'editor', 5, '<br> ', 'Easy', '2024-07-01 15:48:11.791711', NULL),
(915, 15, 46, 277, 307, 355, 198, 'Short', '<p>Nil</p>', '<p>How does the accounting equation maintain balan...', 'NULL', 'NULL', 'NULL', 'NULL', 'NULL', 'NULL', 'NULL', '<p>The accounting equation maintains balance after...', 'SUBJECTIVE', 'editor', 5, '<br> ', 'Easy', '2024-07-01 15:48:23.081434', NULL),
(917, 15, 46, 277, 307, 355, 198, 'Short', '<p>Nil</p>', '<p>How does the accounting equation maintain balan...', 'NULL', 'NULL', 'NULL', 'NULL', 'NULL', 'NULL', 'NULL', '<p>The accounting equation maintains balance after...', 'SUBJECTIVE', 'editor', 5, '<br> ', 'Easy', '2024-07-01 15:48:36.686653', NULL),
(918, 15, 46, 277, 307, 355, 198, 'T/F', '<p>Nil</p>', '<p>The accounting equation ensures that the balanc...', 'NULL', 'NULL', 'NULL', 'NULL', 'NULL', 'NULL', 'NULL', '1', 'OBJECTIVE', '', 2, '<br> ', 'Easy', '2024-07-01 15:55:42.081246', NULL),
(919, 15, 46, 277, 307, 355, 198, 'T/F', '<p>Nil</p>', '<p>If a company pays off its liabilities with cash...', 'NULL', 'NULL', 'NULL', 'NULL', 'NULL', 'NULL', 'NULL', '', 'OBJECTIVE', '', 2, '<br> ', 'Easy', '2024-07-01 15:55:42.087368', NULL),
(920, 15, 46, 277, 307, 355, 198, 'T/F', '<p>Nil</p>', '<p>The accounting equation ensures that the balanc...', 'NULL', 'NULL', 'NULL', 'NULL', 'NULL', 'NULL', 'NULL', '1', 'OBJECTIVE', '', 2, '<br> ', 'Easy', '2024-07-01 15:56:42.920852', NULL),
(921, 15, 46, 277, 307, 355, 198, 'T/F', '<p>Nil</p>', '<p>If a company pays off its liabilities with cash...', 'NULL', 'NULL', 'NULL', 'NULL', 'NULL', 'NULL', 'NULL', '', 'OBJECTIVE', '', 2, '<br> ', 'Easy', '2024-07-01 15:56:42.927654', NULL),
(922, 15, 46, 277, 307, 355, 198, 'Short', '<p>AD</p>', '<p>ASSA</p>', 'NULL', 'NULL', '', '', '', '', '', '<p>WSSA</p>', 'SUBJECTIVE', 'editor', 15, ' <br> ', 'Hard', '2024-07-08 09:52:43.000000', NULL),
(923, 15, 46, 277, 307, 355, 198, 'Short', '<p>asa</p>', '<p>ASAS</p>', 'NULL', 'NULL', '', '', '', '', '', '<p>ASAS</p>', 'SUBJECTIVE', 'editor', 23, ' <br> ', 'Easy', '2024-07-08 10:27:50.000000', NULL),
(924, 15, 46, 277, 307, 355, 198, 'Short', '<p>AD</p>', '<p>ASA</p>', 'NULL', 'NULL', '', '', '', '', '', '<p>ASD</p>', 'SUBJECTIVE', 'editor', 10, ' <br> ', 'Easy', '2024-07-08 12:37:23.000000', NULL),
(926, 15, 46, 277, 307, 355, 198, 'Short', '<p>Nil</p>', '<p>How does the accounting equation maintain balance after a transaction?</p>', 'NULL', 'NULL', '', '', '', '', '', '<p>The accounting equation maintains balance after a transaction by ensuring that any increase or decrease in assets is offset by an equal increase or decrease in liabilities and/or equity.</p>', 'SUBJECTIVE', 'editor', 5, ' <br> ', 'Easy', '2024-05-20 15:21:08.000000', NULL),
(927, 15, 46, 277, 307, 355, 198, 'Short', '<p>Nil</p>', '<p>What is the impact on the accounting equation when a company takes out a loan?</p>', 'NULL', 'NULL', '', '', '', '', '', '<p>When a company takes out a loan, its assets increase by the amount of the loan (cash received) and its liabilities increase by the same amount (loan payable), keeping the equation in balance.</p>', 'SUBJECTIVE', 'editor', 5, ' <br> ', 'Easy', '2024-05-20 15:21:46.000000', NULL),
(928, 15, 46, 277, 307, 355, 198, 'Long', '<p>Nil</p>', '<p>Explain the accounting equation and provide an example to illustrate how it is used in financial accounting.</p>', 'NULL', 'NULL', '', '', '', '', '', '<p>The accounting equation, <span class=\"math math-inline\"><span class=\"katex\"><span class=\"katex-mathml\">Assets=Liabilities+Equity</span><span class=\"katex-html\"><span class=\"base\"><span class=\"mord text\"><span class=\"mord\">Assets</span></span><span class=\"mrel\">=</span></span><span class=\"base\"><span class=\"mord text\"><span class=\"mord\">Liabilities</span></span><span class=\"mbin\">+</span></span><span class=\"base\"><span class=\"mord text\"><span class=\"mord\">Equity</span></span></span></span></span></span>, forms the foundation of double-entry bookkeeping. It represents the relationship between a companys assets, liabilities, and owners equity. For example, if a company purchases equipment worth $5,000 by paying $2,000 in cash and taking out a loan for the remaining $3,000, the equation reflects this as an increase in assets (equipment) by $5,000, a decrease in assets (cash) by $2,000, and an increase in liabilities (loan) by $3,000. The new accounting equation is $5,000 (equipment) = $3,000 (loan) + $2,000 (equity).</p>', 'SUBJECTIVE', 'editor', 10, ' <br> ', 'Easy', '2024-05-20 15:22:35.000000', NULL),
(929, 15, 46, 277, 307, 355, 198, 'Long', '<p>Nil</p>', '<p>Discuss the importance of the accounting equation in preparing financial statements. Provide examples of how various transactions affect the accounting equation and ultimately the financial statements.</p>', 'NULL', 'NULL', '', '', '', '', '', '<p>The accounting equation is crucial in preparing financial statements because it ensures that the balance sheet is always balanced. It helps in tracking how transactions affect a companys financial position. For example, when a business earns revenue, it increases both assets (cash or accounts receivable) and equity (retained earnings), thus affecting the income statement and balance sheet. Conversely, paying off a liability decreases both assets (cash) and liabilities (accounts payable), impacting the balance sheet without affecting the income statement. This systematic approach ensures accuracy and consistency in financial reporting.</p>', 'SUBJECTIVE', 'editor', 10, ' <br> ', 'Easy', '2024-05-20 15:23:10.000000', NULL),
(930, 15, 46, 277, 307, 355, 198, 'T/F', '<p>Nil</p>', '<p>The accounting equation ensures that the balance sheet is always balanced.</p>', 'NULL', 'NULL', '', '', '', '', '', 'True', 'OBJECTIVE', '', 2, ' <br> ', 'Easy', '2024-05-20 15:26:06.000000', NULL);
INSERT INTO `questions` (`question_id`, `stream_id`, `institute_id`, `program_id`, `component_id`, `subject_id`, `topic_id`, `subtype`, `instructions`, `question`, `questionfile`, `answerfile`, `insturctionfile`, `question_solution1`, `question_solution2`, `question_solution3`, `question_solution4`, `correct_answer`, `question_type`, `question_attempt_type`, `question_marks`, `question_time_allowed`, `dificult_levet`, `create_date`, `update_date`) VALUES
(931, 15, 46, 277, 307, 355, 198, 'T/F', '<p>Nil</p>', '<p>If a company pays off its liabilities with cash, the accounting equation remains unaffected.</p>', 'NULL', 'NULL', '', '', '', '', '', 'False', 'OBJECTIVE', '', 2, ' <br> ', 'Easy', '2024-05-20 15:26:30.000000', NULL),
(932, 15, 46, 277, 307, 355, 198, 'T/F', '<p>Nil</p>', '<p>Purchasing equipment with cash affects only the asset side of the accounting equation.</p>', 'NULL', 'NULL', '', '', '', '', '', 'True', 'OBJECTIVE', '', 2, ' <br> ', 'Easy', '2024-05-20 15:27:29.000000', NULL),
(933, 15, 46, 277, 307, 355, 198, 'FIB', '<p>Nil</p>', '<p>The accounting equation is _______ = Liabilities + Equity.</p>', 'NULL', 'NULL', '', '', '', '', '', '<p>Assets</p>', 'OBJECTIVE', '', 2, ' <br> ', 'Easy', '2024-05-20 15:28:19.000000', NULL),
(934, 15, 46, 277, 307, 355, 198, 'FIB', '<p>Nil</p>', '<p>In the accounting equation, if assets increase and liabilities remain the same, equity must _______.</p>', 'NULL', 'NULL', '', '', '', '', '', '<p>Increase</p>', 'OBJECTIVE', '', 2, ' <br> ', 'Easy', '2024-05-20 15:28:45.000000', NULL),
(935, 15, 46, 277, 307, 355, 198, 'FIB', '<p>Nil</p>', '<p>A payment of dividends will decrease both equity and _______.</p>', 'NULL', 'NULL', '', '', '', '', '', '<p>Assets</p>', 'OBJECTIVE', '', 2, ' <br> ', 'Easy', '2024-05-20 15:29:16.000000', NULL),
(936, 15, 46, 277, 307, 355, 198, 'MCQs', '<p>AAAAAAAAAAAAAA</p>', '<p>ASA</p>', 'NULL', 'NULL', '', '<p>A</p>', '<p>S</p>', '<p>A</p>', '<p>F</p>', 'option1', 'OBJECTIVE', 'editor', 1100, ' <br> ', 'Easy', '2024-05-21 10:37:36.000000', NULL),
(937, 15, 46, 277, 307, 355, 198, 'MCQs', '<p>nil</p>', '<p>Which of the following represents the correct accounting equation?</p>', 'NULL', 'NULL', '', '<p><span class=\"math math-inline\"><span class=\"katex\"><span class=\"katex-html\"><span class=\"base\"><span class=\"mord text\"><span class=\"mord\">Assets</span></span><span class=\"mrel\">=</span></span><span class=\"base\"><span class=\"mord text\"><span class=\"mord\">Liabilities</span></span><span class=\"mbin\">&minus;</span></span><span class=\"base\"><span class=\"mord text\"><span class=\"mord\">Equity</span></span></span></span></span></span></p>', '<p>Assets=Liabilities+Equity</p>', '<p>Assets+Liabilities=Equity</p>', '<p>Assets=Equity&minus;Liabilities</p>', 'option2', 'OBJECTIVE', 'editor', 5, ' <br> ', 'Easy', '2024-05-21 10:45:00.000000', NULL),
(939, 15, 46, 277, 307, 355, 198, 'Short', '<p>Nil</p>', '<p>How does the accounting equation maintain balan...', 'NULL', 'NULL', 'NULL', 'NULL', 'NULL', 'NULL', 'NULL', '<p>The accounting equation maintains balance after...', 'SUBJECTIVE', 'editor', 5, '<br> ', 'Easy', '2024-07-01 15:25:05.658439', NULL),
(941, 15, 46, 277, 307, 355, 198, 'Short', '<p>Nil</p>', '<p>How does the accounting equation maintain balan...', 'NULL', 'NULL', 'NULL', 'NULL', 'NULL', 'NULL', 'NULL', '<p>The accounting equation maintains balance after...', 'SUBJECTIVE', 'editor', 5, '<br> ', 'Easy', '2024-07-01 15:34:51.546681', NULL),
(943, 15, 46, 277, 307, 355, 198, 'Short', '<p>Nil</p>', '<p>How does the accounting equation maintain balan...', 'NULL', 'NULL', 'NULL', 'NULL', 'NULL', 'NULL', 'NULL', '<p>The accounting equation maintains balance after...', 'SUBJECTIVE', 'editor', 5, '<br> ', 'Easy', '2024-07-01 15:37:10.575833', NULL),
(945, 15, 46, 277, 307, 355, 198, 'Short', '<p>Nil</p>', '<p>How does the accounting equation maintain balan...', 'NULL', 'NULL', 'NULL', 'NULL', 'NULL', 'NULL', 'NULL', '<p>The accounting equation maintains balance after...', 'SUBJECTIVE', 'editor', 5, '<br> ', 'Easy', '2024-07-01 15:43:15.867393', NULL),
(947, 15, 46, 277, 307, 355, 198, 'Short', '<p>Nil</p>', '<p>How does the accounting equation maintain balan...', 'NULL', 'NULL', 'NULL', 'NULL', 'NULL', 'NULL', 'NULL', '<p>The accounting equation maintains balance after...', 'SUBJECTIVE', 'editor', 5, '<br> ', 'Easy', '2024-07-01 15:48:11.791711', NULL),
(949, 15, 46, 277, 307, 355, 198, 'Short', '<p>Nil</p>', '<p>How does the accounting equation maintain balan...', 'NULL', 'NULL', 'NULL', 'NULL', 'NULL', 'NULL', 'NULL', '<p>The accounting equation maintains balance after...', 'SUBJECTIVE', 'editor', 5, '<br> ', 'Easy', '2024-07-01 15:48:23.081434', NULL),
(951, 15, 46, 277, 307, 355, 198, 'Short', '<p>Nil</p>', '<p>How does the accounting equation maintain balan...', 'NULL', 'NULL', 'NULL', 'NULL', 'NULL', 'NULL', 'NULL', '<p>The accounting equation maintains balance after...', 'SUBJECTIVE', 'editor', 5, '<br> ', 'Easy', '2024-07-01 15:48:36.686653', NULL),
(952, 15, 46, 277, 307, 355, 198, 'T/F', '<p>Nil</p>', '<p>The accounting equation ensures that the balanc...', 'NULL', 'NULL', 'NULL', 'NULL', 'NULL', 'NULL', 'NULL', '1', 'OBJECTIVE', '', 2, '<br> ', 'Easy', '2024-07-01 15:55:42.081246', NULL),
(953, 15, 46, 277, 307, 355, 198, 'T/F', '<p>Nil</p>', '<p>If a company pays off its liabilities with cash...', 'NULL', 'NULL', 'NULL', 'NULL', 'NULL', 'NULL', 'NULL', '', 'OBJECTIVE', '', 2, '<br> ', 'Easy', '2024-07-01 15:55:42.087368', NULL),
(954, 15, 46, 277, 307, 355, 198, 'T/F', '<p>Nil</p>', '<p>The accounting equation ensures that the balanc...', 'NULL', 'NULL', 'NULL', 'NULL', 'NULL', 'NULL', 'NULL', '1', 'OBJECTIVE', '', 2, '<br> ', 'Easy', '2024-07-01 15:56:42.920852', NULL),
(955, 15, 46, 277, 307, 355, 198, 'T/F', '<p>Nil</p>', '<p>If a company pays off its liabilities with cash...', 'NULL', 'NULL', 'NULL', 'NULL', 'NULL', 'NULL', 'NULL', '', 'OBJECTIVE', '', 2, '<br> ', 'Easy', '2024-07-01 15:56:42.927654', NULL),
(956, 15, 46, 277, 307, 355, 198, 'Short', '<p>AD</p>', '<p>ASSA</p>', 'NULL', 'NULL', '', '', '', '', '', '<p>WSSA</p>', 'SUBJECTIVE', 'editor', 15, ' <br> ', 'Hard', '2024-07-08 09:52:43.000000', NULL),
(957, 15, 46, 277, 307, 355, 198, 'Short', '<p>asa</p>', '<p>ASAS</p>', 'NULL', 'NULL', '', '', '', '', '', '<p>ASAS</p>', 'SUBJECTIVE', 'editor', 23, ' <br> ', 'Easy', '2024-07-08 10:27:50.000000', NULL),
(958, 15, 46, 277, 307, 355, 198, 'Short', '<p>AD</p>', '<p>ASA</p>', 'NULL', 'NULL', '', '', '', '', '', '<p>ASD</p>', 'SUBJECTIVE', 'editor', 10, ' <br> ', 'Easy', '2024-07-08 12:37:23.000000', NULL),
(960, 15, 46, 277, 307, 355, 198, 'Short', '<p>Nil</p>', '<p>How does the accounting equation maintain balance after a transaction?</p>', 'NULL', 'NULL', '', '', '', '', '', '<p>The accounting equation maintains balance after a transaction by ensuring that any increase or decrease in assets is offset by an equal increase or decrease in liabilities and/or equity.</p>', 'SUBJECTIVE', 'editor', 5, ' <br> ', 'Easy', '2024-05-20 15:21:08.000000', NULL),
(961, 15, 46, 277, 307, 355, 198, 'Short', '<p>Nil</p>', '<p>What is the impact on the accounting equation when a company takes out a loan?</p>', 'NULL', 'NULL', '', '', '', '', '', '<p>When a company takes out a loan, its assets increase by the amount of the loan (cash received) and its liabilities increase by the same amount (loan payable), keeping the equation in balance.</p>', 'SUBJECTIVE', 'editor', 5, ' <br> ', 'Easy', '2024-05-20 15:21:46.000000', NULL),
(962, 15, 46, 277, 307, 355, 198, 'Long', '<p>Nil</p>', '<p>Explain the accounting equation and provide an example to illustrate how it is used in financial accounting.</p>', 'NULL', 'NULL', '', '', '', '', '', '<p>The accounting equation, <span class=\"math math-inline\"><span class=\"katex\"><span class=\"katex-mathml\">Assets=Liabilities+Equity</span><span class=\"katex-html\"><span class=\"base\"><span class=\"mord text\"><span class=\"mord\">Assets</span></span><span class=\"mrel\">=</span></span><span class=\"base\"><span class=\"mord text\"><span class=\"mord\">Liabilities</span></span><span class=\"mbin\">+</span></span><span class=\"base\"><span class=\"mord text\"><span class=\"mord\">Equity</span></span></span></span></span></span>, forms the foundation of double-entry bookkeeping. It represents the relationship between a companys assets, liabilities, and owners equity. For example, if a company purchases equipment worth $5,000 by paying $2,000 in cash and taking out a loan for the remaining $3,000, the equation reflects this as an increase in assets (equipment) by $5,000, a decrease in assets (cash) by $2,000, and an increase in liabilities (loan) by $3,000. The new accounting equation is $5,000 (equipment) = $3,000 (loan) + $2,000 (equity).</p>', 'SUBJECTIVE', 'editor', 10, ' <br> ', 'Easy', '2024-05-20 15:22:35.000000', NULL),
(963, 15, 46, 277, 307, 355, 198, 'Long', '<p>Nil</p>', '<p>Discuss the importance of the accounting equation in preparing financial statements. Provide examples of how various transactions affect the accounting equation and ultimately the financial statements.</p>', 'NULL', 'NULL', '', '', '', '', '', '<p>The accounting equation is crucial in preparing financial statements because it ensures that the balance sheet is always balanced. It helps in tracking how transactions affect a companys financial position. For example, when a business earns revenue, it increases both assets (cash or accounts receivable) and equity (retained earnings), thus affecting the income statement and balance sheet. Conversely, paying off a liability decreases both assets (cash) and liabilities (accounts payable), impacting the balance sheet without affecting the income statement. This systematic approach ensures accuracy and consistency in financial reporting.</p>', 'SUBJECTIVE', 'editor', 10, ' <br> ', 'Easy', '2024-05-20 15:23:10.000000', NULL),
(964, 15, 46, 277, 307, 355, 198, 'T/F', '<p>Nil</p>', '<p>The accounting equation ensures that the balance sheet is always balanced.</p>', 'NULL', 'NULL', '', '', '', '', '', 'True', 'OBJECTIVE', '', 2, ' <br> ', 'Easy', '2024-05-20 15:26:06.000000', NULL),
(965, 15, 46, 277, 307, 355, 198, 'T/F', '<p>Nil</p>', '<p>If a company pays off its liabilities with cash, the accounting equation remains unaffected.</p>', 'NULL', 'NULL', '', '', '', '', '', 'False', 'OBJECTIVE', '', 2, ' <br> ', 'Easy', '2024-05-20 15:26:30.000000', NULL),
(966, 15, 46, 277, 307, 355, 198, 'T/F', '<p>Nil</p>', '<p>Purchasing equipment with cash affects only the asset side of the accounting equation.</p>', 'NULL', 'NULL', '', '', '', '', '', 'True', 'OBJECTIVE', '', 2, ' <br> ', 'Easy', '2024-05-20 15:27:29.000000', NULL),
(967, 15, 46, 277, 307, 355, 198, 'FIB', '<p>Nil</p>', '<p>The accounting equation is _______ = Liabilities + Equity.</p>', 'NULL', 'NULL', '', '', '', '', '', '<p>Assets</p>', 'OBJECTIVE', '', 2, ' <br> ', 'Easy', '2024-05-20 15:28:19.000000', NULL),
(968, 15, 46, 277, 307, 355, 198, 'FIB', '<p>Nil</p>', '<p>In the accounting equation, if assets increase and liabilities remain the same, equity must _______.</p>', 'NULL', 'NULL', '', '', '', '', '', '<p>Increase</p>', 'OBJECTIVE', '', 2, ' <br> ', 'Easy', '2024-05-20 15:28:45.000000', NULL),
(969, 15, 46, 277, 307, 355, 198, 'FIB', '<p>Nil</p>', '<p>A payment of dividends will decrease both equity and _______.</p>', 'NULL', 'NULL', '', '', '', '', '', '<p>Assets</p>', 'OBJECTIVE', '', 2, ' <br> ', 'Easy', '2024-05-20 15:29:16.000000', NULL),
(970, 15, 46, 277, 307, 355, 198, 'MCQs', '<p>AAAAAAAAAAAAAA</p>', '<p>ASA</p>', 'NULL', 'NULL', '', '<p>A</p>', '<p>S</p>', '<p>A</p>', '<p>F</p>', 'option1', 'OBJECTIVE', 'editor', 1100, ' <br> ', 'Easy', '2024-05-21 10:37:36.000000', NULL),
(971, 15, 46, 277, 307, 355, 198, 'MCQs', '<p>nil</p>', '<p>Which of the following represents the correct accounting equation?</p>', 'NULL', 'NULL', '', '<p><span class=\"math math-inline\"><span class=\"katex\"><span class=\"katex-html\"><span class=\"base\"><span class=\"mord text\"><span class=\"mord\">Assets</span></span><span class=\"mrel\">=</span></span><span class=\"base\"><span class=\"mord text\"><span class=\"mord\">Liabilities</span></span><span class=\"mbin\">&minus;</span></span><span class=\"base\"><span class=\"mord text\"><span class=\"mord\">Equity</span></span></span></span></span></span></p>', '<p>Assets=Liabilities+Equity</p>', '<p>Assets+Liabilities=Equity</p>', '<p>Assets=Equity&minus;Liabilities</p>', 'option2', 'OBJECTIVE', 'editor', 5, ' <br> ', 'Easy', '2024-05-21 10:45:00.000000', NULL),
(973, 15, 46, 277, 307, 355, 198, 'Short', '<p>Nil</p>', '<p>How does the accounting equation maintain balan...', 'NULL', 'NULL', 'NULL', 'NULL', 'NULL', 'NULL', 'NULL', '<p>The accounting equation maintains balance after...', 'SUBJECTIVE', 'editor', 5, '<br> ', 'Easy', '2024-07-01 15:25:05.658439', NULL),
(975, 15, 46, 277, 307, 355, 198, 'Short', '<p>Nil</p>', '<p>How does the accounting equation maintain balan...', 'NULL', 'NULL', 'NULL', 'NULL', 'NULL', 'NULL', 'NULL', '<p>The accounting equation maintains balance after...', 'SUBJECTIVE', 'editor', 5, '<br> ', 'Easy', '2024-07-01 15:34:51.546681', NULL),
(977, 15, 46, 277, 307, 355, 198, 'Short', '<p>Nil</p>', '<p>How does the accounting equation maintain balan...', 'NULL', 'NULL', 'NULL', 'NULL', 'NULL', 'NULL', 'NULL', '<p>The accounting equation maintains balance after...', 'SUBJECTIVE', 'editor', 5, '<br> ', 'Easy', '2024-07-01 15:37:10.575833', NULL),
(979, 15, 46, 277, 307, 355, 198, 'Short', '<p>Nil</p>', '<p>How does the accounting equation maintain balan...', 'NULL', 'NULL', 'NULL', 'NULL', 'NULL', 'NULL', 'NULL', '<p>The accounting equation maintains balance after...', 'SUBJECTIVE', 'editor', 5, '<br> ', 'Easy', '2024-07-01 15:43:15.867393', NULL),
(981, 15, 46, 277, 307, 355, 198, 'Short', '<p>Nil</p>', '<p>How does the accounting equation maintain balan...', 'NULL', 'NULL', 'NULL', 'NULL', 'NULL', 'NULL', 'NULL', '<p>The accounting equation maintains balance after...', 'SUBJECTIVE', 'editor', 5, '<br> ', 'Easy', '2024-07-01 15:48:11.791711', NULL),
(983, 15, 46, 277, 307, 355, 198, 'Short', '<p>Nil</p>', '<p>How does the accounting equation maintain balan...', 'NULL', 'NULL', 'NULL', 'NULL', 'NULL', 'NULL', 'NULL', '<p>The accounting equation maintains balance after...', 'SUBJECTIVE', 'editor', 5, '<br> ', 'Easy', '2024-07-01 15:48:23.081434', NULL),
(985, 15, 46, 277, 307, 355, 198, 'Short', '<p>Nil</p>', '<p>How does the accounting equation maintain balan...', 'NULL', 'NULL', 'NULL', 'NULL', 'NULL', 'NULL', 'NULL', '<p>The accounting equation maintains balance after...', 'SUBJECTIVE', 'editor', 5, '<br> ', 'Easy', '2024-07-01 15:48:36.686653', NULL),
(986, 15, 46, 277, 307, 355, 198, 'T/F', '<p>Nil</p>', '<p>The accounting equation ensures that the balanc...', 'NULL', 'NULL', 'NULL', 'NULL', 'NULL', 'NULL', 'NULL', '1', 'OBJECTIVE', '', 2, '<br> ', 'Easy', '2024-07-01 15:55:42.081246', NULL),
(987, 15, 46, 277, 307, 355, 198, 'T/F', '<p>Nil</p>', '<p>If a company pays off its liabilities with cash...', 'NULL', 'NULL', 'NULL', 'NULL', 'NULL', 'NULL', 'NULL', '', 'OBJECTIVE', '', 2, '<br> ', 'Easy', '2024-07-01 15:55:42.087368', NULL),
(988, 15, 46, 277, 307, 355, 198, 'T/F', '<p>Nil</p>', '<p>The accounting equation ensures that the balanc...', 'NULL', 'NULL', 'NULL', 'NULL', 'NULL', 'NULL', 'NULL', '1', 'OBJECTIVE', '', 2, '<br> ', 'Easy', '2024-07-01 15:56:42.920852', NULL),
(989, 15, 46, 277, 307, 355, 198, 'T/F', '<p>Nil</p>', '<p>If a company pays off its liabilities with cash...', 'NULL', 'NULL', 'NULL', 'NULL', 'NULL', 'NULL', 'NULL', '', 'OBJECTIVE', '', 2, '<br> ', 'Easy', '2024-07-01 15:56:42.927654', NULL),
(990, 15, 46, 277, 307, 355, 198, 'Short', '<p>AD</p>', '<p>ASSA</p>', 'NULL', 'NULL', '', '', '', '', '', '<p>WSSA</p>', 'SUBJECTIVE', 'editor', 15, ' <br> ', 'Hard', '2024-07-08 09:52:43.000000', NULL),
(991, 15, 46, 277, 307, 355, 198, 'Short', '<p>asa</p>', '<p>ASAS</p>', 'NULL', 'NULL', '', '', '', '', '', '<p>ASAS</p>', 'SUBJECTIVE', 'editor', 23, ' <br> ', 'Easy', '2024-07-08 10:27:50.000000', NULL),
(992, 15, 46, 277, 307, 355, 198, 'Short', '<p>AD</p>', '<p>ASA</p>', 'NULL', 'NULL', '', '', '', '', '', '<p>ASD</p>', 'SUBJECTIVE', 'editor', 10, ' <br> ', 'Easy', '2024-07-08 12:37:23.000000', NULL),
(994, 15, 46, 277, 307, 355, 198, 'Short', '<p>Nil</p>', '<p>How does the accounting equation maintain balance after a transaction?</p>', 'NULL', 'NULL', '', '', '', '', '', '<p>The accounting equation maintains balance after a transaction by ensuring that any increase or decrease in assets is offset by an equal increase or decrease in liabilities and/or equity.</p>', 'SUBJECTIVE', 'editor', 5, ' <br> ', 'Easy', '2024-05-20 15:21:08.000000', NULL),
(995, 15, 46, 277, 307, 355, 198, 'Short', '<p>Nil</p>', '<p>What is the impact on the accounting equation when a company takes out a loan?</p>', 'NULL', 'NULL', '', '', '', '', '', '<p>When a company takes out a loan, its assets increase by the amount of the loan (cash received) and its liabilities increase by the same amount (loan payable), keeping the equation in balance.</p>', 'SUBJECTIVE', 'editor', 5, ' <br> ', 'Easy', '2024-05-20 15:21:46.000000', NULL),
(996, 15, 46, 277, 307, 355, 198, 'Long', '<p>Nil</p>', '<p>Explain the accounting equation and provide an example to illustrate how it is used in financial accounting.</p>', 'NULL', 'NULL', '', '', '', '', '', '<p>The accounting equation, <span class=\"math math-inline\"><span class=\"katex\"><span class=\"katex-mathml\">Assets=Liabilities+Equity</span><span class=\"katex-html\"><span class=\"base\"><span class=\"mord text\"><span class=\"mord\">Assets</span></span><span class=\"mrel\">=</span></span><span class=\"base\"><span class=\"mord text\"><span class=\"mord\">Liabilities</span></span><span class=\"mbin\">+</span></span><span class=\"base\"><span class=\"mord text\"><span class=\"mord\">Equity</span></span></span></span></span></span>, forms the foundation of double-entry bookkeeping. It represents the relationship between a companys assets, liabilities, and owners equity. For example, if a company purchases equipment worth $5,000 by paying $2,000 in cash and taking out a loan for the remaining $3,000, the equation reflects this as an increase in assets (equipment) by $5,000, a decrease in assets (cash) by $2,000, and an increase in liabilities (loan) by $3,000. The new accounting equation is $5,000 (equipment) = $3,000 (loan) + $2,000 (equity).</p>', 'SUBJECTIVE', 'editor', 10, ' <br> ', 'Easy', '2024-05-20 15:22:35.000000', NULL),
(997, 15, 46, 277, 307, 355, 198, 'Long', '<p>Nil</p>', '<p>Discuss the importance of the accounting equation in preparing financial statements. Provide examples of how various transactions affect the accounting equation and ultimately the financial statements.</p>', 'NULL', 'NULL', '', '', '', '', '', '<p>The accounting equation is crucial in preparing financial statements because it ensures that the balance sheet is always balanced. It helps in tracking how transactions affect a companys financial position. For example, when a business earns revenue, it increases both assets (cash or accounts receivable) and equity (retained earnings), thus affecting the income statement and balance sheet. Conversely, paying off a liability decreases both assets (cash) and liabilities (accounts payable), impacting the balance sheet without affecting the income statement. This systematic approach ensures accuracy and consistency in financial reporting.</p>', 'SUBJECTIVE', 'editor', 10, ' <br> ', 'Easy', '2024-05-20 15:23:10.000000', NULL),
(998, 15, 46, 277, 307, 355, 198, 'T/F', '<p>Nil</p>', '<p>The accounting equation ensures that the balance sheet is always balanced.</p>', 'NULL', 'NULL', '', '', '', '', '', 'True', 'OBJECTIVE', '', 2, ' <br> ', 'Easy', '2024-05-20 15:26:06.000000', NULL),
(999, 15, 46, 277, 307, 355, 198, 'T/F', '<p>Nil</p>', '<p>If a company pays off its liabilities with cash, the accounting equation remains unaffected.</p>', 'NULL', 'NULL', '', '', '', '', '', 'False', 'OBJECTIVE', '', 2, ' <br> ', 'Easy', '2024-05-20 15:26:30.000000', NULL),
(1000, 15, 46, 277, 307, 355, 198, 'T/F', '<p>Nil</p>', '<p>Purchasing equipment with cash affects only the asset side of the accounting equation.</p>', 'NULL', 'NULL', '', '', '', '', '', 'True', 'OBJECTIVE', '', 2, ' <br> ', 'Easy', '2024-05-20 15:27:29.000000', NULL),
(1001, 15, 46, 277, 307, 355, 198, 'FIB', '<p>Nil</p>', '<p>The accounting equation is _______ = Liabilities + Equity.</p>', 'NULL', 'NULL', '', '', '', '', '', '<p>Assets</p>', 'OBJECTIVE', '', 2, ' <br> ', 'Easy', '2024-05-20 15:28:19.000000', NULL),
(1002, 15, 46, 277, 307, 355, 198, 'FIB', '<p>Nil</p>', '<p>In the accounting equation, if assets increase and liabilities remain the same, equity must _______.</p>', 'NULL', 'NULL', '', '', '', '', '', '<p>Increase</p>', 'OBJECTIVE', '', 2, ' <br> ', 'Easy', '2024-05-20 15:28:45.000000', NULL),
(1003, 15, 46, 277, 307, 355, 198, 'FIB', '<p>Nil</p>', '<p>A payment of dividends will decrease both equity and _______.</p>', 'NULL', 'NULL', '', '', '', '', '', '<p>Assets</p>', 'OBJECTIVE', '', 2, ' <br> ', 'Easy', '2024-05-20 15:29:16.000000', NULL),
(1004, 15, 46, 277, 307, 355, 198, 'MCQs', '<p>AAAAAAAAAAAAAA</p>', '<p>ASA</p>', 'NULL', 'NULL', '', '<p>A</p>', '<p>S</p>', '<p>A</p>', '<p>F</p>', 'option1', 'OBJECTIVE', 'editor', 1100, ' <br> ', 'Easy', '2024-05-21 10:37:36.000000', NULL),
(1005, 15, 46, 277, 307, 355, 198, 'MCQs', '<p>nil</p>', '<p>Which of the following represents the correct accounting equation?</p>', 'NULL', 'NULL', '', '<p><span class=\"math math-inline\"><span class=\"katex\"><span class=\"katex-html\"><span class=\"base\"><span class=\"mord text\"><span class=\"mord\">Assets</span></span><span class=\"mrel\">=</span></span><span class=\"base\"><span class=\"mord text\"><span class=\"mord\">Liabilities</span></span><span class=\"mbin\">&minus;</span></span><span class=\"base\"><span class=\"mord text\"><span class=\"mord\">Equity</span></span></span></span></span></span></p>', '<p>Assets=Liabilities+Equity</p>', '<p>Assets+Liabilities=Equity</p>', '<p>Assets=Equity&minus;Liabilities</p>', 'option2', 'OBJECTIVE', 'editor', 5, ' <br> ', 'Easy', '2024-05-21 10:45:00.000000', NULL),
(1007, 15, 46, 277, 307, 355, 198, 'Short', '<p>Nil</p>', '<p>How does the accounting equation maintain balan...', 'NULL', 'NULL', 'NULL', 'NULL', 'NULL', 'NULL', 'NULL', '<p>The accounting equation maintains balance after...', 'SUBJECTIVE', 'editor', 5, '<br> ', 'Easy', '2024-07-01 15:25:05.658439', NULL),
(1009, 15, 46, 277, 307, 355, 198, 'Short', '<p>Nil</p>', '<p>How does the accounting equation maintain balan...', 'NULL', 'NULL', 'NULL', 'NULL', 'NULL', 'NULL', 'NULL', '<p>The accounting equation maintains balance after...', 'SUBJECTIVE', 'editor', 5, '<br> ', 'Easy', '2024-07-01 15:34:51.546681', NULL),
(1011, 15, 46, 277, 307, 355, 198, 'Short', '<p>Nil</p>', '<p>How does the accounting equation maintain balan...', 'NULL', 'NULL', 'NULL', 'NULL', 'NULL', 'NULL', 'NULL', '<p>The accounting equation maintains balance after...', 'SUBJECTIVE', 'editor', 5, '<br> ', 'Easy', '2024-07-01 15:37:10.575833', NULL),
(1013, 15, 46, 277, 307, 355, 198, 'Short', '<p>Nil</p>', '<p>How does the accounting equation maintain balan...', 'NULL', 'NULL', 'NULL', 'NULL', 'NULL', 'NULL', 'NULL', '<p>The accounting equation maintains balance after...', 'SUBJECTIVE', 'editor', 5, '<br> ', 'Easy', '2024-07-01 15:43:15.867393', NULL),
(1015, 15, 46, 277, 307, 355, 198, 'Short', '<p>Nil</p>', '<p>How does the accounting equation maintain balan...', 'NULL', 'NULL', 'NULL', 'NULL', 'NULL', 'NULL', 'NULL', '<p>The accounting equation maintains balance after...', 'SUBJECTIVE', 'editor', 5, '<br> ', 'Easy', '2024-07-01 15:48:11.791711', NULL),
(1017, 15, 46, 277, 307, 355, 198, 'Short', '<p>Nil</p>', '<p>How does the accounting equation maintain balan...', 'NULL', 'NULL', 'NULL', 'NULL', 'NULL', 'NULL', 'NULL', '<p>The accounting equation maintains balance after...', 'SUBJECTIVE', 'editor', 5, '<br> ', 'Easy', '2024-07-01 15:48:23.081434', NULL),
(1019, 15, 46, 277, 307, 355, 198, 'Short', '<p>Nil</p>', '<p>How does the accounting equation maintain balan...', 'NULL', 'NULL', 'NULL', 'NULL', 'NULL', 'NULL', 'NULL', '<p>The accounting equation maintains balance after...', 'SUBJECTIVE', 'editor', 5, '<br> ', 'Easy', '2024-07-01 15:48:36.686653', NULL),
(1020, 15, 46, 277, 307, 355, 198, 'T/F', '<p>Nil</p>', '<p>The accounting equation ensures that the balanc...', 'NULL', 'NULL', 'NULL', 'NULL', 'NULL', 'NULL', 'NULL', '1', 'OBJECTIVE', '', 2, '<br> ', 'Easy', '2024-07-01 15:55:42.081246', NULL),
(1021, 15, 46, 277, 307, 355, 198, 'T/F', '<p>Nil</p>', '<p>If a company pays off its liabilities with cash...', 'NULL', 'NULL', 'NULL', 'NULL', 'NULL', 'NULL', 'NULL', '', 'OBJECTIVE', '', 2, '<br> ', 'Easy', '2024-07-01 15:55:42.087368', NULL),
(1022, 15, 46, 277, 307, 355, 198, 'T/F', '<p>Nil</p>', '<p>The accounting equation ensures that the balanc...', 'NULL', 'NULL', 'NULL', 'NULL', 'NULL', 'NULL', 'NULL', '1', 'OBJECTIVE', '', 2, '<br> ', 'Easy', '2024-07-01 15:56:42.920852', NULL),
(1023, 15, 46, 277, 307, 355, 198, 'T/F', '<p>Nil</p>', '<p>If a company pays off its liabilities with cash...', 'NULL', 'NULL', 'NULL', 'NULL', 'NULL', 'NULL', 'NULL', '', 'OBJECTIVE', '', 2, '<br> ', 'Easy', '2024-07-01 15:56:42.927654', NULL),
(1024, 15, 46, 277, 307, 355, 198, 'Short', '<p>AD</p>', '<p>ASSA</p>', 'NULL', 'NULL', '', '', '', '', '', '<p>WSSA</p>', 'SUBJECTIVE', 'editor', 15, ' <br> ', 'Hard', '2024-07-08 09:52:43.000000', NULL),
(1025, 15, 46, 277, 307, 355, 198, 'Short', '<p>asa</p>', '<p>ASAS</p>', 'NULL', 'NULL', '', '', '', '', '', '<p>ASAS</p>', 'SUBJECTIVE', 'editor', 23, ' <br> ', 'Easy', '2024-07-08 10:27:50.000000', NULL),
(1026, 15, 46, 277, 307, 355, 198, 'Short', '<p>AD</p>', '<p>ASA</p>', 'NULL', 'NULL', '', '', '', '', '', '<p>ASD</p>', 'SUBJECTIVE', 'editor', 10, ' <br> ', 'Easy', '2024-07-08 12:37:23.000000', NULL),
(1028, 15, 46, 277, 307, 355, 198, 'Short', '<p>Nil</p>', '<p>How does the accounting equation maintain balance after a transaction?</p>', 'NULL', 'NULL', '', '', '', '', '', '<p>The accounting equation maintains balance after a transaction by ensuring that any increase or decrease in assets is offset by an equal increase or decrease in liabilities and/or equity.</p>', 'SUBJECTIVE', 'editor', 5, ' <br> ', 'Easy', '2024-05-20 15:21:08.000000', NULL),
(1029, 15, 46, 277, 307, 355, 198, 'Short', '<p>Nil</p>', '<p>What is the impact on the accounting equation when a company takes out a loan?</p>', 'NULL', 'NULL', '', '', '', '', '', '<p>When a company takes out a loan, its assets increase by the amount of the loan (cash received) and its liabilities increase by the same amount (loan payable), keeping the equation in balance.</p>', 'SUBJECTIVE', 'editor', 5, ' <br> ', 'Easy', '2024-05-20 15:21:46.000000', NULL),
(1030, 15, 46, 277, 307, 355, 198, 'Long', '<p>Nil</p>', '<p>Explain the accounting equation and provide an example to illustrate how it is used in financial accounting.</p>', 'NULL', 'NULL', '', '', '', '', '', '<p>The accounting equation, <span class=\"math math-inline\"><span class=\"katex\"><span class=\"katex-mathml\">Assets=Liabilities+Equity</span><span class=\"katex-html\"><span class=\"base\"><span class=\"mord text\"><span class=\"mord\">Assets</span></span><span class=\"mrel\">=</span></span><span class=\"base\"><span class=\"mord text\"><span class=\"mord\">Liabilities</span></span><span class=\"mbin\">+</span></span><span class=\"base\"><span class=\"mord text\"><span class=\"mord\">Equity</span></span></span></span></span></span>, forms the foundation of double-entry bookkeeping. It represents the relationship between a companys assets, liabilities, and owners equity. For example, if a company purchases equipment worth $5,000 by paying $2,000 in cash and taking out a loan for the remaining $3,000, the equation reflects this as an increase in assets (equipment) by $5,000, a decrease in assets (cash) by $2,000, and an increase in liabilities (loan) by $3,000. The new accounting equation is $5,000 (equipment) = $3,000 (loan) + $2,000 (equity).</p>', 'SUBJECTIVE', 'editor', 10, ' <br> ', 'Easy', '2024-05-20 15:22:35.000000', NULL),
(1031, 15, 46, 277, 307, 355, 198, 'Long', '<p>Nil</p>', '<p>Discuss the importance of the accounting equation in preparing financial statements. Provide examples of how various transactions affect the accounting equation and ultimately the financial statements.</p>', 'NULL', 'NULL', '', '', '', '', '', '<p>The accounting equation is crucial in preparing financial statements because it ensures that the balance sheet is always balanced. It helps in tracking how transactions affect a companys financial position. For example, when a business earns revenue, it increases both assets (cash or accounts receivable) and equity (retained earnings), thus affecting the income statement and balance sheet. Conversely, paying off a liability decreases both assets (cash) and liabilities (accounts payable), impacting the balance sheet without affecting the income statement. This systematic approach ensures accuracy and consistency in financial reporting.</p>', 'SUBJECTIVE', 'editor', 10, ' <br> ', 'Easy', '2024-05-20 15:23:10.000000', NULL),
(1032, 15, 46, 277, 307, 355, 198, 'T/F', '<p>Nil</p>', '<p>The accounting equation ensures that the balance sheet is always balanced.</p>', 'NULL', 'NULL', '', '', '', '', '', 'True', 'OBJECTIVE', '', 2, ' <br> ', 'Easy', '2024-05-20 15:26:06.000000', NULL),
(1033, 15, 46, 277, 307, 355, 198, 'T/F', '<p>Nil</p>', '<p>If a company pays off its liabilities with cash, the accounting equation remains unaffected.</p>', 'NULL', 'NULL', '', '', '', '', '', 'False', 'OBJECTIVE', '', 2, ' <br> ', 'Easy', '2024-05-20 15:26:30.000000', NULL),
(1034, 15, 46, 277, 307, 355, 198, 'T/F', '<p>Nil</p>', '<p>Purchasing equipment with cash affects only the asset side of the accounting equation.</p>', 'NULL', 'NULL', '', '', '', '', '', 'True', 'OBJECTIVE', '', 2, ' <br> ', 'Easy', '2024-05-20 15:27:29.000000', NULL),
(1035, 15, 46, 277, 307, 355, 198, 'FIB', '<p>Nil</p>', '<p>The accounting equation is _______ = Liabilities + Equity.</p>', 'NULL', 'NULL', '', '', '', '', '', '<p>Assets</p>', 'OBJECTIVE', '', 2, ' <br> ', 'Easy', '2024-05-20 15:28:19.000000', NULL),
(1036, 15, 46, 277, 307, 355, 198, 'FIB', '<p>Nil</p>', '<p>In the accounting equation, if assets increase and liabilities remain the same, equity must _______.</p>', 'NULL', 'NULL', '', '', '', '', '', '<p>Increase</p>', 'OBJECTIVE', '', 2, ' <br> ', 'Easy', '2024-05-20 15:28:45.000000', NULL),
(1037, 15, 46, 277, 307, 355, 198, 'FIB', '<p>Nil</p>', '<p>A payment of dividends will decrease both equity and _______.</p>', 'NULL', 'NULL', '', '', '', '', '', '<p>Assets</p>', 'OBJECTIVE', '', 2, ' <br> ', 'Easy', '2024-05-20 15:29:16.000000', NULL),
(1038, 15, 46, 277, 307, 355, 198, 'MCQs', '<p>AAAAAAAAAAAAAA</p>', '<p>ASA</p>', 'NULL', 'NULL', '', '<p>A</p>', '<p>S</p>', '<p>A</p>', '<p>F</p>', 'option1', 'OBJECTIVE', 'editor', 1100, ' <br> ', 'Easy', '2024-05-21 10:37:36.000000', NULL),
(1039, 15, 46, 277, 307, 355, 198, 'MCQs', '<p>nil</p>', '<p>Which of the following represents the correct accounting equation?</p>', 'NULL', 'NULL', '', '<p><span class=\"math math-inline\"><span class=\"katex\"><span class=\"katex-html\"><span class=\"base\"><span class=\"mord text\"><span class=\"mord\">Assets</span></span><span class=\"mrel\">=</span></span><span class=\"base\"><span class=\"mord text\"><span class=\"mord\">Liabilities</span></span><span class=\"mbin\">&minus;</span></span><span class=\"base\"><span class=\"mord text\"><span class=\"mord\">Equity</span></span></span></span></span></span></p>', '<p>Assets=Liabilities+Equity</p>', '<p>Assets+Liabilities=Equity</p>', '<p>Assets=Equity&minus;Liabilities</p>', 'option2', 'OBJECTIVE', 'editor', 5, ' <br> ', 'Easy', '2024-05-21 10:45:00.000000', NULL),
(1041, 15, 46, 277, 307, 355, 198, 'Short', '<p>Nil</p>', '<p>How does the accounting equation maintain balan...', 'NULL', 'NULL', 'NULL', 'NULL', 'NULL', 'NULL', 'NULL', '<p>The accounting equation maintains balance after...', 'SUBJECTIVE', 'editor', 5, '<br> ', 'Easy', '2024-07-01 15:25:05.658439', NULL),
(1043, 15, 46, 277, 307, 355, 198, 'Short', '<p>Nil</p>', '<p>How does the accounting equation maintain balan...', 'NULL', 'NULL', 'NULL', 'NULL', 'NULL', 'NULL', 'NULL', '<p>The accounting equation maintains balance after...', 'SUBJECTIVE', 'editor', 5, '<br> ', 'Easy', '2024-07-01 15:34:51.546681', NULL),
(1045, 15, 46, 277, 307, 355, 198, 'Short', '<p>Nil</p>', '<p>How does the accounting equation maintain balan...', 'NULL', 'NULL', 'NULL', 'NULL', 'NULL', 'NULL', 'NULL', '<p>The accounting equation maintains balance after...', 'SUBJECTIVE', 'editor', 5, '<br> ', 'Easy', '2024-07-01 15:37:10.575833', NULL),
(1047, 15, 46, 277, 307, 355, 198, 'Short', '<p>Nil</p>', '<p>How does the accounting equation maintain balan...', 'NULL', 'NULL', 'NULL', 'NULL', 'NULL', 'NULL', 'NULL', '<p>The accounting equation maintains balance after...', 'SUBJECTIVE', 'editor', 5, '<br> ', 'Easy', '2024-07-01 15:43:15.867393', NULL),
(1049, 15, 46, 277, 307, 355, 198, 'Short', '<p>Nil</p>', '<p>How does the accounting equation maintain balan...', 'NULL', 'NULL', 'NULL', 'NULL', 'NULL', 'NULL', 'NULL', '<p>The accounting equation maintains balance after...', 'SUBJECTIVE', 'editor', 5, '<br> ', 'Easy', '2024-07-01 15:48:11.791711', NULL),
(1051, 15, 46, 277, 307, 355, 198, 'Short', '<p>Nil</p>', '<p>How does the accounting equation maintain balan...', 'NULL', 'NULL', 'NULL', 'NULL', 'NULL', 'NULL', 'NULL', '<p>The accounting equation maintains balance after...', 'SUBJECTIVE', 'editor', 5, '<br> ', 'Easy', '2024-07-01 15:48:23.081434', NULL),
(1053, 15, 46, 277, 307, 355, 198, 'Short', '<p>Nil</p>', '<p>How does the accounting equation maintain balan...', 'NULL', 'NULL', 'NULL', 'NULL', 'NULL', 'NULL', 'NULL', '<p>The accounting equation maintains balance after...', 'SUBJECTIVE', 'editor', 5, '<br> ', 'Easy', '2024-07-01 15:48:36.686653', NULL),
(1054, 15, 46, 277, 307, 355, 198, 'T/F', '<p>Nil</p>', '<p>The accounting equation ensures that the balanc...', 'NULL', 'NULL', 'NULL', 'NULL', 'NULL', 'NULL', 'NULL', '1', 'OBJECTIVE', '', 2, '<br> ', 'Easy', '2024-07-01 15:55:42.081246', NULL),
(1055, 15, 46, 277, 307, 355, 198, 'T/F', '<p>Nil</p>', '<p>If a company pays off its liabilities with cash...', 'NULL', 'NULL', 'NULL', 'NULL', 'NULL', 'NULL', 'NULL', '', 'OBJECTIVE', '', 2, '<br> ', 'Easy', '2024-07-01 15:55:42.087368', NULL),
(1056, 15, 46, 277, 307, 355, 198, 'T/F', '<p>Nil</p>', '<p>The accounting equation ensures that the balanc...', 'NULL', 'NULL', 'NULL', 'NULL', 'NULL', 'NULL', 'NULL', '1', 'OBJECTIVE', '', 2, '<br> ', 'Easy', '2024-07-01 15:56:42.920852', NULL),
(1057, 15, 46, 277, 307, 355, 198, 'T/F', '<p>Nil</p>', '<p>If a company pays off its liabilities with cash...', 'NULL', 'NULL', 'NULL', 'NULL', 'NULL', 'NULL', 'NULL', '', 'OBJECTIVE', '', 2, '<br> ', 'Easy', '2024-07-01 15:56:42.927654', NULL),
(1058, 15, 46, 277, 307, 355, 198, 'Short', '<p>AD</p>', '<p>ASSA</p>', 'NULL', 'NULL', '', '', '', '', '', '<p>WSSA</p>', 'SUBJECTIVE', 'editor', 15, ' <br> ', 'Hard', '2024-07-08 09:52:43.000000', NULL),
(1059, 15, 46, 277, 307, 355, 198, 'Short', '<p>asa</p>', '<p>ASAS</p>', 'NULL', 'NULL', '', '', '', '', '', '<p>ASAS</p>', 'SUBJECTIVE', 'editor', 23, ' <br> ', 'Easy', '2024-07-08 10:27:50.000000', NULL),
(1060, 15, 46, 277, 307, 355, 198, 'Short', '<p>AD</p>', '<p>ASA</p>', 'NULL', 'NULL', '', '', '', '', '', '<p>ASD</p>', 'SUBJECTIVE', 'editor', 10, ' <br> ', 'Easy', '2024-07-08 12:37:23.000000', NULL),
(1062, 15, 46, 277, 307, 355, 198, 'Short', '<p>Nil</p>', '<p>How does the accounting equation maintain balance after a transaction?</p>', 'NULL', 'NULL', '', '', '', '', '', '<p>The accounting equation maintains balance after a transaction by ensuring that any increase or decrease in assets is offset by an equal increase or decrease in liabilities and/or equity.</p>', 'SUBJECTIVE', 'editor', 5, ' <br> ', 'Easy', '2024-05-20 15:21:08.000000', NULL),
(1063, 15, 46, 277, 307, 355, 198, 'Short', '<p>Nil</p>', '<p>What is the impact on the accounting equation when a company takes out a loan?</p>', 'NULL', 'NULL', '', '', '', '', '', '<p>When a company takes out a loan, its assets increase by the amount of the loan (cash received) and its liabilities increase by the same amount (loan payable), keeping the equation in balance.</p>', 'SUBJECTIVE', 'editor', 5, ' <br> ', 'Easy', '2024-05-20 15:21:46.000000', NULL),
(1064, 15, 46, 277, 307, 355, 198, 'Long', '<p>Nil</p>', '<p>Explain the accounting equation and provide an example to illustrate how it is used in financial accounting.</p>', 'NULL', 'NULL', '', '', '', '', '', '<p>The accounting equation, <span class=\"math math-inline\"><span class=\"katex\"><span class=\"katex-mathml\">Assets=Liabilities+Equity</span><span class=\"katex-html\"><span class=\"base\"><span class=\"mord text\"><span class=\"mord\">Assets</span></span><span class=\"mrel\">=</span></span><span class=\"base\"><span class=\"mord text\"><span class=\"mord\">Liabilities</span></span><span class=\"mbin\">+</span></span><span class=\"base\"><span class=\"mord text\"><span class=\"mord\">Equity</span></span></span></span></span></span>, forms the foundation of double-entry bookkeeping. It represents the relationship between a companys assets, liabilities, and owners equity. For example, if a company purchases equipment worth $5,000 by paying $2,000 in cash and taking out a loan for the remaining $3,000, the equation reflects this as an increase in assets (equipment) by $5,000, a decrease in assets (cash) by $2,000, and an increase in liabilities (loan) by $3,000. The new accounting equation is $5,000 (equipment) = $3,000 (loan) + $2,000 (equity).</p>', 'SUBJECTIVE', 'editor', 10, ' <br> ', 'Easy', '2024-05-20 15:22:35.000000', NULL),
(1065, 15, 46, 277, 307, 355, 198, 'Long', '<p>Nil</p>', '<p>Discuss the importance of the accounting equation in preparing financial statements. Provide examples of how various transactions affect the accounting equation and ultimately the financial statements.</p>', 'NULL', 'NULL', '', '', '', '', '', '<p>The accounting equation is crucial in preparing financial statements because it ensures that the balance sheet is always balanced. It helps in tracking how transactions affect a companys financial position. For example, when a business earns revenue, it increases both assets (cash or accounts receivable) and equity (retained earnings), thus affecting the income statement and balance sheet. Conversely, paying off a liability decreases both assets (cash) and liabilities (accounts payable), impacting the balance sheet without affecting the income statement. This systematic approach ensures accuracy and consistency in financial reporting.</p>', 'SUBJECTIVE', 'editor', 10, ' <br> ', 'Easy', '2024-05-20 15:23:10.000000', NULL),
(1066, 15, 46, 277, 307, 355, 198, 'T/F', '<p>Nil</p>', '<p>The accounting equation ensures that the balance sheet is always balanced.</p>', 'NULL', 'NULL', '', '', '', '', '', 'True', 'OBJECTIVE', '', 2, ' <br> ', 'Easy', '2024-05-20 15:26:06.000000', NULL),
(1067, 15, 46, 277, 307, 355, 198, 'T/F', '<p>Nil</p>', '<p>If a company pays off its liabilities with cash, the accounting equation remains unaffected.</p>', 'NULL', 'NULL', '', '', '', '', '', 'False', 'OBJECTIVE', '', 2, ' <br> ', 'Easy', '2024-05-20 15:26:30.000000', NULL),
(1068, 15, 46, 277, 307, 355, 198, 'T/F', '<p>Nil</p>', '<p>Purchasing equipment with cash affects only the asset side of the accounting equation.</p>', 'NULL', 'NULL', '', '', '', '', '', 'True', 'OBJECTIVE', '', 2, ' <br> ', 'Easy', '2024-05-20 15:27:29.000000', NULL),
(1069, 15, 46, 277, 307, 355, 198, 'FIB', '<p>Nil</p>', '<p>The accounting equation is _______ = Liabilities + Equity.</p>', 'NULL', 'NULL', '', '', '', '', '', '<p>Assets</p>', 'OBJECTIVE', '', 2, ' <br> ', 'Easy', '2024-05-20 15:28:19.000000', NULL),
(1070, 15, 46, 277, 307, 355, 198, 'FIB', '<p>Nil</p>', '<p>In the accounting equation, if assets increase and liabilities remain the same, equity must _______.</p>', 'NULL', 'NULL', '', '', '', '', '', '<p>Increase</p>', 'OBJECTIVE', '', 2, ' <br> ', 'Easy', '2024-05-20 15:28:45.000000', NULL),
(1071, 15, 46, 277, 307, 355, 198, 'FIB', '<p>Nil</p>', '<p>A payment of dividends will decrease both equity and _______.</p>', 'NULL', 'NULL', '', '', '', '', '', '<p>Assets</p>', 'OBJECTIVE', '', 2, ' <br> ', 'Easy', '2024-05-20 15:29:16.000000', NULL),
(1072, 15, 46, 277, 307, 355, 198, 'MCQs', '<p>AAAAAAAAAAAAAA</p>', '<p>ASA</p>', 'NULL', 'NULL', '', '<p>A</p>', '<p>S</p>', '<p>A</p>', '<p>F</p>', 'option1', 'OBJECTIVE', 'editor', 1100, ' <br> ', 'Easy', '2024-05-21 10:37:36.000000', NULL),
(1073, 15, 46, 277, 307, 355, 198, 'MCQs', '<p>nil</p>', '<p>Which of the following represents the correct accounting equation?</p>', 'NULL', 'NULL', '', '<p><span class=\"math math-inline\"><span class=\"katex\"><span class=\"katex-html\"><span class=\"base\"><span class=\"mord text\"><span class=\"mord\">Assets</span></span><span class=\"mrel\">=</span></span><span class=\"base\"><span class=\"mord text\"><span class=\"mord\">Liabilities</span></span><span class=\"mbin\">&minus;</span></span><span class=\"base\"><span class=\"mord text\"><span class=\"mord\">Equity</span></span></span></span></span></span></p>', '<p>Assets=Liabilities+Equity</p>', '<p>Assets+Liabilities=Equity</p>', '<p>Assets=Equity&minus;Liabilities</p>', 'option2', 'OBJECTIVE', 'editor', 5, ' <br> ', 'Easy', '2024-05-21 10:45:00.000000', NULL),
(1075, 15, 46, 277, 307, 355, 198, 'Short', '<p>Nil</p>', '<p>How does the accounting equation maintain balan...', 'NULL', 'NULL', 'NULL', 'NULL', 'NULL', 'NULL', 'NULL', '<p>The accounting equation maintains balance after...', 'SUBJECTIVE', 'editor', 5, '<br> ', 'Easy', '2024-07-01 15:25:05.658439', NULL),
(1077, 15, 46, 277, 307, 355, 198, 'Short', '<p>Nil</p>', '<p>How does the accounting equation maintain balan...', 'NULL', 'NULL', 'NULL', 'NULL', 'NULL', 'NULL', 'NULL', '<p>The accounting equation maintains balance after...', 'SUBJECTIVE', 'editor', 5, '<br> ', 'Easy', '2024-07-01 15:34:51.546681', NULL),
(1079, 15, 46, 277, 307, 355, 198, 'Short', '<p>Nil</p>', '<p>How does the accounting equation maintain balan...', 'NULL', 'NULL', 'NULL', 'NULL', 'NULL', 'NULL', 'NULL', '<p>The accounting equation maintains balance after...', 'SUBJECTIVE', 'editor', 5, '<br> ', 'Easy', '2024-07-01 15:37:10.575833', NULL),
(1081, 15, 46, 277, 307, 355, 198, 'Short', '<p>Nil</p>', '<p>How does the accounting equation maintain balan...', 'NULL', 'NULL', 'NULL', 'NULL', 'NULL', 'NULL', 'NULL', '<p>The accounting equation maintains balance after...', 'SUBJECTIVE', 'editor', 5, '<br> ', 'Easy', '2024-07-01 15:43:15.867393', NULL),
(1083, 15, 46, 277, 307, 355, 198, 'Short', '<p>Nil</p>', '<p>How does the accounting equation maintain balan...', 'NULL', 'NULL', 'NULL', 'NULL', 'NULL', 'NULL', 'NULL', '<p>The accounting equation maintains balance after...', 'SUBJECTIVE', 'editor', 5, '<br> ', 'Easy', '2024-07-01 15:48:11.791711', NULL),
(1085, 15, 46, 277, 307, 355, 198, 'Short', '<p>Nil</p>', '<p>How does the accounting equation maintain balan...', 'NULL', 'NULL', 'NULL', 'NULL', 'NULL', 'NULL', 'NULL', '<p>The accounting equation maintains balance after...', 'SUBJECTIVE', 'editor', 5, '<br> ', 'Easy', '2024-07-01 15:48:23.081434', NULL),
(1087, 15, 46, 277, 307, 355, 198, 'Short', '<p>Nil</p>', '<p>How does the accounting equation maintain balan...', 'NULL', 'NULL', 'NULL', 'NULL', 'NULL', 'NULL', 'NULL', '<p>The accounting equation maintains balance after...', 'SUBJECTIVE', 'editor', 5, '<br> ', 'Easy', '2024-07-01 15:48:36.686653', NULL),
(1088, 15, 46, 277, 307, 355, 198, 'T/F', '<p>Nil</p>', '<p>The accounting equation ensures that the balanc...', 'NULL', 'NULL', 'NULL', 'NULL', 'NULL', 'NULL', 'NULL', '1', 'OBJECTIVE', '', 2, '<br> ', 'Easy', '2024-07-01 15:55:42.081246', NULL),
(1089, 15, 46, 277, 307, 355, 198, 'T/F', '<p>Nil</p>', '<p>If a company pays off its liabilities with cash...', 'NULL', 'NULL', 'NULL', 'NULL', 'NULL', 'NULL', 'NULL', '', 'OBJECTIVE', '', 2, '<br> ', 'Easy', '2024-07-01 15:55:42.087368', NULL),
(1090, 15, 46, 277, 307, 355, 198, 'T/F', '<p>Nil</p>', '<p>The accounting equation ensures that the balanc...', 'NULL', 'NULL', 'NULL', 'NULL', 'NULL', 'NULL', 'NULL', '1', 'OBJECTIVE', '', 2, '<br> ', 'Easy', '2024-07-01 15:56:42.920852', NULL),
(1091, 15, 46, 277, 307, 355, 198, 'T/F', '<p>Nil</p>', '<p>If a company pays off its liabilities with cash...', 'NULL', 'NULL', 'NULL', 'NULL', 'NULL', 'NULL', 'NULL', '', 'OBJECTIVE', '', 2, '<br> ', 'Easy', '2024-07-01 15:56:42.927654', NULL),
(1092, 15, 46, 277, 307, 355, 198, 'Short', '<p>AD</p>', '<p>ASSA</p>', 'NULL', 'NULL', '', '', '', '', '', '<p>WSSA</p>', 'SUBJECTIVE', 'editor', 15, ' <br> ', 'Hard', '2024-07-08 09:52:43.000000', NULL),
(1093, 15, 46, 277, 307, 355, 198, 'Short', '<p>asa</p>', '<p>ASAS</p>', 'NULL', 'NULL', '', '', '', '', '', '<p>ASAS</p>', 'SUBJECTIVE', 'editor', 23, ' <br> ', 'Easy', '2024-07-08 10:27:50.000000', NULL),
(1094, 15, 46, 277, 307, 355, 198, 'Short', '<p>AD</p>', '<p>ASA</p>', 'NULL', 'NULL', '', '', '', '', '', '<p>ASD</p>', 'SUBJECTIVE', 'editor', 10, ' <br> ', 'Easy', '2024-07-08 12:37:23.000000', NULL),
(1095, 15, 46, 277, 307, 355, 198, 'Short', '<p>hghfg</p>', '<p>ghhfg</p>', 'NULL', 'NULL', NULL, NULL, NULL, NULL, NULL, '<p>ghhgfh</p>', 'SUBJECTIVE', 'editor', 10, ' <br> ', 'Easy', '2024-07-12 11:12:58.000000', NULL),
(1097, 15, 46, 277, 307, 355, 198, 'Short', '<p>Nil</p>', '<p>How does the accounting equation maintain balance after a transaction?</p>', 'NULL', 'NULL', '', '', '', '', '', '<p>The accounting equation maintains balance after a transaction by ensuring that any increase or decrease in assets is offset by an equal increase or decrease in liabilities and/or equity.</p>', 'SUBJECTIVE', 'editor', 5, ' <br> ', 'Easy', '2024-05-20 15:21:08.000000', NULL),
(1098, 15, 46, 277, 307, 355, 198, 'Short', '<p>Nil</p>', '<p>What is the impact on the accounting equation when a company takes out a loan?</p>', 'NULL', 'NULL', '', '', '', '', '', '<p>When a company takes out a loan, its assets increase by the amount of the loan (cash received) and its liabilities increase by the same amount (loan payable), keeping the equation in balance.</p>', 'SUBJECTIVE', 'editor', 5, ' <br> ', 'Easy', '2024-05-20 15:21:46.000000', NULL),
(1099, 15, 46, 277, 307, 355, 198, 'Long', '<p>Nil</p>', '<p>Explain the accounting equation and provide an example to illustrate how it is used in financial accounting.</p>', 'NULL', 'NULL', '', '', '', '', '', '<p>The accounting equation, <span class=\"math math-inline\"><span class=\"katex\"><span class=\"katex-mathml\">Assets=Liabilities+Equity</span><span class=\"katex-html\"><span class=\"base\"><span class=\"mord text\"><span class=\"mord\">Assets</span></span><span class=\"mrel\">=</span></span><span class=\"base\"><span class=\"mord text\"><span class=\"mord\">Liabilities</span></span><span class=\"mbin\">+</span></span><span class=\"base\"><span class=\"mord text\"><span class=\"mord\">Equity</span></span></span></span></span></span>, forms the foundation of double-entry bookkeeping. It represents the relationship between a companys assets, liabilities, and owners equity. For example, if a company purchases equipment worth $5,000 by paying $2,000 in cash and taking out a loan for the remaining $3,000, the equation reflects this as an increase in assets (equipment) by $5,000, a decrease in assets (cash) by $2,000, and an increase in liabilities (loan) by $3,000. The new accounting equation is $5,000 (equipment) = $3,000 (loan) + $2,000 (equity).</p>', 'SUBJECTIVE', 'editor', 10, ' <br> ', 'Easy', '2024-05-20 15:22:35.000000', NULL),
(1100, 15, 46, 277, 307, 355, 198, 'Long', '<p>Nil</p>', '<p>Discuss the importance of the accounting equation in preparing financial statements. Provide examples of how various transactions affect the accounting equation and ultimately the financial statements.</p>', 'NULL', 'NULL', '', '', '', '', '', '<p>The accounting equation is crucial in preparing financial statements because it ensures that the balance sheet is always balanced. It helps in tracking how transactions affect a companys financial position. For example, when a business earns revenue, it increases both assets (cash or accounts receivable) and equity (retained earnings), thus affecting the income statement and balance sheet. Conversely, paying off a liability decreases both assets (cash) and liabilities (accounts payable), impacting the balance sheet without affecting the income statement. This systematic approach ensures accuracy and consistency in financial reporting.</p>', 'SUBJECTIVE', 'editor', 10, ' <br> ', 'Easy', '2024-05-20 15:23:10.000000', NULL),
(1101, 15, 46, 277, 307, 355, 198, 'T/F', '<p>Nil</p>', '<p>The accounting equation ensures that the balance sheet is always balanced.</p>', 'NULL', 'NULL', '', '', '', '', '', 'True', 'OBJECTIVE', '', 2, ' <br> ', 'Easy', '2024-05-20 15:26:06.000000', NULL),
(1102, 15, 46, 277, 307, 355, 198, 'T/F', '<p>Nil</p>', '<p>If a company pays off its liabilities with cash, the accounting equation remains unaffected.</p>', 'NULL', 'NULL', '', '', '', '', '', 'False', 'OBJECTIVE', '', 2, ' <br> ', 'Easy', '2024-05-20 15:26:30.000000', NULL),
(1103, 15, 46, 277, 307, 355, 198, 'T/F', '<p>Nil</p>', '<p>Purchasing equipment with cash affects only the asset side of the accounting equation.</p>', 'NULL', 'NULL', '', '', '', '', '', 'True', 'OBJECTIVE', '', 2, ' <br> ', 'Easy', '2024-05-20 15:27:29.000000', NULL);
INSERT INTO `questions` (`question_id`, `stream_id`, `institute_id`, `program_id`, `component_id`, `subject_id`, `topic_id`, `subtype`, `instructions`, `question`, `questionfile`, `answerfile`, `insturctionfile`, `question_solution1`, `question_solution2`, `question_solution3`, `question_solution4`, `correct_answer`, `question_type`, `question_attempt_type`, `question_marks`, `question_time_allowed`, `dificult_levet`, `create_date`, `update_date`) VALUES
(1104, 15, 46, 277, 307, 355, 198, 'FIB', '<p>Nil</p>', '<p>The accounting equation is _______ = Liabilities + Equity.</p>', 'NULL', 'NULL', '', '', '', '', '', '<p>Assets</p>', 'OBJECTIVE', '', 2, ' <br> ', 'Easy', '2024-05-20 15:28:19.000000', NULL),
(1105, 15, 46, 277, 307, 355, 198, 'FIB', '<p>Nil</p>', '<p>In the accounting equation, if assets increase and liabilities remain the same, equity must _______.</p>', 'NULL', 'NULL', '', '', '', '', '', '<p>Increase</p>', 'OBJECTIVE', '', 2, ' <br> ', 'Easy', '2024-05-20 15:28:45.000000', NULL),
(1106, 15, 46, 277, 307, 355, 198, 'FIB', '<p>Nil</p>', '<p>A payment of dividends will decrease both equity and _______.</p>', 'NULL', 'NULL', '', '', '', '', '', '<p>Assets</p>', 'OBJECTIVE', '', 2, ' <br> ', 'Easy', '2024-05-20 15:29:16.000000', NULL),
(1107, 15, 46, 277, 307, 355, 198, 'MCQs', '<p>AAAAAAAAAAAAAA</p>', '<p>ASA</p>', 'NULL', 'NULL', '', '<p>A</p>', '<p>S</p>', '<p>A</p>', '<p>F</p>', 'option1', 'OBJECTIVE', 'editor', 1100, ' <br> ', 'Easy', '2024-05-21 10:37:36.000000', NULL),
(1108, 15, 46, 277, 307, 355, 198, 'MCQs', '<p>nil</p>', '<p>Which of the following represents the correct accounting equation?</p>', 'NULL', 'NULL', '', '<p><span class=\"math math-inline\"><span class=\"katex\"><span class=\"katex-html\"><span class=\"base\"><span class=\"mord text\"><span class=\"mord\">Assets</span></span><span class=\"mrel\">=</span></span><span class=\"base\"><span class=\"mord text\"><span class=\"mord\">Liabilities</span></span><span class=\"mbin\">&minus;</span></span><span class=\"base\"><span class=\"mord text\"><span class=\"mord\">Equity</span></span></span></span></span></span></p>', '<p>Assets=Liabilities+Equity</p>', '<p>Assets+Liabilities=Equity</p>', '<p>Assets=Equity&minus;Liabilities</p>', 'option2', 'OBJECTIVE', 'editor', 5, ' <br> ', 'Easy', '2024-05-21 10:45:00.000000', NULL),
(1110, 15, 46, 277, 307, 355, 198, 'Short', '<p>Nil</p>', '<p>How does the accounting equation maintain balan...', 'NULL', 'NULL', 'NULL', 'NULL', 'NULL', 'NULL', 'NULL', '<p>The accounting equation maintains balance after...', 'SUBJECTIVE', 'editor', 5, '<br> ', 'Easy', '2024-07-01 15:25:05.658439', NULL),
(1112, 15, 46, 277, 307, 355, 198, 'Short', '<p>Nil</p>', '<p>How does the accounting equation maintain balan...', 'NULL', 'NULL', 'NULL', 'NULL', 'NULL', 'NULL', 'NULL', '<p>The accounting equation maintains balance after...', 'SUBJECTIVE', 'editor', 5, '<br> ', 'Easy', '2024-07-01 15:34:51.546681', NULL),
(1114, 15, 46, 277, 307, 355, 198, 'Short', '<p>Nil</p>', '<p>How does the accounting equation maintain balan...', 'NULL', 'NULL', 'NULL', 'NULL', 'NULL', 'NULL', 'NULL', '<p>The accounting equation maintains balance after...', 'SUBJECTIVE', 'editor', 5, '<br> ', 'Easy', '2024-07-01 15:37:10.575833', NULL),
(1116, 15, 46, 277, 307, 355, 198, 'Short', '<p>Nil</p>', '<p>How does the accounting equation maintain balan...', 'NULL', 'NULL', 'NULL', 'NULL', 'NULL', 'NULL', 'NULL', '<p>The accounting equation maintains balance after...', 'SUBJECTIVE', 'editor', 5, '<br> ', 'Easy', '2024-07-01 15:43:15.867393', NULL),
(1118, 15, 46, 277, 307, 355, 198, 'Short', '<p>Nil</p>', '<p>How does the accounting equation maintain balan...', 'NULL', 'NULL', 'NULL', 'NULL', 'NULL', 'NULL', 'NULL', '<p>The accounting equation maintains balance after...', 'SUBJECTIVE', 'editor', 5, '<br> ', 'Easy', '2024-07-01 15:48:11.791711', NULL),
(1120, 15, 46, 277, 307, 355, 198, 'Short', '<p>Nil</p>', '<p>How does the accounting equation maintain balan...', 'NULL', 'NULL', 'NULL', 'NULL', 'NULL', 'NULL', 'NULL', '<p>The accounting equation maintains balance after...', 'SUBJECTIVE', 'editor', 5, '<br> ', 'Easy', '2024-07-01 15:48:23.081434', NULL),
(1122, 15, 46, 277, 307, 355, 198, 'Short', '<p>Nil</p>', '<p>How does the accounting equation maintain balan...', 'NULL', 'NULL', 'NULL', 'NULL', 'NULL', 'NULL', 'NULL', '<p>The accounting equation maintains balance after...', 'SUBJECTIVE', 'editor', 5, '<br> ', 'Easy', '2024-07-01 15:48:36.686653', NULL),
(1123, 15, 46, 277, 307, 355, 198, 'T/F', '<p>Nil</p>', '<p>The accounting equation ensures that the balanc...', 'NULL', 'NULL', 'NULL', 'NULL', 'NULL', 'NULL', 'NULL', '1', 'OBJECTIVE', '', 2, '<br> ', 'Easy', '2024-07-01 15:55:42.081246', NULL),
(1124, 15, 46, 277, 307, 355, 198, 'T/F', '<p>Nil</p>', '<p>If a company pays off its liabilities with cash...', 'NULL', 'NULL', 'NULL', 'NULL', 'NULL', 'NULL', 'NULL', '', 'OBJECTIVE', '', 2, '<br> ', 'Easy', '2024-07-01 15:55:42.087368', NULL),
(1125, 15, 46, 277, 307, 355, 198, 'T/F', '<p>Nil</p>', '<p>The accounting equation ensures that the balanc...', 'NULL', 'NULL', 'NULL', 'NULL', 'NULL', 'NULL', 'NULL', '1', 'OBJECTIVE', '', 2, '<br> ', 'Easy', '2024-07-01 15:56:42.920852', NULL),
(1126, 15, 46, 277, 307, 355, 198, 'T/F', '<p>Nil</p>', '<p>If a company pays off its liabilities with cash...', 'NULL', 'NULL', 'NULL', 'NULL', 'NULL', 'NULL', 'NULL', '', 'OBJECTIVE', '', 2, '<br> ', 'Easy', '2024-07-01 15:56:42.927654', NULL),
(1127, 15, 46, 277, 307, 355, 198, 'Short', '<p>AD</p>', '<p>ASSA</p>', 'NULL', 'NULL', '', '', '', '', '', '<p>WSSA</p>', 'SUBJECTIVE', 'editor', 15, ' <br> ', 'Hard', '2024-07-08 09:52:43.000000', NULL),
(1128, 15, 46, 277, 307, 355, 198, 'Short', '<p>asa</p>', '<p>ASAS</p>', 'NULL', 'NULL', '', '', '', '', '', '<p>ASAS</p>', 'SUBJECTIVE', 'editor', 23, ' <br> ', 'Easy', '2024-07-08 10:27:50.000000', NULL),
(1129, 15, 46, 277, 307, 355, 198, 'Short', '<p>AD</p>', '<p>ASA</p>', 'NULL', 'NULL', '', '', '', '', '', '<p>ASD</p>', 'SUBJECTIVE', 'editor', 10, ' <br> ', 'Easy', '2024-07-08 12:37:23.000000', NULL),
(1131, 15, 46, 277, 307, 355, 198, 'Short', '<p>Nil</p>', '<p>How does the accounting equation maintain balance after a transaction?</p>', 'NULL', 'NULL', '', '', '', '', '', '<p>The accounting equation maintains balance after a transaction by ensuring that any increase or decrease in assets is offset by an equal increase or decrease in liabilities and/or equity.</p>', 'SUBJECTIVE', 'editor', 5, ' <br> ', 'Easy', '2024-05-20 15:21:08.000000', NULL),
(1132, 15, 46, 277, 307, 355, 198, 'Short', '<p>Nil</p>', '<p>What is the impact on the accounting equation when a company takes out a loan?</p>', 'NULL', 'NULL', '', '', '', '', '', '<p>When a company takes out a loan, its assets increase by the amount of the loan (cash received) and its liabilities increase by the same amount (loan payable), keeping the equation in balance.</p>', 'SUBJECTIVE', 'editor', 5, ' <br> ', 'Easy', '2024-05-20 15:21:46.000000', NULL),
(1133, 15, 46, 277, 307, 355, 198, 'Long', '<p>Nil</p>', '<p>Explain the accounting equation and provide an example to illustrate how it is used in financial accounting.</p>', 'NULL', 'NULL', '', '', '', '', '', '<p>The accounting equation, <span class=\"math math-inline\"><span class=\"katex\"><span class=\"katex-mathml\">Assets=Liabilities+Equity</span><span class=\"katex-html\"><span class=\"base\"><span class=\"mord text\"><span class=\"mord\">Assets</span></span><span class=\"mrel\">=</span></span><span class=\"base\"><span class=\"mord text\"><span class=\"mord\">Liabilities</span></span><span class=\"mbin\">+</span></span><span class=\"base\"><span class=\"mord text\"><span class=\"mord\">Equity</span></span></span></span></span></span>, forms the foundation of double-entry bookkeeping. It represents the relationship between a companys assets, liabilities, and owners equity. For example, if a company purchases equipment worth $5,000 by paying $2,000 in cash and taking out a loan for the remaining $3,000, the equation reflects this as an increase in assets (equipment) by $5,000, a decrease in assets (cash) by $2,000, and an increase in liabilities (loan) by $3,000. The new accounting equation is $5,000 (equipment) = $3,000 (loan) + $2,000 (equity).</p>', 'SUBJECTIVE', 'editor', 10, ' <br> ', 'Easy', '2024-05-20 15:22:35.000000', NULL),
(1134, 15, 46, 277, 307, 355, 198, 'Long', '<p>Nil</p>', '<p>Discuss the importance of the accounting equation in preparing financial statements. Provide examples of how various transactions affect the accounting equation and ultimately the financial statements.</p>', 'NULL', 'NULL', '', '', '', '', '', '<p>The accounting equation is crucial in preparing financial statements because it ensures that the balance sheet is always balanced. It helps in tracking how transactions affect a companys financial position. For example, when a business earns revenue, it increases both assets (cash or accounts receivable) and equity (retained earnings), thus affecting the income statement and balance sheet. Conversely, paying off a liability decreases both assets (cash) and liabilities (accounts payable), impacting the balance sheet without affecting the income statement. This systematic approach ensures accuracy and consistency in financial reporting.</p>', 'SUBJECTIVE', 'editor', 10, ' <br> ', 'Easy', '2024-05-20 15:23:10.000000', NULL),
(1135, 15, 46, 277, 307, 355, 198, 'T/F', '<p>Nil</p>', '<p>The accounting equation ensures that the balance sheet is always balanced.</p>', 'NULL', 'NULL', '', '', '', '', '', 'True', 'OBJECTIVE', '', 2, ' <br> ', 'Easy', '2024-05-20 15:26:06.000000', NULL),
(1136, 15, 46, 277, 307, 355, 198, 'T/F', '<p>Nil</p>', '<p>If a company pays off its liabilities with cash, the accounting equation remains unaffected.</p>', 'NULL', 'NULL', '', '', '', '', '', 'False', 'OBJECTIVE', '', 2, ' <br> ', 'Easy', '2024-05-20 15:26:30.000000', NULL),
(1137, 15, 46, 277, 307, 355, 198, 'T/F', '<p>Nil</p>', '<p>Purchasing equipment with cash affects only the asset side of the accounting equation.</p>', 'NULL', 'NULL', '', '', '', '', '', 'True', 'OBJECTIVE', '', 2, ' <br> ', 'Easy', '2024-05-20 15:27:29.000000', NULL),
(1138, 15, 46, 277, 307, 355, 198, 'FIB', '<p>Nil</p>', '<p>The accounting equation is _______ = Liabilities + Equity.</p>', 'NULL', 'NULL', '', '', '', '', '', '<p>Assets</p>', 'OBJECTIVE', '', 2, ' <br> ', 'Easy', '2024-05-20 15:28:19.000000', NULL),
(1139, 15, 46, 277, 307, 355, 198, 'FIB', '<p>Nil</p>', '<p>In the accounting equation, if assets increase and liabilities remain the same, equity must _______.</p>', 'NULL', 'NULL', '', '', '', '', '', '<p>Increase</p>', 'OBJECTIVE', '', 2, ' <br> ', 'Easy', '2024-05-20 15:28:45.000000', NULL),
(1140, 15, 46, 277, 307, 355, 198, 'FIB', '<p>Nil</p>', '<p>A payment of dividends will decrease both equity and _______.</p>', 'NULL', 'NULL', '', '', '', '', '', '<p>Assets</p>', 'OBJECTIVE', '', 2, ' <br> ', 'Easy', '2024-05-20 15:29:16.000000', NULL),
(1141, 15, 46, 277, 307, 355, 198, 'MCQs', '<p>AAAAAAAAAAAAAA</p>', '<p>ASA</p>', 'NULL', 'NULL', '', '<p>A</p>', '<p>S</p>', '<p>A</p>', '<p>F</p>', 'option1', 'OBJECTIVE', 'editor', 1100, ' <br> ', 'Easy', '2024-05-21 10:37:36.000000', NULL),
(1142, 15, 46, 277, 307, 355, 198, 'MCQs', '<p>nil</p>', '<p>Which of the following represents the correct accounting equation?</p>', 'NULL', 'NULL', '', '<p><span class=\"math math-inline\"><span class=\"katex\"><span class=\"katex-html\"><span class=\"base\"><span class=\"mord text\"><span class=\"mord\">Assets</span></span><span class=\"mrel\">=</span></span><span class=\"base\"><span class=\"mord text\"><span class=\"mord\">Liabilities</span></span><span class=\"mbin\">&minus;</span></span><span class=\"base\"><span class=\"mord text\"><span class=\"mord\">Equity</span></span></span></span></span></span></p>', '<p>Assets=Liabilities+Equity</p>', '<p>Assets+Liabilities=Equity</p>', '<p>Assets=Equity&minus;Liabilities</p>', 'option2', 'OBJECTIVE', 'editor', 5, ' <br> ', 'Easy', '2024-05-21 10:45:00.000000', NULL),
(1144, 15, 46, 277, 307, 355, 198, 'Short', '<p>Nil</p>', '<p>How does the accounting equation maintain balan...', 'NULL', 'NULL', 'NULL', 'NULL', 'NULL', 'NULL', 'NULL', '<p>The accounting equation maintains balance after...', 'SUBJECTIVE', 'editor', 5, '<br> ', 'Easy', '2024-07-01 15:25:05.658439', NULL),
(1146, 15, 46, 277, 307, 355, 198, 'Short', '<p>Nil</p>', '<p>How does the accounting equation maintain balan...', 'NULL', 'NULL', 'NULL', 'NULL', 'NULL', 'NULL', 'NULL', '<p>The accounting equation maintains balance after...', 'SUBJECTIVE', 'editor', 5, '<br> ', 'Easy', '2024-07-01 15:34:51.546681', NULL),
(1148, 15, 46, 277, 307, 355, 198, 'Short', '<p>Nil</p>', '<p>How does the accounting equation maintain balan...', 'NULL', 'NULL', 'NULL', 'NULL', 'NULL', 'NULL', 'NULL', '<p>The accounting equation maintains balance after...', 'SUBJECTIVE', 'editor', 5, '<br> ', 'Easy', '2024-07-01 15:37:10.575833', NULL),
(1150, 15, 46, 277, 307, 355, 198, 'Short', '<p>Nil</p>', '<p>How does the accounting equation maintain balan...', 'NULL', 'NULL', 'NULL', 'NULL', 'NULL', 'NULL', 'NULL', '<p>The accounting equation maintains balance after...', 'SUBJECTIVE', 'editor', 5, '<br> ', 'Easy', '2024-07-01 15:43:15.867393', NULL),
(1152, 15, 46, 277, 307, 355, 198, 'Short', '<p>Nil</p>', '<p>How does the accounting equation maintain balan...', 'NULL', 'NULL', 'NULL', 'NULL', 'NULL', 'NULL', 'NULL', '<p>The accounting equation maintains balance after...', 'SUBJECTIVE', 'editor', 5, '<br> ', 'Easy', '2024-07-01 15:48:11.791711', NULL),
(1154, 15, 46, 277, 307, 355, 198, 'Short', '<p>Nil</p>', '<p>How does the accounting equation maintain balan...', 'NULL', 'NULL', 'NULL', 'NULL', 'NULL', 'NULL', 'NULL', '<p>The accounting equation maintains balance after...', 'SUBJECTIVE', 'editor', 5, '<br> ', 'Easy', '2024-07-01 15:48:23.081434', NULL),
(1156, 15, 46, 277, 307, 355, 198, 'Short', '<p>Nil</p>', '<p>How does the accounting equation maintain balan...', 'NULL', 'NULL', 'NULL', 'NULL', 'NULL', 'NULL', 'NULL', '<p>The accounting equation maintains balance after...', 'SUBJECTIVE', 'editor', 5, '<br> ', 'Easy', '2024-07-01 15:48:36.686653', NULL),
(1157, 15, 46, 277, 307, 355, 198, 'T/F', '<p>Nil</p>', '<p>The accounting equation ensures that the balanc...', 'NULL', 'NULL', 'NULL', 'NULL', 'NULL', 'NULL', 'NULL', '1', 'OBJECTIVE', '', 2, '<br> ', 'Easy', '2024-07-01 15:55:42.081246', NULL),
(1158, 15, 46, 277, 307, 355, 198, 'T/F', '<p>Nil</p>', '<p>If a company pays off its liabilities with cash...', 'NULL', 'NULL', 'NULL', 'NULL', 'NULL', 'NULL', 'NULL', '', 'OBJECTIVE', '', 2, '<br> ', 'Easy', '2024-07-01 15:55:42.087368', NULL),
(1159, 15, 46, 277, 307, 355, 198, 'T/F', '<p>Nil</p>', '<p>The accounting equation ensures that the balanc...', 'NULL', 'NULL', 'NULL', 'NULL', 'NULL', 'NULL', 'NULL', '1', 'OBJECTIVE', '', 2, '<br> ', 'Easy', '2024-07-01 15:56:42.920852', NULL),
(1160, 15, 46, 277, 307, 355, 198, 'T/F', '<p>Nil</p>', '<p>If a company pays off its liabilities with cash...', 'NULL', 'NULL', 'NULL', 'NULL', 'NULL', 'NULL', 'NULL', '', 'OBJECTIVE', '', 2, '<br> ', 'Easy', '2024-07-01 15:56:42.927654', NULL),
(1161, 15, 46, 277, 307, 355, 198, 'Short', '<p>AD</p>', '<p>ASSA</p>', 'NULL', 'NULL', '', '', '', '', '', '<p>WSSA</p>', 'SUBJECTIVE', 'editor', 15, ' <br> ', 'Hard', '2024-07-08 09:52:43.000000', NULL),
(1162, 15, 46, 277, 307, 355, 198, 'Short', '<p>asa</p>', '<p>ASAS</p>', 'NULL', 'NULL', '', '', '', '', '', '<p>ASAS</p>', 'SUBJECTIVE', 'editor', 23, ' <br> ', 'Easy', '2024-07-08 10:27:50.000000', NULL),
(1163, 15, 46, 277, 307, 355, 198, 'Short', '<p>AD</p>', '<p>ASA</p>', 'NULL', 'NULL', '', '', '', '', '', '<p>ASD</p>', 'SUBJECTIVE', 'editor', 10, ' <br> ', 'Easy', '2024-07-08 12:37:23.000000', NULL),
(1165, 15, 46, 277, 307, 355, 198, 'Short', '<p>Nil</p>', '<p>How does the accounting equation maintain balance after a transaction?</p>', 'NULL', 'NULL', '', '', '', '', '', '<p>The accounting equation maintains balance after a transaction by ensuring that any increase or decrease in assets is offset by an equal increase or decrease in liabilities and/or equity.</p>', 'SUBJECTIVE', 'editor', 5, ' <br> ', 'Easy', '2024-05-20 15:21:08.000000', NULL),
(1166, 15, 46, 277, 307, 355, 198, 'Short', '<p>Nil</p>', '<p>What is the impact on the accounting equation when a company takes out a loan?</p>', 'NULL', 'NULL', '', '', '', '', '', '<p>When a company takes out a loan, its assets increase by the amount of the loan (cash received) and its liabilities increase by the same amount (loan payable), keeping the equation in balance.</p>', 'SUBJECTIVE', 'editor', 5, ' <br> ', 'Easy', '2024-05-20 15:21:46.000000', NULL),
(1167, 15, 46, 277, 307, 355, 198, 'Long', '<p>Nil</p>', '<p>Explain the accounting equation and provide an example to illustrate how it is used in financial accounting.</p>', 'NULL', 'NULL', '', '', '', '', '', '<p>The accounting equation, <span class=\"math math-inline\"><span class=\"katex\"><span class=\"katex-mathml\">Assets=Liabilities+Equity</span><span class=\"katex-html\"><span class=\"base\"><span class=\"mord text\"><span class=\"mord\">Assets</span></span><span class=\"mrel\">=</span></span><span class=\"base\"><span class=\"mord text\"><span class=\"mord\">Liabilities</span></span><span class=\"mbin\">+</span></span><span class=\"base\"><span class=\"mord text\"><span class=\"mord\">Equity</span></span></span></span></span></span>, forms the foundation of double-entry bookkeeping. It represents the relationship between a companys assets, liabilities, and owners equity. For example, if a company purchases equipment worth $5,000 by paying $2,000 in cash and taking out a loan for the remaining $3,000, the equation reflects this as an increase in assets (equipment) by $5,000, a decrease in assets (cash) by $2,000, and an increase in liabilities (loan) by $3,000. The new accounting equation is $5,000 (equipment) = $3,000 (loan) + $2,000 (equity).</p>', 'SUBJECTIVE', 'editor', 10, ' <br> ', 'Easy', '2024-05-20 15:22:35.000000', NULL),
(1168, 15, 46, 277, 307, 355, 198, 'Long', '<p>Nil</p>', '<p>Discuss the importance of the accounting equation in preparing financial statements. Provide examples of how various transactions affect the accounting equation and ultimately the financial statements.</p>', 'NULL', 'NULL', '', '', '', '', '', '<p>The accounting equation is crucial in preparing financial statements because it ensures that the balance sheet is always balanced. It helps in tracking how transactions affect a companys financial position. For example, when a business earns revenue, it increases both assets (cash or accounts receivable) and equity (retained earnings), thus affecting the income statement and balance sheet. Conversely, paying off a liability decreases both assets (cash) and liabilities (accounts payable), impacting the balance sheet without affecting the income statement. This systematic approach ensures accuracy and consistency in financial reporting.</p>', 'SUBJECTIVE', 'editor', 10, ' <br> ', 'Easy', '2024-05-20 15:23:10.000000', NULL),
(1169, 15, 46, 277, 307, 355, 198, 'T/F', '<p>Nil</p>', '<p>The accounting equation ensures that the balance sheet is always balanced.</p>', 'NULL', 'NULL', '', '', '', '', '', 'True', 'OBJECTIVE', '', 2, ' <br> ', 'Easy', '2024-05-20 15:26:06.000000', NULL),
(1170, 15, 46, 277, 307, 355, 198, 'T/F', '<p>Nil</p>', '<p>If a company pays off its liabilities with cash, the accounting equation remains unaffected.</p>', 'NULL', 'NULL', '', '', '', '', '', 'False', 'OBJECTIVE', '', 2, ' <br> ', 'Easy', '2024-05-20 15:26:30.000000', NULL),
(1171, 15, 46, 277, 307, 355, 198, 'T/F', '<p>Nil</p>', '<p>Purchasing equipment with cash affects only the asset side of the accounting equation.</p>', 'NULL', 'NULL', '', '', '', '', '', 'True', 'OBJECTIVE', '', 2, ' <br> ', 'Easy', '2024-05-20 15:27:29.000000', NULL),
(1172, 15, 46, 277, 307, 355, 198, 'FIB', '<p>Nil</p>', '<p>The accounting equation is _______ = Liabilities + Equity.</p>', 'NULL', 'NULL', '', '', '', '', '', '<p>Assets</p>', 'OBJECTIVE', '', 2, ' <br> ', 'Easy', '2024-05-20 15:28:19.000000', NULL),
(1173, 15, 46, 277, 307, 355, 198, 'FIB', '<p>Nil</p>', '<p>In the accounting equation, if assets increase and liabilities remain the same, equity must _______.</p>', 'NULL', 'NULL', '', '', '', '', '', '<p>Increase</p>', 'OBJECTIVE', '', 2, ' <br> ', 'Easy', '2024-05-20 15:28:45.000000', NULL),
(1174, 15, 46, 277, 307, 355, 198, 'FIB', '<p>Nil</p>', '<p>A payment of dividends will decrease both equity and _______.</p>', 'NULL', 'NULL', '', '', '', '', '', '<p>Assets</p>', 'OBJECTIVE', '', 2, ' <br> ', 'Easy', '2024-05-20 15:29:16.000000', NULL),
(1175, 15, 46, 277, 307, 355, 198, 'MCQs', '<p>AAAAAAAAAAAAAA</p>', '<p>ASA</p>', 'NULL', 'NULL', '', '<p>A</p>', '<p>S</p>', '<p>A</p>', '<p>F</p>', 'option1', 'OBJECTIVE', 'editor', 1100, ' <br> ', 'Easy', '2024-05-21 10:37:36.000000', NULL),
(1176, 15, 46, 277, 307, 355, 198, 'MCQs', '<p>nil</p>', '<p>Which of the following represents the correct accounting equation?</p>', 'NULL', 'NULL', '', '<p><span class=\"math math-inline\"><span class=\"katex\"><span class=\"katex-html\"><span class=\"base\"><span class=\"mord text\"><span class=\"mord\">Assets</span></span><span class=\"mrel\">=</span></span><span class=\"base\"><span class=\"mord text\"><span class=\"mord\">Liabilities</span></span><span class=\"mbin\">&minus;</span></span><span class=\"base\"><span class=\"mord text\"><span class=\"mord\">Equity</span></span></span></span></span></span></p>', '<p>Assets=Liabilities+Equity</p>', '<p>Assets+Liabilities=Equity</p>', '<p>Assets=Equity&minus;Liabilities</p>', 'option2', 'OBJECTIVE', 'editor', 5, ' <br> ', 'Easy', '2024-05-21 10:45:00.000000', NULL),
(1178, 15, 46, 277, 307, 355, 198, 'Short', '<p>Nil</p>', '<p>How does the accounting equation maintain balan...', 'NULL', 'NULL', 'NULL', 'NULL', 'NULL', 'NULL', 'NULL', '<p>The accounting equation maintains balance after...', 'SUBJECTIVE', 'editor', 5, '<br> ', 'Easy', '2024-07-01 15:25:05.658439', NULL),
(1180, 15, 46, 277, 307, 355, 198, 'Short', '<p>Nil</p>', '<p>How does the accounting equation maintain balan...', 'NULL', 'NULL', 'NULL', 'NULL', 'NULL', 'NULL', 'NULL', '<p>The accounting equation maintains balance after...', 'SUBJECTIVE', 'editor', 5, '<br> ', 'Easy', '2024-07-01 15:34:51.546681', NULL),
(1182, 15, 46, 277, 307, 355, 198, 'Short', '<p>Nil</p>', '<p>How does the accounting equation maintain balan...', 'NULL', 'NULL', 'NULL', 'NULL', 'NULL', 'NULL', 'NULL', '<p>The accounting equation maintains balance after...', 'SUBJECTIVE', 'editor', 5, '<br> ', 'Easy', '2024-07-01 15:37:10.575833', NULL),
(1184, 15, 46, 277, 307, 355, 198, 'Short', '<p>Nil</p>', '<p>How does the accounting equation maintain balan...', 'NULL', 'NULL', 'NULL', 'NULL', 'NULL', 'NULL', 'NULL', '<p>The accounting equation maintains balance after...', 'SUBJECTIVE', 'editor', 5, '<br> ', 'Easy', '2024-07-01 15:43:15.867393', NULL),
(1186, 15, 46, 277, 307, 355, 198, 'Short', '<p>Nil</p>', '<p>How does the accounting equation maintain balan...', 'NULL', 'NULL', 'NULL', 'NULL', 'NULL', 'NULL', 'NULL', '<p>The accounting equation maintains balance after...', 'SUBJECTIVE', 'editor', 5, '<br> ', 'Easy', '2024-07-01 15:48:11.791711', NULL),
(1188, 15, 46, 277, 307, 355, 198, 'Short', '<p>Nil</p>', '<p>How does the accounting equation maintain balan...', 'NULL', 'NULL', 'NULL', 'NULL', 'NULL', 'NULL', 'NULL', '<p>The accounting equation maintains balance after...', 'SUBJECTIVE', 'editor', 5, '<br> ', 'Easy', '2024-07-01 15:48:23.081434', NULL),
(1190, 15, 46, 277, 307, 355, 198, 'Short', '<p>Nil</p>', '<p>How does the accounting equation maintain balan...', 'NULL', 'NULL', 'NULL', 'NULL', 'NULL', 'NULL', 'NULL', '<p>The accounting equation maintains balance after...', 'SUBJECTIVE', 'editor', 5, '<br> ', 'Easy', '2024-07-01 15:48:36.686653', NULL),
(1191, 15, 46, 277, 307, 355, 198, 'T/F', '<p>Nil</p>', '<p>The accounting equation ensures that the balanc...', 'NULL', 'NULL', 'NULL', 'NULL', 'NULL', 'NULL', 'NULL', '1', 'OBJECTIVE', '', 2, '<br> ', 'Easy', '2024-07-01 15:55:42.081246', NULL),
(1192, 15, 46, 277, 307, 355, 198, 'T/F', '<p>Nil</p>', '<p>If a company pays off its liabilities with cash...', 'NULL', 'NULL', 'NULL', 'NULL', 'NULL', 'NULL', 'NULL', '', 'OBJECTIVE', '', 2, '<br> ', 'Easy', '2024-07-01 15:55:42.087368', NULL),
(1193, 15, 46, 277, 307, 355, 198, 'T/F', '<p>Nil</p>', '<p>The accounting equation ensures that the balanc...', 'NULL', 'NULL', 'NULL', 'NULL', 'NULL', 'NULL', 'NULL', '1', 'OBJECTIVE', '', 2, '<br> ', 'Easy', '2024-07-01 15:56:42.920852', NULL),
(1194, 15, 46, 277, 307, 355, 198, 'T/F', '<p>Nil</p>', '<p>If a company pays off its liabilities with cash...', 'NULL', 'NULL', 'NULL', 'NULL', 'NULL', 'NULL', 'NULL', '', 'OBJECTIVE', '', 2, '<br> ', 'Easy', '2024-07-01 15:56:42.927654', NULL),
(1195, 15, 46, 277, 307, 355, 198, 'Short', '<p>AD</p>', '<p>ASSA</p>', 'NULL', 'NULL', '', '', '', '', '', '<p>WSSA</p>', 'SUBJECTIVE', 'editor', 15, ' <br> ', 'Hard', '2024-07-08 09:52:43.000000', NULL),
(1196, 15, 46, 277, 307, 355, 198, 'Short', '<p>asa</p>', '<p>ASAS</p>', 'NULL', 'NULL', '', '', '', '', '', '<p>ASAS</p>', 'SUBJECTIVE', 'editor', 23, ' <br> ', 'Easy', '2024-07-08 10:27:50.000000', NULL),
(1197, 15, 46, 277, 307, 355, 198, 'Short', '<p>AD</p>', '<p>ASA</p>', 'NULL', 'NULL', '', '', '', '', '', '<p>ASD</p>', 'SUBJECTIVE', 'editor', 10, ' <br> ', 'Easy', '2024-07-08 12:37:23.000000', NULL),
(1199, 15, 46, 277, 307, 355, 198, 'Short', '<p>Nil</p>', '<p>How does the accounting equation maintain balance after a transaction?</p>', 'NULL', 'NULL', '', '', '', '', '', '<p>The accounting equation maintains balance after a transaction by ensuring that any increase or decrease in assets is offset by an equal increase or decrease in liabilities and/or equity.</p>', 'SUBJECTIVE', 'editor', 5, ' <br> ', 'Easy', '2024-05-20 15:21:08.000000', NULL),
(1200, 15, 46, 277, 307, 355, 198, 'Short', '<p>Nil</p>', '<p>What is the impact on the accounting equation when a company takes out a loan?</p>', 'NULL', 'NULL', '', '', '', '', '', '<p>When a company takes out a loan, its assets increase by the amount of the loan (cash received) and its liabilities increase by the same amount (loan payable), keeping the equation in balance.</p>', 'SUBJECTIVE', 'editor', 5, ' <br> ', 'Easy', '2024-05-20 15:21:46.000000', NULL),
(1201, 15, 46, 277, 307, 355, 198, 'Long', '<p>Nil</p>', '<p>Explain the accounting equation and provide an example to illustrate how it is used in financial accounting.</p>', 'NULL', 'NULL', '', '', '', '', '', '<p>The accounting equation, <span class=\"math math-inline\"><span class=\"katex\"><span class=\"katex-mathml\">Assets=Liabilities+Equity</span><span class=\"katex-html\"><span class=\"base\"><span class=\"mord text\"><span class=\"mord\">Assets</span></span><span class=\"mrel\">=</span></span><span class=\"base\"><span class=\"mord text\"><span class=\"mord\">Liabilities</span></span><span class=\"mbin\">+</span></span><span class=\"base\"><span class=\"mord text\"><span class=\"mord\">Equity</span></span></span></span></span></span>, forms the foundation of double-entry bookkeeping. It represents the relationship between a companys assets, liabilities, and owners equity. For example, if a company purchases equipment worth $5,000 by paying $2,000 in cash and taking out a loan for the remaining $3,000, the equation reflects this as an increase in assets (equipment) by $5,000, a decrease in assets (cash) by $2,000, and an increase in liabilities (loan) by $3,000. The new accounting equation is $5,000 (equipment) = $3,000 (loan) + $2,000 (equity).</p>', 'SUBJECTIVE', 'editor', 10, ' <br> ', 'Easy', '2024-05-20 15:22:35.000000', NULL),
(1202, 15, 46, 277, 307, 355, 198, 'Long', '<p>Nil</p>', '<p>Discuss the importance of the accounting equation in preparing financial statements. Provide examples of how various transactions affect the accounting equation and ultimately the financial statements.</p>', 'NULL', 'NULL', '', '', '', '', '', '<p>The accounting equation is crucial in preparing financial statements because it ensures that the balance sheet is always balanced. It helps in tracking how transactions affect a companys financial position. For example, when a business earns revenue, it increases both assets (cash or accounts receivable) and equity (retained earnings), thus affecting the income statement and balance sheet. Conversely, paying off a liability decreases both assets (cash) and liabilities (accounts payable), impacting the balance sheet without affecting the income statement. This systematic approach ensures accuracy and consistency in financial reporting.</p>', 'SUBJECTIVE', 'editor', 10, ' <br> ', 'Easy', '2024-05-20 15:23:10.000000', NULL),
(1203, 15, 46, 277, 307, 355, 198, 'T/F', '<p>Nil</p>', '<p>The accounting equation ensures that the balance sheet is always balanced.</p>', 'NULL', 'NULL', '', '', '', '', '', 'True', 'OBJECTIVE', '', 2, ' <br> ', 'Easy', '2024-05-20 15:26:06.000000', NULL),
(1204, 15, 46, 277, 307, 355, 198, 'T/F', '<p>Nil</p>', '<p>If a company pays off its liabilities with cash, the accounting equation remains unaffected.</p>', 'NULL', 'NULL', '', '', '', '', '', 'False', 'OBJECTIVE', '', 2, ' <br> ', 'Easy', '2024-05-20 15:26:30.000000', NULL),
(1205, 15, 46, 277, 307, 355, 198, 'T/F', '<p>Nil</p>', '<p>Purchasing equipment with cash affects only the asset side of the accounting equation.</p>', 'NULL', 'NULL', '', '', '', '', '', 'True', 'OBJECTIVE', '', 2, ' <br> ', 'Easy', '2024-05-20 15:27:29.000000', NULL),
(1206, 15, 46, 277, 307, 355, 198, 'FIB', '<p>Nil</p>', '<p>The accounting equation is _______ = Liabilities + Equity.</p>', 'NULL', 'NULL', '', '', '', '', '', '<p>Assets</p>', 'OBJECTIVE', '', 2, ' <br> ', 'Easy', '2024-05-20 15:28:19.000000', NULL),
(1207, 15, 46, 277, 307, 355, 198, 'FIB', '<p>Nil</p>', '<p>In the accounting equation, if assets increase and liabilities remain the same, equity must _______.</p>', 'NULL', 'NULL', '', '', '', '', '', '<p>Increase</p>', 'OBJECTIVE', '', 2, ' <br> ', 'Easy', '2024-05-20 15:28:45.000000', NULL),
(1208, 15, 46, 277, 307, 355, 198, 'FIB', '<p>Nil</p>', '<p>A payment of dividends will decrease both equity and _______.</p>', 'NULL', 'NULL', '', '', '', '', '', '<p>Assets</p>', 'OBJECTIVE', '', 2, ' <br> ', 'Easy', '2024-05-20 15:29:16.000000', NULL),
(1209, 15, 46, 277, 307, 355, 198, 'MCQs', '<p>AAAAAAAAAAAAAA</p>', '<p>ASA</p>', 'NULL', 'NULL', '', '<p>A</p>', '<p>S</p>', '<p>A</p>', '<p>F</p>', 'option1', 'OBJECTIVE', 'editor', 1100, ' <br> ', 'Easy', '2024-05-21 10:37:36.000000', NULL),
(1210, 15, 46, 277, 307, 355, 198, 'MCQs', '<p>nil</p>', '<p>Which of the following represents the correct accounting equation?</p>', 'NULL', 'NULL', '', '<p><span class=\"math math-inline\"><span class=\"katex\"><span class=\"katex-html\"><span class=\"base\"><span class=\"mord text\"><span class=\"mord\">Assets</span></span><span class=\"mrel\">=</span></span><span class=\"base\"><span class=\"mord text\"><span class=\"mord\">Liabilities</span></span><span class=\"mbin\">&minus;</span></span><span class=\"base\"><span class=\"mord text\"><span class=\"mord\">Equity</span></span></span></span></span></span></p>', '<p>Assets=Liabilities+Equity</p>', '<p>Assets+Liabilities=Equity</p>', '<p>Assets=Equity&minus;Liabilities</p>', 'option2', 'OBJECTIVE', 'editor', 5, ' <br> ', 'Easy', '2024-05-21 10:45:00.000000', NULL),
(1212, 15, 46, 277, 307, 355, 198, 'Short', '<p>Nil</p>', '<p>How does the accounting equation maintain balan...', 'NULL', 'NULL', 'NULL', 'NULL', 'NULL', 'NULL', 'NULL', '<p>The accounting equation maintains balance after...', 'SUBJECTIVE', 'editor', 5, '<br> ', 'Easy', '2024-07-01 15:25:05.658439', NULL),
(1214, 15, 46, 277, 307, 355, 198, 'Short', '<p>Nil</p>', '<p>How does the accounting equation maintain balan...', 'NULL', 'NULL', 'NULL', 'NULL', 'NULL', 'NULL', 'NULL', '<p>The accounting equation maintains balance after...', 'SUBJECTIVE', 'editor', 5, '<br> ', 'Easy', '2024-07-01 15:34:51.546681', NULL),
(1216, 15, 46, 277, 307, 355, 198, 'Short', '<p>Nil</p>', '<p>How does the accounting equation maintain balan...', 'NULL', 'NULL', 'NULL', 'NULL', 'NULL', 'NULL', 'NULL', '<p>The accounting equation maintains balance after...', 'SUBJECTIVE', 'editor', 5, '<br> ', 'Easy', '2024-07-01 15:37:10.575833', NULL),
(1218, 15, 46, 277, 307, 355, 198, 'Short', '<p>Nil</p>', '<p>How does the accounting equation maintain balan...', 'NULL', 'NULL', 'NULL', 'NULL', 'NULL', 'NULL', 'NULL', '<p>The accounting equation maintains balance after...', 'SUBJECTIVE', 'editor', 5, '<br> ', 'Easy', '2024-07-01 15:43:15.867393', NULL),
(1220, 15, 46, 277, 307, 355, 198, 'Short', '<p>Nil</p>', '<p>How does the accounting equation maintain balan...', 'NULL', 'NULL', 'NULL', 'NULL', 'NULL', 'NULL', 'NULL', '<p>The accounting equation maintains balance after...', 'SUBJECTIVE', 'editor', 5, '<br> ', 'Easy', '2024-07-01 15:48:11.791711', NULL),
(1222, 15, 46, 277, 307, 355, 198, 'Short', '<p>Nil</p>', '<p>How does the accounting equation maintain balan...', 'NULL', 'NULL', 'NULL', 'NULL', 'NULL', 'NULL', 'NULL', '<p>The accounting equation maintains balance after...', 'SUBJECTIVE', 'editor', 5, '<br> ', 'Easy', '2024-07-01 15:48:23.081434', NULL),
(1224, 15, 46, 277, 307, 355, 198, 'Short', '<p>Nil</p>', '<p>How does the accounting equation maintain balan...', 'NULL', 'NULL', 'NULL', 'NULL', 'NULL', 'NULL', 'NULL', '<p>The accounting equation maintains balance after...', 'SUBJECTIVE', 'editor', 5, '<br> ', 'Easy', '2024-07-01 15:48:36.686653', NULL),
(1225, 15, 46, 277, 307, 355, 198, 'T/F', '<p>Nil</p>', '<p>The accounting equation ensures that the balanc...', 'NULL', 'NULL', 'NULL', 'NULL', 'NULL', 'NULL', 'NULL', '1', 'OBJECTIVE', '', 2, '<br> ', 'Easy', '2024-07-01 15:55:42.081246', NULL),
(1226, 15, 46, 277, 307, 355, 198, 'T/F', '<p>Nil</p>', '<p>If a company pays off its liabilities with cash...', 'NULL', 'NULL', 'NULL', 'NULL', 'NULL', 'NULL', 'NULL', '', 'OBJECTIVE', '', 2, '<br> ', 'Easy', '2024-07-01 15:55:42.087368', NULL),
(1227, 15, 46, 277, 307, 355, 198, 'T/F', '<p>Nil</p>', '<p>The accounting equation ensures that the balanc...', 'NULL', 'NULL', 'NULL', 'NULL', 'NULL', 'NULL', 'NULL', '1', 'OBJECTIVE', '', 2, '<br> ', 'Easy', '2024-07-01 15:56:42.920852', NULL),
(1228, 15, 46, 277, 307, 355, 198, 'T/F', '<p>Nil</p>', '<p>If a company pays off its liabilities with cash...', 'NULL', 'NULL', 'NULL', 'NULL', 'NULL', 'NULL', 'NULL', '', 'OBJECTIVE', '', 2, '<br> ', 'Easy', '2024-07-01 15:56:42.927654', NULL),
(1229, 15, 46, 277, 307, 355, 198, 'Short', '<p>AD</p>', '<p>ASSA</p>', 'NULL', 'NULL', '', '', '', '', '', '<p>WSSA</p>', 'SUBJECTIVE', 'editor', 15, ' <br> ', 'Hard', '2024-07-08 09:52:43.000000', NULL),
(1230, 15, 46, 277, 307, 355, 198, 'Short', '<p>asa</p>', '<p>ASAS</p>', 'NULL', 'NULL', '', '', '', '', '', '<p>ASAS</p>', 'SUBJECTIVE', 'editor', 23, ' <br> ', 'Easy', '2024-07-08 10:27:50.000000', NULL),
(1231, 15, 46, 277, 307, 355, 198, 'Short', '<p>AD</p>', '<p>ASA</p>', 'NULL', 'NULL', '', '', '', '', '', '<p>ASD</p>', 'SUBJECTIVE', 'editor', 10, ' <br> ', 'Easy', '2024-07-08 12:37:23.000000', NULL),
(1233, 15, 46, 277, 307, 355, 198, 'Short', '<p>Nil</p>', '<p>How does the accounting equation maintain balance after a transaction?</p>', 'NULL', 'NULL', '', '', '', '', '', '<p>The accounting equation maintains balance after a transaction by ensuring that any increase or decrease in assets is offset by an equal increase or decrease in liabilities and/or equity.</p>', 'SUBJECTIVE', 'editor', 5, ' <br> ', 'Easy', '2024-05-20 15:21:08.000000', NULL),
(1234, 15, 46, 277, 307, 355, 198, 'Short', '<p>Nil</p>', '<p>What is the impact on the accounting equation when a company takes out a loan?</p>', 'NULL', 'NULL', '', '', '', '', '', '<p>When a company takes out a loan, its assets increase by the amount of the loan (cash received) and its liabilities increase by the same amount (loan payable), keeping the equation in balance.</p>', 'SUBJECTIVE', 'editor', 5, ' <br> ', 'Easy', '2024-05-20 15:21:46.000000', NULL),
(1235, 15, 46, 277, 307, 355, 198, 'Long', '<p>Nil</p>', '<p>Explain the accounting equation and provide an example to illustrate how it is used in financial accounting.</p>', 'NULL', 'NULL', '', '', '', '', '', '<p>The accounting equation, <span class=\"math math-inline\"><span class=\"katex\"><span class=\"katex-mathml\">Assets=Liabilities+Equity</span><span class=\"katex-html\"><span class=\"base\"><span class=\"mord text\"><span class=\"mord\">Assets</span></span><span class=\"mrel\">=</span></span><span class=\"base\"><span class=\"mord text\"><span class=\"mord\">Liabilities</span></span><span class=\"mbin\">+</span></span><span class=\"base\"><span class=\"mord text\"><span class=\"mord\">Equity</span></span></span></span></span></span>, forms the foundation of double-entry bookkeeping. It represents the relationship between a companys assets, liabilities, and owners equity. For example, if a company purchases equipment worth $5,000 by paying $2,000 in cash and taking out a loan for the remaining $3,000, the equation reflects this as an increase in assets (equipment) by $5,000, a decrease in assets (cash) by $2,000, and an increase in liabilities (loan) by $3,000. The new accounting equation is $5,000 (equipment) = $3,000 (loan) + $2,000 (equity).</p>', 'SUBJECTIVE', 'editor', 10, ' <br> ', 'Easy', '2024-05-20 15:22:35.000000', NULL),
(1236, 15, 46, 277, 307, 355, 198, 'Long', '<p>Nil</p>', '<p>Discuss the importance of the accounting equation in preparing financial statements. Provide examples of how various transactions affect the accounting equation and ultimately the financial statements.</p>', 'NULL', 'NULL', '', '', '', '', '', '<p>The accounting equation is crucial in preparing financial statements because it ensures that the balance sheet is always balanced. It helps in tracking how transactions affect a companys financial position. For example, when a business earns revenue, it increases both assets (cash or accounts receivable) and equity (retained earnings), thus affecting the income statement and balance sheet. Conversely, paying off a liability decreases both assets (cash) and liabilities (accounts payable), impacting the balance sheet without affecting the income statement. This systematic approach ensures accuracy and consistency in financial reporting.</p>', 'SUBJECTIVE', 'editor', 10, ' <br> ', 'Easy', '2024-05-20 15:23:10.000000', NULL),
(1237, 15, 46, 277, 307, 355, 198, 'T/F', '<p>Nil</p>', '<p>The accounting equation ensures that the balance sheet is always balanced.</p>', 'NULL', 'NULL', '', '', '', '', '', 'True', 'OBJECTIVE', '', 2, ' <br> ', 'Easy', '2024-05-20 15:26:06.000000', NULL),
(1238, 15, 46, 277, 307, 355, 198, 'T/F', '<p>Nil</p>', '<p>If a company pays off its liabilities with cash, the accounting equation remains unaffected.</p>', 'NULL', 'NULL', '', '', '', '', '', 'False', 'OBJECTIVE', '', 2, ' <br> ', 'Easy', '2024-05-20 15:26:30.000000', NULL),
(1239, 15, 46, 277, 307, 355, 198, 'T/F', '<p>Nil</p>', '<p>Purchasing equipment with cash affects only the asset side of the accounting equation.</p>', 'NULL', 'NULL', '', '', '', '', '', 'True', 'OBJECTIVE', '', 2, ' <br> ', 'Easy', '2024-05-20 15:27:29.000000', NULL),
(1240, 15, 46, 277, 307, 355, 198, 'FIB', '<p>Nil</p>', '<p>The accounting equation is _______ = Liabilities + Equity.</p>', 'NULL', 'NULL', '', '', '', '', '', '<p>Assets</p>', 'OBJECTIVE', '', 2, ' <br> ', 'Easy', '2024-05-20 15:28:19.000000', NULL),
(1241, 15, 46, 277, 307, 355, 198, 'FIB', '<p>Nil</p>', '<p>In the accounting equation, if assets increase and liabilities remain the same, equity must _______.</p>', 'NULL', 'NULL', '', '', '', '', '', '<p>Increase</p>', 'OBJECTIVE', '', 2, ' <br> ', 'Easy', '2024-05-20 15:28:45.000000', NULL),
(1242, 15, 46, 277, 307, 355, 198, 'FIB', '<p>Nil</p>', '<p>A payment of dividends will decrease both equity and _______.</p>', 'NULL', 'NULL', '', '', '', '', '', '<p>Assets</p>', 'OBJECTIVE', '', 2, ' <br> ', 'Easy', '2024-05-20 15:29:16.000000', NULL),
(1243, 15, 46, 277, 307, 355, 198, 'MCQs', '<p>AAAAAAAAAAAAAA</p>', '<p>ASA</p>', 'NULL', 'NULL', '', '<p>A</p>', '<p>S</p>', '<p>A</p>', '<p>F</p>', 'option1', 'OBJECTIVE', 'editor', 1100, ' <br> ', 'Easy', '2024-05-21 10:37:36.000000', NULL),
(1244, 15, 46, 277, 307, 355, 198, 'MCQs', '<p>nil</p>', '<p>Which of the following represents the correct accounting equation?</p>', 'NULL', 'NULL', '', '<p><span class=\"math math-inline\"><span class=\"katex\"><span class=\"katex-html\"><span class=\"base\"><span class=\"mord text\"><span class=\"mord\">Assets</span></span><span class=\"mrel\">=</span></span><span class=\"base\"><span class=\"mord text\"><span class=\"mord\">Liabilities</span></span><span class=\"mbin\">&minus;</span></span><span class=\"base\"><span class=\"mord text\"><span class=\"mord\">Equity</span></span></span></span></span></span></p>', '<p>Assets=Liabilities+Equity</p>', '<p>Assets+Liabilities=Equity</p>', '<p>Assets=Equity&minus;Liabilities</p>', 'option2', 'OBJECTIVE', 'editor', 5, ' <br> ', 'Easy', '2024-05-21 10:45:00.000000', NULL),
(1246, 15, 46, 277, 307, 355, 198, 'Short', '<p>Nil</p>', '<p>How does the accounting equation maintain balan...', 'NULL', 'NULL', 'NULL', 'NULL', 'NULL', 'NULL', 'NULL', '<p>The accounting equation maintains balance after...', 'SUBJECTIVE', 'editor', 5, '<br> ', 'Easy', '2024-07-01 15:25:05.658439', NULL),
(1248, 15, 46, 277, 307, 355, 198, 'Short', '<p>Nil</p>', '<p>How does the accounting equation maintain balan...', 'NULL', 'NULL', 'NULL', 'NULL', 'NULL', 'NULL', 'NULL', '<p>The accounting equation maintains balance after...', 'SUBJECTIVE', 'editor', 5, '<br> ', 'Easy', '2024-07-01 15:34:51.546681', NULL),
(1250, 15, 46, 277, 307, 355, 198, 'Short', '<p>Nil</p>', '<p>How does the accounting equation maintain balan...', 'NULL', 'NULL', 'NULL', 'NULL', 'NULL', 'NULL', 'NULL', '<p>The accounting equation maintains balance after...', 'SUBJECTIVE', 'editor', 5, '<br> ', 'Easy', '2024-07-01 15:37:10.575833', NULL),
(1252, 15, 46, 277, 307, 355, 198, 'Short', '<p>Nil</p>', '<p>How does the accounting equation maintain balan...', 'NULL', 'NULL', 'NULL', 'NULL', 'NULL', 'NULL', 'NULL', '<p>The accounting equation maintains balance after...', 'SUBJECTIVE', 'editor', 5, '<br> ', 'Easy', '2024-07-01 15:43:15.867393', NULL),
(1254, 15, 46, 277, 307, 355, 198, 'Short', '<p>Nil</p>', '<p>How does the accounting equation maintain balan...', 'NULL', 'NULL', 'NULL', 'NULL', 'NULL', 'NULL', 'NULL', '<p>The accounting equation maintains balance after...', 'SUBJECTIVE', 'editor', 5, '<br> ', 'Easy', '2024-07-01 15:48:11.791711', NULL),
(1256, 15, 46, 277, 307, 355, 198, 'Short', '<p>Nil</p>', '<p>How does the accounting equation maintain balan...', 'NULL', 'NULL', 'NULL', 'NULL', 'NULL', 'NULL', 'NULL', '<p>The accounting equation maintains balance after...', 'SUBJECTIVE', 'editor', 5, '<br> ', 'Easy', '2024-07-01 15:48:23.081434', NULL),
(1258, 15, 46, 277, 307, 355, 198, 'Short', '<p>Nil</p>', '<p>How does the accounting equation maintain balan...', 'NULL', 'NULL', 'NULL', 'NULL', 'NULL', 'NULL', 'NULL', '<p>The accounting equation maintains balance after...', 'SUBJECTIVE', 'editor', 5, '<br> ', 'Easy', '2024-07-01 15:48:36.686653', NULL),
(1259, 15, 46, 277, 307, 355, 198, 'T/F', '<p>Nil</p>', '<p>The accounting equation ensures that the balanc...', 'NULL', 'NULL', 'NULL', 'NULL', 'NULL', 'NULL', 'NULL', '1', 'OBJECTIVE', '', 2, '<br> ', 'Easy', '2024-07-01 15:55:42.081246', NULL),
(1260, 15, 46, 277, 307, 355, 198, 'T/F', '<p>Nil</p>', '<p>If a company pays off its liabilities with cash...', 'NULL', 'NULL', 'NULL', 'NULL', 'NULL', 'NULL', 'NULL', '', 'OBJECTIVE', '', 2, '<br> ', 'Easy', '2024-07-01 15:55:42.087368', NULL),
(1261, 15, 46, 277, 307, 355, 198, 'T/F', '<p>Nil</p>', '<p>The accounting equation ensures that the balanc...', 'NULL', 'NULL', 'NULL', 'NULL', 'NULL', 'NULL', 'NULL', '1', 'OBJECTIVE', '', 2, '<br> ', 'Easy', '2024-07-01 15:56:42.920852', NULL),
(1262, 15, 46, 277, 307, 355, 198, 'T/F', '<p>Nil</p>', '<p>If a company pays off its liabilities with cash...', 'NULL', 'NULL', 'NULL', 'NULL', 'NULL', 'NULL', 'NULL', '', 'OBJECTIVE', '', 2, '<br> ', 'Easy', '2024-07-01 15:56:42.927654', NULL),
(1263, 15, 46, 277, 307, 355, 198, 'Short', '<p>AD</p>', '<p>ASSA</p>', 'NULL', 'NULL', '', '', '', '', '', '<p>WSSA</p>', 'SUBJECTIVE', 'editor', 15, ' <br> ', 'Hard', '2024-07-08 09:52:43.000000', NULL),
(1264, 15, 46, 277, 307, 355, 198, 'Short', '<p>asa</p>', '<p>ASAS</p>', 'NULL', 'NULL', '', '', '', '', '', '<p>ASAS</p>', 'SUBJECTIVE', 'editor', 23, ' <br> ', 'Easy', '2024-07-08 10:27:50.000000', NULL),
(1265, 15, 46, 277, 307, 355, 198, 'Short', '<p>AD</p>', '<p>ASA</p>', 'NULL', 'NULL', '', '', '', '', '', '<p>ASD</p>', 'SUBJECTIVE', 'editor', 10, ' <br> ', 'Easy', '2024-07-08 12:37:23.000000', NULL),
(1267, 15, 46, 277, 307, 355, 198, 'Short', '<p>Nil</p>', '<p>How does the accounting equation maintain balance after a transaction?</p>', 'NULL', 'NULL', '', '', '', '', '', '<p>The accounting equation maintains balance after a transaction by ensuring that any increase or decrease in assets is offset by an equal increase or decrease in liabilities and/or equity.</p>', 'SUBJECTIVE', 'editor', 5, ' <br> ', 'Easy', '2024-05-20 15:21:08.000000', NULL),
(1268, 15, 46, 277, 307, 355, 198, 'Short', '<p>Nil</p>', '<p>What is the impact on the accounting equation when a company takes out a loan?</p>', 'NULL', 'NULL', '', '', '', '', '', '<p>When a company takes out a loan, its assets increase by the amount of the loan (cash received) and its liabilities increase by the same amount (loan payable), keeping the equation in balance.</p>', 'SUBJECTIVE', 'editor', 5, ' <br> ', 'Easy', '2024-05-20 15:21:46.000000', NULL),
(1269, 15, 46, 277, 307, 355, 198, 'Long', '<p>Nil</p>', '<p>Explain the accounting equation and provide an example to illustrate how it is used in financial accounting.</p>', 'NULL', 'NULL', '', '', '', '', '', '<p>The accounting equation, <span class=\"math math-inline\"><span class=\"katex\"><span class=\"katex-mathml\">Assets=Liabilities+Equity</span><span class=\"katex-html\"><span class=\"base\"><span class=\"mord text\"><span class=\"mord\">Assets</span></span><span class=\"mrel\">=</span></span><span class=\"base\"><span class=\"mord text\"><span class=\"mord\">Liabilities</span></span><span class=\"mbin\">+</span></span><span class=\"base\"><span class=\"mord text\"><span class=\"mord\">Equity</span></span></span></span></span></span>, forms the foundation of double-entry bookkeeping. It represents the relationship between a companys assets, liabilities, and owners equity. For example, if a company purchases equipment worth $5,000 by paying $2,000 in cash and taking out a loan for the remaining $3,000, the equation reflects this as an increase in assets (equipment) by $5,000, a decrease in assets (cash) by $2,000, and an increase in liabilities (loan) by $3,000. The new accounting equation is $5,000 (equipment) = $3,000 (loan) + $2,000 (equity).</p>', 'SUBJECTIVE', 'editor', 10, ' <br> ', 'Easy', '2024-05-20 15:22:35.000000', NULL),
(1270, 15, 46, 277, 307, 355, 198, 'Long', '<p>Nil</p>', '<p>Discuss the importance of the accounting equation in preparing financial statements. Provide examples of how various transactions affect the accounting equation and ultimately the financial statements.</p>', 'NULL', 'NULL', '', '', '', '', '', '<p>The accounting equation is crucial in preparing financial statements because it ensures that the balance sheet is always balanced. It helps in tracking how transactions affect a companys financial position. For example, when a business earns revenue, it increases both assets (cash or accounts receivable) and equity (retained earnings), thus affecting the income statement and balance sheet. Conversely, paying off a liability decreases both assets (cash) and liabilities (accounts payable), impacting the balance sheet without affecting the income statement. This systematic approach ensures accuracy and consistency in financial reporting.</p>', 'SUBJECTIVE', 'editor', 10, ' <br> ', 'Easy', '2024-05-20 15:23:10.000000', NULL),
(1271, 15, 46, 277, 307, 355, 198, 'T/F', '<p>Nil</p>', '<p>The accounting equation ensures that the balance sheet is always balanced.</p>', 'NULL', 'NULL', '', '', '', '', '', 'True', 'OBJECTIVE', '', 2, ' <br> ', 'Easy', '2024-05-20 15:26:06.000000', NULL),
(1272, 15, 46, 277, 307, 355, 198, 'T/F', '<p>Nil</p>', '<p>If a company pays off its liabilities with cash, the accounting equation remains unaffected.</p>', 'NULL', 'NULL', '', '', '', '', '', 'False', 'OBJECTIVE', '', 2, ' <br> ', 'Easy', '2024-05-20 15:26:30.000000', NULL),
(1273, 15, 46, 277, 307, 355, 198, 'T/F', '<p>Nil</p>', '<p>Purchasing equipment with cash affects only the asset side of the accounting equation.</p>', 'NULL', 'NULL', '', '', '', '', '', 'True', 'OBJECTIVE', '', 2, ' <br> ', 'Easy', '2024-05-20 15:27:29.000000', NULL),
(1274, 15, 46, 277, 307, 355, 198, 'FIB', '<p>Nil</p>', '<p>The accounting equation is _______ = Liabilities + Equity.</p>', 'NULL', 'NULL', '', '', '', '', '', '<p>Assets</p>', 'OBJECTIVE', '', 2, ' <br> ', 'Easy', '2024-05-20 15:28:19.000000', NULL),
(1275, 15, 46, 277, 307, 355, 198, 'FIB', '<p>Nil</p>', '<p>In the accounting equation, if assets increase and liabilities remain the same, equity must _______.</p>', 'NULL', 'NULL', '', '', '', '', '', '<p>Increase</p>', 'OBJECTIVE', '', 2, ' <br> ', 'Easy', '2024-05-20 15:28:45.000000', NULL),
(1276, 15, 46, 277, 307, 355, 198, 'FIB', '<p>Nil</p>', '<p>A payment of dividends will decrease both equity and _______.</p>', 'NULL', 'NULL', '', '', '', '', '', '<p>Assets</p>', 'OBJECTIVE', '', 2, ' <br> ', 'Easy', '2024-05-20 15:29:16.000000', NULL);
